Back
From: metabase:user:320bfe00-2aae-11df-837a-5e0a49663a4f
Subject: FAIL PX-API-v0.0.3 v5.15.6 GNU/Linux
Date: 2012-01-14T00:38:24Z
This distribution has been tested as part of the CPAN Testers
project, supporting the Perl programming language. See
http://wiki.cpantesters.org/ for more information or email
questions to cpan-testers-discuss@perl.org
--
Dear Anthony Decena,
This is a computer-generated report for PX-API-v0.0.3
on perl 5.15.6, created by CPAN-Reporter-1.2003.
Thank you for uploading your work to CPAN. However, there was a problem
testing your distribution.
If you think this report is invalid, please consult the CPAN Testers Wiki
for suggestions on how to avoid getting FAIL reports for missing library
or binary dependencies, unsupported operating systems, and so on:
http://wiki.cpantesters.org/wiki/CPANAuthorNotes
Sections of this report:
* Tester comments
* Program output
* Prerequisites
* Environment and other context
------------------------------
TESTER COMMENTS
------------------------------
Additional comments from tester:
this report is from an automated smoke testing program
and was not reviewed by a human for accuracy
------------------------------
PROGRAM OUTPUT
------------------------------
Output from './Build test':
# Failed test 'use PX::API;'
# at t/00.load.t line 4.
# Tried to use 'PX::API'.
# Error: Can't locate Module/Pluggable/Fast.pm in @INC (@INC contains: /tmp/loop_over_bdir-IPADdy/PX-API-v0.0.3-kspix7/blib/lib /tmp/loop_over_bdir-IPADdy/PX-API-v0.0.3-kspix7/blib/arch /home/src/perl/repoperls/installed-perls/perl/v5.15.6-376-gf969205/165a/lib/site_perl/5.15.6/x86_64-linux /home/src/perl/repoperls/installed-perls/perl/v5.15.6-376-gf969205/165a/lib/site_perl/5.15.6 /home/src/perl/repoperls/installed-perls/perl/v5.15.6-376-gf969205/165a/lib/5.15.6/x86_64-linux /home/src/perl/repoperls/installed-perls/perl/v5.15.6-376-gf969205/165a/lib/5.15.6 .) at /tmp/loop_over_bdir-IPADdy/PX-API-v0.0.3-kspix7/blib/lib/PX/API/Response.pm line 13.
# BEGIN failed--compilation aborted at /tmp/loop_over_bdir-IPADdy/PX-API-v0.0.3-kspix7/blib/lib/PX/API/Response.pm line 13.
# Compilation failed in require at /tmp/loop_over_bdir-IPADdy/PX-API-v0.0.3-kspix7/blib/lib/PX/API.pm line 13.
# BEGIN failed--compilation aborted at /tmp/loop_over_bdir-IPADdy/PX-API-v0.0.3-kspix7/blib/lib/PX/API.pm line 13.
# Compilation failed in require at (eval 4) line 2.
# BEGIN failed--compilation aborted at (eval 4) line 2.
# Failed test 'use PX::API::Response;'
# at t/00.load.t line 6.
# Tried to use 'PX::API::Response'.
# Error: Attempt to reload PX/API/Response.pm aborted.
# Compilation failed in require at (eval 13) line 2.
# BEGIN failed--compilation aborted at (eval 13) line 2.
Use of uninitialized value $PX::API::VERSION in concatenation (.) or string at t/00.load.t line 11.
# Testing PX::API
# Looks like you failed 2 tests of 5.
t/00.load.t .......
Dubious, test returned 2 (wstat 512, 0x200)
Failed 2/5 subtests
# Failed test 'Test::Perl::Critic for "blib/lib/PX/API.pm"'
# at /home/src/perl/repoperls/installed-perls/perl/v5.15.6-376-gf969205/165a/lib/site_perl/5.15.6/Test/Perl/Critic.pm line 110.
#
# Perl::Critic found these violations in "blib/lib/PX/API.pm":
# Variable declared in conditional statement at line 68, column 2. Declare variables outside of the condition. (Severity: 5)
# "return" statement with explicit "undef" at line 87, column 2. See page 199 of PBP. (Severity: 5)
# Looks like you failed 1 test of 5.
t/perlcritic.t ....
Dubious, test returned 1 (wstat 256, 0x100)
Failed 1/5 subtests
# Failed test 'Pod coverage on PX::API::Response::Rest'
# at /home/src/perl/repoperls/installed-perls/perl/v5.15.6-376-gf969205/165a/lib/site_perl/5.15.6/Test/Pod/Coverage.pm line 126.
# Coverage for PX::API::Response::Rest is 0.0%, with 3 naked subroutines:
# format
# new
# parse
# Failed test 'Pod coverage on PX::API::Response::JSON'
# at /home/src/perl/repoperls/installed-perls/perl/v5.15.6-376-gf969205/165a/lib/site_perl/5.15.6/Test/Pod/Coverage.pm line 126.
# Coverage for PX::API::Response::JSON is 0.0%, with 3 naked subroutines:
# format
# new
# parse
# Looks like you failed 2 tests of 5.
t/pod-coverage.t ..
Dubious, test returned 2 (wstat 512, 0x200)
Failed 2/5 subtests
t/pod.t ........... ok
Test Summary Report
-------------------
t/00.load.t (Wstat: 512 Tests: 5 Failed: 2)
Failed tests: 1, 3
Non-zero exit status: 2
t/perlcritic.t (Wstat: 256 Tests: 5 Failed: 1)
Failed test: 1
Non-zero exit status: 1
t/pod-coverage.t (Wstat: 512 Tests: 5 Failed: 2)
Failed tests: 4-5
Non-zero exit status: 2
Files=4, Tests=20, 2 wallclock secs ( 0.02 usr 0.01 sys + 1.46 cusr 0.06 csys = 1.55 CPU)
Result: FAIL
Failed 3/4 test programs. 5/20 subtests failed.
------------------------------
PREREQUISITES
------------------------------
Prerequisite modules loaded:
requires:
Module Need Have
---------- ---- ----
Test::More 0 0.98
version 0 0.96
------------------------------
ENVIRONMENT AND OTHER CONTEXT
------------------------------
Environment variables:
AUTOMATED_TESTING = 1
LANG = en_US.UTF-8
LANGUAGE = en_US:en
PATH = /home/sand/bin:/usr/local/bin:/usr/bin:/bin:/usr/bin/X11:/usr/games:/usr/local/perl/bin:/usr/X11/bin:/sbin:/usr/sbin
PERL5LIB =
PERL5OPT =
PERL5_CPANPLUS_IS_RUNNING = 391
PERL5_CPAN_IS_RUNNING = 391
PERL_MM_USE_DEFAULT = 1
SHELL = /usr/bin/zsh
TERM = screen
Perl special variables (and OS-specific diagnostics, for MSWin32):
$^X = /home/sand/src/perl/repoperls/installed-perls/perl/v5.15.6-376-gf969205/165a/bin/perl
$UID/$EUID = 1005 / 1005
$GID = 1005 1005
$EGID = 1005 1005
Perl module toolchain versions installed:
Module Have
------------------- --------
CPAN 1.9800
CPAN::Meta 2.113640
Cwd 3.39_01
ExtUtils::CBuilder 0.280202
ExtUtils::Command 1.17
ExtUtils::Install 1.57
ExtUtils::MakeMaker 6.63_02
ExtUtils::Manifest 1.60
ExtUtils::ParseXS 3.11
File::Spec 3.39_01
JSON 2.53
JSON::PP 2.27200
Module::Build 0.39_01
Module::Signature 0.68
Parse::CPAN::Meta 1.4401
Test::Harness 3.23
Test::More 0.98
YAML 0.78
YAML::Syck 1.19
version 0.96
--
Summary of my perl5 (revision 5 version 15 subversion 6) configuration:
Commit id: f9692056a8a7d0d25b58e9087606cf7ae5c3559c
Platform:
osname=linux, osvers=2.6.32-5-amd64, archname=x86_64-linux
uname='linux k83 2.6.32-5-amd64 #1 smp thu nov 3 03:41:26 utc 2011 x86_64 gnulinux '
config_args='-Dprefix=/home/src/perl/repoperls/installed-perls/perl/v5.15.6-376-gf969205/165a -Dmyhostname=k83 -Dinstallusrbinperl=n -Uversiononly -Dusedevel -des -Ui_db -Uuseithreads -Uuselongdouble -DDEBUGGING=-g'
hint=recommended, useposix=true, d_sigaction=define
useithreads=undef, usemultiplicity=undef
useperlio=define, d_sfio=undef, uselargefiles=define, usesocks=undef
use64bitint=define, use64bitall=define, uselongdouble=undef
usemymalloc=n, bincompat5005=undef
Compiler:
cc='cc', ccflags ='-fno-strict-aliasing -pipe -fstack-protector -I/usr/local/include -D_LARGEFILE_SOURCE -D_FILE_OFFSET_BITS=64',
optimize='-O2 -g',
cppflags='-fno-strict-aliasing -pipe -fstack-protector -I/usr/local/include'
ccversion='', gccversion='4.4.5', gccosandvers=''
intsize=4, longsize=8, ptrsize=8, doublesize=8, byteorder=12345678
d_longlong=define, longlongsize=8, d_longdbl=define, longdblsize=16
ivtype='long', ivsize=8, nvtype='double', nvsize=8, Off_t='off_t', lseeksize=8
alignbytes=8, prototype=define
Linker and Libraries:
ld='cc', ldflags =' -fstack-protector -L/usr/local/lib'
libpth=/usr/local/lib /lib/../lib /usr/lib/../lib /lib /usr/lib /lib64 /usr/lib64
libs=-lnsl -ldb -ldl -lm -lcrypt -lutil -lc
perllibs=-lnsl -ldl -lm -lcrypt -lutil -lc
libc=/lib/libc-2.11.2.so, so=so, useshrplib=false, libperl=libperl.a
gnulibc_version='2.11.2'
Dynamic Linking:
dlsrc=dl_dlopen.xs, dlext=so, d_dlsymun=undef, ccdlflags='-Wl,-E'
cccdlflags='-fPIC', lddlflags='-shared -O2 -g -L/usr/local/lib -fstack-protector'
Characteristics of this binary (from libperl):
Compile-time options: HAS_TIMES PERLIO_LAYERS PERL_DONT_CREATE_GVSV
PERL_MALLOC_WRAP PERL_PRESERVE_IVUV PERL_USE_DEVEL
USE_64_BIT_ALL USE_64_BIT_INT USE_LARGE_FILES
USE_LOCALE USE_LOCALE_COLLATE USE_LOCALE_CTYPE
USE_LOCALE_NUMERIC USE_PERLIO USE_PERL_ATOF
Built under linux
Compiled at Jan 3 2012 21:02:36
%ENV:
PERL5LIB=""
PERL5OPT=""
PERL5_CPANPLUS_IS_RUNNING="391"
PERL5_CPAN_IS_RUNNING="391"
PERL_MM_USE_DEFAULT="1"
@INC:
/home/src/perl/repoperls/installed-perls/perl/v5.15.6-376-gf969205/165a/lib/site_perl/5.15.6/x86_64-linux
/home/src/perl/repoperls/installed-perls/perl/v5.15.6-376-gf969205/165a/lib/site_perl/5.15.6
/home/src/perl/repoperls/installed-perls/perl/v5.15.6-376-gf969205/165a/lib/5.15.6/x86_64-linux
/home/src/perl/repoperls/installed-perls/perl/v5.15.6-376-gf969205/165a/lib/5.15.6
.