Report for MozRepl-0.06

Back
From: metabase:user:30f4dfbe-2aae-11df-837a-5e0a49663a4f
Subject: FAIL MozRepl-0.06 v5.8.2 GNU/Linux
Date: 2014-07-28T18:29:09Z

This distribution has been tested as part of the CPAN Testers
project, supporting the Perl programming language.  See
http://wiki.cpantesters.org/ for more information or email
questions to cpan-testers-discuss@perl.org


--
Dear Toru Yamaguchi,

This is a computer-generated report for MozRepl-0.06
on perl 5.8.2, created by CPAN-Reporter-1.2011.

Thank you for uploading your work to CPAN.  However, there was a problem
testing your distribution.

If you think this report is invalid, please consult the CPAN Testers Wiki
for suggestions on how to avoid getting FAIL reports for missing library
or binary dependencies, unsupported operating systems, and so on:

http://wiki.cpantesters.org/wiki/CPANAuthorNotes

Sections of this report:

    * Tester comments
    * Program output
    * Prerequisites
    * Environment and other context

------------------------------
TESTER COMMENTS
------------------------------

Additional comments from tester:

this report is from an automated smoke testing program
and was not reviewed by a human for accuracy

------------------------------
PROGRAM OUTPUT
------------------------------

Output from '/usr/bin/make test':

/home/njh/perl5/perlbrew/perls/perl-5.8.2/bin/perl "-Iinc" Makefile.PL --config= --installdeps=Data::Dump,0,Data::JavaScript::Anon,0,Module::Pluggable::Fast,0,Template::Provider::FromDATA,0,Text::SimpleTable,0
PERL_DL_NONLAZY=1 /home/njh/perl5/perlbrew/perls/perl-5.8.2/bin/perl "-MExtUtils::Command::MM" "-MTest::Harness" "-e" "undef *Test::Harness::Switches; test_harness(0, 'inc', 'blib/lib', 'blib/arch')" t/00-load.t t/10-plugin-repl-enter.t t/11-plugin-repl-search.t t/12-plugin-repl-inspect.t t/13-plugin-repl-load.t t/14-plugin-repl-rename.t t/15-plugin-repl-print.t t/16-plugin-repl-home.t t/17-plugin-repl-back.t t/18-plugin-repl-util-help_url_for.t t/19-plugin-repl-util-doc_for.t t/20-plugin-json.t t/pod-coverage.t t/pod.t
# Testing MozRepl 0.06
t/00-load.t ........................... ok
[DEBUG] MozRepl logging enabled
[DEBUG] 
---- Client arguments ----
.----------------------+------------------------------------------.
| client_arg_name      | client_arg_value                         |
+----------------------+------------------------------------------+
| host                 | localhost                                |
| port                 | 4242                                     |
| timeout              | 10                                       |
| extra_client_args    | {}                                       |
'----------------------+------------------------------------------'

#   Failed test at t/10-plugin-repl-enter.t line 11.
Can't locate object method "repl_enter" via package "MozRepl" at t/10-plugin-repl-enter.t line 12.
# Looks like you planned 3 tests but only ran 1.
# Looks like you failed 1 test of 1 run.
# Looks like your test died just after 1.
t/10-plugin-repl-enter.t .............. 
Dubious, test returned 255 (wstat 65280, 0xff00)
Failed 3/3 subtests 
[DEBUG] MozRepl logging enabled
[DEBUG] 
---- Client arguments ----
.----------------------+------------------------------------------.
| client_arg_name      | client_arg_value                         |
+----------------------+------------------------------------------+
| host                 | localhost                                |
| port                 | 4242                                     |
| timeout              | 10                                       |
| extra_client_args    | {}                                       |
'----------------------+------------------------------------------'

#   Failed test at t/11-plugin-repl-search.t line 9.
Can't locate object method "repl_search" via package "MozRepl" at t/11-plugin-repl-search.t line 12.
# Looks like you planned 5 tests but only ran 1.
# Looks like you failed 1 test of 1 run.
# Looks like your test died just after 1.
t/11-plugin-repl-search.t ............. 
Dubious, test returned 255 (wstat 65280, 0xff00)
Failed 5/5 subtests 
[DEBUG] MozRepl logging enabled
[DEBUG] 
---- Client arguments ----
.----------------------+------------------------------------------.
| client_arg_name      | client_arg_value                         |
+----------------------+------------------------------------------+
| host                 | localhost                                |
| port                 | 4242                                     |
| timeout              | 10                                       |
| extra_client_args    | {}                                       |
'----------------------+------------------------------------------'

#   Failed test at t/12-plugin-repl-inspect.t line 12.
Can't locate object method "repl_inspect" via package "MozRepl" at t/12-plugin-repl-inspect.t line 14.
# Looks like you planned 3 tests but only ran 1.
# Looks like you failed 1 test of 1 run.
# Looks like your test died just after 1.
t/12-plugin-repl-inspect.t ............ 
Dubious, test returned 255 (wstat 65280, 0xff00)
Failed 3/3 subtests 
[DEBUG] MozRepl logging enabled
[DEBUG] 
---- Client arguments ----
.----------------------+------------------------------------------.
| client_arg_name      | client_arg_value                         |
+----------------------+------------------------------------------+
| host                 | localhost                                |
| port                 | 4242                                     |
| timeout              | 10                                       |
| extra_client_args    | {}                                       |
'----------------------+------------------------------------------'

#   Failed test at t/13-plugin-repl-load.t line 11.
# Looks like you failed 1 test of 1.
t/13-plugin-repl-load.t ............... 
Dubious, test returned 1 (wstat 256, 0x100)
Failed 1/1 subtests 
[DEBUG] MozRepl logging enabled
[DEBUG] 
---- Client arguments ----
.----------------------+------------------------------------------.
| client_arg_name      | client_arg_value                         |
+----------------------+------------------------------------------+
| host                 | localhost                                |
| port                 | 4242                                     |
| timeout              | 10                                       |
| extra_client_args    | {}                                       |
'----------------------+------------------------------------------'

#   Failed test at t/14-plugin-repl-rename.t line 9.
Can't locate object method "repl_rename" via package "MozRepl" at t/14-plugin-repl-rename.t line 12.
# Looks like you planned 4 tests but only ran 1.
# Looks like you failed 1 test of 1 run.
# Looks like your test died just after 1.
t/14-plugin-repl-rename.t ............. 
Dubious, test returned 255 (wstat 65280, 0xff00)
Failed 4/4 subtests 
[DEBUG] MozRepl logging enabled
[DEBUG] 
---- Client arguments ----
.----------------------+------------------------------------------.
| client_arg_name      | client_arg_value                         |
+----------------------+------------------------------------------+
| host                 | localhost                                |
| port                 | 4242                                     |
| timeout              | 10                                       |
| extra_client_args    | {}                                       |
'----------------------+------------------------------------------'

#   Failed test at t/15-plugin-repl-print.t line 12.
Can't locate object method "repl_print" via package "MozRepl" at t/15-plugin-repl-print.t line 22.
# Looks like you planned 5 tests but only ran 1.
# Looks like you failed 1 test of 1 run.
# Looks like your test died just after 1.
t/15-plugin-repl-print.t .............. 
Dubious, test returned 255 (wstat 65280, 0xff00)
Failed 5/5 subtests 
[DEBUG] MozRepl logging enabled
[DEBUG] 
---- Client arguments ----
.----------------------+------------------------------------------.
| client_arg_name      | client_arg_value                         |
+----------------------+------------------------------------------+
| host                 | localhost                                |
| port                 | 4242                                     |
| timeout              | 10                                       |
| extra_client_args    | {}                                       |
'----------------------+------------------------------------------'

#   Failed test at t/16-plugin-repl-home.t line 11.
Can't locate object method "repl_home" via package "MozRepl" at t/16-plugin-repl-home.t line 12.
# Looks like you planned 2 tests but only ran 1.
# Looks like you failed 1 test of 1 run.
# Looks like your test died just after 1.
t/16-plugin-repl-home.t ............... 
Dubious, test returned 255 (wstat 65280, 0xff00)
Failed 2/2 subtests 
[DEBUG] MozRepl logging enabled
[DEBUG] 
---- Client arguments ----
.----------------------+------------------------------------------.
| client_arg_name      | client_arg_value                         |
+----------------------+------------------------------------------+
| host                 | localhost                                |
| port                 | 4242                                     |
| timeout              | 10                                       |
| extra_client_args    | {}                                       |
'----------------------+------------------------------------------'

#   Failed test at t/17-plugin-repl-back.t line 12.
Can't locate object method "repl_enter" via package "MozRepl" at t/17-plugin-repl-back.t line 17.
# Looks like you planned 3 tests but only ran 1.
# Looks like you failed 1 test of 1 run.
# Looks like your test died just after 1.
t/17-plugin-repl-back.t ............... 
Dubious, test returned 255 (wstat 65280, 0xff00)
Failed 3/3 subtests 
[DEBUG] MozRepl logging enabled
[DEBUG] 
---- Client arguments ----
.----------------------+------------------------------------------.
| client_arg_name      | client_arg_value                         |
+----------------------+------------------------------------------+
| host                 | localhost                                |
| port                 | 4242                                     |
| timeout              | 10                                       |
| extra_client_args    | {}                                       |
'----------------------+------------------------------------------'

#   Failed test at t/18-plugin-repl-util-help_url_for.t line 14.
Can't locate object method "repl_help_url" via package "MozRepl" at t/18-plugin-repl-util-help_url_for.t line 16.
# Looks like you planned 4 tests but only ran 1.
# Looks like you failed 1 test of 1 run.
# Looks like your test died just after 1.
t/18-plugin-repl-util-help_url_for.t .. 
Dubious, test returned 255 (wstat 65280, 0xff00)
Failed 4/4 subtests 
[DEBUG] MozRepl logging enabled
[DEBUG] 
---- Client arguments ----
.----------------------+------------------------------------------.
| client_arg_name      | client_arg_value                         |
+----------------------+------------------------------------------+
| host                 | localhost                                |
| port                 | 4242                                     |
| timeout              | 10                                       |
| extra_client_args    | {}                                       |
'----------------------+------------------------------------------'

#   Failed test at t/19-plugin-repl-util-doc_for.t line 14.
Can't locate object method "repl_doc_for" via package "MozRepl" at t/19-plugin-repl-util-doc_for.t line 16.
# Looks like you planned 7 tests but only ran 1.
# Looks like you failed 1 test of 1 run.
# Looks like your test died just after 1.
t/19-plugin-repl-util-doc_for.t ....... 
Dubious, test returned 255 (wstat 65280, 0xff00)
Failed 7/7 subtests 
[DEBUG] MozRepl logging enabled
[DEBUG] 
---- Client arguments ----
.----------------------+------------------------------------------.
| client_arg_name      | client_arg_value                         |
+----------------------+------------------------------------------+
| host                 | localhost                                |
| port                 | 4242                                     |
| timeout              | 10                                       |
| extra_client_args    | {}                                       |
'----------------------+------------------------------------------'

#   Failed test at t/20-plugin-json.t line 16.
Can't locate object method "json" via package "MozRepl" at t/20-plugin-json.t line 17.
# Looks like you planned 2 tests but only ran 1.
# Looks like you failed 1 test of 1 run.
# Looks like your test died just after 1.
t/20-plugin-json.t .................... 
Dubious, test returned 255 (wstat 65280, 0xff00)
Failed 2/2 subtests 
t/pod-coverage.t ...................... ok
t/pod.t ............................... ok

Test Summary Report
-------------------
t/10-plugin-repl-enter.t            (Wstat: 65280 Tests: 1 Failed: 1)
  Failed test:  1
  Non-zero exit status: 255
  Parse errors: Bad plan.  You planned 3 tests but ran 1.
t/11-plugin-repl-search.t           (Wstat: 65280 Tests: 1 Failed: 1)
  Failed test:  1
  Non-zero exit status: 255
  Parse errors: Bad plan.  You planned 5 tests but ran 1.
t/12-plugin-repl-inspect.t          (Wstat: 65280 Tests: 1 Failed: 1)
  Failed test:  1
  Non-zero exit status: 255
  Parse errors: Bad plan.  You planned 3 tests but ran 1.
t/13-plugin-repl-load.t             (Wstat: 256 Tests: 1 Failed: 1)
  Failed test:  1
  Non-zero exit status: 1
t/14-plugin-repl-rename.t           (Wstat: 65280 Tests: 1 Failed: 1)
  Failed test:  1
  Non-zero exit status: 255
  Parse errors: Bad plan.  You planned 4 tests but ran 1.
t/15-plugin-repl-print.t            (Wstat: 65280 Tests: 1 Failed: 1)
  Failed test:  1
  Non-zero exit status: 255
  Parse errors: Bad plan.  You planned 5 tests but ran 1.
t/16-plugin-repl-home.t             (Wstat: 65280 Tests: 1 Failed: 1)
  Failed test:  1
  Non-zero exit status: 255
  Parse errors: Bad plan.  You planned 2 tests but ran 1.
t/17-plugin-repl-back.t             (Wstat: 65280 Tests: 1 Failed: 1)
  Failed test:  1
  Non-zero exit status: 255
  Parse errors: Bad plan.  You planned 3 tests but ran 1.
t/18-plugin-repl-util-help_url_for.t (Wstat: 65280 Tests: 1 Failed: 1)
  Failed test:  1
  Non-zero exit status: 255
  Parse errors: Bad plan.  You planned 4 tests but ran 1.
t/19-plugin-repl-util-doc_for.t     (Wstat: 65280 Tests: 1 Failed: 1)
  Failed test:  1
  Non-zero exit status: 255
  Parse errors: Bad plan.  You planned 7 tests but ran 1.
t/20-plugin-json.t                  (Wstat: 65280 Tests: 1 Failed: 1)
  Failed test:  1
  Non-zero exit status: 255
  Parse errors: Bad plan.  You planned 2 tests but ran 1.
Files=14, Tests=46,  1 wallclock secs ( 0.05 usr  0.02 sys +  0.71 cusr  0.08 csys =  0.86 CPU)
Result: FAIL
Failed 11/14 test programs. 11/46 subtests failed.
Makefile:860: recipe for target 'test_dynamic' failed
make: *** [test_dynamic] Error 255

------------------------------
PREREQUISITES
------------------------------

Prerequisite modules loaded:

requires:

    Module                       Need Have
    ---------------------------- ---- ----
    Carp::Clan                   0    6.04
    Class::Accessor::Fast        0    0.34
    Class::Data::Inheritable     0    0.08
    Data::Dump                   0    1.22
    Data::JavaScript::Anon       0    1.03
    File::Spec                   0    3.47
    Module::Pluggable::Fast      0    0.19
    Net::Telnet                  0    3.04
    Template                     0    2.25
    Template::Provider::FromDATA 0    0.13
    Text::SimpleTable            0    2.03
    UNIVERSAL::require           0    0.16
    URI                          0    1.60

build_requires:

    Module                       Need Have
    ---------------------------- ---- ----
    ExtUtils::MakeMaker          0    6.98


------------------------------
ENVIRONMENT AND OTHER CONTEXT
------------------------------

Environment variables:

    AUTOMATED_TESTING = 1
    LANG = en_GB.UTF-8
    LANGUAGE = en_GB:en
    LD_LIBRARY_PATH = /usr/local/lib::
    PATH = /home/njh/perl5/perlbrew/bin:/home/njh/perl5/perlbrew/perls/perl-5.21.2/bin:/home/njh/perl5/perlbrew/bin:/home/njh/perl5/perlbrew/perls/perl-5.8.2/bin:/usr/local/bin:/usr/bin:/bin:/usr/local/games:/usr/games:/home/njh/bin:/sbin
    PERL5LIB = /home/njh/.cpan/build/Data-JavaScript-Anon-1.03-oONptH/blib/arch:/home/njh/.cpan/build/Data-JavaScript-Anon-1.03-oONptH/blib/lib:/home/njh/.cpan/build/Class-Default-1.51-HTCjjO/blib/arch:/home/njh/.cpan/build/Class-Default-1.51-HTCjjO/blib/lib:/home/njh/.cpan/build/Data-Dump-1.22-f3kjky/blib/arch:/home/njh/.cpan/build/Data-Dump-1.22-f3kjky/blib/lib:/home/njh/.cpan/build/Text-SimpleTable-2.03-O4x5Oi/blib/arch:/home/njh/.cpan/build/Text-SimpleTable-2.03-O4x5Oi/blib/lib:/home/njh/.cpan/build/Template-Provider-FromDATA-0.13-0hvNz1/blib/arch:/home/njh/.cpan/build/Template-Provider-FromDATA-0.13-0hvNz1/blib/lib:/home/njh/.cpan/build/Module-Pluggable-Fast-0.19-1iyTSe/blib/arch:/home/njh/.cpan/build/Module-Pluggable-Fast-0.19-1iyTSe/blib/lib:/home/njh/.cpan/build/Object-Import-1.004-DjiDNY/blib/arch:/home/njh/.cpan/build/Object-Import-1.004-DjiDNY/blib/lib:/home/njh/.cpan/build/Shell-Command-0.06-b57QDp/blib/arch:/home/njh/.cpan/build/Shell-Command-0.06-b57QDp/blib/lib
    PERL5OPT = 
    PERL5_CPANPLUS_IS_RUNNING = 10998
    PERL5_CPAN_IS_RUNNING = 10998
    PERL5_MINISMOKEBOX = 0.58
    PERLBREW_BASHRC_VERSION = 0.69
    PERLBREW_HOME = /home/njh/.perlbrew
    PERLBREW_MANPATH = /home/njh/perl5/perlbrew/perls/perl-5.21.2/man
    PERLBREW_PATH = /home/njh/perl5/perlbrew/bin:/home/njh/perl5/perlbrew/perls/perl-5.21.2/bin
    PERLBREW_PERL = perl-5.21.2
    PERLBREW_ROOT = /home/njh/perl5/perlbrew
    PERLBREW_VERSION = 0.69
    PERL_EXTUTILS_AUTOINSTALL = --defaultdeps
    PERL_MM_USE_DEFAULT = 1
    SHELL = /bin/bash
    TERM = xterm

Perl special variables (and OS-specific diagnostics, for MSWin32):

    $^X = /home/njh/perl5/perlbrew/perls/perl-5.8.2/bin/perl
    $UID/$EUID = 1000 / 1000
    $GID = 1000 1000 112 108 46 44 30 29 25 24 4
    $EGID = 1000 1000 112 108 46 44 30 29 25 24 4

Perl module toolchain versions installed:

    Module              Have    
    ------------------- --------
    CPAN                2.05    
    CPAN::Meta          2.141520
    Cwd                 3.47    
    ExtUtils::CBuilder  0.280216
    ExtUtils::Command   1.18    
    ExtUtils::Install   1.63    
    ExtUtils::MakeMaker 6.98    
    ExtUtils::Manifest  1.63    
    ExtUtils::ParseXS   3.24    
    File::Spec          3.47    
    JSON                2.90    
    JSON::PP            2.27203 
    Module::Build       0.4206  
    Module::Signature   n/a     
    Parse::CPAN::Meta   1.4414  
    Test::Harness       3.32    
    Test::More          1.001003
    YAML                0.96    
    YAML::Syck          1.27    
    version             0.9908  


--

Summary of my perl5 (revision 5.0 version 8 subversion 2) configuration:
  Platform:
    osname=linux, osvers=3.2.0-4-amd64, archname=x86_64-linux-thread-multi
    uname='linux nigelhorne.force9.co.uk 3.2.0-4-amd64 #1 smp debian 3.2.32-1 x86_64 gnulinux '
    config_args='-de -Dprefix=/home/njh/perl5/perlbrew/perls/perl-5.8.2 -Duseithreads -Dusemultiplicity -Accflags=-O2 -W -Wformat=2 -Wswitch -Wshadow -Wwrite-strings -Wuninitialized -Wall -pipe -mtune=native -march=native -fomit-frame-pointer -mfpmath=sse -pedantic -D_FORTIFY_SOURCE=2 -Wpointer-arith -Wstrict-prototypes -fstack-protector -Wstack-protector -Wextra -Wbad-function-cast -Wcast-align -Wcast-qual -Wdisabled-optimization -Wendif-labels -Wfloat-equal -Wformat-nonliteral -Winline -Wmissing-declarations -Wmissing-prototypes -Wnested-externs -Wpointer-arith -Wundef -Wformat-security -Aeval:scriptdir=/home/njh/perl5/perlbrew/perls/perl-5.8.2/bin'
    hint=recommended, useposix=true, d_sigaction=define
    usethreads=define use5005threads=undef useithreads=define usemultiplicity=define
    useperlio=define d_sfio=undef uselargefiles=define usesocks=undef
    use64bitint=define use64bitall=define uselongdouble=undef
    usemymalloc=n, bincompat5005=undef
  Compiler:
    cc='cc', ccflags ='-D_REENTRANT -D_GNU_SOURCE -O2 -W -Wformat=2 -Wswitch -Wshadow -Wwrite-strings -Wuninitialized -Wall -pipe -mtune=native -march=native -fomit-frame-pointer -mfpmath=sse -pedantic -D_FORTIFY_SOURCE=2 -Wpointer-arith -Wstrict-prototypes -fstack-protector -Wstack-protector -Wextra -Wbad-function-cast -Wcast-align -Wcast-qual -Wdisabled-optimization -Wendif-labels -Wfloat-equal -Wformat-nonliteral -Winline -Wmissing-declarations -Wmissing-prototypes -Wnested-externs -Wpointer-arith -Wundef -Wformat-security -fno-strict-aliasing -I/usr/local/include -D_LARGEFILE_SOURCE -D_FILE_OFFSET_BITS=64',
    optimize='-O2',
    cppflags='-D_REENTRANT -D_GNU_SOURCE -O2 -W -Wformat=2 -Wswitch -Wshadow -Wwrite-strings -Wuninitialized -Wall -pipe -mtune=native -march=native -fomit-frame-pointer -mfpmath=sse -pedantic -D_FORTIFY_SOURCE=2 -Wpointer-arith -Wstrict-prototypes -fstack-protector -Wstack-protector -Wextra -Wbad-function-cast -Wcast-align -Wcast-qual -Wdisabled-optimization -Wendif-labels -Wfloat-equal -Wformat-nonliteral -Winline -Wmissing-declarations -Wmissing-prototypes -Wnested-externs -Wpointer-arith -Wundef -Wformat-security -fno-strict-aliasing -I/usr/local/include'
    ccversion='', gccversion='4.7.2', gccosandvers=''
    intsize=4, longsize=8, ptrsize=8, doublesize=8, byteorder=12345678
    d_longlong=define, longlongsize=8, d_longdbl=define, longdblsize=16
    ivtype='long', ivsize=8, nvtype='double', nvsize=8, Off_t='off_t', lseeksize=8
    alignbytes=8, prototype=define
  Linker and Libraries:
    ld='cc', ldflags =' -L/usr/local/lib'
    libpth=/usr/local/lib /lib/x86_64-linux-gnu /lib/../lib /usr/lib/x86_64-linux-gnu /usr/lib/../lib /lib /usr/lib
    libs=-lnsl -lgdbm -ldb -ldl -lm -lcrypt -lutil -lpthread -lc -lgdbm_compat
    perllibs=-lnsl -ldl -lm -lcrypt -lutil -lpthread -lc -lgdbm_compat
    libc=, so=so, useshrplib=false, libperl=libperl.a
    gnulibc_version='2.13'
  Dynamic Linking:
    dlsrc=dl_dlopen.xs, dlext=so, d_dlsymun=undef, ccdlflags='-rdynamic'
    cccdlflags='-fpic', lddlflags='-shared -L/usr/local/lib'


Characteristics of this binary (from libperl): 
  Compile-time options: MULTIPLICITY USE_ITHREADS USE_64_BIT_INT USE_64_BIT_ALL USE_LARGE_FILES PERL_IMPLICIT_CONTEXT
  Built under linux
  Compiled at Mar  5 2013 00:32:06
  %ENV:
    PERL5LIB="/home/njh/.cpan/build/Data-JavaScript-Anon-1.03-oONptH/blib/arch:/home/njh/.cpan/build/Data-JavaScript-Anon-1.03-oONptH/blib/lib:/home/njh/.cpan/build/Class-Default-1.51-HTCjjO/blib/arch:/home/njh/.cpan/build/Class-Default-1.51-HTCjjO/blib/lib:/home/njh/.cpan/build/Data-Dump-1.22-f3kjky/blib/arch:/home/njh/.cpan/build/Data-Dump-1.22-f3kjky/blib/lib:/home/njh/.cpan/build/Text-SimpleTable-2.03-O4x5Oi/blib/arch:/home/njh/.cpan/build/Text-SimpleTable-2.03-O4x5Oi/blib/lib:/home/njh/.cpan/build/Template-Provider-FromDATA-0.13-0hvNz1/blib/arch:/home/njh/.cpan/build/Template-Provider-FromDATA-0.13-0hvNz1/blib/lib:/home/njh/.cpan/build/Module-Pluggable-Fast-0.19-1iyTSe/blib/arch:/home/njh/.cpan/build/Module-Pluggable-Fast-0.19-1iyTSe/blib/lib:/home/njh/.cpan/build/Object-Import-1.004-DjiDNY/blib/arch:/home/njh/.cpan/build/Object-Import-1.004-DjiDNY/blib/lib:/home/njh/.cpan/build/Shell-Command-0.06-b57QDp/blib/arch:/home/njh/.cpan/build/Shell-Command-0.06-b57QDp/blib/lib"
    PERL5OPT=""
    PERL5_CPANPLUS_IS_RUNNING="10998"
    PERL5_CPAN_IS_RUNNING="10998"
    PERL5_MINISMOKEBOX="0.58"
    PERLBREW_BASHRC_VERSION="0.69"
    PERLBREW_HOME="/home/njh/.perlbrew"
    PERLBREW_MANPATH="/home/njh/perl5/perlbrew/perls/perl-5.21.2/man"
    PERLBREW_PATH="/home/njh/perl5/perlbrew/bin:/home/njh/perl5/perlbrew/perls/perl-5.21.2/bin"
    PERLBREW_PERL="perl-5.21.2"
    PERLBREW_ROOT="/home/njh/perl5/perlbrew"
    PERLBREW_VERSION="0.69"
    PERL_EXTUTILS_AUTOINSTALL="--defaultdeps"
    PERL_MM_USE_DEFAULT="1"
  @INC:
    /home/njh/.cpan/build/Data-JavaScript-Anon-1.03-oONptH/blib/arch
    /home/njh/.cpan/build/Data-JavaScript-Anon-1.03-oONptH/blib/lib
    /home/njh/.cpan/build/Class-Default-1.51-HTCjjO/blib/arch
    /home/njh/.cpan/build/Class-Default-1.51-HTCjjO/blib/lib
    /home/njh/.cpan/build/Data-Dump-1.22-f3kjky/blib/arch
    /home/njh/.cpan/build/Data-Dump-1.22-f3kjky/blib/lib
    /home/njh/.cpan/build/Text-SimpleTable-2.03-O4x5Oi/blib/arch
    /home/njh/.cpan/build/Text-SimpleTable-2.03-O4x5Oi/blib/lib
    /home/njh/.cpan/build/Template-Provider-FromDATA-0.13-0hvNz1/blib/arch
    /home/njh/.cpan/build/Template-Provider-FromDATA-0.13-0hvNz1/blib/lib
    /home/njh/.cpan/build/Module-Pluggable-Fast-0.19-1iyTSe/blib/arch
    /home/njh/.cpan/build/Module-Pluggable-Fast-0.19-1iyTSe/blib/lib
    /home/njh/.cpan/build/Object-Import-1.004-DjiDNY/blib/arch
    /home/njh/.cpan/build/Object-Import-1.004-DjiDNY/blib/lib
    /home/njh/.cpan/build/Shell-Command-0.06-b57QDp/blib/arch
    /home/njh/.cpan/build/Shell-Command-0.06-b57QDp/blib/lib
    /home/njh/perl5/perlbrew/perls/perl-5.8.2/lib/5.8.2/x86_64-linux-thread-multi
    /home/njh/perl5/perlbrew/perls/perl-5.8.2/lib/5.8.2
    /home/njh/perl5/perlbrew/perls/perl-5.8.2/lib/site_perl/5.8.2/x86_64-linux-thread-multi
    /home/njh/perl5/perlbrew/perls/perl-5.8.2/lib/site_perl/5.8.2
    /home/njh/perl5/perlbrew/perls/perl-5.8.2/lib/site_perl
    .