Report for WWW-ActiveState-PPM-0.01

Back
From: metabase:user:e3434da8-b236-11df-85ca-0247c6d74bde
Subject: FAIL WWW-ActiveState-PPM-0.01 v5.12.2 GNU/Linux
Date: 2010-11-17T11:30:22Z

This distribution has been tested as part of the CPAN Testers
project, supporting the Perl programming language.  See
http://wiki.cpantesters.org/ for more information or email
questions to cpan-testers-discuss@perl.org


--
Dear Adam Kennedy,

This is a computer-generated report for WWW-ActiveState-PPM-0.01
on perl 5.12.2, created by CPAN-Reporter-1.1803.

Thank you for uploading your work to CPAN.  However, there was a problem
testing your distribution.

If you think this report is invalid, please consult the CPAN Testers Wiki
for suggestions on how to avoid getting FAIL reports for missing library
or binary dependencies, unsupported operating systems, and so on:

http://wiki.cpantesters.org/wiki/CPANAuthorNotes

Sections of this report:

    * Tester comments
    * Program output
    * Prerequisites
    * Environment and other context

------------------------------
TESTER COMMENTS
------------------------------

Additional comments from tester:

this report is from an automated smoke testing program
and was not reviewed by a human for accuracy

------------------------------
PROGRAM OUTPUT
------------------------------

Output from '/usr/bin/make test':

PERL_DL_NONLAZY=1 /home/tester/testing/perl-5.12.2/bin/perl "-MExtUtils::Command::MM" "-e" "test_harness(0, 'inc', 'blib/lib', 'blib/arch')" t/*.t
t/01_compile.t .. ok
# Doing a full test run, this could take a few minutes...
Failed to find packages table at /home/tester/testing/perl-5.12.2/.cpan/build/WWW-ActiveState-PPM-0.01-Mzrgb8/blib/lib/WWW/ActiveState/PPM.pm line 132.
# Looks like you planned 4 tests but ran 3.
# Looks like your test exited with 255 just after 3.
t/02_main.t ..... 
Dubious, test returned 255 (wstat 65280, 0xff00)
Failed 1/4 subtests 
t/97_meta.t ..... skipped: Test::CPAN::Meta 0.12 not available for testing
t/98_pod.t ...... ok
t/99_pmv.t ...... skipped: Test::MinimumVersion 0.008 not available for testing

Test Summary Report
-------------------
t/02_main.t   (Wstat: 65280 Tests: 3 Failed: 0)
  Non-zero exit status: 255
  Parse errors: Bad plan.  You planned 4 tests but ran 3.
Files=5, Tests=6,  6 wallclock secs ( 0.03 usr  0.02 sys +  0.32 cusr  0.06 csys =  0.43 CPU)
Result: FAIL
Failed 1/5 test programs. 0/6 subtests failed.
make: *** [test_dynamic] Error 255

------------------------------
PREREQUISITES
------------------------------

Prerequisite modules loaded:

requires:

    Module              Need Have 
    ------------------- ---- -----
    ExtUtils::MakeMaker 6.56 6.56 
    LWP::Online         1.07 1.07 
    LWP::Simple         0    5.835
    Test::More          0.42 0.96 


------------------------------
ENVIRONMENT AND OTHER CONTEXT
------------------------------

Environment variables:

    AUTOMATED_TESTING = 1
    LANG = en_US.utf8
    LC_COLLATE = C
    PATH = /usr/local/bin:/usr/bin:/bin:/usr/bin/X11:/usr/games
    PERL5LIB = /home/tester/testing/perl-5.12.2/.cpan/build/LWP-Online-1.07-FoE88W/blib/arch:/home/tester/testing/perl-5.12.2/.cpan/build/LWP-Online-1.07-FoE88W/blib/lib
    PERL5OPT = 
    PERL5_CPANPLUS_IS_RUNNING = 5105
    PERL5_CPAN_IS_RUNNING = 5105
    PERL5_MINISMOKEBOX = 0.30
    PERL_EXTUTILS_AUTOINSTALL = --defaultdeps
    PERL_MM_USE_DEFAULT = 1
    SHELL = /bin/bash
    TERM = screen-bce

Perl special variables (and OS-specific diagnostics, for MSWin32):

    $^X = /home/tester/testing/perl-5.12.2/bin/perl
    $UID/$EUID = 1005 / 1005
    $GID = 1005 20 24 25 27 29 30 44 46 100 102 106 112 114 1005
    $EGID = 1005 20 24 25 27 29 30 44 46 100 102 106 112 114 1005

Perl module toolchain versions installed:

    Module              Have   
    ------------------- -------
    CPAN                1.94_56
    Cwd                 3.31   
    ExtUtils::CBuilder  0.2703 
    ExtUtils::Command   1.16   
    ExtUtils::Install   1.55   
    ExtUtils::MakeMaker 6.56   
    ExtUtils::Manifest  1.57   
    ExtUtils::ParseXS   2.21   
    File::Spec          3.31_01
    Module::Build       0.3607 
    Module::Signature   n/a    
    Test::Harness       3.22   
    Test::More          0.96   
    YAML                0.72   
    YAML::Syck          1.15   
    version             0.85   


--

Summary of my perl5 (revision 5 version 12 subversion 2) configuration:
   
  Platform:
    osname=linux, osvers=2.6.34-0.slh.9-sidux-amd64, archname=x86_64-linux-thread-multi
    uname='linux verona 2.6.34-0.slh.9-sidux-amd64 #1 smp preempt sat jun 12 23:27:41 utc 2010 x86_64 gnulinux '
    config_args='-Dprefix=/home/tester/testing/perl-5.12.2 -Dusethreads'
    hint=recommended, useposix=true, d_sigaction=define
    useithreads=define, usemultiplicity=define
    useperlio=define, d_sfio=undef, uselargefiles=define, usesocks=undef
    use64bitint=define, use64bitall=define, uselongdouble=undef
    usemymalloc=n, bincompat5005=undef
  Compiler:
    cc='cc', ccflags ='-D_REENTRANT -D_GNU_SOURCE -fno-strict-aliasing -pipe -fstack-protector -I/usr/local/include -D_LARGEFILE_SOURCE -D_FILE_OFFSET_BITS=64',
    optimize='-O2',
    cppflags='-D_REENTRANT -D_GNU_SOURCE -fno-strict-aliasing -pipe -fstack-protector -I/usr/local/include'
    ccversion='', gccversion='4.4.5 20100909 (prerelease)', gccosandvers=''
    intsize=4, longsize=8, ptrsize=8, doublesize=8, byteorder=12345678
    d_longlong=define, longlongsize=8, d_longdbl=define, longdblsize=16
    ivtype='long', ivsize=8, nvtype='double', nvsize=8, Off_t='off_t', lseeksize=8
    alignbytes=8, prototype=define
  Linker and Libraries:
    ld='cc', ldflags =' -fstack-protector -L/usr/local/lib'
    libpth=/usr/local/lib /lib /usr/lib /lib64 /usr/lib64
    libs=-lnsl -lgdbm -ldb -ldl -lm -lcrypt -lutil -lpthread -lc -lgdbm_compat
    perllibs=-lnsl -ldl -lm -lcrypt -lutil -lpthread -lc
    libc=/lib/libc-2.11.1.so, so=so, useshrplib=false, libperl=libperl.a
    gnulibc_version='2.11.1'
  Dynamic Linking:
    dlsrc=dl_dlopen.xs, dlext=so, d_dlsymun=undef, ccdlflags='-Wl,-E'
    cccdlflags='-fPIC', lddlflags='-shared -O2 -L/usr/local/lib -fstack-protector'


Characteristics of this binary (from libperl): 
  Compile-time options: MULTIPLICITY PERL_DONT_CREATE_GVSV
                        PERL_IMPLICIT_CONTEXT PERL_MALLOC_WRAP USE_64_BIT_ALL
                        USE_64_BIT_INT USE_ITHREADS USE_LARGE_FILES
                        USE_PERLIO USE_PERL_ATOF USE_REENTRANT_API
  Built under linux
  Compiled at Nov 12 2010 22:57:32
  %ENV:
    PERL5LIB="/home/tester/testing/perl-5.12.2/.cpan/build/LWP-Online-1.07-FoE88W/blib/arch:/home/tester/testing/perl-5.12.2/.cpan/build/LWP-Online-1.07-FoE88W/blib/lib"
    PERL5OPT=""
    PERL5_CPANPLUS_IS_RUNNING="5105"
    PERL5_CPAN_IS_RUNNING="5105"
    PERL5_MINISMOKEBOX="0.30"
    PERL_EXTUTILS_AUTOINSTALL="--defaultdeps"
    PERL_MM_USE_DEFAULT="1"
  @INC:
    /home/tester/testing/perl-5.12.2/.cpan/build/LWP-Online-1.07-FoE88W/blib/arch
    /home/tester/testing/perl-5.12.2/.cpan/build/LWP-Online-1.07-FoE88W/blib/lib
    /home/tester/testing/perl-5.12.2/lib/site_perl/5.12.2/x86_64-linux-thread-multi
    /home/tester/testing/perl-5.12.2/lib/site_perl/5.12.2
    /home/tester/testing/perl-5.12.2/lib/5.12.2/x86_64-linux-thread-multi
    /home/tester/testing/perl-5.12.2/lib/5.12.2
    .