Back
From: metabase:user:314402c4-2aae-11df-837a-5e0a49663a4f
Subject: FAIL File-ExtAttr-1.09 v5.22.2 GNU/Linux
Date: 2016-05-23T19:25:10Z
This distribution has been tested as part of the CPAN Testers
project, supporting the Perl programming language. See
http://wiki.cpantesters.org/ for more information or email
questions to cpan-testers-discuss@perl.org
--
Dear Richard Dawe,
This is a computer-generated report for File-ExtAttr-1.09
on perl 5.22.2, created by CPAN-Reporter-1.2017.
Thank you for uploading your work to CPAN. However, there was a problem
testing your distribution.
If you think this report is invalid, please consult the CPAN Testers Wiki
for suggestions on how to avoid getting FAIL reports for missing library
or binary dependencies, unsupported operating systems, and so on:
http://wiki.cpantesters.org/wiki/CPANAuthorNotes
Sections of this report:
* Tester comments
* Program output
* Prerequisites
* Environment and other context
------------------------------
TESTER COMMENTS
------------------------------
Additional comments from tester:
none provided
------------------------------
PROGRAM OUTPUT
------------------------------
Output from '/usr/bin/make test':
"/opt/perl-5.22.2t/bin/perl" -MExtUtils::Command::MM -e 'cp_nonempty' -- ExtAttr.bs blib/arch/auto/File/ExtAttr/ExtAttr.bs 644
PERL_DL_NONLAZY=1 "/opt/perl-5.22.2t/bin/perl" "-MExtUtils::Command::MM" "-MTest::Harness" "-e" "undef *Test::Harness::Switches; test_harness(0, 'blib/lib', 'blib/arch')" t/*.t
# Testing File::ExtAttr 1.09, Perl 5.022002, /opt/perl-5.22.2t/bin/perl
t/00load.t ........... ok
Use of uninitialized value $output in pattern match (m//) at (eval 41) line 65.
Use of uninitialized value $output in pattern match (m//) at (eval 41) line 69.
t/01distribution.t ... ok
t/02load-all.t ....... ok
t/03pod-coverage.t ... ok
t/04yaml-meta.t ...... ok
setfattr failed on filename ./im3Igx7X3U: Operation not supported at t/11basic.t line 58.
# Looks like your test exited with 95 before it could output anything.
t/11basic.t ..........
Dubious, test returned 95 (wstat 24320, 0x5f00)
Failed 12/12 subtests
setfattr failed on filename ./fnKMxPeXH0: Operation not supported at t/12empty.t line 61.
# Looks like your test exited with 95 before it could output anything.
t/12empty.t ..........
Dubious, test returned 95 (wstat 24320, 0x5f00)
Failed 12/12 subtests
setfattr failed on ./kyy9DGHkso: Operation not supported at t/13long.t line 64.
# Looks like your test exited with 95 before it could output anything.
t/13long.t ...........
Dubious, test returned 95 (wstat 24320, 0x5f00)
Failed 24/24 subtests
setfattr failed on ./SiYZiDg1oU: Operation not supported at t/14optional.t line 52.
# Looks like your test exited with 95 before it could output anything.
t/14optional.t .......
Dubious, test returned 95 (wstat 24320, 0x5f00)
Failed 8/8 subtests
# Failed test at t/15create.t line 57.
# got: '0'
# expected: '1'
# Failed test at t/15create.t line 63.
# got: undef
# expected: 'ZZZadlf03948alsdjfaslfjaoweir12l34kealfkjalskdfas90d8fajdlfkj./.,f'
# Failed test at t/15create.t line 66.
# Failed test at t/15create.t line 57.
# got: '0'
# expected: '1'
# Failed test at t/15create.t line 63.
# got: undef
# expected: 'ZZZadlf03948alsdjfaslfjaoweir12l34kealfkjalskdfas90d8fajdlfkj./.,f'
# Failed test at t/15create.t line 66.
# Failed test at t/15create.t line 81.
# got: '0'
# expected: '1'
# Failed test at t/15create.t line 87.
# got: '95'
# expected: '0'
# Failed test at t/15create.t line 90.
# got: undef
# expected: 'ZZZadlf03948alsdjfaslfjaoweir12l34kealfkjalskdfas90d8fajdlfkj./.,f'
# Failed test at t/15create.t line 93.
# Looks like you failed 10 tests of 16.
t/15create.t .........
Dubious, test returned 10 (wstat 2560, 0xa00)
Failed 10/16 subtests
# Failed test at t/16replace.t line 56.
# got: '0'
# expected: '1'
# Failed test at t/16replace.t line 59.
# got: '0'
# expected: '1'
# Failed test at t/16replace.t line 62.
# got: undef
# expected: 'ZZZadlf03948alsdjfaslfjaoweir12l34kealfkjalskdfas90d8fajdlfkj./.,f'
# Failed test at t/16replace.t line 65.
# Failed test at t/16replace.t line 56.
# got: '0'
# expected: '1'
# Failed test at t/16replace.t line 59.
# got: '0'
# expected: '1'
# Failed test at t/16replace.t line 62.
# got: undef
# expected: 'ZZZadlf03948alsdjfaslfjaoweir12l34kealfkjalskdfas90d8fajdlfkj./.,f'
# Failed test at t/16replace.t line 65.
# Failed test at t/16replace.t line 80.
# got: '0'
# expected: '1'
# Failed test at t/16replace.t line 83.
# got: '0'
# expected: '1'
# Failed test at t/16replace.t line 86.
# got: undef
# expected: 'ZZZadlf03948alsdjfaslfjaoweir12l34kealfkjalskdfas90d8fajdlfkj./.,f'
# Failed test at t/16replace.t line 89.
# Looks like you failed 12 tests of 15.
t/16replace.t ........
Dubious, test returned 12 (wstat 3072, 0xc00)
Failed 12/15 subtests
t/17createreplace.t .. ok
# Failed test at t/18list.t line 52.
# got: '0'
# expected: '1'
# Failed test at t/18list.t line 58.
# got: '95'
# expected: '0'
# Failed test at t/18list.t line 61.
# got: undef
# expected: 'val0'
# Failed test at t/18list.t line 52.
# got: '0'
# expected: '1'
# Failed test at t/18list.t line 58.
# got: '95'
# expected: '0'
# Failed test at t/18list.t line 61.
# got: undef
# expected: 'val9'
# Failed test at t/18list.t line 52.
# got: '0'
# expected: '1'
# Failed test at t/18list.t line 58.
# got: '95'
# expected: '0'
# Failed test at t/18list.t line 61.
# got: undef
# expected: 'val4'
# Failed test at t/18list.t line 52.
# got: '0'
# expected: '1'
# Failed test at t/18list.t line 58.
# got: '95'
# expected: '0'
# Failed test at t/18list.t line 61.
# got: undef
# expected: 'val2'
# Failed test at t/18list.t line 52.
# got: '0'
# expected: '1'
# Failed test at t/18list.t line 58.
# got: '95'
# expected: '0'
# Failed test at t/18list.t line 61.
# got: undef
# expected: 'val7'
# Failed test at t/18list.t line 52.
# got: '0'
# expected: '1'
# Failed test at t/18list.t line 58.
# got: '95'
# expected: '0'
# Failed test at t/18list.t line 61.
# got: undef
# expected: 'val5'
# Failed test at t/18list.t line 52.
# got: '0'
# expected: '1'
# Failed test at t/18list.t line 58.
# got: '95'
# expected: '0'
# Failed test at t/18list.t line 61.
# got: undef
# expected: 'val8'
# Failed test at t/18list.t line 52.
# got: '0'
# expected: '1'
# Failed test at t/18list.t line 58.
# got: '95'
# expected: '0'
# Failed test at t/18list.t line 61.
# got: undef
# expected: 'val3'
# Failed test at t/18list.t line 52.
# got: '0'
# expected: '1'
# Failed test at t/18list.t line 58.
# got: '95'
# expected: '0'
# Failed test at t/18list.t line 61.
# got: undef
# expected: 'val1'
# Failed test at t/18list.t line 52.
# got: '0'
# expected: '1'
# Failed test at t/18list.t line 58.
# got: '95'
# expected: '0'
# Failed test at t/18list.t line 61.
# got: undef
# expected: 'val6'
# Failed test at t/18list.t line 132.
# got: '0'
# expected: '10'
# Failed test at t/18list.t line 75.
# Failed test at t/18list.t line 75.
# Failed test at t/18list.t line 75.
# Failed test at t/18list.t line 75.
# Failed test at t/18list.t line 75.
# Failed test at t/18list.t line 75.
# Failed test at t/18list.t line 75.
# Failed test at t/18list.t line 75.
# Failed test at t/18list.t line 75.
# Failed test at t/18list.t line 75.
# Failed test at t/18list.t line 52.
# got: '0'
# expected: '1'
# Failed test at t/18list.t line 58.
# got: '95'
# expected: '0'
# Failed test at t/18list.t line 61.
# got: undef
# expected: 'val0'
# Failed test at t/18list.t line 52.
# got: '0'
# expected: '1'
# Failed test at t/18list.t line 58.
# got: '95'
# expected: '0'
# Failed test at t/18list.t line 61.
# got: undef
# expected: 'val9'
# Failed test at t/18list.t line 52.
# got: '0'
# expected: '1'
# Failed test at t/18list.t line 58.
# got: '95'
# expected: '0'
# Failed test at t/18list.t line 61.
# got: undef
# expected: 'val4'
# Failed test at t/18list.t line 52.
# got: '0'
# expected: '1'
# Failed test at t/18list.t line 58.
# got: '95'
# expected: '0'
# Failed test at t/18list.t line 61.
# got: undef
# expected: 'val2'
# Failed test at t/18list.t line 52.
# got: '0'
# expected: '1'
# Failed test at t/18list.t line 58.
# got: '95'
# expected: '0'
# Failed test at t/18list.t line 61.
# got: undef
# expected: 'val7'
# Failed test at t/18list.t line 52.
# got: '0'
# expected: '1'
# Failed test at t/18list.t line 58.
# got: '95'
# expected: '0'
# Failed test at t/18list.t line 61.
# got: undef
# expected: 'val5'
# Failed test at t/18list.t line 52.
# got: '0'
# expected: '1'
# Failed test at t/18list.t line 58.
# got: '95'
# expected: '0'
# Failed test at t/18list.t line 61.
# got: undef
# expected: 'val8'
# Failed test at t/18list.t line 52.
# got: '0'
# expected: '1'
# Failed test at t/18list.t line 58.
# got: '95'
# expected: '0'
# Failed test at t/18list.t line 61.
# got: undef
# expected: 'val3'
# Failed test at t/18list.t line 52.
# got: '0'
# expected: '1'
# Failed test at t/18list.t line 58.
# got: '95'
# expected: '0'
# Failed test at t/18list.t line 61.
# got: undef
# expected: 'val1'
# Failed test at t/18list.t line 52.
# got: '0'
# expected: '1'
# Failed test at t/18list.t line 58.
# got: '95'
# expected: '0'
# Failed test at t/18list.t line 61.
# got: undef
# expected: 'val6'
# Failed test at t/18list.t line 132.
# got: '0'
# expected: '10'
# Failed test at t/18list.t line 75.
# Failed test at t/18list.t line 75.
# Failed test at t/18list.t line 75.
# Failed test at t/18list.t line 75.
# Failed test at t/18list.t line 75.
# Failed test at t/18list.t line 75.
# Failed test at t/18list.t line 75.
# Failed test at t/18list.t line 75.
# Failed test at t/18list.t line 75.
# Failed test at t/18list.t line 75.
# Failed test at t/18list.t line 93.
# got: '0'
# expected: '1'
# Failed test at t/18list.t line 99.
# got: '95'
# expected: '0'
# Failed test at t/18list.t line 102.
# got: undef
# expected: 'val0'
# Failed test at t/18list.t line 93.
# got: '0'
# expected: '1'
# Failed test at t/18list.t line 99.
# got: '95'
# expected: '0'
# Failed test at t/18list.t line 102.
# got: undef
# expected: 'val9'
# Failed test at t/18list.t line 93.
# got: '0'
# expected: '1'
# Failed test at t/18list.t line 99.
# got: '95'
# expected: '0'
# Failed test at t/18list.t line 102.
# got: undef
# expected: 'val4'
# Failed test at t/18list.t line 93.
# got: '0'
# expected: '1'
# Failed test at t/18list.t line 99.
# got: '95'
# expected: '0'
# Failed test at t/18list.t line 102.
# got: undef
# expected: 'val2'
# Failed test at t/18list.t line 93.
# got: '0'
# expected: '1'
# Failed test at t/18list.t line 99.
# got: '95'
# expected: '0'
# Failed test at t/18list.t line 102.
# got: undef
# expected: 'val7'
# Failed test at t/18list.t line 93.
# got: '0'
# expected: '1'
# Failed test at t/18list.t line 99.
# got: '95'
# expected: '0'
# Failed test at t/18list.t line 102.
# got: undef
# expected: 'val5'
# Failed test at t/18list.t line 93.
# got: '0'
# expected: '1'
# Failed test at t/18list.t line 99.
# got: '95'
# expected: '0'
# Failed test at t/18list.t line 102.
# got: undef
# expected: 'val8'
# Failed test at t/18list.t line 93.
# got: '0'
# expected: '1'
# Failed test at t/18list.t line 99.
# got: '95'
# expected: '0'
# Failed test at t/18list.t line 102.
# got: undef
# expected: 'val3'
# Failed test at t/18list.t line 93.
# got: '0'
# expected: '1'
# Failed test at t/18list.t line 99.
# got: '95'
# expected: '0'
# Failed test at t/18list.t line 102.
# got: undef
# expected: 'val1'
# Failed test at t/18list.t line 93.
# got: '0'
# expected: '1'
# Failed test at t/18list.t line 99.
# got: '95'
# expected: '0'
# Failed test at t/18list.t line 102.
# got: undef
# expected: 'val6'
# Failed test at t/18list.t line 132.
# got: '0'
# expected: '10'
# Failed test at t/18list.t line 116.
# Failed test at t/18list.t line 116.
# Failed test at t/18list.t line 116.
# Failed test at t/18list.t line 116.
# Failed test at t/18list.t line 116.
# Failed test at t/18list.t line 116.
# Failed test at t/18list.t line 116.
# Failed test at t/18list.t line 116.
# Failed test at t/18list.t line 116.
# Failed test at t/18list.t line 116.
# Looks like you planned 213 tests but ran 183.
# Looks like you failed 123 tests of 183 run.
t/18list.t ...........
Dubious, test returned 123 (wstat 31488, 0x7b00)
Failed 153/213 subtests
# Failed test at t/20tie-basic.t line 59.
# got: undef
# expected: '456'
# Failed test at t/20tie-basic.t line 63.
# got: undef
# expected: '456456'
# Failed test at t/20tie-basic.t line 66.
# got: undef
# expected: '456'
# Failed test at t/20tie-basic.t line 59.
# got: undef
# expected: '123'
# Failed test at t/20tie-basic.t line 63.
# got: undef
# expected: '123123'
# Failed test at t/20tie-basic.t line 66.
# got: undef
# expected: '123'
# Failed test at t/20tie-basic.t line 81.
# got: undef
# expected: '456'
# Failed test at t/20tie-basic.t line 81.
# got: undef
# expected: '123'
# Failed test at t/20tie-basic.t line 87.
# Failed test at t/20tie-basic.t line 59.
# got: undef
# expected: '456'
# Failed test at t/20tie-basic.t line 63.
# got: undef
# expected: '456456'
# Failed test at t/20tie-basic.t line 66.
# got: undef
# expected: '456'
# Failed test at t/20tie-basic.t line 59.
# got: undef
# expected: '123'
# Failed test at t/20tie-basic.t line 63.
# got: undef
# expected: '123123'
# Failed test at t/20tie-basic.t line 66.
# got: undef
# expected: '123'
# Failed test at t/20tie-basic.t line 81.
# got: undef
# expected: '456'
# Failed test at t/20tie-basic.t line 81.
# got: undef
# expected: '123'
# Failed test at t/20tie-basic.t line 87.
# Looks like you failed 18 tests of 24.
t/20tie-basic.t ......
Dubious, test returned 18 (wstat 4608, 0x1200)
Failed 18/24 subtests
t/22tie-nonuser.t .... ok
setfattr failed on filename ./51Noso0UOh: Operation not supported at t/30nsbasic.t line 60.
# Looks like your test exited with 95 before it could output anything.
t/30nsbasic.t ........
Dubious, test returned 95 (wstat 24320, 0x5f00)
Failed 18/18 subtests
setfattr failed on filename ./2wuuydCWhF: Operation not supported at t/31nsmultiple.t line 64.
# Looks like your test exited with 95 before it could output anything.
t/31nsmultiple.t .....
Dubious, test returned 95 (wstat 24320, 0x5f00)
Failed 42/42 subtests
t/32nsnonuser.t ...... ok
setfattr failed on ./MOw6FNvmdN: Operation not supported at t/33nslong.t line 64.
# Looks like your test exited with 95 before it could output anything.
t/33nslong.t .........
Dubious, test returned 95 (wstat 24320, 0x5f00)
Failed 24/24 subtests
t/39nsempty.t ........ ok
setfattr failed on filename ./Zra_XME49_: Operation not supported at t/80memleakget.t line 56.
# Looks like your test exited with 95 before it could output anything.
t/80memleakget.t .....
Dubious, test returned 95 (wstat 24320, 0x5f00)
Failed 6000/6000 subtests
t/81closed.t ......... ok
Test Summary Report
-------------------
t/11basic.t (Wstat: 24320 Tests: 0 Failed: 0)
Non-zero exit status: 95
Parse errors: Bad plan. You planned 12 tests but ran 0.
t/12empty.t (Wstat: 24320 Tests: 0 Failed: 0)
Non-zero exit status: 95
Parse errors: Bad plan. You planned 12 tests but ran 0.
t/13long.t (Wstat: 24320 Tests: 0 Failed: 0)
Non-zero exit status: 95
Parse errors: Bad plan. You planned 24 tests but ran 0.
t/14optional.t (Wstat: 24320 Tests: 0 Failed: 0)
Non-zero exit status: 95
Parse errors: Bad plan. You planned 8 tests but ran 0.
t/15create.t (Wstat: 2560 Tests: 16 Failed: 10)
Failed tests: 1, 3-4, 6, 8-9, 11, 13-15
Non-zero exit status: 10
t/16replace.t (Wstat: 3072 Tests: 15 Failed: 12)
Failed tests: 1-4, 6-9, 11-14
Non-zero exit status: 12
t/18list.t (Wstat: 31488 Tests: 183 Failed: 123)
Failed tests: 1, 3-5, 7-9, 11-13, 15-17, 19-21, 23-25
27-29, 31-33, 35-37, 39-42, 44, 46, 48
50, 52, 54, 56, 58, 60, 62, 64-66, 68-70
72-74, 76-78, 80-82, 84-86, 88-90, 92-94
96-98, 100-103, 105, 107, 109, 111, 113
115, 117, 119, 121, 123, 125-127, 129-131
133-135, 137-139, 141-143, 145-147, 149-151
153-155, 157-159, 161-164, 166, 168, 170
172, 174, 176, 178, 180, 182
Non-zero exit status: 123
Parse errors: Bad plan. You planned 213 tests but ran 183.
t/20tie-basic.t (Wstat: 4608 Tests: 24 Failed: 18)
Failed tests: 2-4, 6-8, 10-12, 14-16, 18-20, 22-24
Non-zero exit status: 18
t/30nsbasic.t (Wstat: 24320 Tests: 0 Failed: 0)
Non-zero exit status: 95
Parse errors: Bad plan. You planned 18 tests but ran 0.
t/31nsmultiple.t (Wstat: 24320 Tests: 0 Failed: 0)
Non-zero exit status: 95
Parse errors: Bad plan. You planned 42 tests but ran 0.
t/33nslong.t (Wstat: 24320 Tests: 0 Failed: 0)
Non-zero exit status: 95
Parse errors: Bad plan. You planned 24 tests but ran 0.
t/80memleakget.t (Wstat: 24320 Tests: 0 Failed: 0)
Non-zero exit status: 95
Parse errors: Bad plan. You planned 6000 tests but ran 0.
Files=22, Tests=332, 2 wallclock secs ( 0.10 usr 0.09 sys + 1.46 cusr 0.38 csys = 2.03 CPU)
Result: FAIL
Failed 12/22 test programs. 163/332 subtests failed.
make: *** [test_dynamic] Fehler 255
------------------------------
PREREQUISITES
------------------------------
Prerequisite modules loaded:
requires:
Module Need Have
------------------- ---- ----
Carp 0 1.38
Scalar::Util 0 1.45
build_requires:
Module Need Have
------------------- ---- ----
ExtUtils::MakeMaker 0 7.16
------------------------------
ENVIRONMENT AND OTHER CONTEXT
------------------------------
Environment variables:
LANG = C
LC_ALL = de_DE.UTF-8
PATH = /usr/local/bin:/usr/bin:/bin:/usr/local/sbin:/usr/sbin:/sbin:/home/cpansand/bin/linux-gnu:/home/cpansand/bin/sh:/home/cpansand/bin:/usr/games:/home/cpansand/devel:/home/eserte/src/srezic-misc/scripts
PERL5LIB =
PERL5OPT =
PERL5_CPANPLUS_IS_RUNNING = 13907
PERL5_CPAN_IS_RUNNING = 13907
PERL5_CPAN_IS_RUNNING_IN_RECURSION = 7496,13907
PERLDOC = -MPod::Perldoc::ToTextOverstrike
PERL_BATCH = yes
PERL_CANARY_STABILITY_NOPROMPT = 1
PERL_CPAN_REPORTER_CONFIG = /var/tmp/cpansmoker-1023/2016052303/cpanreporter_001_config.ini
PERL_EXTUTILS_AUTOINSTALL = --defaultdeps
PERL_PARALLEL_SMOKER = yes
SHELL = /bin/zsh
TERM = screen
TMPDIR = /var/tmp/cpansmoker-1023/2016052303
Perl special variables (and OS-specific diagnostics, for MSWin32):
$^X = /opt/perl-5.22.2t/bin/perl
$UID/$EUID = 1023 / 1023
$GID = 1023 1023
$EGID = 1023 1023
Perl module toolchain versions installed:
Module Have
------------------- --------
CPAN 2.11
CPAN::Meta 2.150005
Cwd 3.62
ExtUtils::CBuilder 0.280224
ExtUtils::Command 7.16
ExtUtils::Install 2.04
ExtUtils::MakeMaker 7.16
ExtUtils::Manifest 1.70
ExtUtils::ParseXS 3.30
File::Spec 3.62
JSON 2.90
JSON::PP 2.27400
Module::Build 0.4218
Module::Signature 0.79
Parse::CPAN::Meta 1.4417
Test::Harness 3.36
Test::More 1.302019
YAML 1.15
YAML::Syck 1.29
version 0.9916
--
Summary of my perl5 (revision 5 version 22 subversion 2) configuration:
Platform:
osname=linux, osvers=3.2.0-4-amd64, archname=x86_64-linux-thread-multi
uname='linux eserte 3.2.0-4-amd64 #1 smp debian 3.2.78-1 x86_64 gnulinux '
config_args='-ds -e -Dprefix=/opt/perl-5.22.2t -Dusethreads -Dcf_email=srezic@cpan.org'
hint=recommended, useposix=true, d_sigaction=define
useithreads=define, usemultiplicity=define
use64bitint=define, use64bitall=define, uselongdouble=undef
usemymalloc=n, bincompat5005=undef
Compiler:
cc='cc', ccflags ='-D_REENTRANT -D_GNU_SOURCE -fwrapv -fno-strict-aliasing -pipe -fstack-protector -I/usr/local/include -D_LARGEFILE_SOURCE -D_FILE_OFFSET_BITS=64 -D_FORTIFY_SOURCE=2',
optimize='-O2',
cppflags='-D_REENTRANT -D_GNU_SOURCE -fwrapv -fno-strict-aliasing -pipe -fstack-protector -I/usr/local/include'
ccversion='', gccversion='4.7.2', gccosandvers=''
intsize=4, longsize=8, ptrsize=8, doublesize=8, byteorder=12345678, doublekind=3
d_longlong=define, longlongsize=8, d_longdbl=define, longdblsize=16, longdblkind=3
ivtype='long', ivsize=8, nvtype='double', nvsize=8, Off_t='off_t', lseeksize=8
alignbytes=8, prototype=define
Linker and Libraries:
ld='cc', ldflags =' -fstack-protector -L/usr/local/lib'
libpth=/usr/local/lib /usr/lib/gcc/x86_64-linux-gnu/4.7/include-fixed /usr/include/x86_64-linux-gnu /usr/lib /lib/x86_64-linux-gnu /lib/../lib /usr/lib/x86_64-linux-gnu /usr/lib/../lib /lib
libs=-lpthread -lnsl -ldb -ldl -lm -lcrypt -lutil -lc
perllibs=-lpthread -lnsl -ldl -lm -lcrypt -lutil -lc
libc=libc-2.13.so, so=so, useshrplib=false, libperl=libperl.a
gnulibc_version='2.13'
Dynamic Linking:
dlsrc=dl_dlopen.xs, dlext=so, d_dlsymun=undef, ccdlflags='-Wl,-E'
cccdlflags='-fPIC', lddlflags='-shared -O2 -L/usr/local/lib -fstack-protector'
Characteristics of this binary (from libperl):
Compile-time options: HAS_TIMES MULTIPLICITY PERLIO_LAYERS
PERL_DONT_CREATE_GVSV
PERL_HASH_FUNC_ONE_AT_A_TIME_HARD
PERL_IMPLICIT_CONTEXT PERL_MALLOC_WRAP
PERL_NEW_COPY_ON_WRITE PERL_PRESERVE_IVUV
USE_64_BIT_ALL USE_64_BIT_INT USE_ITHREADS
USE_LARGE_FILES USE_LOCALE USE_LOCALE_COLLATE
USE_LOCALE_CTYPE USE_LOCALE_NUMERIC USE_LOCALE_TIME
USE_PERLIO USE_PERL_ATOF USE_REENTRANT_API
Built under linux
Compiled at May 20 2016 19:39:05
%ENV:
PERL5LIB=""
PERL5OPT=""
PERL5_CPANPLUS_IS_RUNNING="13907"
PERL5_CPAN_IS_RUNNING="13907"
PERL5_CPAN_IS_RUNNING_IN_RECURSION="7496,13907"
PERLDOC="-MPod::Perldoc::ToTextOverstrike"
PERL_BATCH="yes"
PERL_CANARY_STABILITY_NOPROMPT="1"
PERL_CPAN_REPORTER_CONFIG="/var/tmp/cpansmoker-1023/2016052303/cpanreporter_001_config.ini"
PERL_EXTUTILS_AUTOINSTALL="--defaultdeps"
PERL_PARALLEL_SMOKER="yes"
@INC:
/opt/perl-5.22.2t/lib/site_perl/5.22.2/x86_64-linux-thread-multi
/opt/perl-5.22.2t/lib/site_perl/5.22.2
/opt/perl-5.22.2t/lib/5.22.2/x86_64-linux-thread-multi
/opt/perl-5.22.2t/lib/5.22.2
.