Report for Module-Release-CSJEWELL-0.101

Back
From: metabase:user:30dda8bc-2aae-11df-837a-5e0a49663a4f
Subject: FAIL Module-Release-CSJEWELL-0.101 v5.12.3 GNU/Linux
Date: 2011-06-24T16:07:31Z

This distribution has been tested as part of the CPAN Testers
project, supporting the Perl programming language.  See
http://wiki.cpantesters.org/ for more information or email
questions to cpan-testers-discuss@perl.org


--
Dear Curtis Jewell,

This is a computer-generated report for Module-Release-CSJEWELL-0.101
on perl 5.12.3, created by CPAN-Reporter-1.1902.

Thank you for uploading your work to CPAN.  However, there was a problem
testing your distribution.

If you think this report is invalid, please consult the CPAN Testers Wiki
for suggestions on how to avoid getting FAIL reports for missing library
or binary dependencies, unsupported operating systems, and so on:

http://wiki.cpantesters.org/wiki/CPANAuthorNotes

Sections of this report:

    * Tester comments
    * Program output
    * Prerequisites
    * Environment and other context

------------------------------
TESTER COMMENTS
------------------------------

Additional comments from tester:

this report is from an automated smoke testing program
and was not reviewed by a human for accuracy

------------------------------
PROGRAM OUTPUT
------------------------------

Output from './Build test':

# Testing Module::Release::CSJEWELL 0.101
t/000_load.t ............ ok

#   Failed test 'Test::Perl::Critic for "blib/lib/Module/Release/CSJEWELL.pm"'
#   at /net/netfile2/ag-russell/perl-smoker/Fedora-14-i686/lib/perl5/Test/Perl/Critic.pm line 110.
# 
# Perl::Critic found these violations in "blib/lib/Module/Release/CSJEWELL.pm":
# blib/lib/Module/Release/CSJEWELL.pm:1:1:
#  Documentation::PodSpelling: Check the spelling in your POD: Plugins plugins CSJEWELL releaserc CPAN LICENCE
# blib/lib/Module/Release/CSJEWELL.pm:8:1:
#  ValuesAndExpressions::RequireConstantVersion: $VERSION value must be a constant
# blib/lib/Module/Release/CSJEWELL.pm:14:1:
#  Documentation::RequirePodLinksIncludeText: Link L<perlartistic> on line 121 does not specify text
# blib/lib/Module/Release/CSJEWELL.pm:14:1:
#  Documentation::RequirePodLinksIncludeText: Link L<perlgpl> on line 121 does not specify text

#   Failed test 'Test::Perl::Critic for "blib/lib/Module/Release/OpenRepository.pm"'
#   at /net/netfile2/ag-russell/perl-smoker/Fedora-14-i686/lib/perl5/Test/Perl/Critic.pm line 110.
# 
# Perl::Critic found these violations in "blib/lib/Module/Release/OpenRepository.pm":
# blib/lib/Module/Release/OpenRepository.pm:1:1:
#  Documentation::PodSpelling: Check the spelling in your POD: csjewell releaserc LICENCE
# blib/lib/Module/Release/OpenRepository.pm:11:1:
#  ValuesAndExpressions::RequireConstantVersion: $VERSION value must be a constant
# blib/lib/Module/Release/OpenRepository.pm:55:25:
#  RegularExpressions::ProhibitEscapedMetacharacters: Use character classes for literal metachars instead of escapes
# blib/lib/Module/Release/OpenRepository.pm:66:1:
#  Documentation::RequirePodLinksIncludeText: Link L<Module::Release> on line 70 does not specify text
# blib/lib/Module/Release/OpenRepository.pm:66:1:
#  Documentation::RequirePodLinksIncludeText: Link L<perlartistic> on line 104 does not specify text
# blib/lib/Module/Release/OpenRepository.pm:66:1:
#  Documentation::RequirePodLinksIncludeText: Link L<perlgpl> on line 104 does not specify text

#   Failed test 'Test::Perl::Critic for "blib/lib/Module/Release/PermissionFix.pm"'
#   at /net/netfile2/ag-russell/perl-smoker/Fedora-14-i686/lib/perl5/Test/Perl/Critic.pm line 110.
# 
# Perl::Critic found these violations in "blib/lib/Module/Release/PermissionFix.pm":
# blib/lib/Module/Release/PermissionFix.pm:1:1:
#  Documentation::PodSpelling: Check the spelling in your POD: gz csjewell LICENCE
# blib/lib/Module/Release/PermissionFix.pm:13:1:
#  ValuesAndExpressions::RequireConstantVersion: $VERSION value must be a constant
# blib/lib/Module/Release/PermissionFix.pm:88:14:
#  Variables::ProhibitPunctuationVars: Magic punctuation variable used in interpolated string
# blib/lib/Module/Release/PermissionFix.pm:99:1:
#  Documentation::RequirePodLinksIncludeText: Link L<Module::Release> on line 103 does not specify text
# blib/lib/Module/Release/PermissionFix.pm:99:1:
#  Documentation::RequirePodLinksIncludeText: Link L<perlartistic> on line 120 does not specify text
# blib/lib/Module/Release/PermissionFix.pm:99:1:
#  Documentation::RequirePodLinksIncludeText: Link L<perlgpl> on line 120 does not specify text

#   Failed test 'Test::Perl::Critic for "blib/lib/Module/Release/Twitter.pm"'
#   at /net/netfile2/ag-russell/perl-smoker/Fedora-14-i686/lib/perl5/Test/Perl/Critic.pm line 110.
# 
# Perl::Critic found these violations in "blib/lib/Module/Release/Twitter.pm":
# blib/lib/Module/Release/Twitter.pm:1:1:
#  Documentation::PodSpelling: Check the spelling in your POD: csjewell releaserc username LICENCE
# blib/lib/Module/Release/Twitter.pm:13:1:
#  ValuesAndExpressions::RequireConstantVersion: $VERSION value must be a constant
# blib/lib/Module/Release/Twitter.pm:97:1:
#  Documentation::RequirePodLinksIncludeText: Link L<Module::Release> on line 101 does not specify text
# blib/lib/Module/Release/Twitter.pm:97:1:
#  Documentation::RequirePodLinksIncludeText: Link L<perlartistic> on line 143 does not specify text
# blib/lib/Module/Release/Twitter.pm:97:1:
#  Documentation::RequirePodLinksIncludeText: Link L<perlgpl> on line 143 does not specify text

#   Failed test 'Test::Perl::Critic for "blib/lib/Module/Release/UploadOwnSite.pm"'
#   at /net/netfile2/ag-russell/perl-smoker/Fedora-14-i686/lib/perl5/Test/Perl/Critic.pm line 110.
# 
# Perl::Critic found these violations in "blib/lib/Module/Release/UploadOwnSite.pm":
# blib/lib/Module/Release/UploadOwnSite.pm:1:1:
#  Documentation::PodSpelling: Check the spelling in your POD: csjewell releaserc username LICENCE
# blib/lib/Module/Release/UploadOwnSite.pm:11:1:
#  ValuesAndExpressions::RequireConstantVersion: $VERSION value must be a constant
# blib/lib/Module/Release/UploadOwnSite.pm:87:1:
#  Documentation::RequirePodLinksIncludeText: Link L<Module::Release> on line 91 does not specify text
# blib/lib/Module/Release/UploadOwnSite.pm:87:1:
#  Documentation::RequirePodLinksIncludeText: Link L<perlartistic> on line 136 does not specify text
# blib/lib/Module/Release/UploadOwnSite.pm:87:1:
#  Documentation::RequirePodLinksIncludeText: Link L<perlgpl> on line 136 does not specify text
# Looks like you failed 5 tests of 5.
t/800_perlcritic.t ...... 
Dubious, test returned 5 (wstat 1280, 0x500)
Failed 5/5 subtests 
t/801_pod.t ............. ok
t/802_pod_coverage.t .... ok
t/803_minimumversion.t .. ok
t/804_manifest.t ........ skipped: MANIFEST.SKIP does not exist, so cannot test this.
t/805_meta.t ............ ok
t/806_portability.t ..... ok
# Takes a few minutes...
t/899_prereq.t .......... ok

Test Summary Report
-------------------
t/800_perlcritic.t    (Wstat: 1280 Tests: 5 Failed: 5)
  Failed tests:  1-5
  Non-zero exit status: 5
Files=9, Tests=38, 20 wallclock secs ( 0.04 usr  0.01 sys + 17.92 cusr  0.49 csys = 18.46 CPU)
Result: FAIL
Failed 1/9 test programs. 5/38 subtests failed.

------------------------------
PREREQUISITES
------------------------------

Prerequisite modules loaded:

requires:

    Module          Need     Have    
    --------------- -------- --------
    Archive::Tar    1.52     1.76    
    Module::Release 2.05     2.05_04 
    Net::Twitter    3.04006  3.13000 
    parent          0.221    0.225   
    perl            5.008001 5.012003

build_requires:

    Module          Need     Have    
    --------------- -------- --------
    Test::More      0.61     0.98    

configure_requires:

    Module          Need     Have    
    --------------- -------- --------
    Module::Build   0.33     0.3800  


------------------------------
ENVIRONMENT AND OTHER CONTEXT
------------------------------

Environment variables:

    AUTOMATED_TESTING = 1
    LANG = en_US.utf8
    PATH = /net/netfile2/ag-russell/perl-smoker/Fedora-14-i686/bin:/net/netfile2/ag-russell/install/Fedora-14-i686/perlbrew/bin:/bin:/sbin:/usr/bin:/usr/sbin:/usr/local/bin
    PATH_WITHOUT_PERLBREW = /bin:/sbin:/usr/bin:/usr/sbin:/usr/local/bin
    PERL5LIB = /net/netfile2/ag-russell/perl-smoker/Fedora-14-i686/lib/perl5/i386-linux-thread-multi:/net/netfile2/ag-russell/perl-smoker/Fedora-14-i686/lib/perl5
    PERL5OPT = 
    PERL5_CPANPLUS_IS_RUNNING = 21402
    PERL5_CPAN_IS_RUNNING = 21402
    PERL5_CPAN_IS_RUNNING_IN_RECURSION = 14543,21402
    PERLBREW_PATH = /net/netfile2/ag-russell/install/Fedora-14-i686/perlbrew/bin
    PERLBREW_ROOT = /net/netfile2/ag-russell/install/Fedora-14-i686/perlbrew
    PERLBREW_VERSION = 0.17
    PERL_CR_SMOKER_CURRENT = Module-Release-CSJEWELL-0.101
    PERL_EXTUTILS_AUTOINSTALL = --defaultdeps
    PERL_LOCAL_LIB_ROOT = /net/netfile2/ag-russell/perl-smoker/Fedora-14-i686
    PERL_MB_OPT = --install_base /net/netfile2/ag-russell/perl-smoker/Fedora-14-i686
    PERL_MM_OPT = INSTALL_BASE=/net/netfile2/ag-russell/perl-smoker/Fedora-14-i686
    PERL_MM_USE_DEFAULT = 1
    SHELL = /bin/bash
    TERM = xterm

Perl special variables (and OS-specific diagnostics, for MSWin32):

    $^X = /usr/bin/perl
    $UID/$EUID = 2699 / 2699
    $GID = 2048 2048 10000 10003 10004 10099
    $EGID = 2048 2048 10000 10003 10004 10099

Perl module toolchain versions installed:

    Module              Have    
    ------------------- --------
    CPAN                1.9600  
    Cwd                 3.33    
    ExtUtils::CBuilder  0.280202
    ExtUtils::Command   1.17    
    ExtUtils::Install   1.54    
    ExtUtils::MakeMaker 6.56    
    ExtUtils::Manifest  1.58    
    ExtUtils::ParseXS   2.2206  
    File::Spec          3.33    
    Module::Build       0.3800  
    Module::Signature   0.68    
    Test::Harness       3.23    
    Test::More          0.98    
    YAML                0.73    
    YAML::Syck          1.17    
    version             0.91    


--

Summary of my perl5 (revision 5 version 12 subversion 3) configuration:
   
  Platform:
    osname=linux, osvers=2.6.32-71.el6.x86_64, archname=i386-linux-thread-multi
    uname='linux x86-01.phx2.fedoraproject.org 2.6.32-71.el6.x86_64 #1 smp wed sep 1 01:33:01 edt 2010 i686 i686 i386 gnulinux '
    config_args='-des -Doptimize=-O2 -g -pipe -Wall -Wp,-D_FORTIFY_SOURCE=2 -fexceptions -fstack-protector --param=ssp-buffer-size=4 -m32 -march=i686 -mtune=atom -fasynchronous-unwind-tables -Dccdlflags=-Wl,--enable-new-dtags -DDEBUGGING=-g -Dversion=5.12.3 -Dmyhostname=localhost -Dperladmin=root@localhost -Dcc=gcc -Dcf_by=Red Hat, Inc. -Dprefix=/usr -Dvendorprefix=/usr -Dsiteprefix=/usr/local -Dsitelib=/usr/local/share/perl5 -Dsitearch=/usr/local/lib/perl5 -Dprivlib=/usr/share/perl5 -Dvendorlib=/usr/share/perl5 -Darchlib=/usr/lib/perl5 -Dvendorarch=/usr/lib/perl5 -Darchname=i386-linux-thread-multi -Duseshrplib -Dusethreads -Duseithreads -Dusedtrace=/usr/bin/dtrace -Duselargefiles -Dd_semctl_semun -Di_db -Ui_ndbm -Di_gdbm -Di_shadow -Di_syslog -Dman3ext=3pm -Duseperlio -Dinstallusrbinperl=n -Ubincompat5005 -Uversiononly -Dpager=/usr/bin/less -isr -Dd_gethostent_r_proto -Ud_endhostent_r_proto -Ud_sethostent_r_proto -Ud_endprotoent_r_proto -Ud_setprotoent_r_proto -Ud_endservent_r_proto -Ud_setservent_r_proto -Dscriptdir=/usr/bin -Dotherlibdirs=/usr/local/lib/perl5/site_perl/5.10.0/i386-linux-thread-multi:/usr/local/lib/perl5/site_perl/5.10.0:/usr/lib/perl5/vendor_perl/5.10.0/i386-linux-thread-multi:/usr/lib/perl5/vendor_perl:/usr/lib/perl5/site_perl'
    hint=recommended, useposix=true, d_sigaction=define
    useithreads=define, usemultiplicity=define
    useperlio=define, d_sfio=undef, uselargefiles=define, usesocks=undef
    use64bitint=undef, use64bitall=undef, uselongdouble=undef
    usemymalloc=n, bincompat5005=undef
  Compiler:
    cc='gcc', ccflags ='-D_REENTRANT -D_GNU_SOURCE -fno-strict-aliasing -pipe -fstack-protector -I/usr/local/include -D_LARGEFILE_SOURCE -D_FILE_OFFSET_BITS=64',
    optimize='-O2 -g -pipe -Wall -Wp,-D_FORTIFY_SOURCE=2 -fexceptions -fstack-protector --param=ssp-buffer-size=4 -m32 -march=i686 -mtune=atom -fasynchronous-unwind-tables',
    cppflags='-D_REENTRANT -D_GNU_SOURCE -fno-strict-aliasing -pipe -fstack-protector -I/usr/local/include'
    ccversion='', gccversion='4.5.1 20100924 (Red Hat 4.5.1-4)', gccosandvers=''
    intsize=4, longsize=4, ptrsize=4, doublesize=8, byteorder=1234
    d_longlong=define, longlongsize=8, d_longdbl=define, longdblsize=12
    ivtype='long', ivsize=4, nvtype='double', nvsize=8, Off_t='off_t', lseeksize=8
    alignbytes=4, prototype=define
  Linker and Libraries:
    ld='gcc', ldflags =' -fstack-protector -L/usr/local/lib'
    libpth=/usr/local/lib /lib /usr/lib
    libs=-lresolv -lnsl -lgdbm -ldb -ldl -lm -lcrypt -lutil -lpthread -lc -lgdbm_compat
    perllibs=-lresolv -lnsl -ldl -lm -lcrypt -lutil -lpthread -lc
    libc=/lib/libc-2.12.90.so, so=so, useshrplib=true, libperl=libperl.so
    gnulibc_version='2.12.90'
  Dynamic Linking:
    dlsrc=dl_dlopen.xs, dlext=so, d_dlsymun=undef, ccdlflags='-Wl,--enable-new-dtags -Wl,-rpath,/usr/lib/perl5/CORE'
    cccdlflags='-fPIC', lddlflags='-shared -O2 -g -pipe -Wall -Wp,-D_FORTIFY_SOURCE=2 -fexceptions -fstack-protector --param=ssp-buffer-size=4 -m32 -march=i686 -mtune=atom -fasynchronous-unwind-tables -L/usr/local/lib'


Characteristics of this binary (from libperl): 
  Compile-time options: MULTIPLICITY PERL_DONT_CREATE_GVSV
                        PERL_IMPLICIT_CONTEXT PERL_MALLOC_WRAP USE_ITHREADS
                        USE_LARGE_FILES USE_PERLIO USE_PERL_ATOF
                        USE_REENTRANT_API
  Built under linux
  Compiled at Jan 24 2011 10:31:17
  %ENV:
    PERL5LIB="/net/netfile2/ag-russell/perl-smoker/Fedora-14-i686/lib/perl5/i386-linux-thread-multi:/net/netfile2/ag-russell/perl-smoker/Fedora-14-i686/lib/perl5"
    PERL5OPT=""
    PERL5_CPANPLUS_IS_RUNNING="21402"
    PERL5_CPAN_IS_RUNNING="21402"
    PERL5_CPAN_IS_RUNNING_IN_RECURSION="14543,21402"
    PERLBREW_PATH="/net/netfile2/ag-russell/install/Fedora-14-i686/perlbrew/bin"
    PERLBREW_ROOT="/net/netfile2/ag-russell/install/Fedora-14-i686/perlbrew"
    PERLBREW_VERSION="0.17"
    PERL_CR_SMOKER_CURRENT="Module-Release-CSJEWELL-0.101"
    PERL_EXTUTILS_AUTOINSTALL="--defaultdeps"
    PERL_LOCAL_LIB_ROOT="/net/netfile2/ag-russell/perl-smoker/Fedora-14-i686"
    PERL_MB_OPT="--install_base /net/netfile2/ag-russell/perl-smoker/Fedora-14-i686"
    PERL_MM_OPT="INSTALL_BASE=/net/netfile2/ag-russell/perl-smoker/Fedora-14-i686"
    PERL_MM_USE_DEFAULT="1"
  @INC:
    /net/netfile2/ag-russell/perl-smoker/Fedora-14-i686/lib/perl5/i386-linux-thread-multi
    /net/netfile2/ag-russell/perl-smoker/Fedora-14-i686/lib/perl5/i386-linux-thread-multi
    /net/netfile2/ag-russell/perl-smoker/Fedora-14-i686/lib/perl5
    /usr/local/lib/perl5
    /usr/local/share/perl5
    /usr/lib/perl5
    /usr/share/perl5
    /usr/lib/perl5
    /usr/share/perl5
    /usr/local/lib/perl5/site_perl/5.10.0/i386-linux-thread-multi
    /usr/local/lib/perl5/site_perl/5.10.0
    /usr/lib/perl5/vendor_perl/5.10.0/i386-linux-thread-multi
    /usr/lib/perl5/vendor_perl
    /usr/lib/perl5/site_perl
    .