Report for HTTP-Engine-0.03005

Back
From: metabase:user:3215efbe-2aae-11df-837a-5e0a49663a4f
Subject: FAIL HTTP-Engine-0.03005 v5.16.1 GNU/Linux
Date: 2012-10-21T08:55:29Z

This distribution has been tested as part of the CPAN Testers
project, supporting the Perl programming language.  See
http://wiki.cpantesters.org/ for more information or email
questions to cpan-testers-discuss@perl.org


--
Dear Kazuhiro Osawa,

This is a computer-generated report for HTTP-Engine-0.03005
on perl 5.16.1, created by CPAN-Reporter-1.2006.

Thank you for uploading your work to CPAN.  However, there was a problem
testing your distribution.

If you think this report is invalid, please consult the CPAN Testers Wiki
for suggestions on how to avoid getting FAIL reports for missing library
or binary dependencies, unsupported operating systems, and so on:

http://wiki.cpantesters.org/wiki/CPANAuthorNotes

Sections of this report:

    * Tester comments
    * Program output
    * Prerequisites
    * Environment and other context

------------------------------
TESTER COMMENTS
------------------------------

Additional comments from tester:

this report is from an automated smoke testing program
and was not reviewed by a human for accuracy

------------------------------
PROGRAM OUTPUT
------------------------------

Output from '/usr/bin/make test':

PERL_DL_NONLAZY=1 /opt/perl/nothreads/5.16.1/bin/perl "-MExtUtils::Command::MM" "-e" "test_harness(0, 'inc', 'blib/lib', 'blib/arch')" t/*.t t/*/*.t t/moose/*/*.t
# Soft dependency versions:
#  Any::Moose 0.18
#  Mouse 1.02
#  MooseX::Types 0.35
t/00_compile.t .............................................. ok
t/010_core/builder_options-upload_tmp.t ..................... ok
t/010_core/interface-require.t .............................. ok
t/010_core/interface.t ...................................... ok
t/010_core/load_requestbuilder_cgi.t ........................ ok
t/010_core/request-absolute_uri.t ........................... ok
t/010_core/request-as_http_request.t ........................ ok
t/010_core/request-as_string.t .............................. ok
t/010_core/request-body.t ................................... ok
t/010_core/request-content.t ................................ ok
t/010_core/request-cookie.t ................................. ok
t/010_core/request-hostname.t ............................... ok
t/010_core/request-many_upload.t ............................ ok
t/010_core/request-parameters.t ............................. ok
t/010_core/request-params.t ................................. ok
t/010_core/request-parse.t .................................. ok
t/010_core/request-proxy_request.t .......................... ok
t/010_core/request-raw_body.t ............................... ok
t/010_core/request-readbody.t ............................... ok
t/010_core/request-secure.t ................................. ok
t/010_core/request-upload.t ................................. ok
t/010_core/request-uri.t .................................... ok
t/010_core/request.t ........................................ ok
t/010_core/request_builder-noenv.t .......................... ok
t/010_core/request_processor-catch_error.t .................. ok
t/010_core/request_processor-make_request.t ................. ok
t/010_core/request_processor-response_error.t ............... ok
t/010_core/request_upload-basename.t ........................ ok
t/010_core/response-code.t .................................. ok
t/010_core/response-coerce_headers.t ........................ ok
t/010_core/response-content_length.t ........................ ok
t/010_core/response-cookie.t ................................ ok
t/010_core/response-new.t ................................... ok
t/010_core/response-set_http_response.t ..................... ok
t/010_core/response-status.t ................................ ok
t/010_core/response.t ....................................... ok
t/010_core/response_finalizer.t ............................. ok
t/010_core/response_writer.t ................................ ok
t/010_core/responsewriter-broken_io.t ....................... ok
t/010_core/responsewriter-with_io.t ......................... ok
t/020_interface/cgi.t ....................................... ok
t/020_interface/lighty-fcgi.t ............................... skipped: set TEST_LIGHTTPD to enable this test
t/020_interface/modperl_wildcard_hostname.t ................. skipped: this test requires mod_perl 2
=== 28562 === !!! Stopped child process (PID 28563) reaped when POE::Kernel->run() is ready to return.
=== 28562 === !!! Stopped child process (PID 28564) reaped when POE::Kernel->run() is ready to return.
=== 28562 === !!! Stopped child process (PID 28565) reaped when POE::Kernel->run() is ready to return.
=== 28562 === !!! Stopped child process (PID 28566) reaped when POE::Kernel->run() is ready to return.
=== 28562 === !!! Stopped child process (PID 28567) reaped when POE::Kernel->run() is ready to return.
=== 28562 === !!! Stopped child process (PID 28568) reaped when POE::Kernel->run() is ready to return.
=== 28562 === !!! Stopped child process (PID 28569) reaped when POE::Kernel->run() is ready to return.
=== 28562 === !!! Stopped child process (PID 28570) reaped when POE::Kernel->run() is ready to return.
=== 28562 === !!! Be sure to use sig_child() to reap child processes.
=== 28562 === !!! In extreme cases, failure to reap child processes has
=== 28562 === !!! resulted in a slow 'fork bomb' that has halted systems.
t/020_interface/poe-proxy.t ................................. ok
=== 28571 === !!! Stopped child process (PID 28572) reaped when POE::Kernel->run() is ready to return.
=== 28571 === !!! Stopped child process (PID 28573) reaped when POE::Kernel->run() is ready to return.
=== 28571 === !!! Stopped child process (PID 28574) reaped when POE::Kernel->run() is ready to return.
=== 28571 === !!! Stopped child process (PID 28575) reaped when POE::Kernel->run() is ready to return.
=== 28571 === !!! Stopped child process (PID 28576) reaped when POE::Kernel->run() is ready to return.
=== 28571 === !!! Stopped child process (PID 28577) reaped when POE::Kernel->run() is ready to return.
=== 28571 === !!! Stopped child process (PID 28578) reaped when POE::Kernel->run() is ready to return.
=== 28571 === !!! Stopped child process (PID 28579) reaped when POE::Kernel->run() is ready to return.
=== 28571 === !!! Be sure to use sig_child() to reap child processes.
=== 28571 === !!! In extreme cases, failure to reap child processes has
=== 28571 === !!! resulted in a slow 'fork bomb' that has halted systems.
t/020_interface/poe-uri.t ................................... ok
Use of uninitialized value in subroutine entry at t/020_interface/poe.t line 112.
Use of uninitialized value in subroutine entry at t/020_interface/poe.t line 112.
=== 28580 === !!! Stopped child process (PID 28581) reaped when POE::Kernel->run() is ready to return.
=== 28580 === !!! Stopped child process (PID 28582) reaped when POE::Kernel->run() is ready to return.
=== 28580 === !!! Stopped child process (PID 28583) reaped when POE::Kernel->run() is ready to return.
=== 28580 === !!! Stopped child process (PID 28584) reaped when POE::Kernel->run() is ready to return.
=== 28580 === !!! Stopped child process (PID 28585) reaped when POE::Kernel->run() is ready to return.
=== 28580 === !!! Stopped child process (PID 28586) reaped when POE::Kernel->run() is ready to return.
=== 28580 === !!! Stopped child process (PID 28587) reaped when POE::Kernel->run() is ready to return.
=== 28580 === !!! Stopped child process (PID 28588) reaped when POE::Kernel->run() is ready to return.
=== 28580 === !!! Be sure to use sig_child() to reap child processes.
=== 28580 === !!! In extreme cases, failure to reap child processes has
=== 28580 === !!! resulted in a slow 'fork bomb' that has halted systems.
t/020_interface/poe.t ....................................... ok
t/020_interface/psgi-with_plack.t ........................... ok
t/020_interface/psgi.t ...................................... ok
Bad arg length for Socket::unpack_sockaddr_in, length is 28, should be 16 at /opt/perl/nothreads/5.16.1/lib/site_perl/5.16.1/x86_64-linux/Socket.pm line 824.

#   Failed test at /home/tf/.cpan/build/HTTP-Engine-0.03005-WNzcK6/inc/Test/More.pm line 376.
#          got: 'Can't connect to localhost:50179 (Connection refused)
# 
# LWP::Protocol::http::Socket: connect: Connection refused at /opt/perl/nothreads/5.16.1/lib/site_perl/5.16.1/LWP/Protocol/http.pm line 51, <DATA> line 11.
# '
#     expected: 'ok'
# Looks like you failed 1 test of 1.
t/020_interface/server_simple-net_server_configure.t ........ 
Dubious, test returned 1 (wstat 256, 0x100)
Failed 1/1 subtests 
t/020_interface/server_simple-not-send-header-bug.t ......... ok
t/020_interface/server_simple-print_banner.t ................ ok
t/020_interface/server_simple.t ............................. ok
t/020_interface/standalone-keep_alive.t ..................... skipped: Interface::Standalone will be removed
t/020_interface/standalone-restart.t ........................ skipped: Interface::Standalone will be removed
t/020_interface/streaming_response.t ........................ ok
t/020_interface/test-validation.t ........................... ok
t/020_interface/test-warn_at_utf8.t ......................... ok
t/020_interface/test.t ...................................... ok
t/020_interface/test_response-with_io.t ..................... ok
t/020_interface/test_upload.t ............................... ok
t/030_daemonize/connection_info.t ........................... ok
t/030_daemonize/headers.t ................................... ok
t/030_daemonize/proxy_path.t ................................ ok
t/030_daemonize/raw_body.t .................................. ok
t/030_daemonize/request_independence.t ...................... ok
t/030_daemonize/responsewriter_io.t ......................... ok
t/030_daemonize/upload-methods.t ............................ ok
t/030_daemonize/upload.t .................................... ok
t/030_daemonize/uri.t ....................................... ok
t/030_daemonize/utf8flagged-uri.t ........................... ok
t/040_minimal/001_simple.t .................................. ok
t/050_tests/request.t ....................................... ok
# Soft dependency versions:
#  Any::Moose 0.18
#  Mouse 1.02
#  MooseX::Types 0.35
t/moose/00_compile.t ........................................ ok
t/moose/010_core/builder_options-upload_tmp.t ............... ok
t/moose/010_core/interface-require.t ........................ ok
t/moose/010_core/interface.t ................................ ok
t/moose/010_core/load_requestbuilder_cgi.t .................. ok
t/moose/010_core/request-absolute_uri.t ..................... ok
t/moose/010_core/request-as_http_request.t .................. ok
t/moose/010_core/request-as_string.t ........................ ok
t/moose/010_core/request-body.t ............................. ok
t/moose/010_core/request-content.t .......................... ok
t/moose/010_core/request-cookie.t ........................... ok
t/moose/010_core/request-hostname.t ......................... ok
t/moose/010_core/request-many_upload.t ...................... ok
t/moose/010_core/request-parameters.t ....................... ok
t/moose/010_core/request-params.t ........................... ok
t/moose/010_core/request-parse.t ............................ ok
t/moose/010_core/request-proxy_request.t .................... ok
t/moose/010_core/request-raw_body.t ......................... ok
t/moose/010_core/request-readbody.t ......................... ok
t/moose/010_core/request-secure.t ........................... ok
t/moose/010_core/request-upload.t ........................... ok
t/moose/010_core/request-uri.t .............................. ok
t/moose/010_core/request.t .................................. ok
t/moose/010_core/request_builder-noenv.t .................... ok
t/moose/010_core/request_processor-catch_error.t ............ ok
t/moose/010_core/request_processor-make_request.t ........... ok
t/moose/010_core/request_processor-response_error.t ......... ok
t/moose/010_core/request_upload-basename.t .................. ok
t/moose/010_core/response-code.t ............................ ok
t/moose/010_core/response-coerce_headers.t .................. ok
t/moose/010_core/response-content_length.t .................. ok
t/moose/010_core/response-cookie.t .......................... ok
t/moose/010_core/response-new.t ............................. ok
t/moose/010_core/response-set_http_response.t ............... ok
t/moose/010_core/response-status.t .......................... ok
t/moose/010_core/response.t ................................. ok
t/moose/010_core/response_finalizer.t ....................... ok
t/moose/010_core/response_writer.t .......................... ok
t/moose/010_core/responsewriter-broken_io.t ................. ok
t/moose/010_core/responsewriter-with_io.t ................... ok
t/moose/020_interface/cgi.t ................................. ok
t/moose/020_interface/lighty-fcgi.t ......................... skipped: set TEST_LIGHTTPD to enable this test
t/moose/020_interface/modperl_wildcard_hostname.t ........... skipped: this test requires mod_perl 2
=== 29297 === !!! Stopped child process (PID 29298) reaped when POE::Kernel->run() is ready to return.
=== 29297 === !!! Stopped child process (PID 29299) reaped when POE::Kernel->run() is ready to return.
=== 29297 === !!! Stopped child process (PID 29300) reaped when POE::Kernel->run() is ready to return.
=== 29297 === !!! Stopped child process (PID 29301) reaped when POE::Kernel->run() is ready to return.
=== 29297 === !!! Stopped child process (PID 29302) reaped when POE::Kernel->run() is ready to return.
=== 29297 === !!! Stopped child process (PID 29303) reaped when POE::Kernel->run() is ready to return.
=== 29297 === !!! Stopped child process (PID 29304) reaped when POE::Kernel->run() is ready to return.
=== 29297 === !!! Stopped child process (PID 29305) reaped when POE::Kernel->run() is ready to return.
=== 29297 === !!! Be sure to use sig_child() to reap child processes.
=== 29297 === !!! In extreme cases, failure to reap child processes has
=== 29297 === !!! resulted in a slow 'fork bomb' that has halted systems.
t/moose/020_interface/poe-proxy.t ........................... ok
=== 29306 === !!! Stopped child process (PID 29307) reaped when POE::Kernel->run() is ready to return.
=== 29306 === !!! Stopped child process (PID 29308) reaped when POE::Kernel->run() is ready to return.
=== 29306 === !!! Stopped child process (PID 29309) reaped when POE::Kernel->run() is ready to return.
=== 29306 === !!! Stopped child process (PID 29310) reaped when POE::Kernel->run() is ready to return.
=== 29306 === !!! Stopped child process (PID 29311) reaped when POE::Kernel->run() is ready to return.
=== 29306 === !!! Stopped child process (PID 29312) reaped when POE::Kernel->run() is ready to return.
=== 29306 === !!! Stopped child process (PID 29313) reaped when POE::Kernel->run() is ready to return.
=== 29306 === !!! Stopped child process (PID 29314) reaped when POE::Kernel->run() is ready to return.
=== 29306 === !!! Be sure to use sig_child() to reap child processes.
=== 29306 === !!! In extreme cases, failure to reap child processes has
=== 29306 === !!! resulted in a slow 'fork bomb' that has halted systems.
t/moose/020_interface/poe-uri.t ............................. ok
Use of uninitialized value in subroutine entry at t/moose/020_interface/poe.t line 113.
Use of uninitialized value in subroutine entry at t/moose/020_interface/poe.t line 113.
=== 29315 === !!! Stopped child process (PID 29316) reaped when POE::Kernel->run() is ready to return.
=== 29315 === !!! Stopped child process (PID 29317) reaped when POE::Kernel->run() is ready to return.
=== 29315 === !!! Stopped child process (PID 29318) reaped when POE::Kernel->run() is ready to return.
=== 29315 === !!! Stopped child process (PID 29319) reaped when POE::Kernel->run() is ready to return.
=== 29315 === !!! Stopped child process (PID 29320) reaped when POE::Kernel->run() is ready to return.
=== 29315 === !!! Stopped child process (PID 29321) reaped when POE::Kernel->run() is ready to return.
=== 29315 === !!! Stopped child process (PID 29322) reaped when POE::Kernel->run() is ready to return.
=== 29315 === !!! Stopped child process (PID 29323) reaped when POE::Kernel->run() is ready to return.
=== 29315 === !!! Be sure to use sig_child() to reap child processes.
=== 29315 === !!! In extreme cases, failure to reap child processes has
=== 29315 === !!! resulted in a slow 'fork bomb' that has halted systems.
t/moose/020_interface/poe.t ................................. ok
t/moose/020_interface/psgi-with_plack.t ..................... ok
t/moose/020_interface/psgi.t ................................ ok
Bad arg length for Socket::unpack_sockaddr_in, length is 28, should be 16 at /opt/perl/nothreads/5.16.1/lib/site_perl/5.16.1/x86_64-linux/Socket.pm line 824.

#   Failed test at /home/tf/.cpan/build/HTTP-Engine-0.03005-WNzcK6/inc/Test/More.pm line 376.
#          got: 'Can't connect to localhost:50446 (Connection refused)
# 
# LWP::Protocol::http::Socket: connect: Connection refused at /opt/perl/nothreads/5.16.1/lib/site_perl/5.16.1/LWP/Protocol/http.pm line 51, <DATA> line 11.
# '
#     expected: 'ok'
# Looks like you failed 1 test of 1.
t/moose/020_interface/server_simple-net_server_configure.t .. 
Dubious, test returned 1 (wstat 256, 0x100)
Failed 1/1 subtests 
t/moose/020_interface/server_simple-not-send-header-bug.t ... ok
t/moose/020_interface/server_simple-print_banner.t .......... ok
t/moose/020_interface/server_simple.t ....................... ok
t/moose/020_interface/standalone-keep_alive.t ............... skipped: Interface::Standalone will be removed
t/moose/020_interface/standalone-restart.t .................. skipped: Interface::Standalone will be removed
t/moose/020_interface/streaming_response.t .................. ok
t/moose/020_interface/test-validation.t ..................... ok
t/moose/020_interface/test-warn_at_utf8.t ................... ok
t/moose/020_interface/test.t ................................ ok
t/moose/020_interface/test_response-with_io.t ............... ok
t/moose/020_interface/test_upload.t ......................... ok
t/moose/030_daemonize/connection_info.t ..................... ok
t/moose/030_daemonize/headers.t ............................. ok
t/moose/030_daemonize/proxy_path.t .......................... ok
t/moose/030_daemonize/raw_body.t ............................ ok
t/moose/030_daemonize/request_independence.t ................ ok
t/moose/030_daemonize/responsewriter_io.t ................... ok
t/moose/030_daemonize/upload-methods.t ...................... ok
t/moose/030_daemonize/upload.t .............................. ok
t/moose/030_daemonize/uri.t ................................. ok
t/moose/030_daemonize/utf8flagged-uri.t ..................... ok
t/moose/040_minimal/001_simple.t ............................ ok
t/moose/050_tests/request.t ................................. ok

Test Summary Report
-------------------
t/020_interface/server_simple-net_server_configure.t      (Wstat: 256 Tests: 1 Failed: 1)
  Failed test:  1
  Non-zero exit status: 1
t/moose/020_interface/server_simple-net_server_configure.t (Wstat: 256 Tests: 1 Failed: 1)
  Failed test:  1
  Non-zero exit status: 1
Files=144, Tests=1382, 55 wallclock secs ( 0.46 usr  0.17 sys + 37.25 cusr  4.12 csys = 42.00 CPU)
Result: FAIL
Failed 2/144 test programs. 2/1382 subtests failed.
make: *** [test_dynamic] Error 255

------------------------------
PREREQUISITES
------------------------------

Prerequisite modules loaded:

requires:

    Module               Need   Have    
    -------------------- ------ --------
    Any::Moose           0.13   0.18    
    CGI::Simple::Cookie  1.103  1.113   
    File::Copy           0      2.23    
    File::Spec::Unix     3.2701 3.39_01 
    Filter::Util::Call   0      1.45    
    HTTP::Body           1.05   1.17    
    HTTP::Headers::Fast  0.11   0.16    
    HTTP::Server::Simple 0.35   0.44    
    Mouse                0.62   1.02    
    MouseX::Types        0.05   0.06    
    perl                 5.008  5.016001
    Scalar::Util         1.19   1.25    
    URI                  1.36   1.60    

build_requires:

    Module               Need   Have    
    -------------------- ------ --------
    ExtUtils::MakeMaker  6.42   6.62    
    File::Temp           0.20   0.22    
    HTTP::Request::AsCGI 0      1.2     
    IO::File             1.14   1.16    
    IO::Scalar           0      2.110   
    IO::Socket           1.3    1.34    
    IO::Socket::INET     0      1.33    
    Test::More           0      0.98_03 
    Test::SharedFork     0.11   0.20    
    Test::TCP            0.16   1.17    
    YAML                 0      0.84    

configure_requires:

    Module               Need   Have    
    -------------------- ------ --------
    ExtUtils::MakeMaker  6.42   6.62    


------------------------------
ENVIRONMENT AND OTHER CONTEXT
------------------------------

Environment variables:

    AUTOMATED_TESTING = 1
    LANG = C
    PATH = /opt/perl/nothreads/5.16.1/bin:/usr/local/sbin:/usr/local/bin:/usr/sbin:/usr/bin:/sbin:/bin:/usr/games
    PERL5LIB = 
    PERL5OPT = 
    PERL5_CPANPLUS_IS_RUNNING = 28326
    PERL5_CPAN_IS_RUNNING = 28326
    PERL5_CPAN_IS_RUNNING_IN_RECURSION = 1974,28326
    PERL_CR_SMOKER_CURRENT = HTTP-Engine-0.03005
    PERL_EXTUTILS_AUTOINSTALL = --defaultdeps
    PERL_MM_USE_DEFAULT = 1
    SHELL = /bin/bash
    TERM = screen

Perl special variables (and OS-specific diagnostics, for MSWin32):

    $^X = /opt/perl/nothreads/5.16.1/bin/perl
    $UID/$EUID = 1000 / 1000
    $GID = 1000 4 24 27 30 46 112 113 1000
    $EGID = 1000 4 24 27 30 46 112 113 1000

Perl module toolchain versions installed:

    Module              Have    
    ------------------- --------
    CPAN                1.99_51 
    CPAN::Meta          2.120921
    Cwd                 3.39_01 
    ExtUtils::CBuilder  0.280205
    ExtUtils::Command   1.17    
    ExtUtils::Install   1.58    
    ExtUtils::MakeMaker 6.62    
    ExtUtils::Manifest  1.61    
    ExtUtils::ParseXS   3.15    
    File::Spec          3.39_01 
    JSON                2.53    
    JSON::PP            2.27200 
    Module::Build       0.4003  
    Module::Signature   0.68    
    Parse::CPAN::Meta   1.4404  
    Test::Harness       3.25    
    Test::More          0.98_03 
    YAML                0.84    
    YAML::Syck          1.21    
    version             0.9901  


--

Summary of my perl5 (revision 5 version 16 subversion 1) configuration:
   
  Platform:
    osname=linux, osvers=3.2.0-31-virtual, archname=x86_64-linux
    uname='linux cpansmoker 3.2.0-31-virtual #50-ubuntu smp fri sep 7 16:36:36 utc 2012 x86_64 x86_64 x86_64 gnulinux '
    config_args='-des -Dprefix=/opt/perl/nothreads/5.16.1'
    hint=recommended, useposix=true, d_sigaction=define
    useithreads=undef, usemultiplicity=undef
    useperlio=define, d_sfio=undef, uselargefiles=define, usesocks=undef
    use64bitint=define, use64bitall=define, uselongdouble=undef
    usemymalloc=n, bincompat5005=undef
  Compiler:
    cc='cc', ccflags ='-fno-strict-aliasing -pipe -fstack-protector -I/usr/local/include -D_LARGEFILE_SOURCE -D_FILE_OFFSET_BITS=64',
    optimize='-O2',
    cppflags='-fno-strict-aliasing -pipe -fstack-protector -I/usr/local/include'
    ccversion='', gccversion='4.6.3', gccosandvers=''
    intsize=4, longsize=8, ptrsize=8, doublesize=8, byteorder=12345678
    d_longlong=define, longlongsize=8, d_longdbl=define, longdblsize=16
    ivtype='long', ivsize=8, nvtype='double', nvsize=8, Off_t='off_t', lseeksize=8
    alignbytes=8, prototype=define
  Linker and Libraries:
    ld='cc', ldflags =' -fstack-protector -L/usr/local/lib'
    libpth=/usr/local/lib /lib/x86_64-linux-gnu /lib/../lib /usr/lib/x86_64-linux-gnu /usr/lib/../lib /lib /usr/lib
    libs=-lnsl -lgdbm -ldb -ldl -lm -lcrypt -lutil -lc -lgdbm_compat
    perllibs=-lnsl -ldl -lm -lcrypt -lutil -lc
    libc=, so=so, useshrplib=false, libperl=libperl.a
    gnulibc_version='2.15'
  Dynamic Linking:
    dlsrc=dl_dlopen.xs, dlext=so, d_dlsymun=undef, ccdlflags='-Wl,-E'
    cccdlflags='-fPIC', lddlflags='-shared -O2 -L/usr/local/lib -fstack-protector'


Characteristics of this binary (from libperl): 
  Compile-time options: HAS_TIMES PERLIO_LAYERS PERL_DONT_CREATE_GVSV
                        PERL_MALLOC_WRAP PERL_PRESERVE_IVUV USE_64_BIT_ALL
                        USE_64_BIT_INT USE_LARGE_FILES USE_LOCALE
                        USE_LOCALE_COLLATE USE_LOCALE_CTYPE
                        USE_LOCALE_NUMERIC USE_PERLIO USE_PERL_ATOF
  Built under linux
  Compiled at Oct  7 2012 11:40:56
  %ENV:
    PERL5LIB=""
    PERL5OPT=""
    PERL5_CPANPLUS_IS_RUNNING="28326"
    PERL5_CPAN_IS_RUNNING="28326"
    PERL5_CPAN_IS_RUNNING_IN_RECURSION="1974,28326"
    PERL_CR_SMOKER_CURRENT="HTTP-Engine-0.03005"
    PERL_EXTUTILS_AUTOINSTALL="--defaultdeps"
    PERL_MM_USE_DEFAULT="1"
  @INC:
    /opt/perl/nothreads/5.16.1/lib/site_perl/5.16.1/x86_64-linux
    /opt/perl/nothreads/5.16.1/lib/site_perl/5.16.1
    /opt/perl/nothreads/5.16.1/lib/5.16.1/x86_64-linux
    /opt/perl/nothreads/5.16.1/lib/5.16.1
    .