Facebook-Graph v1.1205 Perl 5 v5.8.9 i686-linux-64int

Status
Fail
From
Chris Williams (BINGOS)
Dist
Facebook-Graph v1.1205
Platform
Perl 5 v5.8.9 i686-linux-64int
Date
2019-01-27 03:53:10
ID
10524a00-21e7-11e9-98d5-bb14e5798fec
This distribution has been tested as part of the CPAN Testers
project, supporting the Perl programming language.  See
http://wiki.cpantesters.org/ for more information or email
questions to cpan-testers-discuss@perl.org


--

Dear RIZEN,

This is a computer-generated error report created automatically by
CPANPLUS, version 0.9176. Testers personal comments may appear
at the end of this report.


Thank you for uploading your work to CPAN.  However, it appears that
there were some problems testing your distribution.

TEST RESULTS:

Below is the error stack from stage 'make test':

PERL_DL_NONLAZY=1 "/home/cpan/pit/64bit/perl-5.8.9/bin/perl" "-MExtUtils::Command::MM" "-MTest::Harness" "-e" "undef *Test::Harness::Switches; test_harness(0, 'blib/lib', 'blib/arch')" t/*.t

#   Failed test 'get an api version'
#   at t/01_versioned_path.t line 14.
#          got: 'v3.1'
#     expected: 'v2.8'

#   Failed test 'create a versioned api path'
#   at t/01_versioned_path.t line 15.
#          got: 'v3.1/sarahbownds'
#     expected: 'v2.8/sarahbownds'
# Looks like you failed 2 tests of 5.
t/01_versioned_path.t ... 
Dubious, test returned 2 (wstat 512, 0x200)
Failed 2/5 subtests 
t/02_signed_requests.t .. ok

#   Failed test 'default pic'
#   at t/04_picture.t line 14.
#          got: 'https://graph.facebook.com/v3.1/sarahbownds/picture'
#     expected: 'https://graph.facebook.com/v2.8/sarahbownds/picture'

#   Failed test 'small pic'
#   at t/04_picture.t line 15.
#          got: 'https://graph.facebook.com/v3.1/sarahbownds/picture?type=small'
#     expected: 'https://graph.facebook.com/v2.8/sarahbownds/picture?type=small'

#   Failed test 'large pic'
#   at t/04_picture.t line 16.
#          got: 'https://graph.facebook.com/v3.1/sarahbownds/picture?type=large'
#     expected: 'https://graph.facebook.com/v2.8/sarahbownds/picture?type=large'

#   Failed test 'square pic'
#   at t/04_picture.t line 17.
#          got: 'https://graph.facebook.com/v3.1/sarahbownds/picture?type=square'
#     expected: 'https://graph.facebook.com/v2.8/sarahbownds/picture?type=square'
# Looks like you failed 4 tests of 7.
t/04_picture.t .......... 
Dubious, test returned 4 (wstat 1024, 0x400)
Failed 4/7 subtests 
t/05_access_token.t ..... ok
t/author-pod-syntax.t ... skipped: these tests are for testing by the author

Test Summary Report
-------------------
t/01_versioned_path.t (Wstat: 512 Tests: 5 Failed: 2)
  Failed tests:  4-5
  Non-zero exit status: 2
t/04_picture.t        (Wstat: 1024 Tests: 7 Failed: 4)
  Failed tests:  4-7
  Non-zero exit status: 4
Files=5, Tests=19,  1 wallclock secs ( 0.02 usr  0.00 sys +  0.54 cusr  0.03 csys =  0.59 CPU)
Result: FAIL
Failed 2/5 test programs. 6/19 subtests failed.
make: *** [Makefile:961: test_dynamic] Error 255


PREREQUISITES:

Here is a list of prerequisites you specified and versions we
managed to load:

	  Module Name                        Have     Want
	  DateTime                           1.50     0.61
	  DateTime::Format::Strptime         1.75   1.4000
	  HTTP::Response                     6.18        0
	  JSON                               4.01     2.16
	  LWP::Protocol::https               6.07     6.06
	  LWP::UserAgent                     6.36     6.13
	  MIME::Base64::URLSafe              0.01     0.01
	  Moo                            2.003004        0
	  Ouch                             0.0500   0.0400
	  Test::More                     1.302160        0
	  Test::Pod                          1.52        0
	  URI                                1.76     1.54

Perl module toolchain versions installed:
	Module Name                        Have
	CPANPLUS                         0.9176
	CPANPLUS::Dist::Build              0.90
	Cwd                                3.75
	ExtUtils::CBuilder             0.280230
	ExtUtils::Command                  7.34
	ExtUtils::Install                  2.14
	ExtUtils::MakeMaker                7.34
	ExtUtils::Manifest                 1.71
	ExtUtils::ParseXS                  3.35
	File::Spec                         3.75
	Module::Build                    0.4224
	Pod::Parser                        1.35
	Pod::Simple                        3.35
	Test2                          1.302160
	Test::Harness                      3.42
	Test::More                     1.302160
	version                          0.9924

******************************** NOTE ********************************
The comments above are created mechanically, possibly without manual
checking by the sender.  As there are many people performing automatic
tests on each upload to CPAN, it is likely that you will receive
identical messages about the same problem.

If you believe that the message is mistaken, please reply to the first
one with correction and/or additional informations, and do not take
it personally.  We appreciate your patience. :)
**********************************************************************

Additional comments:


This report was machine-generated by CPANPLUS::Dist::YACSmoke 1.06.
Powered by minismokebox version 0.68

------------------------------
ENVIRONMENT AND OTHER CONTEXT
------------------------------

Environment variables:

    AUTOMATED_TESTING = 1
    LANG = en_GB.UTF-8
    LANGUAGE = en_GB:en
    NONINTERACTIVE_TESTING = 1
    PATH = /usr/local/bin:/usr/bin:/bin:/usr/local/games:/usr/games
    PERL5LIB = /home/cpan/pit/jail/iGw3pdoJky/lib/perl5:/home/cpan/pit/64bit/conf/perl-5.8.9/.cpanplus/5.8.9/build/nGN1JoOZe4/Facebook-Graph-1.1205/blib/lib:/home/cpan/pit/64bit/conf/perl-5.8.9/.cpanplus/5.8.9/build/nGN1JoOZe4/Facebook-Graph-1.1205/blib/arch
    PERL5_CPANPLUS_IS_RUNNING = 19609
    PERL5_CPANPLUS_IS_VERSION = 0.9176
    PERL5_MINISMOKEBOX = 0.68
    PERL5_YACSMOKE_BASE = /home/cpan/pit/64bit/conf/perl-5.8.9
    PERL_EXTUTILS_AUTOINSTALL = --defaultdeps
    PERL_LOCAL_LIB_ROOT = /home/cpan/pit/jail/iGw3pdoJky
    PERL_MB_OPT = --install_base "/home/cpan/pit/jail/iGw3pdoJky"
    PERL_MM_OPT = INSTALL_BASE=/home/cpan/pit/jail/iGw3pdoJky
    PERL_MM_USE_DEFAULT = 1
    SHELL = /bin/bash
    TERM = screen

Perl special variables (and OS-specific diagnostics, for MSWin32):

    Perl: $^X = /home/cpan/pit/64bit/perl-5.8.9/bin/perl
    UID:  $<  = 1001
    EUID: $>  = 1001
    GID:  $(  = 1001 1001
    EGID: $)  = 1001 1001


-------------------------------


--

Summary of my perl5 (revision 5 version 8 subversion 9) configuration:
  Platform:
    osname=linux, osvers=4.16.0-1-686, archname=i686-linux-64int
    uname='linux dodo 4.16.0-1-686 #1 smp debian 4.16.5-1 (2018-04-29) i686 gnulinux '
    config_args='-des -Dprefix=/home/cpan/pit/64bit/perl-5.8.9 -Duse64bitint'
    hint=recommended, useposix=true, d_sigaction=define
    usethreads=undef use5005threads=undef useithreads=undef usemultiplicity=undef
    useperlio=define d_sfio=undef uselargefiles=define usesocks=undef
    use64bitint=define use64bitall=undef uselongdouble=undef
    usemymalloc=n, bincompat5005=undef
  Compiler:
    cc='cc', ccflags ='-fno-strict-aliasing -pipe -I/usr/local/include -D_LARGEFILE_SOURCE -D_FILE_OFFSET_BITS=64',
    optimize='-O2',
    cppflags='-fno-strict-aliasing -pipe -I/usr/local/include'
    ccversion='', gccversion='7.3.0', gccosandvers=''
    intsize=4, longsize=4, ptrsize=4, doublesize=8, byteorder=12345678
    d_longlong=define, longlongsize=8, d_longdbl=define, longdblsize=12
    ivtype='long long', ivsize=8, nvtype='double', nvsize=8, Off_t='off_t', lseeksize=8
    alignbytes=4, prototype=define
  Linker and Libraries:
    ld='cc', ldflags =' -L/usr/local/lib'
    libpth=/usr/local/lib /lib/i386-linux-gnu /lib/../lib /usr/lib/i386-linux-gnu /usr/lib/../lib /lib /usr/lib
    libs=-lnsl -lgdbm -ldl -lm -lcrypt -lutil -lc
    perllibs=-lnsl -ldl -lm -lcrypt -lutil -lc
    libc=libc-2.27.so, so=so, useshrplib=false, libperl=libperl.a
    gnulibc_version='2.27'
  Dynamic Linking:
    dlsrc=dl_dlopen.xs, dlext=so, d_dlsymun=undef, ccdlflags='-Wl,-E'
    cccdlflags='-fPIC', lddlflags='-shared -O2 -L/usr/local/lib'


Characteristics of this binary (from libperl): 
  Compile-time options: PERL_MALLOC_WRAP USE_64_BIT_INT USE_FAST_STDIO
                        USE_LARGE_FILES USE_PERLIO
  Locally applied patches:
	Devel::PatchPerl 1.48
  Built under linux
  Compiled at May 15 2018 00:09:54
  %ENV:
    PERL5LIB="/home/cpan/pit/jail/iGw3pdoJky/lib/perl5:/home/cpan/pit/64bit/conf/perl-5.8.9/.cpanplus/5.8.9/build/nGN1JoOZe4/Facebook-Graph-1.1205/blib/lib:/home/cpan/pit/64bit/conf/perl-5.8.9/.cpanplus/5.8.9/build/nGN1JoOZe4/Facebook-Graph-1.1205/blib/arch"
    PERL5_CPANPLUS_IS_RUNNING="19609"
    PERL5_CPANPLUS_IS_VERSION="0.9176"
    PERL5_MINISMOKEBOX="0.68"
    PERL5_YACSMOKE_BASE="/home/cpan/pit/64bit/conf/perl-5.8.9"
    PERL_EXTUTILS_AUTOINSTALL="--defaultdeps"
    PERL_LOCAL_LIB_ROOT="/home/cpan/pit/jail/iGw3pdoJky"
    PERL_MB_OPT="--install_base "/home/cpan/pit/jail/iGw3pdoJky""
    PERL_MM_OPT="INSTALL_BASE=/home/cpan/pit/jail/iGw3pdoJky"
    PERL_MM_USE_DEFAULT="1"
  @INC:
    /home/cpan/pit/jail/iGw3pdoJky/lib/perl5/5.8.9/i686-linux-64int
    /home/cpan/pit/jail/iGw3pdoJky/lib/perl5/5.8.9
    /home/cpan/pit/jail/iGw3pdoJky/lib/perl5/i686-linux-64int
    /home/cpan/pit/jail/iGw3pdoJky/lib/perl5
    /home/cpan/pit/64bit/conf/perl-5.8.9/.cpanplus/5.8.9/build/nGN1JoOZe4/Facebook-Graph-1.1205/blib/lib
    /home/cpan/pit/64bit/conf/perl-5.8.9/.cpanplus/5.8.9/build/nGN1JoOZe4/Facebook-Graph-1.1205/blib/arch
    /home/cpan/pit/64bit/perl-5.8.9/lib/5.8.9/i686-linux-64int
    /home/cpan/pit/64bit/perl-5.8.9/lib/5.8.9
    /home/cpan/pit/64bit/perl-5.8.9/lib/site_perl/5.8.9/i686-linux-64int
    /home/cpan/pit/64bit/perl-5.8.9/lib/site_perl/5.8.9
    .