Back
From: metabase:user:314402c4-2aae-11df-837a-5e0a49663a4f
Subject: FAIL Class-Date-1.1.12 v5.16.3 FreeBSD
Date: 2014-04-30T05:55:42Z
This distribution has been tested as part of the CPAN Testers
project, supporting the Perl programming language. See
http://wiki.cpantesters.org/ for more information or email
questions to cpan-testers-discuss@perl.org
--
Dear Gabor Szabo,
This is a computer-generated report for Class-Date-1.1.12
on perl 5.16.3, created by CPAN-Reporter-1.2011.
Thank you for uploading your work to CPAN. However, there was a problem
testing your distribution.
If you think this report is invalid, please consult the CPAN Testers Wiki
for suggestions on how to avoid getting FAIL reports for missing library
or binary dependencies, unsupported operating systems, and so on:
http://wiki.cpantesters.org/wiki/CPANAuthorNotes
Sections of this report:
* Tester comments
* Program output
* Prerequisites
* Environment and other context
------------------------------
TESTER COMMENTS
------------------------------
Additional comments from tester:
none provided
------------------------------
PROGRAM OUTPUT
------------------------------
Output from '/usr/bin/make test':
Running Mkbootstrap for Class::Date ()
chmod 644 Date.bs
PERL_DL_NONLAZY=1 /usr/perl5.16.3/bin/perl "-MExtUtils::Command::MM" "-MTest::Harness" "-e" "undef *Test::Harness::Switches; test_harness(0, 'blib/lib', 'blib/arch')" t/*.t
t/00_base.t ....... ok
t/05_parsing.t .... ok
t/10_fields.t ..... ok
t/20_gmdate.t ..... ok
t/30_localdate.t .. ok
t/40_errors.t ..... ok
# Test 8 got: "CET" (t/50_timezone.t at line 24)
# Expected: "GMT"
# t/50_timezone.t line 24 is: ok $date2->tzdst, 'GMT';
t/50_timezone.t ...
Failed 1/11 subtests
Test Summary Report
-------------------
t/50_timezone.t (Wstat: 0 Tests: 11 Failed: 1)
Failed test: 8
Files=7, Tests=193, 0 wallclock secs ( 0.09 usr 0.02 sys + 0.42 cusr 0.10 csys = 0.64 CPU)
Result: FAIL
Failed 1/7 test programs. 1/193 subtests failed.
*** [test_dynamic] Error code 255
Stop in /usr/home/eserte/.cpan/build/Class-Date-1.1.12-BT1HWe.
------------------------------
PREREQUISITES
------------------------------
Prerequisite modules loaded:
requires:
Module Need Have
------------------- ----- --------
perl 5.006 5.016003
build_requires:
Module Need Have
------------------- ----- --------
Test::More 1.001 1.001003
configure_requires:
Module Need Have
------------------- ----- --------
ExtUtils::MakeMaker 0 6.98
------------------------------
ENVIRONMENT AND OTHER CONTEXT
------------------------------
Environment variables:
DBIC_NO_WARN_BAD_PERL = 1
LC_ALL = de_DE.ISO8859-1
PATH = /usr/local/bin:/usr/bin:/bin:/usr/local/sbin:/usr/sbin:/sbin:/home/cpansand/bin/freebsd9.1:/home/cpansand/bin/sh:/home/cpansand/bin:/usr/games:/home/cpansand/devel:/usr/home/eserte/work/srezic-misc/scripts
PERL5LIB = /home/eserte/.cpan/build/URL-Builder-0.06-CUD9L1/blib/arch:/home/eserte/.cpan/build/URL-Builder-0.06-CUD9L1/blib/lib:/home/eserte/.cpan/build/WWW-Form-UrlEncoded-0.19-husqhS/blib/arch:/home/eserte/.cpan/build/WWW-Form-UrlEncoded-0.19-husqhS/blib/lib
PERL5OPT =
PERL5_CPANPLUS_IS_RUNNING = 16358
PERL5_CPAN_IS_RUNNING = 16358
PERL5_CPAN_IS_RUNNING_IN_RECURSION = 16337,16358
PERLDOC = -MPod::Perldoc::ToTextOverstrike
PERL_BATCH = yes
PERL_CPAN_REPORTER_CONFIG = /var/tmp/cpansmoker-1023/h7B6WQZ6kl_config.ini
PERL_EXTUTILS_AUTOINSTALL = --defaultdeps
PERL_HTML_DISPLAY_CLASS = HTML::Display::Mozilla
SHELL = /usr/local/bin/zsh
TERM = screen
TMPDIR = /var/tmp/cpansmoker-1023
Perl special variables (and OS-specific diagnostics, for MSWin32):
$^X = /usr/perl5.16.3/bin/perl
$UID/$EUID = 1023 / 1023
$GID = 1023 1023
$EGID = 1023 1023
Perl module toolchain versions installed:
Module Have
------------------- --------
CPAN 2.05
CPAN::Meta 2.141170
Cwd 3.40
ExtUtils::CBuilder 0.280206
ExtUtils::Command 1.17
ExtUtils::Install 1.58
ExtUtils::MakeMaker 6.98
ExtUtils::Manifest 1.61
ExtUtils::ParseXS 3.22
File::Spec 3.40
JSON 2.90
JSON::PP 2.27203
Module::Build 0.4204
Module::Signature 0.73
Parse::CPAN::Meta 1.4414
Test::Harness 3.30
Test::More 1.001003
YAML 0.90
YAML::Syck 1.27
version 0.9908
--
Summary of my perl5 (revision 5 version 16 subversion 3) configuration:
Platform:
osname=freebsd, osvers=9.2-release, archname=amd64-freebsd
uname='freebsd cvrsnica-freebsd-92 9.2-release freebsd 9.2-release #0 r255898: thu sep 26 22:50:31 utc 2013 root@bake.isc.freebsd.org:usrobjusrsrcsysgeneric amd64 '
config_args='-ds -e -Dprefix=/usr/perl5.16.3'
hint=recommended, useposix=true, d_sigaction=define
useithreads=undef, usemultiplicity=undef
useperlio=define, d_sfio=undef, uselargefiles=define, usesocks=undef
use64bitint=define, use64bitall=define, uselongdouble=undef
usemymalloc=n, bincompat5005=undef
Compiler:
cc='cc', ccflags ='-DHAS_FPSETMASK -DHAS_FLOATINGPOINT_H -fno-strict-aliasing -pipe -fstack-protector -I/usr/local/include',
optimize='-O',
cppflags='-DHAS_FPSETMASK -DHAS_FLOATINGPOINT_H -fno-strict-aliasing -pipe -fstack-protector -I/usr/local/include'
ccversion='', gccversion='4.2.1 20070831 patched [FreeBSD]', gccosandvers=''
intsize=4, longsize=8, ptrsize=8, doublesize=8, byteorder=12345678
d_longlong=define, longlongsize=8, d_longdbl=define, longdblsize=16
ivtype='long', ivsize=8, nvtype='double', nvsize=8, Off_t='off_t', lseeksize=8
alignbytes=8, prototype=define
Linker and Libraries:
ld='cc', ldflags ='-Wl,-E -fstack-protector -L/usr/local/lib'
libpth=/usr/lib /usr/local/lib
libs=-lm -lcrypt -lutil -lc
perllibs=-lm -lcrypt -lutil -lc
libc=, so=so, useshrplib=false, libperl=libperl.a
gnulibc_version=''
Dynamic Linking:
dlsrc=dl_dlopen.xs, dlext=so, d_dlsymun=undef, ccdlflags=' '
cccdlflags='-DPIC -fPIC', lddlflags='-shared -L/usr/local/lib -fstack-protector'
Characteristics of this binary (from libperl):
Compile-time options: HAS_TIMES PERLIO_LAYERS PERL_DONT_CREATE_GVSV
PERL_MALLOC_WRAP PERL_PRESERVE_IVUV USE_64_BIT_ALL
USE_64_BIT_INT USE_LARGE_FILES USE_LOCALE
USE_LOCALE_COLLATE USE_LOCALE_CTYPE
USE_LOCALE_NUMERIC USE_PERLIO USE_PERL_ATOF
Built under freebsd
Compiled at Nov 17 2013 13:29:42
%ENV:
PERL5LIB="/home/eserte/.cpan/build/URL-Builder-0.06-CUD9L1/blib/arch:/home/eserte/.cpan/build/URL-Builder-0.06-CUD9L1/blib/lib:/home/eserte/.cpan/build/WWW-Form-UrlEncoded-0.19-husqhS/blib/arch:/home/eserte/.cpan/build/WWW-Form-UrlEncoded-0.19-husqhS/blib/lib"
PERL5OPT=""
PERL5_CPANPLUS_IS_RUNNING="16358"
PERL5_CPAN_IS_RUNNING="16358"
PERL5_CPAN_IS_RUNNING_IN_RECURSION="16337,16358"
PERLDOC="-MPod::Perldoc::ToTextOverstrike"
PERL_BATCH="yes"
PERL_CPAN_REPORTER_CONFIG="/var/tmp/cpansmoker-1023/h7B6WQZ6kl_config.ini"
PERL_EXTUTILS_AUTOINSTALL="--defaultdeps"
PERL_HTML_DISPLAY_CLASS="HTML::Display::Mozilla"
@INC:
/home/eserte/.cpan/build/URL-Builder-0.06-CUD9L1/blib/arch
/home/eserte/.cpan/build/URL-Builder-0.06-CUD9L1/blib/lib
/home/eserte/.cpan/build/WWW-Form-UrlEncoded-0.19-husqhS/blib/arch
/home/eserte/.cpan/build/WWW-Form-UrlEncoded-0.19-husqhS/blib/lib
/usr/perl5.16.3/lib/site_perl/5.16.3/amd64-freebsd
/usr/perl5.16.3/lib/site_perl/5.16.3
/usr/perl5.16.3/lib/5.16.3/amd64-freebsd
/usr/perl5.16.3/lib/5.16.3
.