Stow vv2.3.0 Perl 5 v5.8.9 amd64-freebsd

Status
Fail
From
Slaven Rezić (SREZIC)
Dist
Stow vv2.3.0
Platform
Perl 5 v5.8.9 amd64-freebsd
Date
2019-06-29 04:40:46
ID
0ffc5dc0-9a28-11e9-868a-f6491f24ea8f
This distribution has been tested as part of the CPAN Testers
project, supporting the Perl programming language.  See
http://wiki.cpantesters.org/ for more information or email
questions to cpan-testers-discuss@perl.org


--
Dear Adam Spiers,

This is a computer-generated report for Stow-v2.3.0
on perl 5.8.9, created by CPAN-Reporter-1.2018.

Thank you for uploading your work to CPAN.  However, there was a problem
testing your distribution.

If you think this report is invalid, please consult the CPAN Testers Wiki
for suggestions on how to avoid getting FAIL reports for missing library
or binary dependencies, unsupported operating systems, and so on:

http://wiki.cpantesters.org/wiki/CPANAuthorNotes

Sections of this report:

    * Tester comments
    * Program output
    * Prerequisites
    * Environment and other context

------------------------------
TESTER COMMENTS
------------------------------

Additional comments from tester:

none provided

------------------------------
PROGRAM OUTPUT
------------------------------

Output from './Build test':

t/chkstow.t ................ ok
t/cleanup_invalid_links.t .. ok
Can't locate Clone/Choose.pm in @INC (you may need to install the Clone::Choose module) (@INC contains: /usr/home/cpansand/.cpan/build/2019062901/Stow-v2.3.0-5/blib/lib /usr/home/cpansand/.cpan/build/2019062901/Stow-v2.3.0-5/blib/arch bin t /usr/local/lib/perl5/site_perl/mach/5.20 /usr/local/lib/perl5/site_perl /usr/local/lib/perl5/5.20/mach /usr/local/lib/perl5/5.20 /usr/local/lib/perl5/site_perl/5.20 /usr/local/lib/perl5/site_perl/5.20/mach .) at bin/stow line 467, <DATA> line 22.
BEGIN failed--compilation aborted at bin/stow line 467, <DATA> line 22.

#   Failed test '--help should return 0 exit code'
#   at t/cli.t line 63.
#          got: '512'
#     expected: '0'

#   Failed test 'unrecognised option should return 1 exit code'
#   at t/cli.t line 66.
#          got: '2'
#     expected: '1'

#   Failed test 'unrecognised option should be listed'
#   at t/cli.t line 67.
#                   'Can't locate Clone/Choose.pm in @INC (you may need to install the Clone::Choose module) (@INC contains: /usr/home/cpansand/.cpan/build/2019062901/Stow-v2.3.0-5/blib/lib /usr/home/cpansand/.cpan/build/2019062901/Stow-v2.3.0-5/blib/arch bin t /usr/local/lib/perl5/site_perl/mach/5.20 /usr/local/lib/perl5/site_perl /usr/local/lib/perl5/5.20/mach /usr/local/lib/perl5/5.20 /usr/local/lib/perl5/site_perl/5.20 /usr/local/lib/perl5/site_perl/5.20/mach .) at bin/stow line 467, <DATA> line 22.
# BEGIN failed--compilation aborted at bin/stow line 467, <DATA> line 22.
# '
#     doesn't match '(?m-xis:^Unknown option: foo$)'
# Looks like you failed 3 tests of 3.
t/cli.t .................... 
Dubious, test returned 3 (wstat 768, 0x300)
Failed 3/3 subtests 
Use of uninitialized value in length at bin/stow line 625, <DATA> line 22.
Use of uninitialized value in length at bin/stow line 625, <DATA> line 22.
t/cli_options.t ............ 
Failed 4/10 subtests 
t/defer.t .................. ok
t/dotfiles.t ............... ok
t/examples.t ............... ok
t/find_stowed_path.t ....... ok
t/foldable.t ............... ok
t/ignore.t ................. ok
t/join_paths.t ............. ok
t/parent.t ................. ok
Use of uninitialized value in length at bin/stow line 625, <DATA> line 22.
Use of uninitialized value in length at bin/stow line 625.
t/rc_options.t ............. ok
t/stow.t ................... ok
t/unstow.t ................. ok
t/unstow_orig.t ............ ok

Test Summary Report
-------------------
t/cli.t                  (Wstat: 768 Tests: 3 Failed: 3)
  Failed tests:  1-3
  Non-zero exit status: 3
t/cli_options.t          (Wstat: 10 Tests: 6 Failed: 0)
  Non-zero wait status: 10
  Parse errors: Bad plan.  You planned 10 tests but ran 6.
Files=16, Tests=597,  2 wallclock secs ( 0.02 usr  0.10 sys +  1.16 cusr  0.27 csys =  1.55 CPU)
Result: FAIL
Failed 2/16 test programs. 3/597 subtests failed.

------------------------------
PREREQUISITES
------------------------------

Prerequisite modules loaded:

requires:

    Module        Need  Have    
    ------------- ----- --------
    Carp          0     1.50    
    Clone         0     0.41    
    Hash::Merge   0     0.300   
    IO::File      0     1.39    
    perl          5.006 5.008009

build_requires:

    Module        Need  Have    
    ------------- ----- --------
    IO::Scalar    0     2.111   
    Test::More    0     1.302164
    Test::Output  0     1.031   

configure_requires:

    Module        Need  Have    
    ------------- ----- --------
    Module::Build 0     0.4224  


------------------------------
ENVIRONMENT AND OTHER CONTEXT
------------------------------

Environment variables:

    LC_ALL = de_DE.ISO8859-1
    PATH = /usr/local/bin:/usr/bin:/bin:/usr/local/sbin:/usr/sbin:/sbin:/home/cpansand/bin/freebsd9.3:/home/cpansand/bin/sh:/home/cpansand/bin:/usr/games:/home/cpansand/devel:/usr/home/eserte/src/srezic-misc/scripts
    PERL5LIB = 
    PERL5OPT = 
    PERL5_CPANPLUS_IS_RUNNING = 61092
    PERL5_CPAN_IS_RUNNING = 61092
    PERL5_CPAN_IS_RUNNING_IN_RECURSION = 58458,61092
    PERLDOC = -MPod::Perldoc::ToTextOverstrike
    PERL_BATCH = yes
    PERL_CANARY_STABILITY_NOPROMPT = 1
    PERL_CPAN_REPORTER_CONFIG = /var/tmp/cpansmoker-1023/2019062901/cpanreporter_000_config.ini
    PERL_EXTUTILS_AUTOINSTALL = --defaultdeps
    PERL_USE_UNSAFE_INC = 1
    SHELL = /usr/local/bin/zsh
    TERM = screen
    TMPDIR = /var/tmp/cpansmoker-1023/2019062901

Perl special variables (and OS-specific diagnostics, for MSWin32):

    $^X = /usr/perl5.8.9/bin/perl
    $UID/$EUID = 1023 / 1023
    $GID = 1023 1023
    $EGID = 1023 1023

Perl module toolchain versions installed:

    Module              Have    
    ------------------- --------
    CPAN                2.22    
    CPAN::Meta          2.150010
    Cwd                 3.75    
    ExtUtils::CBuilder  0.280231
    ExtUtils::Command   7.36    
    ExtUtils::Install   2.14    
    ExtUtils::MakeMaker 7.36    
    ExtUtils::Manifest  1.72    
    ExtUtils::ParseXS   3.35    
    File::Spec          3.75    
    JSON                4.02    
    JSON::PP            4.03    
    Module::Build       0.4224  
    Module::Signature   0.81    
    Parse::CPAN::Meta   2.150010
    Test::Harness       3.41    
    Test::More          1.302164
    YAML                1.29    
    YAML::Syck          1.31    
    version             0.9924  


--

Summary of my perl5 (revision 5 version 8 subversion 9) configuration:
  Platform:
    osname=freebsd, osvers=9.2-release-p4, archname=amd64-freebsd
    uname='freebsd cvrsnica-freebsd-92 9.2-release-p4 freebsd 9.2-release-p4 #0: tue apr 8 18:08:22 utc 2014 root@amd64-builder.daemonology.net:usrobjusrsrcsysgeneric amd64 '
    config_args='-ds -e -Dprefix=/usr/perl5.8.9'
    hint=recommended, useposix=true, d_sigaction=define
    usethreads=undef use5005threads=undef useithreads=undef usemultiplicity=undef
    useperlio=define d_sfio=undef uselargefiles=define usesocks=undef
    use64bitint=define use64bitall=define uselongdouble=undef
    usemymalloc=n, bincompat5005=undef
  Compiler:
    cc='cc', ccflags ='-DHAS_FPSETMASK -DHAS_FLOATINGPOINT_H -fno-strict-aliasing -pipe -I/usr/local/include',
    optimize='-O',
    cppflags='-DHAS_FPSETMASK -DHAS_FLOATINGPOINT_H -fno-strict-aliasing -pipe -I/usr/local/include'
    ccversion='', gccversion='4.2.1 20070831 patched [FreeBSD]', gccosandvers=''
    intsize=4, longsize=8, ptrsize=8, doublesize=8, byteorder=12345678
    d_longlong=define, longlongsize=8, d_longdbl=define, longdblsize=16
    ivtype='long', ivsize=8, nvtype='double', nvsize=8, Off_t='off_t', lseeksize=8
    alignbytes=8, prototype=define
  Linker and Libraries:
    ld='cc', ldflags ='-Wl,-E  -L/usr/local/lib'
    libpth=/usr/lib /usr/local/lib
    libs=-lgdbm -lm -lcrypt -lutil -lc
    perllibs=-lm -lcrypt -lutil -lc
    libc=, so=so, useshrplib=false, libperl=libperl.a
    gnulibc_version=''
  Dynamic Linking:
    dlsrc=dl_dlopen.xs, dlext=so, d_dlsymun=undef, ccdlflags=' '
    cccdlflags='-DPIC -fPIC', lddlflags='-shared  -L/usr/local/lib'


Characteristics of this binary (from libperl): 
  Compile-time options: PERL_MALLOC_WRAP USE_64_BIT_ALL USE_64_BIT_INT
                        USE_FAST_STDIO USE_LARGE_FILES USE_PERLIO
  Built under freebsd
  Compiled at May 15 2014 22:27:57
  %ENV:
    PERL5LIB=""
    PERL5OPT=""
    PERL5_CPANPLUS_IS_RUNNING="61092"
    PERL5_CPAN_IS_RUNNING="61092"
    PERL5_CPAN_IS_RUNNING_IN_RECURSION="58458,61092"
    PERLDOC="-MPod::Perldoc::ToTextOverstrike"
    PERL_BATCH="yes"
    PERL_CANARY_STABILITY_NOPROMPT="1"
    PERL_CPAN_REPORTER_CONFIG="/var/tmp/cpansmoker-1023/2019062901/cpanreporter_000_config.ini"
    PERL_EXTUTILS_AUTOINSTALL="--defaultdeps"
    PERL_USE_UNSAFE_INC="1"
  @INC:
    /usr/perl5.8.9/lib/5.8.9/amd64-freebsd
    /usr/perl5.8.9/lib/5.8.9
    /usr/perl5.8.9/lib/site_perl/5.8.9/amd64-freebsd
    /usr/perl5.8.9/lib/site_perl/5.8.9
    .