Report for DateTimeX-Format-1.04

Back
From: metabase:user:314402c4-2aae-11df-837a-5e0a49663a4f
Subject: FAIL DateTimeX-Format-1.04 v5.20.0 GNU/Linux
Date: 2015-11-17T07:16:03Z

This distribution has been tested as part of the CPAN Testers
project, supporting the Perl programming language.  See
http://wiki.cpantesters.org/ for more information or email
questions to cpan-testers-discuss@perl.org


--
Dear Evan Carroll,

This is a computer-generated report for DateTimeX-Format-1.04
on perl 5.20.0, created by CPAN-Reporter-1.2015.

Thank you for uploading your work to CPAN.  However, there was a problem
testing your distribution.

If you think this report is invalid, please consult the CPAN Testers Wiki
for suggestions on how to avoid getting FAIL reports for missing library
or binary dependencies, unsupported operating systems, and so on:

http://wiki.cpantesters.org/wiki/CPANAuthorNotes

Sections of this report:

    * Tester comments
    * Program output
    * Prerequisites
    * Environment and other context

------------------------------
TESTER COMMENTS
------------------------------

Additional comments from tester:

none provided

------------------------------
PROGRAM OUTPUT
------------------------------

Output from '/usr/bin/make test':

PERL_DL_NONLAZY=1 "/bbbike/perl-5.20.0/bin/perl" "-MExtUtils::Command::MM" "-MTest::Harness" "-e" "undef *Test::Harness::Switches; test_harness(0, 'inc', 'blib/lib', 'blib/arch')" t/00-load.t t/01-basic_use.t t/02-coercions.t t/03-custom_pattern.t t/pod-coverage.t t/pod.t
# Testing DateTimeX::Format 1.04, Perl 5.020000, /bbbike/perl-5.20.0/bin/perl
t/00-load.t ............ ok
Attribute (locale) does not pass the type constraint because: Validation failed for 'MooseX::Types::DateTime::ButMaintained::Locale' with value DateTime::Locale::FromData={ am_pm_abbreviated: [ "AM", "PM" ], available_formats: { E: "ccc", EHm: "E HH:mm", EHms: "E HH:mm:ss", Ed: "d E", Ehm: "E h:mm a", Ehms: "E h:mm:ss a", ... }, code: "en-US", date_format_full: "EEEE, MMMM d, y", date_format_long: "MMMM d, y", date_format_medium: "MMM d, y", ... } at /opt/perl-5.20.0/lib/site_perl/5.20.0/x86_64-linux/Moose/Object.pm line 24
	Moose::Object::new('Foo', 'HASH(0x1db48f8)') called at t/01-basic_use.t line 16
# Looks like you planned 7 tests but ran 1.
# Looks like your test exited with 255 just after 1.
t/01-basic_use.t ....... 
Dubious, test returned 255 (wstat 65280, 0xff00)
Failed 6/7 subtests 

#   Failed test 'Coerce from call arg of locale worked'
#   at t/02-coercions.t line 16.
#          got: ''
#     expected: 'DateTime::Locale::en_AU'
# Looks like you failed 1 test of 5.
t/02-coercions.t ....... 
Dubious, test returned 1 (wstat 256, 0x100)
Failed 1/5 subtests 
Attribute (locale) does not pass the type constraint because: Validation failed for 'MooseX::Types::DateTime::ButMaintained::Locale' with value DateTime::Locale::FromData={ am_pm_abbreviated: [ "AM", "PM" ], available_formats: { E: "ccc", EHm: "E HH:mm", EHms: "E HH:mm:ss", Ed: "d E", Ehm: "E h:mm a", Ehms: "E h:mm:ss a", ... }, code: "en-US", date_format_full: "EEEE, MMMM d, y", date_format_long: "MMMM d, y", date_format_medium: "MMM d, y", ... } at /opt/perl-5.20.0/lib/site_perl/5.20.0/x86_64-linux/Moose/Object.pm line 24
	Moose::Object::new('DateTimeX::Format::RequiresPattern', 'HASH(0x2cd6898)') called at t/03-custom_pattern.t line 19
# Looks like your test exited with 255 before it could output anything.
t/03-custom_pattern.t .. 
Dubious, test returned 255 (wstat 65280, 0xff00)
Failed 3/3 subtests 
t/pod-coverage.t ....... ok
t/pod.t ................ ok

Test Summary Report
-------------------
t/01-basic_use.t     (Wstat: 65280 Tests: 1 Failed: 0)
  Non-zero exit status: 255
  Parse errors: Bad plan.  You planned 7 tests but ran 1.
t/02-coercions.t     (Wstat: 256 Tests: 5 Failed: 1)
  Failed test:  1
  Non-zero exit status: 1
t/03-custom_pattern.t (Wstat: 65280 Tests: 0 Failed: 0)
  Non-zero exit status: 255
  Parse errors: Bad plan.  You planned 3 tests but ran 0.
Files=6, Tests=12,  3 wallclock secs ( 0.03 usr  0.03 sys +  1.67 cusr  0.21 csys =  1.94 CPU)
Result: FAIL
Failed 3/6 test programs. 1/12 subtests failed.
make: *** [test_dynamic] Error 255

------------------------------
PREREQUISITES
------------------------------

Prerequisite modules loaded:

requires:

    Module                                 Need Have    
    -------------------------------------- ---- --------
    Carp                                   0    1.36    
    DateTime                               0    1.21    
    DateTime::Locale                       0    1.01    
    DateTime::TimeZone                     0    1.94    
    Moose                                  0    2.1604  
    Moose::Role                            0    2.1604  
    MooseX::Types::DateTime::ButMaintained 0.13 0.16    
    namespace::clean                       0    0.25    
    Test::More                             0    1.001014

build_requires:

    Module                                 Need Have    
    -------------------------------------- ---- --------
    ExtUtils::MakeMaker                    6.36 7.04    
    Test::More                             0    1.001014

configure_requires:

    Module                                 Need Have    
    -------------------------------------- ---- --------
    ExtUtils::MakeMaker                    6.36 7.04    


------------------------------
ENVIRONMENT AND OTHER CONTEXT
------------------------------

Environment variables:

    LANG = C
    PATH = /usr/local/bin:/usr/bin:/bin:/usr/local/sbin:/usr/sbin:/sbin:/home/eserte/bin/linux-gnu:/home/eserte/bin/sh:/home/eserte/bin:/usr/games:/home/eserte/devel:/home/eserte/src/srezic-misc/scripts
    PERL5LIB = /home/eserte/.cpan/build/2015111706/DateTime-Locale-1.01-Od29wM/blib/arch:/home/eserte/.cpan/build/2015111706/DateTime-Locale-1.01-Od29wM/blib/lib
    PERL5OPT = 
    PERL5_CPANPLUS_IS_RUNNING = 8535
    PERL5_CPAN_IS_RUNNING = 8535
    PERL5_CPAN_IS_RUNNING_IN_RECURSION = 28457,8535
    PERLDOC = -MPod::Perldoc::ToTextOverstrike
    PERL_BATCH = yes
    PERL_CANARY_STABILITY_NOPROMPT = 1
    PERL_CPAN_REPORTER_CONFIG = /var/tmp/cpansmoker-1001/2015111706/cpanreporter_002_config.ini
    PERL_EXTUTILS_AUTOINSTALL = --defaultdeps
    SHELL = /bin/zsh
    TERM = screen
    TMPDIR = /var/tmp/cpansmoker-1001/2015111706

Perl special variables (and OS-specific diagnostics, for MSWin32):

    $^X = /bbbike/perl-5.20.0/bin/perl
    $UID/$EUID = 1001 / 1001
    $GID = 1001 109 1001
    $EGID = 1001 109 1001

Perl module toolchain versions installed:

    Module              Have    
    ------------------- --------
    CPAN                2.05    
    CPAN::Meta          2.150005
    Cwd                 3.47    
    ExtUtils::CBuilder  0.280223
    ExtUtils::Command   1.18    
    ExtUtils::Install   2.04    
    ExtUtils::MakeMaker 7.04    
    ExtUtils::Manifest  1.68    
    ExtUtils::ParseXS   3.24    
    File::Spec          3.47    
    JSON                2.90    
    JSON::PP            2.27300 
    Module::Build       0.4214  
    Module::Signature   0.78    
    Parse::CPAN::Meta   1.4414  
    Test::Harness       3.34    
    Test::More          1.001014
    YAML                1.15    
    YAML::Syck          1.29    
    version             0.9912  


--

Summary of my perl5 (revision 5 version 20 subversion 0) configuration:
   
  Platform:
    osname=linux, osvers=3.2.0-4-amd64, archname=x86_64-linux
    uname='linux eserte 3.2.0-4-amd64 #1 smp debian 3.2.57-3+deb7u1 x86_64 gnulinux '
    config_args='-ds -e -Dprefix=/opt/perl-5.20.0'
    hint=recommended, useposix=true, d_sigaction=define
    useithreads=undef, usemultiplicity=undef
    use64bitint=define, use64bitall=define, uselongdouble=undef
    usemymalloc=n, bincompat5005=undef
  Compiler:
    cc='cc', ccflags ='-fwrapv -fno-strict-aliasing -pipe -fstack-protector -I/usr/local/include -D_LARGEFILE_SOURCE -D_FILE_OFFSET_BITS=64',
    optimize='-O2',
    cppflags='-fwrapv -fno-strict-aliasing -pipe -fstack-protector -I/usr/local/include'
    ccversion='', gccversion='4.7.2', gccosandvers=''
    intsize=4, longsize=8, ptrsize=8, doublesize=8, byteorder=12345678
    d_longlong=define, longlongsize=8, d_longdbl=define, longdblsize=16
    ivtype='long', ivsize=8, nvtype='double', nvsize=8, Off_t='off_t', lseeksize=8
    alignbytes=8, prototype=define
  Linker and Libraries:
    ld='cc', ldflags =' -fstack-protector -L/usr/local/lib'
    libpth=/usr/local/lib /usr/lib/gcc/x86_64-linux-gnu/4.7/include-fixed /usr/include/x86_64-linux-gnu /usr/lib /lib/x86_64-linux-gnu /lib/../lib /usr/lib/x86_64-linux-gnu /usr/lib/../lib /lib
    libs=-lnsl -ldb -ldl -lm -lcrypt -lutil -lc
    perllibs=-lnsl -ldl -lm -lcrypt -lutil -lc
    libc=libc-2.13.so, so=so, useshrplib=false, libperl=libperl.a
    gnulibc_version='2.13'
  Dynamic Linking:
    dlsrc=dl_dlopen.xs, dlext=so, d_dlsymun=undef, ccdlflags='-Wl,-E'
    cccdlflags='-fPIC', lddlflags='-shared -O2 -L/usr/local/lib -fstack-protector'


Characteristics of this binary (from libperl): 
  Compile-time options: HAS_TIMES PERLIO_LAYERS PERL_DONT_CREATE_GVSV
                        PERL_HASH_FUNC_ONE_AT_A_TIME_HARD PERL_MALLOC_WRAP
                        PERL_NEW_COPY_ON_WRITE PERL_PRESERVE_IVUV
                        USE_64_BIT_ALL USE_64_BIT_INT USE_LARGE_FILES
                        USE_LOCALE USE_LOCALE_COLLATE USE_LOCALE_CTYPE
                        USE_LOCALE_NUMERIC USE_PERLIO USE_PERL_ATOF
  Built under linux
  Compiled at May 28 2014 04:18:43
  %ENV:
    PERL5LIB="/home/eserte/.cpan/build/2015111706/DateTime-Locale-1.01-Od29wM/blib/arch:/home/eserte/.cpan/build/2015111706/DateTime-Locale-1.01-Od29wM/blib/lib"
    PERL5OPT=""
    PERL5_CPANPLUS_IS_RUNNING="8535"
    PERL5_CPAN_IS_RUNNING="8535"
    PERL5_CPAN_IS_RUNNING_IN_RECURSION="28457,8535"
    PERLDOC="-MPod::Perldoc::ToTextOverstrike"
    PERL_BATCH="yes"
    PERL_CANARY_STABILITY_NOPROMPT="1"
    PERL_CPAN_REPORTER_CONFIG="/var/tmp/cpansmoker-1001/2015111706/cpanreporter_002_config.ini"
    PERL_EXTUTILS_AUTOINSTALL="--defaultdeps"
  @INC:
    /home/eserte/.cpan/build/2015111706/DateTime-Locale-1.01-Od29wM/blib/arch
    /home/eserte/.cpan/build/2015111706/DateTime-Locale-1.01-Od29wM/blib/lib
    /opt/perl-5.20.0/lib/site_perl/5.20.0/x86_64-linux
    /opt/perl-5.20.0/lib/site_perl/5.20.0
    /opt/perl-5.20.0/lib/5.20.0/x86_64-linux
    /opt/perl-5.20.0/lib/5.20.0
    .