Report for Array-GroupBy-v0.0.4

Back
From: metabase:user:00e8548a-0e72-11e3-8ee3-df0a9c418065
Subject: FAIL Array-GroupBy-v0.0.4 v5.14.4 Windows (Cygwin)
Date: 2013-09-07T17:10:12Z

This distribution has been tested as part of the CPAN Testers
project, supporting the Perl programming language.  See
http://wiki.cpantesters.org/ for more information or email
questions to cpan-testers-discuss@perl.org


--
Dear Sam Brain,

This is a computer-generated report for Array-GroupBy-v0.0.4
on perl 5.14.4, created by CPAN-Reporter-1.2010.

Thank you for uploading your work to CPAN.  However, there was a problem
testing your distribution.

If you think this report is invalid, please consult the CPAN Testers Wiki
for suggestions on how to avoid getting FAIL reports for missing library
or binary dependencies, unsupported operating systems, and so on:

http://wiki.cpantesters.org/wiki/CPANAuthorNotes

Sections of this report:

    * Tester comments
    * Program output
    * Prerequisites
    * Environment and other context

------------------------------
TESTER COMMENTS
------------------------------

Additional comments from tester:

this report is from an automated smoke testing program
and was not reviewed by a human for accuracy

------------------------------
PROGRAM OUTPUT
------------------------------

Output from './Build test':

# Testing Array::GroupBy 0.0.4
t/00.load.t ....... ok
t/1.t ............. ok
t/2.t ............. ok
t/3.t ............. ok
t/4.t ............. ok
t/5.t ............. ok
t/6.t ............. ok
t/7.t ............. ok
Policy "Perl::Critic::Policy::Miscellanea::RequireRcsKeywords" is not installed.
Policy "Perl::Critic::Policy::NamingConventions::ProhibitMixedCaseSubs" is not installed.
Policy "Perl::Critic::Policy::NamingConventions::ProhibitMixedCaseVars" is not installed.

#   Failed test 'Test::Perl::Critic for "blib/lib/Array/GroupBy.pm"'
#   at /usr/lib/perl5/site_perl/5.14/Test/Perl/Critic.pm line 110.
# 
# Perl::Critic found these violations in "blib/lib/Array/GroupBy.pm":
# Variable, subroutine, and package names have to be in CamelCase at line 14, column 5.  (no explanation).  (Severity: 5)
# Variable, subroutine, and package names have to be in CamelCase at line 24, column 1.  (no explanation).  (Severity: 5)
# Variable, subroutine, and package names have to be in CamelCase at line 25, column 6.  (no explanation).  (Severity: 5)
# Variable, subroutine, and package names have to be in CamelCase at line 31, column 7.  (no explanation).  (Severity: 5)
# Variable, subroutine, and package names have to be in CamelCase at line 31, column 14.  (no explanation).  (Severity: 5)
# Variable, subroutine, and package names have to be in CamelCase at line 31, column 24.  (no explanation).  (Severity: 5)
# Variable, subroutine, and package names have to be in CamelCase at line 31, column 33.  (no explanation).  (Severity: 5)
# Variable, subroutine, and package names have to be in CamelCase at line 34, column 13.  (no explanation).  (Severity: 5)
# Variable, subroutine, and package names have to be in CamelCase at line 36, column 6.  (no explanation).  (Severity: 5)
# Variable, subroutine, and package names have to be in CamelCase at line 36, column 23.  (no explanation).  (Severity: 5)
# Variable, subroutine, and package names have to be in CamelCase at line 41, column 8.  (no explanation).  (Severity: 5)
# Variable, subroutine, and package names have to be in CamelCase at line 42, column 8.  (no explanation).  (Severity: 5)
# Variable, subroutine, and package names have to be in CamelCase at line 44, column 19.  (no explanation).  (Severity: 5)
# Variable, subroutine, and package names have to be in CamelCase at line 46, column 10.  (no explanation).  (Severity: 5)
# Variable, subroutine, and package names have to be in CamelCase at line 46, column 19.  (no explanation).  (Severity: 5)
# Variable, subroutine, and package names have to be in CamelCase at line 48, column 12.  (no explanation).  (Severity: 5)
# Variable, subroutine, and package names have to be in CamelCase at line 48, column 20.  (no explanation).  (Severity: 5)
# Variable, subroutine, and package names have to be in CamelCase at line 50, column 16.  (no explanation).  (Severity: 5)
# Variable, subroutine, and package names have to be in CamelCase at line 50, column 27.  (no explanation).  (Severity: 5)
# Variable, subroutine, and package names have to be in CamelCase at line 50, column 43.  (no explanation).  (Severity: 5)
# Variable, subroutine, and package names have to be in CamelCase at line 50, column 50.  (no explanation).  (Severity: 5)
# Variable, subroutine, and package names have to be in CamelCase at line 52, column 12.  (no explanation).  (Severity: 5)
# Variable, subroutine, and package names have to be in CamelCase at line 52, column 21.  (no explanation).  (Severity: 5)
# Variable, subroutine, and package names have to be in CamelCase at line 55, column 5.  (no explanation).  (Severity: 5)
# Variable, subroutine, and package names have to be in CamelCase at line 55, column 22.  (no explanation).  (Severity: 5)
# Variable, subroutine, and package names have to be in CamelCase at line 57, column 13.  (no explanation).  (Severity: 5)
# Variable, subroutine, and package names have to be in CamelCase at line 62, column 1.  (no explanation).  (Severity: 5)
# Variable, subroutine, and package names have to be in CamelCase at line 63, column 1.  (no explanation).  (Severity: 5)
# Variable, subroutine, and package names have to be in CamelCase at line 66, column 1.  (no explanation).  (Severity: 5)
# Variable, subroutine, and package names have to be in CamelCase at line 67, column 7.  (no explanation).  (Severity: 5)
# Variable, subroutine, and package names have to be in CamelCase at line 67, column 18.  (no explanation).  (Severity: 5)
# Variable, subroutine, and package names have to be in CamelCase at line 67, column 26.  (no explanation).  (Severity: 5)
# Variable, subroutine, and package names have to be in CamelCase at line 67, column 35.  (no explanation).  (Severity: 5)
# Variable, subroutine, and package names have to be in CamelCase at line 69, column 16.  (no explanation).  (Severity: 5)
# Variable, subroutine, and package names have to be in CamelCase at line 69, column 27.  (no explanation).  (Severity: 5)
# Variable, subroutine, and package names have to be in CamelCase at line 71, column 3.  (no explanation).  (Severity: 5)
# Variable, subroutine, and package names have to be in CamelCase at line 71, column 21.  (no explanation).  (Severity: 5)
# Variable, subroutine, and package names have to be in CamelCase at line 71, column 36.  (no explanation).  (Severity: 5)
# Use of low precedence operators is not allowed at line 71, column 43.  Replace low precedence operators with the high precedence substitutes.  (Severity: 5)
# Variable, subroutine, and package names have to be in CamelCase at line 71, column 48.  (no explanation).  (Severity: 5)
# Variable, subroutine, and package names have to be in CamelCase at line 76, column 20.  (no explanation).  (Severity: 5)
# Variable, subroutine, and package names have to be in CamelCase at line 76, column 32.  (no explanation).  (Severity: 5)
# Variable, subroutine, and package names have to be in CamelCase at line 80, column 13.  (no explanation).  (Severity: 5)
# Variable, subroutine, and package names have to be in CamelCase at line 82, column 25.  (no explanation).  (Severity: 5)
# Use of low precedence operators is not allowed at line 82, column 38.  Replace low precedence operators with the high precedence substitutes.  (Severity: 5)
# Variable, subroutine, and package names have to be in CamelCase at line 82, column 49.  (no explanation).  (Severity: 5)
# Variable, subroutine, and package names have to be in CamelCase at line 85, column 25.  (no explanation).  (Severity: 5)
# Variable, subroutine, and package names have to be in CamelCase at line 85, column 50.  (no explanation).  (Severity: 5)
# Variable, subroutine, and package names have to be in CamelCase at line 89, column 21.  (no explanation).  (Severity: 5)
# Variable, subroutine, and package names have to be in CamelCase at line 89, column 33.  (no explanation).  (Severity: 5)
# Variable, subroutine, and package names have to be in CamelCase at line 89, column 47.  (no explanation).  (Severity: 5)
# Looks like you failed 1 test of 1.
t/perlcritic.t .... 
Dubious, test returned 1 (wstat 256, 0x100)
Failed 1/1 subtests 
t/pod-coverage.t .. ok
t/pod.t ........... ok

Test Summary Report
-------------------
t/perlcritic.t  (Wstat: 256 Tests: 1 Failed: 1)
  Failed test:  1
  Non-zero exit status: 1
Files=11, Tests=59,  4 wallclock secs ( 0.00 usr  0.05 sys +  1.51 cusr  1.07 csys =  2.62 CPU)
Result: FAIL
Failed 1/11 test programs. 1/59 subtests failed.

------------------------------
PREREQUISITES
------------------------------

Prerequisite modules loaded:

requires:

    Module           Need Have   
    ---------------- ---- -------
    Carp             1.25 1.32   
    List::Util       1.23 1.31   
    Params::Validate 1    1.08   
    Test::More       0    0.98_05
    version          0    0.9903 

configure_requires:

    Module           Need Have   
    ---------------- ---- -------
    Module::Build    0.38 0.4007 


------------------------------
ENVIRONMENT AND OTHER CONTEXT
------------------------------

Environment variables:

    AUTOMATED_TESTING = 1
    COMSPEC = C:\Windows\system32\cmd.exe
    LANG = en_US.UTF-8
    NUMBER_OF_PROCESSORS = 4
    PATH = /usr/local/bin:/usr/bin:/cygdrive/c/Program Files/Common Files/Microsoft Shared/Windows Live:/cygdrive/c/Program Files (x86)/Common Files/Microsoft Shared/Windows Live:/cygdrive/c/Program Files (x86)/AMD APP/bin/x86_64:/cygdrive/c/Program Files (x86)/AMD APP/bin/x86:/cygdrive/c/Windows/system32:/cygdrive/c/Windows:/cygdrive/c/Windows/System32/Wbem:/cygdrive/c/Windows/System32/WindowsPowerShell/v1.0:/cygdrive/c/Program Files (x86)/ATI Technologies/ATI.ACE/Core-Static:/cygdrive/c/Program Files (x86)/Security Innovation/SI TSS/bin:/cygdrive/c/Program Files (x86)/Windows Live/Shared
    PERL5LIB = 
    PERL5OPT = 
    PERL5_CPANPLUS_IS_RUNNING = 8384
    PERL5_CPAN_IS_RUNNING = 8384
    PERL5_CPAN_IS_RUNNING_IN_RECURSION = 8004,8384
    PERL_CR_SMOKER_CURRENT = Array-To-Moose-v0.0.3
    PERL_EXTUTILS_AUTOINSTALL = --defaultdeps
    PERL_MM_USE_DEFAULT = 1
    PROCESSOR_IDENTIFIER = Intel64 Family 6 Model 58 Stepping 9, GenuineIntel
    SHELL = /bin/bash
    TEMP = /tmp
    TERM = xterm

Perl special variables (and OS-specific diagnostics, for MSWin32):

    $^X = /usr/bin/perl
    $UID/$EUID = 2855161 / 2855161
    $GID = 10513 0 544 545 1005 1003 10513
    $EGID = 10513 0 544 545 1005 1003 10513

Perl module toolchain versions installed:

    Module              Have    
    ------------------- --------
    CPAN                2.00    
    CPAN::Meta          2.132140
    Cwd                 3.40    
    ExtUtils::CBuilder  0.280210
    ExtUtils::Command   1.17    
    ExtUtils::Install   1.56    
    ExtUtils::MakeMaker 6.76    
    ExtUtils::Manifest  1.61    
    ExtUtils::ParseXS   3.21    
    File::Spec          3.40    
    JSON                2.59    
    JSON::PP            2.27202 
    Module::Build       0.4007  
    Module::Signature   n/a     
    Parse::CPAN::Meta   1.4405  
    Test::Harness       3.26    
    Test::More          0.98_05 
    YAML                0.84    
    YAML::Syck          1.27    
    version             0.9903  


--

Summary of my perl5 (revision 5 version 14 subversion 4) configuration:
   
  Platform:
    osname=cygwin, osvers=1.7.18(0.26353), archname=cygwin-thread-multi
    uname='cygwin_nt-6.1 yaakov04 1.7.18(0.26353) 2013-03-07 19:25 x86_64 cygwin '
    config_args='-d -e -Dprefix=/usr -Dmksymlinks -Dusethreads -Darchname=x86_64-cygwin-threads -Dlibperl=cygperl5_14.dll -Dcc=gcc -Dld=g++'
    hint=recommended, useposix=true, d_sigaction=define
    useithreads=define, usemultiplicity=define
    useperlio=define, d_sfio=undef, uselargefiles=define, usesocks=undef
    use64bitint=define, use64bitall=define, uselongdouble=undef
    usemymalloc=n, bincompat5005=undef
  Compiler:
    cc='gcc', ccflags ='-DPERL_USE_SAFE_PUTENV -U__STRICT_ANSI__ -fno-strict-aliasing -pipe -fstack-protector',
    optimize='-O3',
    cppflags='-DPERL_USE_SAFE_PUTENV -U__STRICT_ANSI__ -fno-strict-aliasing -pipe -fstack-protector'
    ccversion='', gccversion='4.8.0 20130307 (experimental)', gccosandvers=''
    intsize=4, longsize=8, ptrsize=8, doublesize=8, byteorder=12345678
    d_longlong=define, longlongsize=8, d_longdbl=define, longdblsize=16
    ivtype='long', ivsize=8, nvtype='double', nvsize=8, Off_t='off_t', lseeksize=8
    alignbytes=8, prototype=define
  Linker and Libraries:
    ld='g++', ldflags =' -Wl,--enable-auto-import -Wl,--export-all-symbols -Wl,--enable-auto-image-base -fstack-protector'
    libpth=/usr/lib /lib
    libs=-lgdbm -ldb -ldl -lcrypt -lgdbm_compat
    perllibs=-ldl -lcrypt
    libc=/usr/lib/libc.a, so=dll, useshrplib=true, libperl=cygperl5_14.dll
    gnulibc_version=''
  Dynamic Linking:
    dlsrc=dl_dlopen.xs, dlext=dll, d_dlsymun=undef, ccdlflags=' '
    cccdlflags=' ', lddlflags=' --shared  -Wl,--enable-auto-import -Wl,--export-all-symbols -Wl,--enable-auto-image-base -fstack-protector'


Characteristics of this binary (from libperl): 
  Compile-time options: MULTIPLICITY PERL_DONT_CREATE_GVSV
                        PERL_IMPLICIT_CONTEXT PERL_PRESERVE_IVUV
                        PERL_USE_SAFE_PUTENV USE_64_BIT_ALL USE_64_BIT_INT
                        USE_ITHREADS USE_LARGE_FILES USE_PERLIO USE_PERL_ATOF
                        USE_REENTRANT_API
  Locally applied patches:
	Bug#55162 File::Spec::case_tolerant performance
	CYG07 $vendorarch/auto/.rebase
	CYG15 static Win32CORE
	CYG17 cyg-1.7 paths-utf8
	0c612ce82 Fix building static extensions on cygwin, -UUSEIMPORTLIB
	1bac5ecc1 Fix 64-bit threading sv.c: S_anonymise_cv_maybe
	Cygwin::sync_winenv added
  Built under cygwin
  Compiled at Mar 11 2013 18:25:23
  %ENV:
    PERL5LIB=""
    PERL5OPT=""
    PERL5_CPANPLUS_IS_RUNNING="8384"
    PERL5_CPAN_IS_RUNNING="8384"
    PERL5_CPAN_IS_RUNNING_IN_RECURSION="8004,8384"
    PERL_CR_SMOKER_CURRENT="Array-To-Moose-v0.0.3"
    PERL_EXTUTILS_AUTOINSTALL="--defaultdeps"
    PERL_MM_USE_DEFAULT="1"
  @INC:
    /usr/lib/perl5/site_perl/5.14/x86_64-cygwin-threads
    /usr/lib/perl5/site_perl/5.14
    /usr/lib/perl5/vendor_perl/5.14/x86_64-cygwin-threads
    /usr/lib/perl5/vendor_perl/5.14
    /usr/lib/perl5/5.14/x86_64-cygwin-threads
    /usr/lib/perl5/5.14
    .