Back
From: metabase:user:d2c9f356-b46f-11df-9a90-20a83c0b7757
Subject: FAIL MooseX-Attribute-Prototype-0.10 v5.15.4 SunOS/Solaris
Date: 2011-11-13T01:08:56Z
This distribution has been tested as part of the CPAN Testers
project, supporting the Perl programming language. See
http://wiki.cpantesters.org/ for more information or email
questions to cpan-testers-discuss@perl.org
--
Dear Christopher Brown,
This is a computer-generated report for MooseX-Attribute-Prototype-0.10
on perl 5.15.4, created by CPAN-Reporter-1.2002.
Thank you for uploading your work to CPAN. However, there was a problem
testing your distribution.
If you think this report is invalid, please consult the CPAN Testers Wiki
for suggestions on how to avoid getting FAIL reports for missing library
or binary dependencies, unsupported operating systems, and so on:
http://wiki.cpantesters.org/wiki/CPANAuthorNotes
Sections of this report:
* Tester comments
* Program output
* Prerequisites
* Environment and other context
------------------------------
TESTER COMMENTS
------------------------------
Additional comments from tester:
this report is from an automated smoke testing program
and was not reviewed by a human for accuracy
------------------------------
PROGRAM OUTPUT
------------------------------
Output from '/usr/local/bin/make test':
/export/home/cpant4/perl5/bin/perl5.15.4 "-Iinc" Makefile.PL --config= --installdeps=MooseX::AttributeHelpers,0.13
PERL_DL_NONLAZY=1 /export/home/cpant4/perl5/bin/perl5.15.4 "-MExtUtils::Command::MM" "-e" "test_harness(0, 'inc', 'blib/lib', 'blib/arch')" t/00-load.t t/01-Simple-Prototype.t t/02-Prototype-Object.t t/03-Prototype-Collection.t t/04-Prototype-Meta.t t/05-Attribute-Prototype.t t/pod.t
# Failed test 'use MooseX::Attribute::Prototype;'
# at t/00-load.t line 11.
# Tried to use 'MooseX::Attribute::Prototype'.
# Error: Undefined subroutine &Moose::Util::MetaRole::apply_metaclass_roles called at /export/home/cpant4/.cpan/build/MooseX-Attribute-Prototype-0.10-Ui5nZS/blib/lib/MooseX/Attribute/Prototype.pm line 19.
# BEGIN failed--compilation aborted at (eval 231) line 2.
# Looks like you failed 1 test of 2.
t/00-load.t ..................
Dubious, test returned 1 (wstat 256, 0x100)
Failed 1/2 subtests
Undefined subroutine &Moose::Util::MetaRole::apply_metaclass_roles called at lib/MooseX/Attribute/Prototype.pm line 19.
BEGIN failed--compilation aborted at t/01-Simple-Prototype.t line 11.
# Looks like your test exited with 255 before it could output anything.
t/01-Simple-Prototype.t ......
Dubious, test returned 255 (wstat 65280, 0xff00)
Failed 7/7 subtests
t/02-Prototype-Object.t ...... ok
t/03-Prototype-Collection.t .. ok
t/04-Prototype-Meta.t ........ ok
Undefined subroutine &Moose::Util::MetaRole::apply_metaclass_roles called at /export/home/cpant4/.cpan/build/MooseX-Attribute-Prototype-0.10-Ui5nZS/blib/lib/MooseX/Attribute/Prototype.pm line 19.
BEGIN failed--compilation aborted at t/05-Attribute-Prototype.t line 10.
# Looks like your test exited with 255 before it could output anything.
t/05-Attribute-Prototype.t ...
Dubious, test returned 255 (wstat 65280, 0xff00)
Failed 19/19 subtests
t/pod.t ...................... ok
Test Summary Report
-------------------
t/00-load.t (Wstat: 256 Tests: 2 Failed: 1)
Failed test: 2
Non-zero exit status: 1
t/01-Simple-Prototype.t (Wstat: 65280 Tests: 0 Failed: 0)
Non-zero exit status: 255
Parse errors: Bad plan. You planned 7 tests but ran 0.
t/05-Attribute-Prototype.t (Wstat: 65280 Tests: 0 Failed: 0)
Non-zero exit status: 255
Parse errors: Bad plan. You planned 19 tests but ran 0.
Files=7, Tests=34, 5 wallclock secs ( 0.04 usr 0.01 sys + 2.02 cusr 0.18 csys = 2.25 CPU)
Result: FAIL
Failed 3/7 test programs. 1/34 subtests failed.
make: *** [test_dynamic] Error 255
------------------------------
PREREQUISITES
------------------------------
Prerequisite modules loaded:
requires:
Module Need Have
------------------------ ---- ------
ExtUtils::MakeMaker 6.62 6.62
Moose 0.65 2.0205
Moose::Exporter 0.65 2.0205
Moose::Util 0.65 2.0205
Moose::Util::MetaRole 0.65 2.0205
MooseX::AttributeHelpers 0.13 0.23
Test::Moose 0 2.0205
Test::More 0 0.98
build_requires:
Module Need Have
------------------------ ---- ------
ExtUtils::MakeMaker 0 6.62
------------------------------
ENVIRONMENT AND OTHER CONTEXT
------------------------------
Environment variables:
AUTOMATED_TESTING = 1
LANG = C
LD_LIBRARY_PATH = /usr/local/lib:
PATH = /export/home/cpant4/perl5/bin:/usr/local/bin:/usr/bin
PERL5LIB = /export/home/cpant4/.cpan/build/MooseX-AttributeHelpers-0.23-05wIiV/blib/arch:/export/home/cpant4/.cpan/build/MooseX-AttributeHelpers-0.23-05wIiV/blib/lib
PERL5OPT =
PERL5_CPANPLUS_IS_RUNNING = 20845
PERL5_CPAN_IS_RUNNING = 20845
PERL5_CPAN_IS_RUNNING_IN_RECURSION = 8306,20845
PERL_CR_SMOKER_CURRENT = MooseX-Attribute-Prototype-0.10
PERL_EXTUTILS_AUTOINSTALL = --defaultdeps
PERL_MM_USE_DEFAULT = 1
SHELL = /bin/bash
TERM = xterm
Perl special variables (and OS-specific diagnostics, for MSWin32):
$^X = /export/home/cpant4/perl5/bin/perl5.15.4
$UID/$EUID = 104 / 104
$GID = 1 1
$EGID = 1 1
Perl module toolchain versions installed:
Module Have
------------------- --------
CPAN 1.9800
CPAN::Meta 2.112621
Cwd 3.37
ExtUtils::CBuilder 0.280204
ExtUtils::Command 1.17
ExtUtils::Install 1.57
ExtUtils::MakeMaker 6.62
ExtUtils::Manifest 1.60
ExtUtils::ParseXS 3.05
File::Spec 3.34
JSON 2.53
JSON::PP 2.27200
Module::Build 0.39_01
Module::Signature n/a
Parse::CPAN::Meta 1.4401
Test::Harness 3.23
Test::More 0.98
YAML 0.77
YAML::Syck n/a
version 0.94
--
Summary of my perl5 (revision 5 version 15 subversion 4) configuration:
Platform:
osname=solaris, osvers=2.10, archname=i86pc-solaris-64int
uname='sunos vmrz0046 5.10 generic_141445-09 i86pc i386 i86pc solaris '
config_args='-Dcc=gcc -Dprefix=~/perl5 -Duse64bitint -Dusedevel -d'
hint=recommended, useposix=true, d_sigaction=define
useithreads=undef, usemultiplicity=undef
useperlio=define, d_sfio=undef, uselargefiles=define, usesocks=undef
use64bitint=define, use64bitall=undef, uselongdouble=undef
usemymalloc=n, bincompat5005=undef
Compiler:
cc='gcc', ccflags ='-DPTR_IS_LONG -fno-strict-aliasing -pipe -I/usr/local/include -D_LARGEFILE_SOURCE -D_FILE_OFFSET_BITS=64 -DPERL_USE_SAFE_PUTENV',
optimize='-O',
cppflags='-DPTR_IS_LONG -fno-strict-aliasing -pipe -I/usr/local/include'
ccversion='', gccversion='3.4.6', gccosandvers='solaris2.10'
intsize=4, longsize=4, ptrsize=4, doublesize=8, byteorder=12345678
d_longlong=define, longlongsize=8, d_longdbl=define, longdblsize=12
ivtype='long long', ivsize=8, nvtype='double', nvsize=8, Off_t='off_t', lseeksize=8
alignbytes=4, prototype=define
Linker and Libraries:
ld='gcc', ldflags =' -L/usr/local/lib '
libpth=/usr/local/lib /usr/lib /usr/ccs/lib
libs=-lsocket -lnsl -lgdbm -ldl -lm -lc
perllibs=-lsocket -lnsl -ldl -lm -lc
libc=/lib/libc.so, so=so, useshrplib=false, libperl=libperl.a
gnulibc_version=''
Dynamic Linking:
dlsrc=dl_dlopen.xs, dlext=so, d_dlsymun=undef, ccdlflags=' '
cccdlflags='-fPIC', lddlflags='-G -L/usr/local/lib'
Characteristics of this binary (from libperl):
Compile-time options: HAS_TIMES PERLIO_LAYERS PERL_DONT_CREATE_GVSV
PERL_MALLOC_WRAP PERL_PRESERVE_IVUV PERL_USE_DEVEL
PERL_USE_SAFE_PUTENV USE_64_BIT_INT USE_LARGE_FILES
USE_LOCALE USE_LOCALE_COLLATE USE_LOCALE_CTYPE
USE_LOCALE_NUMERIC USE_PERLIO USE_PERL_ATOF
Built under solaris
Compiled at Oct 24 2011 11:26:38
%ENV:
PERL5LIB="/export/home/cpant4/.cpan/build/MooseX-AttributeHelpers-0.23-05wIiV/blib/arch:/export/home/cpant4/.cpan/build/MooseX-AttributeHelpers-0.23-05wIiV/blib/lib"
PERL5OPT=""
PERL5_CPANPLUS_IS_RUNNING="20845"
PERL5_CPAN_IS_RUNNING="20845"
PERL5_CPAN_IS_RUNNING_IN_RECURSION="8306,20845"
PERL_CR_SMOKER_CURRENT="MooseX-Attribute-Prototype-0.10"
PERL_EXTUTILS_AUTOINSTALL="--defaultdeps"
PERL_MM_USE_DEFAULT="1"
@INC:
/export/home/cpant4/.cpan/build/MooseX-AttributeHelpers-0.23-05wIiV/blib/arch
/export/home/cpant4/.cpan/build/MooseX-AttributeHelpers-0.23-05wIiV/blib/lib
/export/home/cpant4/perl5/lib/site_perl/5.15.4/i86pc-solaris-64int
/export/home/cpant4/perl5/lib/site_perl/5.15.4
/export/home/cpant4/perl5/lib/5.15.4/i86pc-solaris-64int
/export/home/cpant4/perl5/lib/5.15.4
/export/home/cpant4/perl5/lib/site_perl
.