POE-Component-SSLify v1.012 Perl 5 v5.37.0 x86_64-linux-thread-multi
- Status
- Fail
- From
- Andreas J. König (ANDK)
- Dist
-
POE-Component-SSLify v1.012
- Platform
- Perl 5 v5.37.0 x86_64-linux-thread-multi
- Date
- 2022-06-14 01:41:06
- ID
- 0f13a56c-eb83-11ec-a9a3-c4cac6765a0f
This distribution has been tested as part of the CPAN Testers
project, supporting the Perl programming language. See
http://wiki.cpantesters.org/ for more information or email
questions to cpan-testers-discuss@perl.org
--
Dear Apocalypse,
This is a computer-generated report for POE-Component-SSLify-1.012
on perl 5.37.0, created by CPAN-Reporter-1.2018.
Thank you for uploading your work to CPAN. However, there was a problem
testing your distribution.
If you think this report is invalid, please consult the CPAN Testers Wiki
for suggestions on how to avoid getting FAIL reports for missing library
or binary dependencies, unsupported operating systems, and so on:
http://wiki.cpantesters.org/wiki/CPANAuthorNotes
Sections of this report:
* Tester comments
* Program output
* Prerequisites
* Environment and other context
------------------------------
TESTER COMMENTS
------------------------------
Additional comments from tester:
this report is from an automated smoke testing program
and was not reviewed by a human for accuracy
------------------------------
PROGRAM OUTPUT
------------------------------
Output from './Build test':
t/00-compile.t ................ ok
#
# Versions for all modules listed in MYMETA.json (including optional ones):
#
# === Configure Requires ===
#
# Module Want Have
# ------------------- ----- -----
# ExtUtils::MakeMaker any 7.64
# Module::Build::Tiny 0.039 0.039
#
# === Test Requires ===
#
# Module Want Have
# --------------------------- -------- --------
# ExtUtils::MakeMaker any 7.64
# File::Spec any 3.84
# File::Temp any 0.2311
# IO::Handle 1.28 1.48
# IPC::Open3 any 1.22
# POE 1.267 1.370
# POE::Component::Client::TCP any 1.370
# POE::Component::Server::TCP any 1.370
# POE::Filter::Stream any 1.370
# Socket any 2.033
# Test::FailWarnings any 0.008
# Test::More 1.001002 1.302190
#
# === Test Recommends ===
#
# Module Want Have
# ---------- -------- --------
# CPAN::Meta 2.120900 2.150010
#
# === Runtime Requires ===
#
# Module Want Have
# ------------ ----- -----
# Exporter any 5.77
# IO::Handle 1.28 1.48
# Net::SSLeay 1.36 1.92
# POE 1.267 1.370
# Scalar::Util any 1.62
# Symbol any 1.09
# Task::Weaken 1.03 1.06
# parent any 0.238
# strict any 1.12
# warnings any 1.58
#
t/00-report-prereqs.t ......... ok
#
# Net::SSLeay::ver_number is 0x30000030
# OpenSSL 3.0.3 3 May 2022
# built on: Fri May 20 20:01:29 2022 UTC
# platform: debian-amd64
# OPENSSLDIR: "/usr/lib/ssl"
# pogomips: 33758986
t/00-ssleay-info.t ............ ok
t/99_mire_test.t .............. skipped: AUTHOR TEST
t/apocalypse.t ................ skipped: Test::Apocalypse required for validating the distribution
t/connect_hook.t .............. ok
# Failed test 'Got SERVER read error 32: Broken pipe'
# at t/connect_hook_nodata.t line 84.
# Looks like you failed 1 test of 17.
t/connect_hook_nodata.t .......
Dubious, test returned 1 (wstat 256, 0x100)
Failed 1/17 subtests
t/connfail_client.t ........... ok
t/connfail_server.t ........... ok
# Failed test 'SERVER: SSLify_Options Can't locate auto/Net/SSLeay/CTX_v3_new.al in @INC (@INC contains: /home/sand/.cpan/privbuild/k93msid/POE-Component-SSLify-1.012-15/blib/arch /home/sand/.cpan/privbuild/k93msid/POE-Component-SSLify-1.012-15/blib/lib /home/sand/src/perl/repoperls/installed-perls/host/k93msid/v5.37.0/29fb/lib/site_perl/5.37.0/x86_64-linux-thread-multi /home/sand/src/perl/repoperls/installed-perls/host/k93msid/v5.37.0/29fb/lib/site_perl/5.37.0 /home/sand/src/perl/repoperls/installed-perls/host/k93msid/v5.37.0/29fb/lib/5.37.0/x86_64-linux-thread-multi /home/sand/src/perl/repoperls/installed-perls/host/k93msid/v5.37.0/29fb/lib/5.37.0 .) at /home/sand/.cpan/privbuild/k93msid/POE-Component-SSLify-1.012-15/blib/lib/POE/Component/SSLify.pm line 362.
# '
# at t/renegotiate_client.t line 55.
# Failed test 'SERVER: Server_SSLify Please do SSLify_Options() first ( or pass in a $ctx object ) at /home/sand/.cpan/privbuild/k93msid/POE-Component-SSLify-1.012-15/blib/lib/POE/Component/SSLify.pm line 247.
# '
# at t/renegotiate_client.t line 58.
# Failed test 'CLIENT: SSLify_ContextCreate Can't locate auto/Net/SSLeay/CTX_v3_new.al in @INC (@INC contains: /home/sand/.cpan/privbuild/k93msid/POE-Component-SSLify-1.012-15/blib/arch /home/sand/.cpan/privbuild/k93msid/POE-Component-SSLify-1.012-15/blib/lib /home/sand/src/perl/repoperls/installed-perls/host/k93msid/v5.37.0/29fb/lib/site_perl/5.37.0/x86_64-linux-thread-multi /home/sand/src/perl/repoperls/installed-perls/host/k93msid/v5.37.0/29fb/lib/site_perl/5.37.0 /home/sand/src/perl/repoperls/installed-perls/host/k93msid/v5.37.0/29fb/lib/5.37.0/x86_64-linux-thread-multi /home/sand/src/perl/repoperls/installed-perls/host/k93msid/v5.37.0/29fb/lib/5.37.0 .) at /home/sand/.cpan/privbuild/k93msid/POE-Component-SSLify-1.012-15/blib/lib/POE/Component/SSLify.pm line 362.
# '
# at t/renegotiate_client.t line 117.
Can't use an undefined value as a symbol reference at /home/sand/.cpan/privbuild/k93msid/POE-Component-SSLify-1.012-15/blib/lib/POE/Component/SSLify.pm line 446.
# Tests were run but no plan was declared and done_testing() was not seen.
# Looks like your test exited with 22 just after 7.
t/renegotiate_client.t ........
Dubious, test returned 22 (wstat 5632, 0x1600)
Failed 3/7 subtests
# Failed test 'SERVER: SSLify_Options Can't locate auto/Net/SSLeay/CTX_v3_new.al in @INC (@INC contains: /home/sand/.cpan/privbuild/k93msid/POE-Component-SSLify-1.012-15/blib/arch /home/sand/.cpan/privbuild/k93msid/POE-Component-SSLify-1.012-15/blib/lib /home/sand/src/perl/repoperls/installed-perls/host/k93msid/v5.37.0/29fb/lib/site_perl/5.37.0/x86_64-linux-thread-multi /home/sand/src/perl/repoperls/installed-perls/host/k93msid/v5.37.0/29fb/lib/site_perl/5.37.0 /home/sand/src/perl/repoperls/installed-perls/host/k93msid/v5.37.0/29fb/lib/5.37.0/x86_64-linux-thread-multi /home/sand/src/perl/repoperls/installed-perls/host/k93msid/v5.37.0/29fb/lib/5.37.0 .) at /home/sand/.cpan/privbuild/k93msid/POE-Component-SSLify-1.012-15/blib/lib/POE/Component/SSLify.pm line 362.
# '
# at t/renegotiate_client_pings.t line 57.
# Failed test 'SERVER: Server_SSLify Please do SSLify_Options() first ( or pass in a $ctx object ) at /home/sand/.cpan/privbuild/k93msid/POE-Component-SSLify-1.012-15/blib/lib/POE/Component/SSLify.pm line 247.
# '
# at t/renegotiate_client_pings.t line 60.
# Failed test 'CLIENT: SSLify_ContextCreate Can't locate auto/Net/SSLeay/CTX_v3_new.al in @INC (@INC contains: /home/sand/.cpan/privbuild/k93msid/POE-Component-SSLify-1.012-15/blib/arch /home/sand/.cpan/privbuild/k93msid/POE-Component-SSLify-1.012-15/blib/lib /home/sand/src/perl/repoperls/installed-perls/host/k93msid/v5.37.0/29fb/lib/site_perl/5.37.0/x86_64-linux-thread-multi /home/sand/src/perl/repoperls/installed-perls/host/k93msid/v5.37.0/29fb/lib/site_perl/5.37.0 /home/sand/src/perl/repoperls/installed-perls/host/k93msid/v5.37.0/29fb/lib/5.37.0/x86_64-linux-thread-multi /home/sand/src/perl/repoperls/installed-perls/host/k93msid/v5.37.0/29fb/lib/5.37.0 .) at /home/sand/.cpan/privbuild/k93msid/POE-Component-SSLify-1.012-15/blib/lib/POE/Component/SSLify.pm line 362.
# '
# at t/renegotiate_client_pings.t line 120.
Can't use an undefined value as a symbol reference at /home/sand/.cpan/privbuild/k93msid/POE-Component-SSLify-1.012-15/blib/lib/POE/Component/SSLify.pm line 446.
# Tests were run but no plan was declared and done_testing() was not seen.
# Looks like your test exited with 22 just after 7.
t/renegotiate_client_pings.t ..
Dubious, test returned 22 (wstat 5632, 0x1600)
Failed 3/7 subtests
# Failed test 'SERVER: SSLify_Options Can't locate auto/Net/SSLeay/CTX_v3_new.al in @INC (@INC contains: /home/sand/.cpan/privbuild/k93msid/POE-Component-SSLify-1.012-15/blib/arch /home/sand/.cpan/privbuild/k93msid/POE-Component-SSLify-1.012-15/blib/lib /home/sand/src/perl/repoperls/installed-perls/host/k93msid/v5.37.0/29fb/lib/site_perl/5.37.0/x86_64-linux-thread-multi /home/sand/src/perl/repoperls/installed-perls/host/k93msid/v5.37.0/29fb/lib/site_perl/5.37.0 /home/sand/src/perl/repoperls/installed-perls/host/k93msid/v5.37.0/29fb/lib/5.37.0/x86_64-linux-thread-multi /home/sand/src/perl/repoperls/installed-perls/host/k93msid/v5.37.0/29fb/lib/5.37.0 .) at /home/sand/.cpan/privbuild/k93msid/POE-Component-SSLify-1.012-15/blib/lib/POE/Component/SSLify.pm line 362.
# '
# at t/renegotiate_server.t line 55.
# Failed test 'SERVER: Server_SSLify Please do SSLify_Options() first ( or pass in a $ctx object ) at /home/sand/.cpan/privbuild/k93msid/POE-Component-SSLify-1.012-15/blib/lib/POE/Component/SSLify.pm line 247.
# '
# at t/renegotiate_server.t line 58.
# Failed test 'CLIENT: SSLify_ContextCreate Can't locate auto/Net/SSLeay/CTX_v3_new.al in @INC (@INC contains: /home/sand/.cpan/privbuild/k93msid/POE-Component-SSLify-1.012-15/blib/arch /home/sand/.cpan/privbuild/k93msid/POE-Component-SSLify-1.012-15/blib/lib /home/sand/src/perl/repoperls/installed-perls/host/k93msid/v5.37.0/29fb/lib/site_perl/5.37.0/x86_64-linux-thread-multi /home/sand/src/perl/repoperls/installed-perls/host/k93msid/v5.37.0/29fb/lib/site_perl/5.37.0 /home/sand/src/perl/repoperls/installed-perls/host/k93msid/v5.37.0/29fb/lib/5.37.0/x86_64-linux-thread-multi /home/sand/src/perl/repoperls/installed-perls/host/k93msid/v5.37.0/29fb/lib/5.37.0 .) at /home/sand/.cpan/privbuild/k93msid/POE-Component-SSLify-1.012-15/blib/lib/POE/Component/SSLify.pm line 362.
# '
# at t/renegotiate_server.t line 117.
Can't use an undefined value as a symbol reference at /home/sand/.cpan/privbuild/k93msid/POE-Component-SSLify-1.012-15/blib/lib/POE/Component/SSLify.pm line 446.
# Tests were run but no plan was declared and done_testing() was not seen.
# Looks like your test exited with 22 just after 7.
t/renegotiate_server.t ........
Dubious, test returned 22 (wstat 5632, 0x1600)
Failed 3/7 subtests
# Failed test 'SERVER: SSLify_Options Can't locate auto/Net/SSLeay/CTX_v3_new.al in @INC (@INC contains: /home/sand/.cpan/privbuild/k93msid/POE-Component-SSLify-1.012-15/blib/arch /home/sand/.cpan/privbuild/k93msid/POE-Component-SSLify-1.012-15/blib/lib /home/sand/src/perl/repoperls/installed-perls/host/k93msid/v5.37.0/29fb/lib/site_perl/5.37.0/x86_64-linux-thread-multi /home/sand/src/perl/repoperls/installed-perls/host/k93msid/v5.37.0/29fb/lib/site_perl/5.37.0 /home/sand/src/perl/repoperls/installed-perls/host/k93msid/v5.37.0/29fb/lib/5.37.0/x86_64-linux-thread-multi /home/sand/src/perl/repoperls/installed-perls/host/k93msid/v5.37.0/29fb/lib/5.37.0 .) at /home/sand/.cpan/privbuild/k93msid/POE-Component-SSLify-1.012-15/blib/lib/POE/Component/SSLify.pm line 362.
# '
# at t/simple.t line 52.
# Failed test 'SERVER: Server_SSLify Please do SSLify_Options() first ( or pass in a $ctx object ) at /home/sand/.cpan/privbuild/k93msid/POE-Component-SSLify-1.012-15/blib/lib/POE/Component/SSLify.pm line 247.
# '
# at t/simple.t line 55.
# Failed test 'CLIENT: SSLify_ContextCreate Can't locate auto/Net/SSLeay/CTX_v3_new.al in @INC (@INC contains: /home/sand/.cpan/privbuild/k93msid/POE-Component-SSLify-1.012-15/blib/arch /home/sand/.cpan/privbuild/k93msid/POE-Component-SSLify-1.012-15/blib/lib /home/sand/src/perl/repoperls/installed-perls/host/k93msid/v5.37.0/29fb/lib/site_perl/5.37.0/x86_64-linux-thread-multi /home/sand/src/perl/repoperls/installed-perls/host/k93msid/v5.37.0/29fb/lib/site_perl/5.37.0 /home/sand/src/perl/repoperls/installed-perls/host/k93msid/v5.37.0/29fb/lib/5.37.0/x86_64-linux-thread-multi /home/sand/src/perl/repoperls/installed-perls/host/k93msid/v5.37.0/29fb/lib/5.37.0 .) at /home/sand/.cpan/privbuild/k93msid/POE-Component-SSLify-1.012-15/blib/lib/POE/Component/SSLify.pm line 362.
# '
# at t/simple.t line 111.
Can't use an undefined value as a symbol reference at /home/sand/.cpan/privbuild/k93msid/POE-Component-SSLify-1.012-15/blib/lib/POE/Component/SSLify.pm line 446.
# Tests were run but no plan was declared and done_testing() was not seen.
# Looks like your test exited with 22 just after 7.
t/simple.t ....................
Dubious, test returned 22 (wstat 5632, 0x1600)
Failed 3/7 subtests
# Failed test 'SERVER: SSLify_Options Can't locate auto/Net/SSLeay/CTX_v3_new.al in @INC (@INC contains: /home/sand/.cpan/privbuild/k93msid/POE-Component-SSLify-1.012-15/blib/arch /home/sand/.cpan/privbuild/k93msid/POE-Component-SSLify-1.012-15/blib/lib /home/sand/src/perl/repoperls/installed-perls/host/k93msid/v5.37.0/29fb/lib/site_perl/5.37.0/x86_64-linux-thread-multi /home/sand/src/perl/repoperls/installed-perls/host/k93msid/v5.37.0/29fb/lib/site_perl/5.37.0 /home/sand/src/perl/repoperls/installed-perls/host/k93msid/v5.37.0/29fb/lib/5.37.0/x86_64-linux-thread-multi /home/sand/src/perl/repoperls/installed-perls/host/k93msid/v5.37.0/29fb/lib/5.37.0 .) at /home/sand/.cpan/privbuild/k93msid/POE-Component-SSLify-1.012-15/blib/lib/POE/Component/SSLify.pm line 362.
# '
# at t/simple_large.t line 54.
# Failed test 'SERVER: Server_SSLify Please do SSLify_Options() first ( or pass in a $ctx object ) at /home/sand/.cpan/privbuild/k93msid/POE-Component-SSLify-1.012-15/blib/lib/POE/Component/SSLify.pm line 247.
# '
# at t/simple_large.t line 57.
# Failed test 'CLIENT: SSLify_ContextCreate Can't locate auto/Net/SSLeay/CTX_v3_new.al in @INC (@INC contains: /home/sand/.cpan/privbuild/k93msid/POE-Component-SSLify-1.012-15/blib/arch /home/sand/.cpan/privbuild/k93msid/POE-Component-SSLify-1.012-15/blib/lib /home/sand/src/perl/repoperls/installed-perls/host/k93msid/v5.37.0/29fb/lib/site_perl/5.37.0/x86_64-linux-thread-multi /home/sand/src/perl/repoperls/installed-perls/host/k93msid/v5.37.0/29fb/lib/site_perl/5.37.0 /home/sand/src/perl/repoperls/installed-perls/host/k93msid/v5.37.0/29fb/lib/5.37.0/x86_64-linux-thread-multi /home/sand/src/perl/repoperls/installed-perls/host/k93msid/v5.37.0/29fb/lib/5.37.0 .) at /home/sand/.cpan/privbuild/k93msid/POE-Component-SSLify-1.012-15/blib/lib/POE/Component/SSLify.pm line 362.
# '
# at t/simple_large.t line 113.
Can't use an undefined value as a symbol reference at /home/sand/.cpan/privbuild/k93msid/POE-Component-SSLify-1.012-15/blib/lib/POE/Component/SSLify.pm line 446.
# Tests were run but no plan was declared and done_testing() was not seen.
# Looks like your test exited with 22 just after 6.
t/simple_large.t ..............
Dubious, test returned 22 (wstat 5632, 0x1600)
Failed 3/6 subtests
# Failed test 'SERVER: SSLify_Options Can't locate auto/Net/SSLeay/CTX_v3_new.al in @INC (@INC contains: /home/sand/.cpan/privbuild/k93msid/POE-Component-SSLify-1.012-15/blib/arch /home/sand/.cpan/privbuild/k93msid/POE-Component-SSLify-1.012-15/blib/lib /home/sand/src/perl/repoperls/installed-perls/host/k93msid/v5.37.0/29fb/lib/site_perl/5.37.0/x86_64-linux-thread-multi /home/sand/src/perl/repoperls/installed-perls/host/k93msid/v5.37.0/29fb/lib/site_perl/5.37.0 /home/sand/src/perl/repoperls/installed-perls/host/k93msid/v5.37.0/29fb/lib/5.37.0/x86_64-linux-thread-multi /home/sand/src/perl/repoperls/installed-perls/host/k93msid/v5.37.0/29fb/lib/5.37.0 .) at /home/sand/.cpan/privbuild/k93msid/POE-Component-SSLify-1.012-15/blib/lib/POE/Component/SSLify.pm line 362.
# '
# at t/simple_parallel.t line 52.
# Failed test 'SERVER: Server_SSLify Please do SSLify_Options() first ( or pass in a $ctx object ) at /home/sand/.cpan/privbuild/k93msid/POE-Component-SSLify-1.012-15/blib/lib/POE/Component/SSLify.pm line 247.
# '
# at t/simple_parallel.t line 55.
# Failed test 'CLIENT: SSLify_ContextCreate Can't locate auto/Net/SSLeay/CTX_v3_new.al in @INC (@INC contains: /home/sand/.cpan/privbuild/k93msid/POE-Component-SSLify-1.012-15/blib/arch /home/sand/.cpan/privbuild/k93msid/POE-Component-SSLify-1.012-15/blib/lib /home/sand/src/perl/repoperls/installed-perls/host/k93msid/v5.37.0/29fb/lib/site_perl/5.37.0/x86_64-linux-thread-multi /home/sand/src/perl/repoperls/installed-perls/host/k93msid/v5.37.0/29fb/lib/site_perl/5.37.0 /home/sand/src/perl/repoperls/installed-perls/host/k93msid/v5.37.0/29fb/lib/5.37.0/x86_64-linux-thread-multi /home/sand/src/perl/repoperls/installed-perls/host/k93msid/v5.37.0/29fb/lib/5.37.0 .) at /home/sand/.cpan/privbuild/k93msid/POE-Component-SSLify-1.012-15/blib/lib/POE/Component/SSLify.pm line 362.
# '
# at t/simple_parallel.t line 111.
# Failed test 'CLIENT: SSLify_ContextCreate Can't locate auto/Net/SSLeay/CTX_v3_new.al in @INC (@INC contains: /home/sand/.cpan/privbuild/k93msid/POE-Component-SSLify-1.012-15/blib/arch /home/sand/.cpan/privbuild/k93msid/POE-Component-SSLify-1.012-15/blib/lib /home/sand/src/perl/repoperls/installed-perls/host/k93msid/v5.37.0/29fb/lib/site_perl/5.37.0/x86_64-linux-thread-multi /home/sand/src/perl/repoperls/installed-perls/host/k93msid/v5.37.0/29fb/lib/site_perl/5.37.0 /home/sand/src/perl/repoperls/installed-perls/host/k93msid/v5.37.0/29fb/lib/5.37.0/x86_64-linux-thread-multi /home/sand/src/perl/repoperls/installed-perls/host/k93msid/v5.37.0/29fb/lib/5.37.0 .) at /home/sand/.cpan/privbuild/k93msid/POE-Component-SSLify-1.012-15/blib/lib/POE/Component/SSLify.pm line 362.
# '
# at t/simple_parallel.t line 111.
# Failed test 'CLIENT: SSLify_ContextCreate Can't locate auto/Net/SSLeay/CTX_v3_new.al in @INC (@INC contains: /home/sand/.cpan/privbuild/k93msid/POE-Component-SSLify-1.012-15/blib/arch /home/sand/.cpan/privbuild/k93msid/POE-Component-SSLify-1.012-15/blib/lib /home/sand/src/perl/repoperls/installed-perls/host/k93msid/v5.37.0/29fb/lib/site_perl/5.37.0/x86_64-linux-thread-multi /home/sand/src/perl/repoperls/installed-perls/host/k93msid/v5.37.0/29fb/lib/site_perl/5.37.0 /home/sand/src/perl/repoperls/installed-perls/host/k93msid/v5.37.0/29fb/lib/5.37.0/x86_64-linux-thread-multi /home/sand/src/perl/repoperls/installed-perls/host/k93msid/v5.37.0/29fb/lib/5.37.0 .) at /home/sand/.cpan/privbuild/k93msid/POE-Component-SSLify-1.012-15/blib/lib/POE/Component/SSLify.pm line 362.
# '
# at t/simple_parallel.t line 111.
# Failed test 'CLIENT: SSLify_ContextCreate Can't locate auto/Net/SSLeay/CTX_v3_new.al in @INC (@INC contains: /home/sand/.cpan/privbuild/k93msid/POE-Component-SSLify-1.012-15/blib/arch /home/sand/.cpan/privbuild/k93msid/POE-Component-SSLify-1.012-15/blib/lib /home/sand/src/perl/repoperls/installed-perls/host/k93msid/v5.37.0/29fb/lib/site_perl/5.37.0/x86_64-linux-thread-multi /home/sand/src/perl/repoperls/installed-perls/host/k93msid/v5.37.0/29fb/lib/site_perl/5.37.0 /home/sand/src/perl/repoperls/installed-perls/host/k93msid/v5.37.0/29fb/lib/5.37.0/x86_64-linux-thread-multi /home/sand/src/perl/repoperls/installed-perls/host/k93msid/v5.37.0/29fb/lib/5.37.0 .) at /home/sand/.cpan/privbuild/k93msid/POE-Component-SSLify-1.012-15/blib/lib/POE/Component/SSLify.pm line 362.
# '
# at t/simple_parallel.t line 111.
# Failed test 'CLIENT: SSLify_ContextCreate Can't locate auto/Net/SSLeay/CTX_v3_new.al in @INC (@INC contains: /home/sand/.cpan/privbuild/k93msid/POE-Component-SSLify-1.012-15/blib/arch /home/sand/.cpan/privbuild/k93msid/POE-Component-SSLify-1.012-15/blib/lib /home/sand/src/perl/repoperls/installed-perls/host/k93msid/v5.37.0/29fb/lib/site_perl/5.37.0/x86_64-linux-thread-multi /home/sand/src/perl/repoperls/installed-perls/host/k93msid/v5.37.0/29fb/lib/site_perl/5.37.0 /home/sand/src/perl/repoperls/installed-perls/host/k93msid/v5.37.0/29fb/lib/5.37.0/x86_64-linux-thread-multi /home/sand/src/perl/repoperls/installed-perls/host/k93msid/v5.37.0/29fb/lib/5.37.0 .) at /home/sand/.cpan/privbuild/k93msid/POE-Component-SSLify-1.012-15/blib/lib/POE/Component/SSLify.pm line 362.
# '
# at t/simple_parallel.t line 111.
# Failed test 'CLIENT: SSLify_ContextCreate Can't locate auto/Net/SSLeay/CTX_v3_new.al in @INC (@INC contains: /home/sand/.cpan/privbuild/k93msid/POE-Component-SSLify-1.012-15/blib/arch /home/sand/.cpan/privbuild/k93msid/POE-Component-SSLify-1.012-15/blib/lib /home/sand/src/perl/repoperls/installed-perls/host/k93msid/v5.37.0/29fb/lib/site_perl/5.37.0/x86_64-linux-thread-multi /home/sand/src/perl/repoperls/installed-perls/host/k93msid/v5.37.0/29fb/lib/site_perl/5.37.0 /home/sand/src/perl/repoperls/installed-perls/host/k93msid/v5.37.0/29fb/lib/5.37.0/x86_64-linux-thread-multi /home/sand/src/perl/repoperls/installed-perls/host/k93msid/v5.37.0/29fb/lib/5.37.0 .) at /home/sand/.cpan/privbuild/k93msid/POE-Component-SSLify-1.012-15/blib/lib/POE/Component/SSLify.pm line 362.
# '
# at t/simple_parallel.t line 111.
# Failed test 'CLIENT: SSLify_ContextCreate Can't locate auto/Net/SSLeay/CTX_v3_new.al in @INC (@INC contains: /home/sand/.cpan/privbuild/k93msid/POE-Component-SSLify-1.012-15/blib/arch /home/sand/.cpan/privbuild/k93msid/POE-Component-SSLify-1.012-15/blib/lib /home/sand/src/perl/repoperls/installed-perls/host/k93msid/v5.37.0/29fb/lib/site_perl/5.37.0/x86_64-linux-thread-multi /home/sand/src/perl/repoperls/installed-perls/host/k93msid/v5.37.0/29fb/lib/site_perl/5.37.0 /home/sand/src/perl/repoperls/installed-perls/host/k93msid/v5.37.0/29fb/lib/5.37.0/x86_64-linux-thread-multi /home/sand/src/perl/repoperls/installed-perls/host/k93msid/v5.37.0/29fb/lib/5.37.0 .) at /home/sand/.cpan/privbuild/k93msid/POE-Component-SSLify-1.012-15/blib/lib/POE/Component/SSLify.pm line 362.
# '
# at t/simple_parallel.t line 111.
# Failed test 'CLIENT: SSLify_ContextCreate Can't locate auto/Net/SSLeay/CTX_v3_new.al in @INC (@INC contains: /home/sand/.cpan/privbuild/k93msid/POE-Component-SSLify-1.012-15/blib/arch /home/sand/.cpan/privbuild/k93msid/POE-Component-SSLify-1.012-15/blib/lib /home/sand/src/perl/repoperls/installed-perls/host/k93msid/v5.37.0/29fb/lib/site_perl/5.37.0/x86_64-linux-thread-multi /home/sand/src/perl/repoperls/installed-perls/host/k93msid/v5.37.0/29fb/lib/site_perl/5.37.0 /home/sand/src/perl/repoperls/installed-perls/host/k93msid/v5.37.0/29fb/lib/5.37.0/x86_64-linux-thread-multi /home/sand/src/perl/repoperls/installed-perls/host/k93msid/v5.37.0/29fb/lib/5.37.0 .) at /home/sand/.cpan/privbuild/k93msid/POE-Component-SSLify-1.012-15/blib/lib/POE/Component/SSLify.pm line 362.
# '
# at t/simple_parallel.t line 111.
# Failed test 'CLIENT: SSLify_ContextCreate Can't locate auto/Net/SSLeay/CTX_v3_new.al in @INC (@INC contains: /home/sand/.cpan/privbuild/k93msid/POE-Component-SSLify-1.012-15/blib/arch /home/sand/.cpan/privbuild/k93msid/POE-Component-SSLify-1.012-15/blib/lib /home/sand/src/perl/repoperls/installed-perls/host/k93msid/v5.37.0/29fb/lib/site_perl/5.37.0/x86_64-linux-thread-multi /home/sand/src/perl/repoperls/installed-perls/host/k93msid/v5.37.0/29fb/lib/site_perl/5.37.0 /home/sand/src/perl/repoperls/installed-perls/host/k93msid/v5.37.0/29fb/lib/5.37.0/x86_64-linux-thread-multi /home/sand/src/perl/repoperls/installed-perls/host/k93msid/v5.37.0/29fb/lib/5.37.0 .) at /home/sand/.cpan/privbuild/k93msid/POE-Component-SSLify-1.012-15/blib/lib/POE/Component/SSLify.pm line 362.
# '
# at t/simple_parallel.t line 111.
# Failed test 'CLIENT: SSLify_ContextCreate Can't locate auto/Net/SSLeay/CTX_v3_new.al in @INC (@INC contains: /home/sand/.cpan/privbuild/k93msid/POE-Component-SSLify-1.012-15/blib/arch /home/sand/.cpan/privbuild/k93msid/POE-Component-SSLify-1.012-15/blib/lib /home/sand/src/perl/repoperls/installed-perls/host/k93msid/v5.37.0/29fb/lib/site_perl/5.37.0/x86_64-linux-thread-multi /home/sand/src/perl/repoperls/installed-perls/host/k93msid/v5.37.0/29fb/lib/site_perl/5.37.0 /home/sand/src/perl/repoperls/installed-perls/host/k93msid/v5.37.0/29fb/lib/5.37.0/x86_64-linux-thread-multi /home/sand/src/perl/repoperls/installed-perls/host/k93msid/v5.37.0/29fb/lib/5.37.0 .) at /home/sand/.cpan/privbuild/k93msid/POE-Component-SSLify-1.012-15/blib/lib/POE/Component/SSLify.pm line 362.
# '
# at t/simple_parallel.t line 111.
Can't use an undefined value as a symbol reference at /home/sand/.cpan/privbuild/k93msid/POE-Component-SSLify-1.012-15/blib/lib/POE/Component/SSLify.pm line 446.
# Tests were run but no plan was declared and done_testing() was not seen.
# Looks like your test exited with 22 just after 52.
t/simple_parallel.t ...........
Dubious, test returned 22 (wstat 5632, 0x1600)
Failed 12/52 subtests
# Failed test 'SERVER: SSLify_Options Can't locate auto/Net/SSLeay/CTX_v3_new.al in @INC (@INC contains: /home/sand/.cpan/privbuild/k93msid/POE-Component-SSLify-1.012-15/blib/arch /home/sand/.cpan/privbuild/k93msid/POE-Component-SSLify-1.012-15/blib/lib /home/sand/src/perl/repoperls/installed-perls/host/k93msid/v5.37.0/29fb/lib/site_perl/5.37.0/x86_64-linux-thread-multi /home/sand/src/perl/repoperls/installed-perls/host/k93msid/v5.37.0/29fb/lib/site_perl/5.37.0 /home/sand/src/perl/repoperls/installed-perls/host/k93msid/v5.37.0/29fb/lib/5.37.0/x86_64-linux-thread-multi /home/sand/src/perl/repoperls/installed-perls/host/k93msid/v5.37.0/29fb/lib/5.37.0 .) at /home/sand/.cpan/privbuild/k93msid/POE-Component-SSLify-1.012-15/blib/lib/POE/Component/SSLify.pm line 362.
# '
# at t/simple_parallel_large.t line 54.
# Failed test 'SERVER: Server_SSLify Please do SSLify_Options() first ( or pass in a $ctx object ) at /home/sand/.cpan/privbuild/k93msid/POE-Component-SSLify-1.012-15/blib/lib/POE/Component/SSLify.pm line 247.
# '
# at t/simple_parallel_large.t line 57.
# Failed test 'CLIENT: SSLify_ContextCreate Can't locate auto/Net/SSLeay/CTX_v3_new.al in @INC (@INC contains: /home/sand/.cpan/privbuild/k93msid/POE-Component-SSLify-1.012-15/blib/arch /home/sand/.cpan/privbuild/k93msid/POE-Component-SSLify-1.012-15/blib/lib /home/sand/src/perl/repoperls/installed-perls/host/k93msid/v5.37.0/29fb/lib/site_perl/5.37.0/x86_64-linux-thread-multi /home/sand/src/perl/repoperls/installed-perls/host/k93msid/v5.37.0/29fb/lib/site_perl/5.37.0 /home/sand/src/perl/repoperls/installed-perls/host/k93msid/v5.37.0/29fb/lib/5.37.0/x86_64-linux-thread-multi /home/sand/src/perl/repoperls/installed-perls/host/k93msid/v5.37.0/29fb/lib/5.37.0 .) at /home/sand/.cpan/privbuild/k93msid/POE-Component-SSLify-1.012-15/blib/lib/POE/Component/SSLify.pm line 362.
# '
# at t/simple_parallel_large.t line 111.
# Failed test 'CLIENT: SSLify_ContextCreate Can't locate auto/Net/SSLeay/CTX_v3_new.al in @INC (@INC contains: /home/sand/.cpan/privbuild/k93msid/POE-Component-SSLify-1.012-15/blib/arch /home/sand/.cpan/privbuild/k93msid/POE-Component-SSLify-1.012-15/blib/lib /home/sand/src/perl/repoperls/installed-perls/host/k93msid/v5.37.0/29fb/lib/site_perl/5.37.0/x86_64-linux-thread-multi /home/sand/src/perl/repoperls/installed-perls/host/k93msid/v5.37.0/29fb/lib/site_perl/5.37.0 /home/sand/src/perl/repoperls/installed-perls/host/k93msid/v5.37.0/29fb/lib/5.37.0/x86_64-linux-thread-multi /home/sand/src/perl/repoperls/installed-perls/host/k93msid/v5.37.0/29fb/lib/5.37.0 .) at /home/sand/.cpan/privbuild/k93msid/POE-Component-SSLify-1.012-15/blib/lib/POE/Component/SSLify.pm line 362.
# '
# at t/simple_parallel_large.t line 111.
# Failed test 'CLIENT: SSLify_ContextCreate Can't locate auto/Net/SSLeay/CTX_v3_new.al in @INC (@INC contains: /home/sand/.cpan/privbuild/k93msid/POE-Component-SSLify-1.012-15/blib/arch /home/sand/.cpan/privbuild/k93msid/POE-Component-SSLify-1.012-15/blib/lib /home/sand/src/perl/repoperls/installed-perls/host/k93msid/v5.37.0/29fb/lib/site_perl/5.37.0/x86_64-linux-thread-multi /home/sand/src/perl/repoperls/installed-perls/host/k93msid/v5.37.0/29fb/lib/site_perl/5.37.0 /home/sand/src/perl/repoperls/installed-perls/host/k93msid/v5.37.0/29fb/lib/5.37.0/x86_64-linux-thread-multi /home/sand/src/perl/repoperls/installed-perls/host/k93msid/v5.37.0/29fb/lib/5.37.0 .) at /home/sand/.cpan/privbuild/k93msid/POE-Component-SSLify-1.012-15/blib/lib/POE/Component/SSLify.pm line 362.
# '
# at t/simple_parallel_large.t line 111.
# Failed test 'CLIENT: SSLify_ContextCreate Can't locate auto/Net/SSLeay/CTX_v3_new.al in @INC (@INC contains: /home/sand/.cpan/privbuild/k93msid/POE-Component-SSLify-1.012-15/blib/arch /home/sand/.cpan/privbuild/k93msid/POE-Component-SSLify-1.012-15/blib/lib /home/sand/src/perl/repoperls/installed-perls/host/k93msid/v5.37.0/29fb/lib/site_perl/5.37.0/x86_64-linux-thread-multi /home/sand/src/perl/repoperls/installed-perls/host/k93msid/v5.37.0/29fb/lib/site_perl/5.37.0 /home/sand/src/perl/repoperls/installed-perls/host/k93msid/v5.37.0/29fb/lib/5.37.0/x86_64-linux-thread-multi /home/sand/src/perl/repoperls/installed-perls/host/k93msid/v5.37.0/29fb/lib/5.37.0 .) at /home/sand/.cpan/privbuild/k93msid/POE-Component-SSLify-1.012-15/blib/lib/POE/Component/SSLify.pm line 362.
# '
# at t/simple_parallel_large.t line 111.
# Failed test 'CLIENT: SSLify_ContextCreate Can't locate auto/Net/SSLeay/CTX_v3_new.al in @INC (@INC contains: /home/sand/.cpan/privbuild/k93msid/POE-Component-SSLify-1.012-15/blib/arch /home/sand/.cpan/privbuild/k93msid/POE-Component-SSLify-1.012-15/blib/lib /home/sand/src/perl/repoperls/installed-perls/host/k93msid/v5.37.0/29fb/lib/site_perl/5.37.0/x86_64-linux-thread-multi /home/sand/src/perl/repoperls/installed-perls/host/k93msid/v5.37.0/29fb/lib/site_perl/5.37.0 /home/sand/src/perl/repoperls/installed-perls/host/k93msid/v5.37.0/29fb/lib/5.37.0/x86_64-linux-thread-multi /home/sand/src/perl/repoperls/installed-perls/host/k93msid/v5.37.0/29fb/lib/5.37.0 .) at /home/sand/.cpan/privbuild/k93msid/POE-Component-SSLify-1.012-15/blib/lib/POE/Component/SSLify.pm line 362.
# '
# at t/simple_parallel_large.t line 111.
# Failed test 'CLIENT: SSLify_ContextCreate Can't locate auto/Net/SSLeay/CTX_v3_new.al in @INC (@INC contains: /home/sand/.cpan/privbuild/k93msid/POE-Component-SSLify-1.012-15/blib/arch /home/sand/.cpan/privbuild/k93msid/POE-Component-SSLify-1.012-15/blib/lib /home/sand/src/perl/repoperls/installed-perls/host/k93msid/v5.37.0/29fb/lib/site_perl/5.37.0/x86_64-linux-thread-multi /home/sand/src/perl/repoperls/installed-perls/host/k93msid/v5.37.0/29fb/lib/site_perl/5.37.0 /home/sand/src/perl/repoperls/installed-perls/host/k93msid/v5.37.0/29fb/lib/5.37.0/x86_64-linux-thread-multi /home/sand/src/perl/repoperls/installed-perls/host/k93msid/v5.37.0/29fb/lib/5.37.0 .) at /home/sand/.cpan/privbuild/k93msid/POE-Component-SSLify-1.012-15/blib/lib/POE/Component/SSLify.pm line 362.
# '
# at t/simple_parallel_large.t line 111.
# Failed test 'CLIENT: SSLify_ContextCreate Can't locate auto/Net/SSLeay/CTX_v3_new.al in @INC (@INC contains: /home/sand/.cpan/privbuild/k93msid/POE-Component-SSLify-1.012-15/blib/arch /home/sand/.cpan/privbuild/k93msid/POE-Component-SSLify-1.012-15/blib/lib /home/sand/src/perl/repoperls/installed-perls/host/k93msid/v5.37.0/29fb/lib/site_perl/5.37.0/x86_64-linux-thread-multi /home/sand/src/perl/repoperls/installed-perls/host/k93msid/v5.37.0/29fb/lib/site_perl/5.37.0 /home/sand/src/perl/repoperls/installed-perls/host/k93msid/v5.37.0/29fb/lib/5.37.0/x86_64-linux-thread-multi /home/sand/src/perl/repoperls/installed-perls/host/k93msid/v5.37.0/29fb/lib/5.37.0 .) at /home/sand/.cpan/privbuild/k93msid/POE-Component-SSLify-1.012-15/blib/lib/POE/Component/SSLify.pm line 362.
# '
# at t/simple_parallel_large.t line 111.
# Failed test 'CLIENT: SSLify_ContextCreate Can't locate auto/Net/SSLeay/CTX_v3_new.al in @INC (@INC contains: /home/sand/.cpan/privbuild/k93msid/POE-Component-SSLify-1.012-15/blib/arch /home/sand/.cpan/privbuild/k93msid/POE-Component-SSLify-1.012-15/blib/lib /home/sand/src/perl/repoperls/installed-perls/host/k93msid/v5.37.0/29fb/lib/site_perl/5.37.0/x86_64-linux-thread-multi /home/sand/src/perl/repoperls/installed-perls/host/k93msid/v5.37.0/29fb/lib/site_perl/5.37.0 /home/sand/src/perl/repoperls/installed-perls/host/k93msid/v5.37.0/29fb/lib/5.37.0/x86_64-linux-thread-multi /home/sand/src/perl/repoperls/installed-perls/host/k93msid/v5.37.0/29fb/lib/5.37.0 .) at /home/sand/.cpan/privbuild/k93msid/POE-Component-SSLify-1.012-15/blib/lib/POE/Component/SSLify.pm line 362.
# '
# at t/simple_parallel_large.t line 111.
# Failed test 'CLIENT: SSLify_ContextCreate Can't locate auto/Net/SSLeay/CTX_v3_new.al in @INC (@INC contains: /home/sand/.cpan/privbuild/k93msid/POE-Component-SSLify-1.012-15/blib/arch /home/sand/.cpan/privbuild/k93msid/POE-Component-SSLify-1.012-15/blib/lib /home/sand/src/perl/repoperls/installed-perls/host/k93msid/v5.37.0/29fb/lib/site_perl/5.37.0/x86_64-linux-thread-multi /home/sand/src/perl/repoperls/installed-perls/host/k93msid/v5.37.0/29fb/lib/site_perl/5.37.0 /home/sand/src/perl/repoperls/installed-perls/host/k93msid/v5.37.0/29fb/lib/5.37.0/x86_64-linux-thread-multi /home/sand/src/perl/repoperls/installed-perls/host/k93msid/v5.37.0/29fb/lib/5.37.0 .) at /home/sand/.cpan/privbuild/k93msid/POE-Component-SSLify-1.012-15/blib/lib/POE/Component/SSLify.pm line 362.
# '
# at t/simple_parallel_large.t line 111.
# Failed test 'CLIENT: SSLify_ContextCreate Can't locate auto/Net/SSLeay/CTX_v3_new.al in @INC (@INC contains: /home/sand/.cpan/privbuild/k93msid/POE-Component-SSLify-1.012-15/blib/arch /home/sand/.cpan/privbuild/k93msid/POE-Component-SSLify-1.012-15/blib/lib /home/sand/src/perl/repoperls/installed-perls/host/k93msid/v5.37.0/29fb/lib/site_perl/5.37.0/x86_64-linux-thread-multi /home/sand/src/perl/repoperls/installed-perls/host/k93msid/v5.37.0/29fb/lib/site_perl/5.37.0 /home/sand/src/perl/repoperls/installed-perls/host/k93msid/v5.37.0/29fb/lib/5.37.0/x86_64-linux-thread-multi /home/sand/src/perl/repoperls/installed-perls/host/k93msid/v5.37.0/29fb/lib/5.37.0 .) at /home/sand/.cpan/privbuild/k93msid/POE-Component-SSLify-1.012-15/blib/lib/POE/Component/SSLify.pm line 362.
# '
# at t/simple_parallel_large.t line 111.
Can't use an undefined value as a symbol reference at /home/sand/.cpan/privbuild/k93msid/POE-Component-SSLify-1.012-15/blib/lib/POE/Component/SSLify.pm line 446.
# Tests were run but no plan was declared and done_testing() was not seen.
# Looks like your test exited with 22 just after 42.
t/simple_parallel_large.t .....
Dubious, test returned 22 (wstat 5632, 0x1600)
Failed 12/42 subtests
# Failed test 'SERVER: SSLify_Options Can't locate auto/Net/SSLeay/CTX_v3_new.al in @INC (@INC contains: /home/sand/.cpan/privbuild/k93msid/POE-Component-SSLify-1.012-15/blib/arch /home/sand/.cpan/privbuild/k93msid/POE-Component-SSLify-1.012-15/blib/lib /home/sand/src/perl/repoperls/installed-perls/host/k93msid/v5.37.0/29fb/lib/site_perl/5.37.0/x86_64-linux-thread-multi /home/sand/src/perl/repoperls/installed-perls/host/k93msid/v5.37.0/29fb/lib/site_perl/5.37.0 /home/sand/src/perl/repoperls/installed-perls/host/k93msid/v5.37.0/29fb/lib/5.37.0/x86_64-linux-thread-multi /home/sand/src/perl/repoperls/installed-perls/host/k93msid/v5.37.0/29fb/lib/5.37.0 .) at /home/sand/.cpan/privbuild/k93msid/POE-Component-SSLify-1.012-15/blib/lib/POE/Component/SSLify.pm line 362.
# '
# at t/simple_parallel_superbig.t line 63.
# Failed test 'SERVER: Server_SSLify Please do SSLify_Options() first ( or pass in a $ctx object ) at /home/sand/.cpan/privbuild/k93msid/POE-Component-SSLify-1.012-15/blib/lib/POE/Component/SSLify.pm line 247.
# '
# at t/simple_parallel_superbig.t line 66.
# Failed test 'CLIENT: SSLify_ContextCreate Can't locate auto/Net/SSLeay/CTX_v3_new.al in @INC (@INC contains: /home/sand/.cpan/privbuild/k93msid/POE-Component-SSLify-1.012-15/blib/arch /home/sand/.cpan/privbuild/k93msid/POE-Component-SSLify-1.012-15/blib/lib /home/sand/src/perl/repoperls/installed-perls/host/k93msid/v5.37.0/29fb/lib/site_perl/5.37.0/x86_64-linux-thread-multi /home/sand/src/perl/repoperls/installed-perls/host/k93msid/v5.37.0/29fb/lib/site_perl/5.37.0 /home/sand/src/perl/repoperls/installed-perls/host/k93msid/v5.37.0/29fb/lib/5.37.0/x86_64-linux-thread-multi /home/sand/src/perl/repoperls/installed-perls/host/k93msid/v5.37.0/29fb/lib/5.37.0 .) at /home/sand/.cpan/privbuild/k93msid/POE-Component-SSLify-1.012-15/blib/lib/POE/Component/SSLify.pm line 362.
# '
# at t/simple_parallel_superbig.t line 120.
# Failed test 'CLIENT: SSLify_ContextCreate Can't locate auto/Net/SSLeay/CTX_v3_new.al in @INC (@INC contains: /home/sand/.cpan/privbuild/k93msid/POE-Component-SSLify-1.012-15/blib/arch /home/sand/.cpan/privbuild/k93msid/POE-Component-SSLify-1.012-15/blib/lib /home/sand/src/perl/repoperls/installed-perls/host/k93msid/v5.37.0/29fb/lib/site_perl/5.37.0/x86_64-linux-thread-multi /home/sand/src/perl/repoperls/installed-perls/host/k93msid/v5.37.0/29fb/lib/site_perl/5.37.0 /home/sand/src/perl/repoperls/installed-perls/host/k93msid/v5.37.0/29fb/lib/5.37.0/x86_64-linux-thread-multi /home/sand/src/perl/repoperls/installed-perls/host/k93msid/v5.37.0/29fb/lib/5.37.0 .) at /home/sand/.cpan/privbuild/k93msid/POE-Component-SSLify-1.012-15/blib/lib/POE/Component/SSLify.pm line 362.
# '
# at t/simple_parallel_superbig.t line 120.
# Failed test 'CLIENT: SSLify_ContextCreate Can't locate auto/Net/SSLeay/CTX_v3_new.al in @INC (@INC contains: /home/sand/.cpan/privbuild/k93msid/POE-Component-SSLify-1.012-15/blib/arch /home/sand/.cpan/privbuild/k93msid/POE-Component-SSLify-1.012-15/blib/lib /home/sand/src/perl/repoperls/installed-perls/host/k93msid/v5.37.0/29fb/lib/site_perl/5.37.0/x86_64-linux-thread-multi /home/sand/src/perl/repoperls/installed-perls/host/k93msid/v5.37.0/29fb/lib/site_perl/5.37.0 /home/sand/src/perl/repoperls/installed-perls/host/k93msid/v5.37.0/29fb/lib/5.37.0/x86_64-linux-thread-multi /home/sand/src/perl/repoperls/installed-perls/host/k93msid/v5.37.0/29fb/lib/5.37.0 .) at /home/sand/.cpan/privbuild/k93msid/POE-Component-SSLify-1.012-15/blib/lib/POE/Component/SSLify.pm line 362.
# '
# at t/simple_parallel_superbig.t line 120.
# Failed test 'CLIENT: SSLify_ContextCreate Can't locate auto/Net/SSLeay/CTX_v3_new.al in @INC (@INC contains: /home/sand/.cpan/privbuild/k93msid/POE-Component-SSLify-1.012-15/blib/arch /home/sand/.cpan/privbuild/k93msid/POE-Component-SSLify-1.012-15/blib/lib /home/sand/src/perl/repoperls/installed-perls/host/k93msid/v5.37.0/29fb/lib/site_perl/5.37.0/x86_64-linux-thread-multi /home/sand/src/perl/repoperls/installed-perls/host/k93msid/v5.37.0/29fb/lib/site_perl/5.37.0 /home/sand/src/perl/repoperls/installed-perls/host/k93msid/v5.37.0/29fb/lib/5.37.0/x86_64-linux-thread-multi /home/sand/src/perl/repoperls/installed-perls/host/k93msid/v5.37.0/29fb/lib/5.37.0 .) at /home/sand/.cpan/privbuild/k93msid/POE-Component-SSLify-1.012-15/blib/lib/POE/Component/SSLify.pm line 362.
# '
# at t/simple_parallel_superbig.t line 120.
# Failed test 'CLIENT: SSLify_ContextCreate Can't locate auto/Net/SSLeay/CTX_v3_new.al in @INC (@INC contains: /home/sand/.cpan/privbuild/k93msid/POE-Component-SSLify-1.012-15/blib/arch /home/sand/.cpan/privbuild/k93msid/POE-Component-SSLify-1.012-15/blib/lib /home/sand/src/perl/repoperls/installed-perls/host/k93msid/v5.37.0/29fb/lib/site_perl/5.37.0/x86_64-linux-thread-multi /home/sand/src/perl/repoperls/installed-perls/host/k93msid/v5.37.0/29fb/lib/site_perl/5.37.0 /home/sand/src/perl/repoperls/installed-perls/host/k93msid/v5.37.0/29fb/lib/5.37.0/x86_64-linux-thread-multi /home/sand/src/perl/repoperls/installed-perls/host/k93msid/v5.37.0/29fb/lib/5.37.0 .) at /home/sand/.cpan/privbuild/k93msid/POE-Component-SSLify-1.012-15/blib/lib/POE/Component/SSLify.pm line 362.
# '
# at t/simple_parallel_superbig.t line 120.
# Failed test 'CLIENT: SSLify_ContextCreate Can't locate auto/Net/SSLeay/CTX_v3_new.al in @INC (@INC contains: /home/sand/.cpan/privbuild/k93msid/POE-Component-SSLify-1.012-15/blib/arch /home/sand/.cpan/privbuild/k93msid/POE-Component-SSLify-1.012-15/blib/lib /home/sand/src/perl/repoperls/installed-perls/host/k93msid/v5.37.0/29fb/lib/site_perl/5.37.0/x86_64-linux-thread-multi /home/sand/src/perl/repoperls/installed-perls/host/k93msid/v5.37.0/29fb/lib/site_perl/5.37.0 /home/sand/src/perl/repoperls/installed-perls/host/k93msid/v5.37.0/29fb/lib/5.37.0/x86_64-linux-thread-multi /home/sand/src/perl/repoperls/installed-perls/host/k93msid/v5.37.0/29fb/lib/5.37.0 .) at /home/sand/.cpan/privbuild/k93msid/POE-Component-SSLify-1.012-15/blib/lib/POE/Component/SSLify.pm line 362.
# '
# at t/simple_parallel_superbig.t line 120.
# Failed test 'CLIENT: SSLify_ContextCreate Can't locate auto/Net/SSLeay/CTX_v3_new.al in @INC (@INC contains: /home/sand/.cpan/privbuild/k93msid/POE-Component-SSLify-1.012-15/blib/arch /home/sand/.cpan/privbuild/k93msid/POE-Component-SSLify-1.012-15/blib/lib /home/sand/src/perl/repoperls/installed-perls/host/k93msid/v5.37.0/29fb/lib/site_perl/5.37.0/x86_64-linux-thread-multi /home/sand/src/perl/repoperls/installed-perls/host/k93msid/v5.37.0/29fb/lib/site_perl/5.37.0 /home/sand/src/perl/repoperls/installed-perls/host/k93msid/v5.37.0/29fb/lib/5.37.0/x86_64-linux-thread-multi /home/sand/src/perl/repoperls/installed-perls/host/k93msid/v5.37.0/29fb/lib/5.37.0 .) at /home/sand/.cpan/privbuild/k93msid/POE-Component-SSLify-1.012-15/blib/lib/POE/Component/SSLify.pm line 362.
# '
# at t/simple_parallel_superbig.t line 120.
# Failed test 'CLIENT: SSLify_ContextCreate Can't locate auto/Net/SSLeay/CTX_v3_new.al in @INC (@INC contains: /home/sand/.cpan/privbuild/k93msid/POE-Component-SSLify-1.012-15/blib/arch /home/sand/.cpan/privbuild/k93msid/POE-Component-SSLify-1.012-15/blib/lib /home/sand/src/perl/repoperls/installed-perls/host/k93msid/v5.37.0/29fb/lib/site_perl/5.37.0/x86_64-linux-thread-multi /home/sand/src/perl/repoperls/installed-perls/host/k93msid/v5.37.0/29fb/lib/site_perl/5.37.0 /home/sand/src/perl/repoperls/installed-perls/host/k93msid/v5.37.0/29fb/lib/5.37.0/x86_64-linux-thread-multi /home/sand/src/perl/repoperls/installed-perls/host/k93msid/v5.37.0/29fb/lib/5.37.0 .) at /home/sand/.cpan/privbuild/k93msid/POE-Component-SSLify-1.012-15/blib/lib/POE/Component/SSLify.pm line 362.
# '
# at t/simple_parallel_superbig.t line 120.
# Failed test 'CLIENT: SSLify_ContextCreate Can't locate auto/Net/SSLeay/CTX_v3_new.al in @INC (@INC contains: /home/sand/.cpan/privbuild/k93msid/POE-Component-SSLify-1.012-15/blib/arch /home/sand/.cpan/privbuild/k93msid/POE-Component-SSLify-1.012-15/blib/lib /home/sand/src/perl/repoperls/installed-perls/host/k93msid/v5.37.0/29fb/lib/site_perl/5.37.0/x86_64-linux-thread-multi /home/sand/src/perl/repoperls/installed-perls/host/k93msid/v5.37.0/29fb/lib/site_perl/5.37.0 /home/sand/src/perl/repoperls/installed-perls/host/k93msid/v5.37.0/29fb/lib/5.37.0/x86_64-linux-thread-multi /home/sand/src/perl/repoperls/installed-perls/host/k93msid/v5.37.0/29fb/lib/5.37.0 .) at /home/sand/.cpan/privbuild/k93msid/POE-Component-SSLify-1.012-15/blib/lib/POE/Component/SSLify.pm line 362.
# '
# at t/simple_parallel_superbig.t line 120.
# Failed test 'CLIENT: SSLify_ContextCreate Can't locate auto/Net/SSLeay/CTX_v3_new.al in @INC (@INC contains: /home/sand/.cpan/privbuild/k93msid/POE-Component-SSLify-1.012-15/blib/arch /home/sand/.cpan/privbuild/k93msid/POE-Component-SSLify-1.012-15/blib/lib /home/sand/src/perl/repoperls/installed-perls/host/k93msid/v5.37.0/29fb/lib/site_perl/5.37.0/x86_64-linux-thread-multi /home/sand/src/perl/repoperls/installed-perls/host/k93msid/v5.37.0/29fb/lib/site_perl/5.37.0 /home/sand/src/perl/repoperls/installed-perls/host/k93msid/v5.37.0/29fb/lib/5.37.0/x86_64-linux-thread-multi /home/sand/src/perl/repoperls/installed-perls/host/k93msid/v5.37.0/29fb/lib/5.37.0 .) at /home/sand/.cpan/privbuild/k93msid/POE-Component-SSLify-1.012-15/blib/lib/POE/Component/SSLify.pm line 362.
# '
# at t/simple_parallel_superbig.t line 120.
Can't use an undefined value as a symbol reference at /home/sand/.cpan/privbuild/k93msid/POE-Component-SSLify-1.012-15/blib/lib/POE/Component/SSLify.pm line 446.
# Tests were run but no plan was declared and done_testing() was not seen.
# Looks like your test exited with 22 just after 42.
t/simple_parallel_superbig.t ..
Dubious, test returned 22 (wstat 5632, 0x1600)
Failed 12/42 subtests
# Failed test 'SERVER: SSLify_Options Can't locate auto/Net/SSLeay/CTX_v3_new.al in @INC (@INC contains: /home/sand/.cpan/privbuild/k93msid/POE-Component-SSLify-1.012-15/blib/arch /home/sand/.cpan/privbuild/k93msid/POE-Component-SSLify-1.012-15/blib/lib /home/sand/src/perl/repoperls/installed-perls/host/k93msid/v5.37.0/29fb/lib/site_perl/5.37.0/x86_64-linux-thread-multi /home/sand/src/perl/repoperls/installed-perls/host/k93msid/v5.37.0/29fb/lib/site_perl/5.37.0 /home/sand/src/perl/repoperls/installed-perls/host/k93msid/v5.37.0/29fb/lib/5.37.0/x86_64-linux-thread-multi /home/sand/src/perl/repoperls/installed-perls/host/k93msid/v5.37.0/29fb/lib/5.37.0 .) at /home/sand/.cpan/privbuild/k93msid/POE-Component-SSLify-1.012-15/blib/lib/POE/Component/SSLify.pm line 362.
# '
# at t/simple_superbig.t line 62.
# Failed test 'SERVER: Server_SSLify Please do SSLify_Options() first ( or pass in a $ctx object ) at /home/sand/.cpan/privbuild/k93msid/POE-Component-SSLify-1.012-15/blib/lib/POE/Component/SSLify.pm line 247.
# '
# at t/simple_superbig.t line 65.
# Failed test 'CLIENT: SSLify_ContextCreate Can't locate auto/Net/SSLeay/CTX_v3_new.al in @INC (@INC contains: /home/sand/.cpan/privbuild/k93msid/POE-Component-SSLify-1.012-15/blib/arch /home/sand/.cpan/privbuild/k93msid/POE-Component-SSLify-1.012-15/blib/lib /home/sand/src/perl/repoperls/installed-perls/host/k93msid/v5.37.0/29fb/lib/site_perl/5.37.0/x86_64-linux-thread-multi /home/sand/src/perl/repoperls/installed-perls/host/k93msid/v5.37.0/29fb/lib/site_perl/5.37.0 /home/sand/src/perl/repoperls/installed-perls/host/k93msid/v5.37.0/29fb/lib/5.37.0/x86_64-linux-thread-multi /home/sand/src/perl/repoperls/installed-perls/host/k93msid/v5.37.0/29fb/lib/5.37.0 .) at /home/sand/.cpan/privbuild/k93msid/POE-Component-SSLify-1.012-15/blib/lib/POE/Component/SSLify.pm line 362.
# '
# at t/simple_superbig.t line 123.
Can't use an undefined value as a symbol reference at /home/sand/.cpan/privbuild/k93msid/POE-Component-SSLify-1.012-15/blib/lib/POE/Component/SSLify.pm line 446.
# Tests were run but no plan was declared and done_testing() was not seen.
# Looks like your test exited with 22 just after 6.
t/simple_superbig.t ...........
Dubious, test returned 22 (wstat 5632, 0x1600)
Failed 3/6 subtests
# Failed test 'SERVER: SSLify_Options Can't locate auto/Net/SSLeay/CTX_v3_new.al in @INC (@INC contains: /home/sand/.cpan/privbuild/k93msid/POE-Component-SSLify-1.012-15/blib/arch /home/sand/.cpan/privbuild/k93msid/POE-Component-SSLify-1.012-15/blib/lib /home/sand/src/perl/repoperls/installed-perls/host/k93msid/v5.37.0/29fb/lib/site_perl/5.37.0/x86_64-linux-thread-multi /home/sand/src/perl/repoperls/installed-perls/host/k93msid/v5.37.0/29fb/lib/site_perl/5.37.0 /home/sand/src/perl/repoperls/installed-perls/host/k93msid/v5.37.0/29fb/lib/5.37.0/x86_64-linux-thread-multi /home/sand/src/perl/repoperls/installed-perls/host/k93msid/v5.37.0/29fb/lib/5.37.0 .) at /home/sand/.cpan/privbuild/k93msid/POE-Component-SSLify-1.012-15/blib/lib/POE/Component/SSLify.pm line 362.
# '
# at t/upgrade.t line 59.
# Failed test 'SERVER: Server_SSLify Please do SSLify_Options() first ( or pass in a $ctx object ) at /home/sand/.cpan/privbuild/k93msid/POE-Component-SSLify-1.012-15/blib/lib/POE/Component/SSLify.pm line 247.
# '
# at t/upgrade.t line 61.
Can't use an undefined value as a symbol reference at /home/sand/.cpan/privbuild/k93msid/POE-Component-SSLify-1.012-15/blib/lib/POE/Component/SSLify.pm line 446.
# Tests were run but no plan was declared and done_testing() was not seen.
# Looks like your test exited with 22 just after 5.
t/upgrade.t ...................
Dubious, test returned 22 (wstat 5632, 0x1600)
Failed 2/5 subtests
Test Summary Report
-------------------
t/connect_hook_nodata.t (Wstat: 256 (exited 1) Tests: 17 Failed: 1)
Failed test: 16
Non-zero exit status: 1
t/renegotiate_client.t (Wstat: 5632 (exited 22) Tests: 7 Failed: 3)
Failed tests: 1-3
Non-zero exit status: 22
Parse errors: No plan found in TAP output
t/renegotiate_client_pings.t (Wstat: 5632 (exited 22) Tests: 7 Failed: 3)
Failed tests: 1-3
Non-zero exit status: 22
Parse errors: No plan found in TAP output
t/renegotiate_server.t (Wstat: 5632 (exited 22) Tests: 7 Failed: 3)
Failed tests: 1-3
Non-zero exit status: 22
Parse errors: No plan found in TAP output
t/simple.t (Wstat: 5632 (exited 22) Tests: 7 Failed: 3)
Failed tests: 1-3
Non-zero exit status: 22
Parse errors: No plan found in TAP output
t/simple_large.t (Wstat: 5632 (exited 22) Tests: 6 Failed: 3)
Failed tests: 1-3
Non-zero exit status: 22
Parse errors: No plan found in TAP output
t/simple_parallel.t (Wstat: 5632 (exited 22) Tests: 52 Failed: 12)
Failed tests: 1-3, 8, 13, 18, 23, 28, 33, 38, 43, 48
Non-zero exit status: 22
Parse errors: No plan found in TAP output
t/simple_parallel_large.t (Wstat: 5632 (exited 22) Tests: 42 Failed: 12)
Failed tests: 1-3, 7, 11, 15, 19, 23, 27, 31, 35, 39
Non-zero exit status: 22
Parse errors: No plan found in TAP output
t/simple_parallel_superbig.t (Wstat: 5632 (exited 22) Tests: 42 Failed: 12)
Failed tests: 1-3, 7, 11, 15, 19, 23, 27, 31, 35, 39
Non-zero exit status: 22
Parse errors: No plan found in TAP output
t/simple_superbig.t (Wstat: 5632 (exited 22) Tests: 6 Failed: 3)
Failed tests: 1-3
Non-zero exit status: 22
Parse errors: No plan found in TAP output
t/upgrade.t (Wstat: 5632 (exited 22) Tests: 5 Failed: 2)
Failed tests: 4-5
Non-zero exit status: 22
Parse errors: No plan found in TAP output
Files=19, Tests=236, 4 wallclock secs ( 0.10 usr 0.04 sys + 3.56 cusr 0.37 csys = 4.07 CPU)
Result: FAIL
------------------------------
PREREQUISITES
------------------------------
Prerequisite modules loaded:
requires:
Module Need Have
--------------------------- -------- --------
Exporter 0 5.77
IO::Handle 1.28 1.48
Net::SSLeay 1.36 1.92
parent 0 0.238
perl 5.006 5.037000
POE 1.267 1.370
Scalar::Util 0 1.62
strict 0 1.12
Symbol 0 1.09
Task::Weaken 1.03 1.06
warnings 0 1.58
build_requires:
Module Need Have
--------------------------- -------- --------
ExtUtils::MakeMaker 0 7.64
File::Spec 0 3.84
File::Temp 0 0.2311
IO::Handle 1.28 1.48
IPC::Open3 0 1.22
perl 5.006 5.037000
POE 1.267 1.370
POE::Component::Client::TCP 0 1.370
POE::Component::Server::TCP 0 1.370
POE::Filter::Stream 0 1.370
Socket 0 2.033
Test::FailWarnings 0 0.008
Test::More 1.001002 1.302190
configure_requires:
Module Need Have
--------------------------- -------- --------
ExtUtils::MakeMaker 0 7.64
Module::Build::Tiny 0.039 0.039
perl 5.006 5.037000
------------------------------
ENVIRONMENT AND OTHER CONTEXT
------------------------------
Environment variables:
AUTOMATED_TESTING = 1
LANG = en_US.UTF-8
LANGUAGE = en_US:en
PATH = /home/sand/bin:/usr/local/bin:/usr/bin:/bin:/usr/games:/usr/local/perl/bin:/usr/X11/bin:/sbin:/usr/sbin
PERL5LIB =
PERL5OPT =
PERL5_CPANPLUS_IS_RUNNING = 1561486
PERL5_CPAN_IS_RUNNING = 1561486
PERL_CANARY_STABILITY_NOPROMPT = 1
PERL_MM_USE_DEFAULT = 1
PERL_USE_UNSAFE_INC = 1
SHELL = /usr/bin/zsh
TERM = screen
Perl special variables (and OS-specific diagnostics, for MSWin32):
$^X = /tmp/basesmoker-reloperl-5FK7/bin/perl
$UID/$EUID = 1005 / 1005
$GID = 1005 1005
$EGID = 1005 1005
Perl module toolchain versions installed:
Module Have
------------------- --------
CPAN 2.34
CPAN::Meta 2.150010
Cwd 3.84
ExtUtils::CBuilder 0.280236
ExtUtils::Command 7.64
ExtUtils::Install 2.20
ExtUtils::MakeMaker 7.64
ExtUtils::Manifest 1.73
ExtUtils::ParseXS 3.45
File::Spec 3.84
JSON 4.06
JSON::PP 4.09
Module::Build 0.4231
Module::Signature 0.88
Parse::CPAN::Meta 2.150010
Test::Harness 3.44
Test::More 1.302190
YAML 1.30
YAML::Syck 1.34
version 0.9929
--
Summary of my perl5 (revision 5 version 37 subversion 0) configuration:
Commit id: 2c8fc00e10c85d241338e71377aff04f4f7a7b6f
Platform:
osname=linux
osvers=5.10.0-14-amd64
archname=x86_64-linux-thread-multi
uname='linux k93msid 5.10.0-14-amd64 #1 smp debian 5.10.113-1 (2022-04-29) x86_64 gnulinux '
config_args='-Dprefix=/home/sand/src/perl/repoperls/installed-perls/host/k93msid/v5.37.0/29fb -Dmyhostname=k93msid -Dinstallusrbinperl=n -Uversiononly -Dusedevel -des -Ui_db -Dlibswanted=cl pthread socket inet nsl gdbm dbm malloc dl ld sun m crypt sec util c cposix posix ucb BSD gdbm_compat -Duseithreads -Uuselongdouble -DEBUGGING=both'
hint=recommended
useposix=true
d_sigaction=define
useithreads=define
usemultiplicity=define
use64bitint=define
use64bitall=define
uselongdouble=undef
usemymalloc=n
default_inc_excludes_dot=define
Compiler:
cc='cc'
ccflags ='-D_REENTRANT -D_GNU_SOURCE -fwrapv -DDEBUGGING -fno-strict-aliasing -pipe -fstack-protector-strong -I/usr/local/include -D_LARGEFILE_SOURCE -D_FILE_OFFSET_BITS=64 -D_FORTIFY_SOURCE=2'
optimize='-O2 -g'
cppflags='-D_REENTRANT -D_GNU_SOURCE -fwrapv -DDEBUGGING -fno-strict-aliasing -pipe -fstack-protector-strong -I/usr/local/include'
ccversion=''
gccversion='11.3.0'
gccosandvers=''
intsize=4
longsize=8
ptrsize=8
doublesize=8
byteorder=12345678
doublekind=3
d_longlong=define
longlongsize=8
d_longdbl=define
longdblsize=16
longdblkind=3
ivtype='long'
ivsize=8
nvtype='double'
nvsize=8
Off_t='off_t'
lseeksize=8
alignbytes=8
prototype=define
Linker and Libraries:
ld='cc'
ldflags =' -fstack-protector-strong -L/usr/local/lib'
libpth=/usr/local/lib /usr/lib/x86_64-linux-gnu /usr/lib /usr/lib64
libs=-lpthread -lnsl -ldl -lm -lcrypt -lutil -lc
perllibs=-lpthread -lnsl -ldl -lm -lcrypt -lutil -lc
libc=libc-2.33.so
so=so
useshrplib=false
libperl=libperl.a
gnulibc_version='2.33'
Dynamic Linking:
dlsrc=dl_dlopen.xs
dlext=so
d_dlsymun=undef
ccdlflags='-Wl,-E'
cccdlflags='-fPIC'
lddlflags='-shared -O2 -g -L/usr/local/lib -fstack-protector-strong'
Characteristics of this binary (from libperl):
Compile-time options:
DEBUGGING
HAS_TIMES
MULTIPLICITY
PERLIO_LAYERS
PERL_COPY_ON_WRITE
PERL_DONT_CREATE_GVSV
PERL_MALLOC_WRAP
PERL_OP_PARENT
PERL_PRESERVE_IVUV
PERL_TRACK_MEMPOOL
PERL_USE_DEVEL
USE_64_BIT_ALL
USE_64_BIT_INT
USE_ITHREADS
USE_LARGE_FILES
USE_LOCALE
USE_LOCALE_COLLATE
USE_LOCALE_CTYPE
USE_LOCALE_NUMERIC
USE_LOCALE_TIME
USE_PERLIO
USE_PERL_ATOF
USE_REENTRANT_API
USE_THREAD_SAFE_LOCALE
Built under linux
Compiled at May 29 2022 16:01:30
%ENV:
PERL5LIB=""
PERL5OPT=""
PERL5_CPANPLUS_IS_RUNNING="1561486"
PERL5_CPAN_IS_RUNNING="1561486"
PERL_CANARY_STABILITY_NOPROMPT="1"
PERL_MM_USE_DEFAULT="1"
PERL_USE_UNSAFE_INC="1"
@INC:
/home/sand/src/perl/repoperls/installed-perls/host/k93msid/v5.37.0/29fb/lib/site_perl/5.37.0/x86_64-linux-thread-multi
/home/sand/src/perl/repoperls/installed-perls/host/k93msid/v5.37.0/29fb/lib/site_perl/5.37.0
/home/sand/src/perl/repoperls/installed-perls/host/k93msid/v5.37.0/29fb/lib/5.37.0/x86_64-linux-thread-multi
/home/sand/src/perl/repoperls/installed-perls/host/k93msid/v5.37.0/29fb/lib/5.37.0
.