Text-Amuse-Preprocessor v0.63 Perl 5 v5.14.4 amd64-freebsd
- Status
- Fail
- From
- Slaven Rezić
- Dist
-
Text-Amuse-Preprocessor v0.63
- Platform
- Perl 5 v5.14.4 amd64-freebsd
- Date
- 2020-11-05 17:55:15
- ID
- 0f07cde8-1f90-11eb-b83c-17841f24ea8f
This distribution has been tested as part of the CPAN Testers
project, supporting the Perl programming language. See
http://wiki.cpantesters.org/ for more information or email
questions to cpan-testers-discuss@perl.org
--
Dear Marco Pessotto,
This is a computer-generated report for Text-Amuse-Preprocessor-0.63
on perl 5.14.4, created by CPAN-Reporter-1.2018.
Thank you for uploading your work to CPAN. However, there was a problem
testing your distribution.
If you think this report is invalid, please consult the CPAN Testers Wiki
for suggestions on how to avoid getting FAIL reports for missing library
or binary dependencies, unsupported operating systems, and so on:
http://wiki.cpantesters.org/wiki/CPANAuthorNotes
Sections of this report:
* Tester comments
* Program output
* Prerequisites
* Environment and other context
------------------------------
TESTER COMMENTS
------------------------------
Additional comments from tester:
none provided
------------------------------
PROGRAM OUTPUT
------------------------------
Output from '/usr/bin/make test':
PERL_DL_NONLAZY=1 "/usr/perl5.14.4/bin/perl" "-MExtUtils::Command::MM" "-MTest::Harness" "-e" "undef *Test::Harness::Switches; test_harness(0, 'blib/lib', 'blib/arch')" t/*.t
# Testing Text::Amuse::Preprocessor 0.63, Perl 5.014004, /usr/perl5.14.4/bin/perl
t/00-load.t ........... ok
t/changes.t ........... skipped: Changes testing not required (or Test::CPAN::Changes not found)
t/chars.t ............. ok
# Using /var/tmp/cpansmoker-1023/2020110518/BvrUOxtsM9 for ligatures
# Using /var/tmp/cpansmoker-1023/2020110518/8y4SnudpXH for missing_nl
# Using /var/tmp/cpansmoker-1023/2020110518/dDt4P83hIm for garbage
# Using /var/tmp/cpansmoker-1023/2020110518/6n3ljb8DFI for ellipsis_no_fix
# Using /var/tmp/cpansmoker-1023/2020110518/bX7BJaARSR for ellipsis
# Using /var/tmp/cpansmoker-1023/2020110518/9WjA3Lr9Ht for links
# Using /var/tmp/cpansmoker-1023/2020110518/anBMxCjZ4V for en
# Using /var/tmp/cpansmoker-1023/2020110518/hXRAGdgU3J for fi
# Using /var/tmp/cpansmoker-1023/2020110518/hMNfWvKHK3 for es
# Using /var/tmp/cpansmoker-1023/2020110518/Ej0ZSMPWhE for sr
# Using /var/tmp/cpansmoker-1023/2020110518/uVfZgm6yXF for hr
# Using /var/tmp/cpansmoker-1023/2020110518/BfTyYmhrbm for ru
# Using /var/tmp/cpansmoker-1023/2020110518/MPSYLCbRaN for it
# Using /var/tmp/cpansmoker-1023/2020110518/_gv7T73wEa for mk
# Using /var/tmp/cpansmoker-1023/2020110518/VvrMKeGIA9 for sv
# Using /var/tmp/cpansmoker-1023/2020110518/A5VYIF_jsG for de
# Using /var/tmp/cpansmoker-1023/2020110518/HA6gfl2rLn for pl
t/testfiles/bg.muse: Datei oder Verzeichnis nicht gefunden at /usr/home/cpansand/.cpan/build/2020110518/Text-Amuse-Preprocessor-0.63-3/blib/lib/Text/Amuse/Preprocessor.pm line 414.
# Looks like your test exited with 2 just after 34.
t/common.t ............
Dubious, test returned 2 (wstat 512, 0x200)
Failed 25/59 subtests
t/crash-on-verb.t ..... ok
# $VAR1 = "#title Test
# #lang en
#
# 0
#
# \x{201c}0\x{201d}
#
# 0
# ";
# $VAR1 = "#title Test
# #lang en
#
# 0
#
# \x{201c}0\x{201d}
#
# 0
# ";
t/crash_on_loop.t ..... ok
# /var/tmp/cpansmoker-1023/2020110518/jMwHuZ6mn_/verbatim-in.muse
# /var/tmp/cpansmoker-1023/2020110518/jMwHuZ6mn_
t/exclude-verbatim.t .. ok
# Testing t/footnotes/good.in => t/footnotes/good.out
# Testing t/footnotes/good2.in => t/footnotes/good2.out
# Testing t/footnotes/good3.in => t/footnotes/good3.out
# Testing t/footnotes/mixed.in => t/footnotes/mixed.out
# Testing t/footnotes/indentation.in => t/footnotes/indentation.out
# Testing t/footnotes/sec-good.in => t/footnotes/sec-good.out
# Testing t/footnotes/sec-good2.in => t/footnotes/sec-good2.out
# Testing t/footnotes/sec-good3.in => t/footnotes/sec-good3.out
# Testing t/footnotes/sec-bad.in => t/footnotes/sec-bad.out
# @@ -1 +1,2 @@
# -{4}
# +{3}
# +{3}
# Testing t/footnotes/sec-bad2.in => t/footnotes/sec-bad2.out
# @@ -1,3 +1,2 @@
# -{4}
# +{3}
# -{5}
# +{3}
# -{6}
# Testing t/footnotes/bad.in => t/footnotes/bad.out
# @@ -1,2 +1,3 @@
# [1]
# -[1]
# +[2]
# +[4]
# Testing t/footnotes/bad2.in => t/footnotes/bad2.out
# @@ -1,4 +1,3 @@
# [1]
# -[1]
# +[2]
# [4]
# -[5]
t/footnotes.t ......... ok
tagpile mismatch: root, p
t/html-2.t ............ ok
# Using /var/tmp/cpansmoker-1023/2020110518/PlbNj0JMNi.html
# Using /var/tmp/cpansmoker-1023/2020110518/hh_3kpnI8_.html
# Using /var/tmp/cpansmoker-1023/2020110518/9RZUpgfsTJ.html
# Using /var/tmp/cpansmoker-1023/2020110518/ZTD42Ct3NA.html
# Using /var/tmp/cpansmoker-1023/2020110518/qWRqjsHaC3.html
# Using /var/tmp/cpansmoker-1023/2020110518/pqrAEXJRdo.html
# Using /var/tmp/cpansmoker-1023/2020110518/tRSSlBOw_c.html
# Using /var/tmp/cpansmoker-1023/2020110518/o5al7cmzXK.html
# Using /var/tmp/cpansmoker-1023/2020110518/PNvR1YfgMv.html
# Using /var/tmp/cpansmoker-1023/2020110518/VTw4w13Qnn.html
# Using /var/tmp/cpansmoker-1023/2020110518/Njb8lhX8NR.html
# Using /var/tmp/cpansmoker-1023/2020110518/6819o88U6i.html
# Using /var/tmp/cpansmoker-1023/2020110518/fP0QyLwmho.html
# Using /var/tmp/cpansmoker-1023/2020110518/L_yd2QC_1j.html
# Using /var/tmp/cpansmoker-1023/2020110518/DkEBJqj9yR.html
# Using /var/tmp/cpansmoker-1023/2020110518/xlyGt6jujR.html
# Using /var/tmp/cpansmoker-1023/2020110518/vNect7Hyyk.html
t/html.t .............. ok
t/manifest.t .......... skipped: Author tests not required for installation
t/memory-cycles.t ..... ok
t/nbsp.t .............. ok
# Infile is /var/tmp/cpansmoker-1023/2020110518/EGWVeeVKFs/input.txt
# Using /var/tmp/cpansmoker-1023/2020110518/6NoPJOoJnp as temporary dir
t/object.t ............ ok
t/pod-coverage.t ...... skipped: Pod coverage not required for installation
t/pod.t ............... skipped: Pod test not required for installation
t/russian.t ........... ok
t/subs.t .............. ok
t/typography.t ........ ok
Test Summary Report
-------------------
t/common.t (Wstat: 512 Tests: 34 Failed: 0)
Non-zero exit status: 2
Parse errors: Bad plan. You planned 59 tests but ran 34.
Files=19, Tests=406, 2 wallclock secs ( 0.02 usr 0.10 sys + 1.34 cusr 0.25 csys = 1.70 CPU)
Result: FAIL
Failed 1/19 test programs. 0/406 subtests failed.
*** [test_dynamic] Error code 255
Stop in /usr/home/cpansand/.cpan/build/2020110518/Text-Amuse-Preprocessor-0.63-3.
------------------------------
PREREQUISITES
------------------------------
Prerequisite modules loaded:
requires:
Module Need Have
------------------- ---- --------
HTML::PullParser 0 3.75
IO::HTML 1 1.004
Pod::Simple::Wiki 0.19 0.19
Text::Amuse 0.95 1.70
Text::Diff 0 1.45
build_requires:
Module Need Have
------------------- ---- --------
Test::More 0 1.302183
configure_requires:
Module Need Have
------------------- ---- --------
ExtUtils::MakeMaker 0 7.52
------------------------------
ENVIRONMENT AND OTHER CONTEXT
------------------------------
Environment variables:
LC_ALL = de_DE.ISO8859-1
PATH = /usr/local/bin:/usr/bin:/bin:/usr/local/sbin:/usr/sbin:/sbin:/home/cpansand/bin/freebsd9.3:/home/cpansand/bin/sh:/home/cpansand/bin:/usr/games:/home/cpansand/devel:/usr/home/eserte/src/srezic-misc/scripts
PERL5LIB =
PERL5OPT =
PERL5_CPANPLUS_IS_RUNNING = 44982
PERL5_CPAN_IS_RUNNING = 44982
PERL5_CPAN_IS_RUNNING_IN_RECURSION = 43663,44982
PERLDOC = -MPod::Perldoc::ToTextOverstrike
PERL_BATCH = yes
PERL_CANARY_STABILITY_NOPROMPT = 1
PERL_CPAN_REPORTER_CONFIG = /var/tmp/cpansmoker-1023/2020110518/cpanreporter_000_config.ini
PERL_EXTUTILS_AUTOINSTALL = --defaultdeps
PERL_USE_UNSAFE_INC = 1
SHELL = /usr/local/bin/zsh
TERM = screen
TMPDIR = /var/tmp/cpansmoker-1023/2020110518
Perl special variables (and OS-specific diagnostics, for MSWin32):
$^X = /usr/perl5.14.4/bin/perl
$UID/$EUID = 1023 / 1023
$GID = 1023 1023
$EGID = 1023 1023
Perl module toolchain versions installed:
Module Have
------------------- --------
CPAN 2.27
CPAN::Meta 2.150010
Cwd 3.75
ExtUtils::CBuilder 0.280231
ExtUtils::Command 7.52
ExtUtils::Install 2.18
ExtUtils::MakeMaker 7.52
ExtUtils::Manifest 1.72
ExtUtils::ParseXS 3.35
File::Spec 3.75
JSON 4.02
JSON::PP 4.05
Module::Build 0.4231
Module::Signature 0.86
Parse::CPAN::Meta 2.150010
Test::Harness 3.42
Test::More 1.302183
YAML 1.30
YAML::Syck 1.33
version 0.9924
--
Summary of my perl5 (revision 5 version 14 subversion 4) configuration:
Platform:
osname=freebsd, osvers=9.2-release-p4, archname=amd64-freebsd
uname='freebsd cvrsnica-freebsd-92 9.2-release-p4 freebsd 9.2-release-p4 #0: tue apr 8 18:08:22 utc 2014 root@amd64-builder.daemonology.net:usrobjusrsrcsysgeneric amd64 '
config_args='-ds -e -Dprefix=/usr/perl5.14.4'
hint=recommended, useposix=true, d_sigaction=define
useithreads=undef, usemultiplicity=undef
useperlio=define, d_sfio=undef, uselargefiles=define, usesocks=undef
use64bitint=define, use64bitall=define, uselongdouble=undef
usemymalloc=n, bincompat5005=undef
Compiler:
cc='cc', ccflags ='-DHAS_FPSETMASK -DHAS_FLOATINGPOINT_H -fno-strict-aliasing -pipe -fstack-protector -I/usr/local/include',
optimize='-O',
cppflags='-DHAS_FPSETMASK -DHAS_FLOATINGPOINT_H -fno-strict-aliasing -pipe -fstack-protector -I/usr/local/include'
ccversion='', gccversion='4.2.1 20070831 patched [FreeBSD]', gccosandvers=''
intsize=4, longsize=8, ptrsize=8, doublesize=8, byteorder=12345678
d_longlong=define, longlongsize=8, d_longdbl=define, longdblsize=16
ivtype='long', ivsize=8, nvtype='double', nvsize=8, Off_t='off_t', lseeksize=8
alignbytes=8, prototype=define
Linker and Libraries:
ld='cc', ldflags ='-Wl,-E -fstack-protector -L/usr/local/lib'
libpth=/usr/lib /usr/local/lib
libs=-lgdbm -lm -lcrypt -lutil -lc
perllibs=-lm -lcrypt -lutil -lc
libc=, so=so, useshrplib=false, libperl=libperl.a
gnulibc_version=''
Dynamic Linking:
dlsrc=dl_dlopen.xs, dlext=so, d_dlsymun=undef, ccdlflags=' '
cccdlflags='-DPIC -fPIC', lddlflags='-shared -L/usr/local/lib -fstack-protector'
Characteristics of this binary (from libperl):
Compile-time options: PERL_DONT_CREATE_GVSV PERL_MALLOC_WRAP
PERL_PRESERVE_IVUV USE_64_BIT_ALL USE_64_BIT_INT
USE_LARGE_FILES USE_PERLIO USE_PERL_ATOF
Built under freebsd
Compiled at May 16 2014 00:20:44
%ENV:
PERL5LIB=""
PERL5OPT=""
PERL5_CPANPLUS_IS_RUNNING="44982"
PERL5_CPAN_IS_RUNNING="44982"
PERL5_CPAN_IS_RUNNING_IN_RECURSION="43663,44982"
PERLDOC="-MPod::Perldoc::ToTextOverstrike"
PERL_BATCH="yes"
PERL_CANARY_STABILITY_NOPROMPT="1"
PERL_CPAN_REPORTER_CONFIG="/var/tmp/cpansmoker-1023/2020110518/cpanreporter_000_config.ini"
PERL_EXTUTILS_AUTOINSTALL="--defaultdeps"
PERL_USE_UNSAFE_INC="1"
@INC:
/usr/perl5.14.4/lib/site_perl/5.14.4/amd64-freebsd
/usr/perl5.14.4/lib/site_perl/5.14.4
/usr/perl5.14.4/lib/5.14.4/amd64-freebsd
/usr/perl5.14.4/lib/5.14.4
.