Report for Catalyst-Model-Akismet-0.04

Back
From: metabase:user:3215efbe-2aae-11df-837a-5e0a49663a4f
Subject: FAIL Catalyst-Model-Akismet-0.04 v5.16.2 GNU/Linux
Date: 2012-12-22T00:32:25Z

This distribution has been tested as part of the CPAN Testers
project, supporting the Perl programming language.  See
http://wiki.cpantesters.org/ for more information or email
questions to cpan-testers-discuss@perl.org


--
Dear Tomas Doran,

This is a computer-generated report for Catalyst-Model-Akismet-0.04
on perl 5.16.2, created by CPAN-Reporter-1.2009.

Thank you for uploading your work to CPAN.  However, there was a problem
testing your distribution.

If you think this report is invalid, please consult the CPAN Testers Wiki
for suggestions on how to avoid getting FAIL reports for missing library
or binary dependencies, unsupported operating systems, and so on:

http://wiki.cpantesters.org/wiki/CPANAuthorNotes

Sections of this report:

    * Tester comments
    * Program output
    * Prerequisites
    * Environment and other context

------------------------------
TESTER COMMENTS
------------------------------

Additional comments from tester:

this report is from an automated smoke testing program
and was not reviewed by a human for accuracy

------------------------------
PROGRAM OUTPUT
------------------------------

Output from '/usr/bin/make test':

PERL_DL_NONLAZY=1 /opt/perl/nothreads/5.16.2/bin/perl "-MExtUtils::Command::MM" "-e" "test_harness(0, 'inc', 'blib/lib', 'blib/arch')" t/*.t
Useless use of a variable in void context at /opt/perl/nothreads/5.16.2/lib/site_perl/5.16.2/x86_64-linux/List/MoreUtils.pm line 362.
# Testing Catalyst::Model::Akismet 0.04
t/00.load.t ........... ok
t/01.functionality.t .. ok

#   Failed test 'Test::Perl::Critic for "blib/lib/Catalyst/Model/Akismet.pm"'
#   at /opt/perl/nothreads/5.16.2/lib/site_perl/5.16.2/Test/Perl/Critic.pm line 110.
# 
# Perl::Critic found these violations in "blib/lib/Catalyst/Model/Akismet.pm":
# Variable, subroutine, and package names have to be in CamelCase at line 66, column 8.  (no explanation).  (Severity: 5)
# Variable, subroutine, and package names have to be in CamelCase at line 67, column 8.  (no explanation).  (Severity: 5)
# Variable, subroutine, and package names have to be in CamelCase at line 67, column 21.  (no explanation).  (Severity: 5)
# Variable, subroutine, and package names have to be in CamelCase at line 69, column 10.  (no explanation).  (Severity: 5)
# Variable, subroutine, and package names have to be in CamelCase at line 69, column 14.  (no explanation).  (Severity: 5)
# Variable, subroutine, and package names have to be in CamelCase at line 73, column 16.  (no explanation).  (Severity: 5)
# Variable, subroutine, and package names have to be in CamelCase at line 75, column 16.  (no explanation).  (Severity: 5)
# Variable, subroutine, and package names have to be in CamelCase at line 78, column 5.  (no explanation).  (Severity: 5)
# Variable, subroutine, and package names have to be in CamelCase at line 79, column 40.  (no explanation).  (Severity: 5)
# Variable, subroutine, and package names have to be in CamelCase at line 79, column 50.  (no explanation).  (Severity: 5)
# Method invokation should use "()" at line 79, column 55.  Use "->MethodName()" instead of "->MethodName".  (Severity: 5)
# Variable, subroutine, and package names have to be in CamelCase at line 82, column 12.  (no explanation).  (Severity: 5)
# Variable, subroutine, and package names have to be in CamelCase at line 86, column 1.  (no explanation).  (Severity: 5)
# Variable, subroutine, and package names have to be in CamelCase at line 87, column 9.  (no explanation).  (Severity: 5)
# Variable, subroutine, and package names have to be in CamelCase at line 87, column 15.  (no explanation).  (Severity: 5)
# Variable, subroutine, and package names have to be in CamelCase at line 88, column 12.  (no explanation).  (Severity: 5)
# Variable, subroutine, and package names have to be in CamelCase at line 89, column 9.  (no explanation).  (Severity: 5)
# Variable, subroutine, and package names have to be in CamelCase at line 89, column 19.  (no explanation).  (Severity: 5)
# Variable, subroutine, and package names have to be in CamelCase at line 92, column 1.  (no explanation).  (Severity: 5)
# Variable, subroutine, and package names have to be in CamelCase at line 93, column 8.  (no explanation).  (Severity: 5)
# Variable, subroutine, and package names have to be in CamelCase at line 94, column 12.  (no explanation).  (Severity: 5)
# Variable, subroutine, and package names have to be in CamelCase at line 97, column 1.  (no explanation).  (Severity: 5)
# Variable, subroutine, and package names have to be in CamelCase at line 98, column 5.  (no explanation).  (Severity: 5)
# Variable, subroutine, and package names have to be in CamelCase at line 98, column 12.  (no explanation).  (Severity: 5)
# Variable, subroutine, and package names have to be in CamelCase at line 100, column 11.  (no explanation).  (Severity: 5)
# Variable, subroutine, and package names have to be in CamelCase at line 100, column 28.  (no explanation).  (Severity: 5)
# Variable, subroutine, and package names have to be in CamelCase at line 101, column 4.  (no explanation).  (Severity: 5)
# Variable, subroutine, and package names have to be in CamelCase at line 102, column 22.  (no explanation).  (Severity: 5)
# Method invokation should use "()" at line 102, column 24.  Use "->MethodName()" instead of "->MethodName".  (Severity: 5)
# Method invokation should use "()" at line 102, column 29.  Use "->MethodName()" instead of "->MethodName".  (Severity: 5)
# Variable, subroutine, and package names have to be in CamelCase at line 103, column 19.  (no explanation).  (Severity: 5)
# Method invokation should use "()" at line 103, column 21.  Use "->MethodName()" instead of "->MethodName".  (Severity: 5)
# Method invokation should use "()" at line 103, column 26.  Use "->MethodName()" instead of "->MethodName".  (Severity: 5)
# Variable, subroutine, and package names have to be in CamelCase at line 104, column 15.  (no explanation).  (Severity: 5)
# Method invokation should use "()" at line 104, column 17.  Use "->MethodName()" instead of "->MethodName".  (Severity: 5)
# Method invokation should use "()" at line 104, column 22.  Use "->MethodName()" instead of "->MethodName".  (Severity: 5)
# Variable, subroutine, and package names have to be in CamelCase at line 107, column 11.  (no explanation).  (Severity: 5)

#   Failed test 'Test::Perl::Critic for "blib/lib/Catalyst/Helper/Model/Akismet.pm"'
#   at /opt/perl/nothreads/5.16.2/lib/site_perl/5.16.2/Test/Perl/Critic.pm line 110.
# 
# Perl::Critic found these violations in "blib/lib/Catalyst/Helper/Model/Akismet.pm":
# Variable, subroutine, and package names have to be in CamelCase at line 48, column 1.  (no explanation).  (Severity: 5)
# Variable, subroutine, and package names have to be in CamelCase at line 49, column 10.  (no explanation).  (Severity: 5)
# Variable, subroutine, and package names have to be in CamelCase at line 49, column 17.  (no explanation).  (Severity: 5)
# Variable, subroutine, and package names have to be in CamelCase at line 49, column 26.  (no explanation).  (Severity: 5)
# Variable, subroutine, and package names have to be in CamelCase at line 52, column 14.  (no explanation).  (Severity: 5)
# Variable, subroutine, and package names have to be in CamelCase at line 54, column 13.  (no explanation).  (Severity: 5)
# Private Member Data shouldn't be accessed directly at line 54, column 13.  Accessing an objects data directly breaks encapsulation and should be avoided.  Example: $object->{ some_key }.  (Severity: 5)
# Variable, subroutine, and package names have to be in CamelCase at line 57, column 13.  (no explanation).  (Severity: 5)
# Private Member Data shouldn't be accessed directly at line 57, column 13.  Accessing an objects data directly breaks encapsulation and should be avoided.  Example: $object->{ some_key }.  (Severity: 5)
# Variable, subroutine, and package names have to be in CamelCase at line 61, column 5.  (no explanation).  (Severity: 5)
# Private Member Data shouldn't be accessed directly at line 61, column 5.  Accessing an objects data directly breaks encapsulation and should be avoided.  Example: $object->{ some_key }.  (Severity: 5)
# Variable, subroutine, and package names have to be in CamelCase at line 62, column 16.  (no explanation).  (Severity: 5)
# Private Member Data shouldn't be accessed directly at line 62, column 16.  Accessing an objects data directly breaks encapsulation and should be avoided.  Example: $object->{ some_key }.  (Severity: 5)
# Variable, subroutine, and package names have to be in CamelCase at line 63, column 16.  (no explanation).  (Severity: 5)
# Private Member Data shouldn't be accessed directly at line 63, column 16.  Accessing an objects data directly breaks encapsulation and should be avoided.  Example: $object->{ some_key }.  (Severity: 5)
# Variable, subroutine, and package names have to be in CamelCase at line 66, column 5.  (no explanation).  (Severity: 5)
# Variable, subroutine, and package names have to be in CamelCase at line 66, column 43.  (no explanation).  (Severity: 5)
# Private Member Data shouldn't be accessed directly at line 66, column 43.  Accessing an objects data directly breaks encapsulation and should be avoided.  Example: $object->{ some_key }.  (Severity: 5)
# Looks like you failed 2 tests of 2.
t/02.perlcritic.t ..... 
Dubious, test returned 2 (wstat 512, 0x200)
Failed 2/2 subtests 
t/03.pod.t ............ ok
t/04.pod-coverage.t ... ok

Test Summary Report
-------------------
t/02.perlcritic.t   (Wstat: 512 Tests: 2 Failed: 2)
  Failed tests:  1-2
  Non-zero exit status: 2
Files=5, Tests=10,  3 wallclock secs ( 0.03 usr  0.00 sys +  2.31 cusr  0.15 csys =  2.49 CPU)
Result: FAIL
Failed 1/5 test programs. 2/10 subtests failed.
make: *** [test_dynamic] Error 255

------------------------------
PREREQUISITES
------------------------------

Prerequisite modules loaded:

requires:

    Module                                  Need     Have    
    --------------------------------------- -------- --------
    Carp                                    0        1.26    
    Catalyst::Component::InstancePerContext 0.001000 0.001001
    Catalyst::Runtime                       5.70     5.90019 
    Class::C3                               0.20     0.24    
    Moose                                   0        2.0604  
    Net::Akismet::Protocol                  0        0.02    

build_requires:

    Module                                  Need     Have    
    --------------------------------------- -------- --------
    ExtUtils::MakeMaker                     6.42     6.64    
    Test::More                              0        0.98    

configure_requires:

    Module                                  Need     Have    
    --------------------------------------- -------- --------
    ExtUtils::MakeMaker                     6.42     6.64    


------------------------------
ENVIRONMENT AND OTHER CONTEXT
------------------------------

Environment variables:

    AUTOMATED_TESTING = 1
    LANG = C
    PATH = /opt/perl/nothreads/5.16.2/bin:/usr/local/sbin:/usr/local/bin:/usr/sbin:/usr/bin:/sbin:/bin:/usr/games
    PERL5LIB = 
    PERL5OPT = 
    PERL5_CPANPLUS_IS_RUNNING = 6320
    PERL5_CPAN_IS_RUNNING = 6320
    PERL5_CPAN_IS_RUNNING_IN_RECURSION = 2536,6320
    PERL_CR_SMOKER_CURRENT = Catalyst-Model-Akismet-0.04
    PERL_EXTUTILS_AUTOINSTALL = --defaultdeps
    PERL_MM_USE_DEFAULT = 1
    SHELL = /bin/bash
    TERM = screen

Perl special variables (and OS-specific diagnostics, for MSWin32):

    $^X = /opt/perl/nothreads/5.16.2/bin/perl
    $UID/$EUID = 1000 / 1000
    $GID = 1000 4 24 27 30 46 112 113 1000
    $EGID = 1000 4 24 27 30 46 112 113 1000

Perl module toolchain versions installed:

    Module              Have    
    ------------------- --------
    CPAN                1.9800  
    CPAN::Meta          2.120351
    Cwd                 3.39_01 
    ExtUtils::CBuilder  0.280205
    ExtUtils::Command   1.17    
    ExtUtils::Install   1.58    
    ExtUtils::MakeMaker 6.64    
    ExtUtils::Manifest  1.61    
    ExtUtils::ParseXS   3.18    
    File::Spec          3.39_01 
    JSON                2.53    
    JSON::PP            2.27200 
    Module::Build       0.4003  
    Module::Signature   0.70    
    Parse::CPAN::Meta   1.4404  
    Test::Harness       3.25    
    Test::More          0.98    
    YAML                0.84    
    YAML::Syck          1.22    
    version             0.9901  


--

Summary of my perl5 (revision 5 version 16 subversion 2) configuration:
   
  Platform:
    osname=linux, osvers=3.2.0-34-virtual, archname=x86_64-linux
    uname='linux cpansmoker 3.2.0-34-virtual #53-ubuntu smp thu nov 15 11:08:40 utc 2012 x86_64 x86_64 x86_64 gnulinux '
    config_args='-des -Dprefix=/opt/perl/nothreads/5.16.2'
    hint=recommended, useposix=true, d_sigaction=define
    useithreads=undef, usemultiplicity=undef
    useperlio=define, d_sfio=undef, uselargefiles=define, usesocks=undef
    use64bitint=define, use64bitall=define, uselongdouble=undef
    usemymalloc=n, bincompat5005=undef
  Compiler:
    cc='cc', ccflags ='-fno-strict-aliasing -pipe -fstack-protector -I/usr/local/include -D_LARGEFILE_SOURCE -D_FILE_OFFSET_BITS=64',
    optimize='-O2',
    cppflags='-fno-strict-aliasing -pipe -fstack-protector -I/usr/local/include'
    ccversion='', gccversion='4.6.3', gccosandvers=''
    intsize=4, longsize=8, ptrsize=8, doublesize=8, byteorder=12345678
    d_longlong=define, longlongsize=8, d_longdbl=define, longdblsize=16
    ivtype='long', ivsize=8, nvtype='double', nvsize=8, Off_t='off_t', lseeksize=8
    alignbytes=8, prototype=define
  Linker and Libraries:
    ld='cc', ldflags =' -fstack-protector -L/usr/local/lib'
    libpth=/usr/local/lib /lib/x86_64-linux-gnu /lib/../lib /usr/lib/x86_64-linux-gnu /usr/lib/../lib /lib /usr/lib
    libs=-lnsl -lgdbm -ldb -ldl -lm -lcrypt -lutil -lc -lgdbm_compat
    perllibs=-lnsl -ldl -lm -lcrypt -lutil -lc
    libc=, so=so, useshrplib=false, libperl=libperl.a
    gnulibc_version='2.15'
  Dynamic Linking:
    dlsrc=dl_dlopen.xs, dlext=so, d_dlsymun=undef, ccdlflags='-Wl,-E'
    cccdlflags='-fPIC', lddlflags='-shared -O2 -L/usr/local/lib -fstack-protector'


Characteristics of this binary (from libperl): 
  Compile-time options: HAS_TIMES PERLIO_LAYERS PERL_DONT_CREATE_GVSV
                        PERL_MALLOC_WRAP PERL_PRESERVE_IVUV USE_64_BIT_ALL
                        USE_64_BIT_INT USE_LARGE_FILES USE_LOCALE
                        USE_LOCALE_COLLATE USE_LOCALE_CTYPE
                        USE_LOCALE_NUMERIC USE_PERLIO USE_PERL_ATOF
  Built under linux
  Compiled at Dec  8 2012 10:32:31
  %ENV:
    PERL5LIB=""
    PERL5OPT=""
    PERL5_CPANPLUS_IS_RUNNING="6320"
    PERL5_CPAN_IS_RUNNING="6320"
    PERL5_CPAN_IS_RUNNING_IN_RECURSION="2536,6320"
    PERL_CR_SMOKER_CURRENT="Catalyst-Model-Akismet-0.04"
    PERL_EXTUTILS_AUTOINSTALL="--defaultdeps"
    PERL_MM_USE_DEFAULT="1"
  @INC:
    /opt/perl/nothreads/5.16.2/lib/site_perl/5.16.2/x86_64-linux
    /opt/perl/nothreads/5.16.2/lib/site_perl/5.16.2
    /opt/perl/nothreads/5.16.2/lib/5.16.2/x86_64-linux
    /opt/perl/nothreads/5.16.2/lib/5.16.2
    .