Report for POE-Component-SSLify-1.012

Back
From: metabase:user:0b89f010-c06b-11e2-94cd-ca7365ccac31
Subject: FAIL POE-Component-SSLify-1.012 v5.24.0 Mac OS X
Date: 2016-11-03T19:23:53Z

This distribution has been tested as part of the CPAN Testers
project, supporting the Perl programming language.  See
http://wiki.cpantesters.org/ for more information or email
questions to cpan-testers-discuss@perl.org


--
Dear Apocalypse,

This is a computer-generated report for POE-Component-SSLify-1.012
on perl 5.24.0, created by CPAN-Reporter-1.2017.

Thank you for uploading your work to CPAN.  However, there was a problem
testing your distribution.

If you think this report is invalid, please consult the CPAN Testers Wiki
for suggestions on how to avoid getting FAIL reports for missing library
or binary dependencies, unsupported operating systems, and so on:

http://wiki.cpantesters.org/wiki/CPANAuthorNotes

Sections of this report:

    * Tester comments
    * Program output
    * Prerequisites
    * Environment and other context

------------------------------
TESTER COMMENTS
------------------------------

Additional comments from tester:

none provided

------------------------------
PROGRAM OUTPUT
------------------------------

Output from './Build test':

t/00-compile.t ................ ok
# 
# Versions for all modules listed in MYMETA.json (including optional ones):
# 
# === Configure Requires ===
# 
#     Module               Want    Have
#     ------------------- ----- -------
#     ExtUtils::MakeMaker   any 7.10_01
#     Module::Build::Tiny 0.039   0.039
# 
# === Test Requires ===
# 
#     Module                          Want     Have
#     --------------------------- -------- --------
#     ExtUtils::MakeMaker              any  7.10_01
#     File::Spec                       any     3.63
#     File::Temp                       any   0.2304
#     IO::Handle                      1.28     1.36
#     IPC::Open3                       any     1.20
#     POE                            1.267    1.367
#     POE::Component::Client::TCP      any    1.367
#     POE::Component::Server::TCP      any    1.367
#     POE::Filter::Stream              any    1.367
#     Socket                           any 2.020_03
#     Test::FailWarnings               any    0.008
#     Test::More                  1.001002 1.001014
# 
# === Test Recommends ===
# 
#     Module         Want     Have
#     ---------- -------- --------
#     CPAN::Meta 2.120900 2.150005
# 
# === Runtime Requires ===
# 
#     Module        Want  Have
#     ------------ ----- -----
#     Exporter       any  5.72
#     IO::Handle    1.28  1.36
#     Net::SSLeay   1.36  1.74
#     POE          1.267 1.367
#     Scalar::Util   any  1.45
#     Symbol         any  1.07
#     Task::Weaken  1.03  1.04
#     parent         any 0.234
#     strict         any  1.11
#     warnings       any  1.36
# 
t/00-report-prereqs.t ......... ok
# 
# Net::SSLeay::ver_number is 0x1000005f
# 	OpenSSL 1.0.0e 6 Sep 2011
# 	compiler: /Developer/usr/bin/clang -fPIC -fno-common -DOPENSSL_PIC -DZLIB -DOPENSSL_THREADS -D_REENTRANT -DDSO_DLFCN -DHAVE_DLFCN_H -arch x86_64 -O3 -DL_ENDIAN -DMD32_REG_T=int -Wall
# 	built on: Mon Oct 24 09:40:41 EST 2011
# 	platform: darwin64-x86_64-cc
# 	pogomips: 38960102
t/00-ssleay-info.t ............ ok
t/99_mire_test.t .............. skipped: AUTHOR TEST
t/apocalypse.t ................ skipped: Test::Apocalypse required for validating the distribution
t/connect_hook.t .............. ok
t/connect_hook_nodata.t ....... ok
t/connfail_client.t ........... ok
t/connfail_server.t ........... ok
t/renegotiate_client.t ........ ok
t/renegotiate_client_pings.t .. ok
t/renegotiate_server.t ........ ok
t/simple.t .................... ok
Can't locate object method "new" via package "POE::Filter::Block" (perhaps you forgot to load "POE::Filter::Block"?) at /Users/ken/perl5/perlbrew/perls/perl-5.24.0t/lib/site_perl/5.24.0/POE/Component/Client/TCP.pm line 318.
# Tests were run but no plan was declared and done_testing() was not seen.
# Looks like your test exited with 22 just after 4.
t/simple_large.t .............. 
Dubious, test returned 22 (wstat 5632, 0x1600)
All 4 subtests passed 
t/simple_parallel.t ........... ok
t/simple_parallel_large.t ..... ok
t/simple_parallel_superbig.t .. skipped: AUTHOR TEST: NO at (eval 5) line 1.
t/simple_superbig.t ........... skipped: AUTHOR TEST: NO at (eval 5) line 1.
t/upgrade.t ................... ok

Test Summary Report
-------------------
t/renegotiate_client_pings.t (Wstat: 0 Tests: 22 Failed: 0)
  TODO passed:   15-17
t/simple_large.t            (Wstat: 5632 Tests: 4 Failed: 0)
  Non-zero exit status: 22
  Parse errors: No plan found in TAP output
Files=19, Tests=424,  5 wallclock secs ( 0.10 usr  0.04 sys +  4.14 cusr  0.37 csys =  4.65 CPU)
Result: FAIL

------------------------------
PREREQUISITES
------------------------------

Prerequisite modules loaded:

requires:

    Module                      Need     Have    
    --------------------------- -------- --------
    Exporter                    0        5.72    
    IO::Handle                  1.28     1.36    
    Net::SSLeay                 1.36     1.74    
    parent                      0        0.234   
    perl                        5.006    5.024000
    POE                         1.267    1.367   
    Scalar::Util                0        1.45    
    strict                      0        1.11    
    Symbol                      0        1.07    
    Task::Weaken                1.03     1.04    
    warnings                    0        1.36    

build_requires:

    Module                      Need     Have    
    --------------------------- -------- --------
    ExtUtils::MakeMaker         0        7.10_01 
    File::Spec                  0        3.63    
    File::Temp                  0        0.2304  
    IO::Handle                  1.28     1.36    
    IPC::Open3                  0        1.20    
    perl                        5.006    5.024000
    POE                         1.267    1.367   
    POE::Component::Client::TCP 0        1.367   
    POE::Component::Server::TCP 0        1.367   
    POE::Filter::Stream         0        1.367   
    Socket                      0        2.020_03
    Test::FailWarnings          0        0.008   
    Test::More                  1.001002 1.001014

configure_requires:

    Module                      Need     Have    
    --------------------------- -------- --------
    ExtUtils::MakeMaker         0        7.10_01 
    Module::Build::Tiny         0.039    0.039   
    perl                        5.006    5.024000


------------------------------
ENVIRONMENT AND OTHER CONTEXT
------------------------------

Environment variables:

    CPAN_TEST_AUTHOR = 1
    LANG = en_AU.UTF-8
    PATH = /Users/ken/perl5/perlbrew/bin:/Users/ken/perl5/perlbrew/perls/perl-5.24.0t/bin:/Users/ken/local/opt/perl6/builds/2016_04/rakudo/bin:/Users/ken/local/opt/perl6/builds/2016_04/rakudo/share/perl6/site/bin:/Users/ken/local/opt/sqlite/bin:/Users/ken/local/opt/ruby/bin:/opt/local/bin:/opt/local/sbin:/usr/local/bin:/usr/bin:/bin:/usr/sbin:/sbin:/opt/X11/bin:/Users/ken/local/bin:/Users/ken/local/dev/tix/bin:.
    PATH_WITHOUT_PERLBREW = /Users/ken/local/opt/perl6/builds/2016_04/rakudo/bin:/Users/ken/local/opt/perl6/builds/2016_04/rakudo/share/perl6/site/bin:/Users/ken/local/opt/sqlite/bin:/Users/ken/local/opt/ruby/bin:/opt/local/bin:/opt/local/sbin:/usr/local/bin:/usr/bin:/bin:/usr/sbin:/sbin:/opt/X11/bin:/Users/ken/local/bin:/Users/ken/local/dev/tix/bin:.
    PERL5LIB = /Users/ken/local/lib/perl
    PERL5OPT = 
    PERL5_CPANPLUS_IS_RUNNING = 42555
    PERL5_CPAN_IS_RUNNING = 42555
    PERLBREW_BASHRC_VERSION = 0.30
    PERLBREW_HOME = /Users/ken/.perlbrew
    PERLBREW_MANPATH = /Users/ken/perl5/perlbrew/perls/perl-5.24.0t/man
    PERLBREW_PATH = /Users/ken/perl5/perlbrew/bin:/Users/ken/perl5/perlbrew/perls/perl-5.24.0t/bin
    PERLBREW_PERL = perl-5.24.0t
    PERLBREW_ROOT = /Users/ken/perl5/perlbrew
    PERLBREW_VERSION = 0.73
    SHELL = /bin/bash
    TERM = xterm-256color
    TMPDIR = /var/folders/5q/df1h1dps5_s5xs1q4tryvvc40000gn/T/

Perl special variables (and OS-specific diagnostics, for MSWin32):

    $^X = /Users/ken/perl5/perlbrew/perls/perl-5.24.0t/bin/perl
    $UID/$EUID = 501 / 501
    $GID = 20 20 12 61 79 80 81 98 204 402 33 100 398 399
    $EGID = 20 20 12 61 79 80 81 98 204 402 33 100 398 399

Perl module toolchain versions installed:

    Module              Have    
    ------------------- --------
    CPAN                2.14    
    CPAN::Meta          2.150005
    Cwd                 3.63    
    ExtUtils::CBuilder  0.280225
    ExtUtils::Command   7.10    
    ExtUtils::Install   2.04    
    ExtUtils::MakeMaker 7.10_01 
    ExtUtils::Manifest  1.70    
    ExtUtils::ParseXS   3.31    
    File::Spec          3.63    
    JSON                n/a     
    JSON::PP            2.27300 
    Module::Build       0.4218  
    Module::Signature   n/a     
    Parse::CPAN::Meta   1.4417  
    Test::Harness       3.36    
    Test::More          1.001014
    YAML                1.15    
    YAML::Syck          n/a     
    version             0.9916  


--

Summary of my perl5 (revision 5 version 24 subversion 0) configuration:
   
  Platform:
    osname=darwin, osvers=14.3.0, archname=darwin-thread-multi-2level
    uname='darwin ganymede.local 14.3.0 darwin kernel version 14.3.0: mon mar 23 11:59:05 pdt 2015; root:xnu-2782.20.48~5release_x86_64 x86_64 '
    config_args='-de -Dprefix=/Users/ken/perl5/perlbrew/perls/perl-5.24.0t -Dusethreads -Aeval:scriptdir=/Users/ken/perl5/perlbrew/perls/perl-5.24.0t/bin'
    hint=recommended, useposix=true, d_sigaction=define
    useithreads=define, usemultiplicity=define
    use64bitint=define, use64bitall=define, uselongdouble=undef
    usemymalloc=n, bincompat5005=undef
  Compiler:
    cc='cc', ccflags ='-fno-common -DPERL_DARWIN -fno-strict-aliasing -pipe -fstack-protector-strong -I/usr/local/include -I/opt/local/include',
    optimize='-O3',
    cppflags='-fno-common -DPERL_DARWIN -fno-strict-aliasing -pipe -fstack-protector-strong -I/usr/local/include -I/opt/local/include'
    ccversion='', gccversion='4.2.1 Compatible Apple LLVM 6.1.0 (clang-602.0.49)', gccosandvers=''
    intsize=4, longsize=8, ptrsize=8, doublesize=8, byteorder=12345678, doublekind=3
    d_longlong=define, longlongsize=8, d_longdbl=define, longdblsize=16, longdblkind=3
    ivtype='long', ivsize=8, nvtype='double', nvsize=8, Off_t='off_t', lseeksize=8
    alignbytes=8, prototype=define
  Linker and Libraries:
    ld='env MACOSX_DEPLOYMENT_TARGET=10.3 cc', ldflags =' -fstack-protector-strong -L/usr/local/lib -L/opt/local/lib'
    libpth=/usr/local/lib /Applications/Xcode.app/Contents/Developer/Toolchains/XcodeDefault.xctoolchain/usr/bin/../lib/clang/6.1.0/lib /Applications/Xcode.app/Contents/Developer/Toolchains/XcodeDefault.xctoolchain/usr/lib /usr/lib /opt/local/lib
    libs=-lpthread -lgdbm -ldbm -ldl -lm -lutil -lc
    perllibs=-lpthread -ldl -lm -lutil -lc
    libc=, so=dylib, useshrplib=false, libperl=libperl.a
    gnulibc_version=''
  Dynamic Linking:
    dlsrc=dl_dlopen.xs, dlext=bundle, d_dlsymun=undef, ccdlflags=' '
    cccdlflags=' ', lddlflags=' -bundle -undefined dynamic_lookup -L/usr/local/lib -L/opt/local/lib -fstack-protector-strong'


Characteristics of this binary (from libperl): 
  Compile-time options: HAS_TIMES MULTIPLICITY PERLIO_LAYERS
                        PERL_COPY_ON_WRITE PERL_DONT_CREATE_GVSV
                        PERL_HASH_FUNC_ONE_AT_A_TIME_HARD
                        PERL_IMPLICIT_CONTEXT PERL_MALLOC_WRAP
                        PERL_PRESERVE_IVUV USE_64_BIT_ALL USE_64_BIT_INT
                        USE_ITHREADS USE_LARGE_FILES USE_LOCALE
                        USE_LOCALE_COLLATE USE_LOCALE_CTYPE
                        USE_LOCALE_NUMERIC USE_LOCALE_TIME USE_PERLIO
                        USE_PERL_ATOF USE_REENTRANT_API
  Locally applied patches:
	Devel::PatchPerl 1.34
  Built under darwin
  Compiled at May 15 2016 03:12:02
  %ENV:
    PERL5LIB="/Users/ken/local/lib/perl"
    PERL5OPT=""
    PERL5_CPANPLUS_IS_RUNNING="42555"
    PERL5_CPAN_IS_RUNNING="42555"
    PERLBREW_BASHRC_VERSION="0.30"
    PERLBREW_HOME="/Users/ken/.perlbrew"
    PERLBREW_MANPATH="/Users/ken/perl5/perlbrew/perls/perl-5.24.0t/man"
    PERLBREW_PATH="/Users/ken/perl5/perlbrew/bin:/Users/ken/perl5/perlbrew/perls/perl-5.24.0t/bin"
    PERLBREW_PERL="perl-5.24.0t"
    PERLBREW_ROOT="/Users/ken/perl5/perlbrew"
    PERLBREW_VERSION="0.73"
  @INC:
    /Users/ken/local/lib/perl
    /Users/ken/perl5/perlbrew/perls/perl-5.24.0t/lib/site_perl/5.24.0/darwin-thread-multi-2level
    /Users/ken/perl5/perlbrew/perls/perl-5.24.0t/lib/site_perl/5.24.0
    /Users/ken/perl5/perlbrew/perls/perl-5.24.0t/lib/5.24.0/darwin-thread-multi-2level
    /Users/ken/perl5/perlbrew/perls/perl-5.24.0t/lib/5.24.0
    .