Report for TPath-1.007

Back
From: metabase:user:322078bc-2aae-11df-837a-5e0a49663a4f
Subject: FAIL TPath-1.007 v5.20.0 OpenBSD
Date: 2014-08-08T17:04:27Z

This distribution has been tested as part of the CPAN Testers
project, supporting the Perl programming language.  See
http://wiki.cpantesters.org/ for more information or email
questions to cpan-testers-discuss@perl.org


--

Dear DFH,

This is a computer-generated error report created automatically by
CPANPLUS, version 0.9152. Testers personal comments may appear
at the end of this report.


Thank you for uploading your work to CPAN.  However, it appears that
there were some problems testing your distribution.

TEST RESULTS:

Below is the error stack from stage 'make test':

PERL_DL_NONLAZY=1 /home/cpan/pit/64bit/perl-5.20.0/bin/perl "-MExtUtils::Command::MM" "-MTest::Harness" "-e" "undef *Test::Harness::Switches; test_harness(0, 'blib/lib', 'blib/arch')" t/*.t

#   Failed test 'TPath/Attribute.pm loaded ok'
#   at t/00-compile.t line 100.
#          got: '512'
#     expected: '0'
Eval-group not allowed at runtime, use re 'eval' in regex m/(?x)(?{; *Regexp::Grammars::LOGFILE
                        = Regexp::Grammars::_open_log('>>','-', 'for regex gramma.../ at (eval 171) line 2574.
Compilation failed in require at /home/cpan/pit/64bit/conf/perl-5.20.0/.cpanplus/5.20.0/build/TPath-1.007/blib/lib/TPath/TypeConstraints.pm line 6.
BEGIN failed--compilation aborted at /home/cpan/pit/64bit/conf/perl-5.20.0/.cpanplus/5.20.0/build/TPath-1.007/blib/lib/TPath/TypeConstraints.pm line 6.
Compilation failed in require at /home/cpan/pit/64bit/conf/perl-5.20.0/.cpanplus/5.20.0/build/TPath-1.007/blib/lib/TPath/Attribute.pm line 10.
BEGIN failed--compilation aborted at /home/cpan/pit/64bit/conf/perl-5.20.0/.cpanplus/5.20.0/build/TPath-1.007/blib/lib/TPath/Attribute.pm line 10.
Compilation failed in require at -e line 1.

#   Failed test 'TPath/AttributeTest.pm loaded ok'
#   at t/00-compile.t line 100.
#          got: '512'
#     expected: '0'
Eval-group not allowed at runtime, use re 'eval' in regex m/(?x)(?{; *Regexp::Grammars::LOGFILE
                        = Regexp::Grammars::_open_log('>>','-', 'for regex gramma.../ at (eval 173) line 2574.
Compilation failed in require at /home/cpan/pit/64bit/conf/perl-5.20.0/.cpanplus/5.20.0/build/TPath-1.007/blib/lib/TPath/TypeConstraints.pm line 6.
BEGIN failed--compilation aborted at /home/cpan/pit/64bit/conf/perl-5.20.0/.cpanplus/5.20.0/build/TPath-1.007/blib/lib/TPath/TypeConstraints.pm line 6.
Compilation failed in require at /home/cpan/pit/64bit/conf/perl-5.20.0/.cpanplus/5.20.0/build/TPath-1.007/blib/lib/TPath/AttributeTest.pm line 11.
BEGIN failed--compilation aborted at /home/cpan/pit/64bit/conf/perl-5.20.0/.cpanplus/5.20.0/build/TPath-1.007/blib/lib/TPath/AttributeTest.pm line 11.
Compilation failed in require at -e line 1.
when is experimental at /home/cpan/pit/64bit/conf/perl-5.20.0/.cpanplus/5.20.0/build/TPath-1.007/blib/lib/TPath/Attributes/Standard.pm line 186.
when is experimental at /home/cpan/pit/64bit/conf/perl-5.20.0/.cpanplus/5.20.0/build/TPath-1.007/blib/lib/TPath/Attributes/Standard.pm line 187.
when is experimental at /home/cpan/pit/64bit/conf/perl-5.20.0/.cpanplus/5.20.0/build/TPath-1.007/blib/lib/TPath/Attributes/Standard.pm line 282.
when is experimental at /home/cpan/pit/64bit/conf/perl-5.20.0/.cpanplus/5.20.0/build/TPath-1.007/blib/lib/TPath/Attributes/Standard.pm line 283.

#   Failed test 'TPath/Compiler.pm loaded ok'
#   at t/00-compile.t line 100.
#          got: '512'
#     expected: '0'
Eval-group not allowed at runtime, use re 'eval' in regex m/(?x)(?{; *Regexp::Grammars::LOGFILE
                        = Regexp::Grammars::_open_log('>>','-', 'for regex gramma.../ at (eval 7) line 2574.
Compilation failed in require at /home/cpan/pit/64bit/conf/perl-5.20.0/.cpanplus/5.20.0/build/TPath-1.007/blib/lib/TPath/Compiler.pm line 12.
BEGIN failed--compilation aborted at /home/cpan/pit/64bit/conf/perl-5.20.0/.cpanplus/5.20.0/build/TPath-1.007/blib/lib/TPath/Compiler.pm line 12.
Compilation failed in require at -e line 1.

#   Failed test 'TPath/Concatenation.pm loaded ok'
#   at t/00-compile.t line 100.
#          got: '512'
#     expected: '0'
Eval-group not allowed at runtime, use re 'eval' in regex m/(?x)(?{; *Regexp::Grammars::LOGFILE
                        = Regexp::Grammars::_open_log('>>','-', 'for regex gramma.../ at (eval 171) line 2574.
Compilation failed in require at /home/cpan/pit/64bit/conf/perl-5.20.0/.cpanplus/5.20.0/build/TPath-1.007/blib/lib/TPath/TypeConstraints.pm line 6.
BEGIN failed--compilation aborted at /home/cpan/pit/64bit/conf/perl-5.20.0/.cpanplus/5.20.0/build/TPath-1.007/blib/lib/TPath/TypeConstraints.pm line 6.
Compilation failed in require at /home/cpan/pit/64bit/conf/perl-5.20.0/.cpanplus/5.20.0/build/TPath-1.007/blib/lib/TPath/Concatenation.pm line 10.
BEGIN failed--compilation aborted at /home/cpan/pit/64bit/conf/perl-5.20.0/.cpanplus/5.20.0/build/TPath-1.007/blib/lib/TPath/Concatenation.pm line 10.
Compilation failed in require at -e line 1.

#   Failed test 'TPath/Expression.pm loaded ok'
#   at t/00-compile.t line 100.
#          got: '512'
#     expected: '0'
Eval-group not allowed at runtime, use re 'eval' in regex m/(?x)(?{; *Regexp::Grammars::LOGFILE
                        = Regexp::Grammars::_open_log('>>','-', 'for regex gramma.../ at (eval 171) line 2574.
Compilation failed in require at /home/cpan/pit/64bit/conf/perl-5.20.0/.cpanplus/5.20.0/build/TPath-1.007/blib/lib/TPath/TypeConstraints.pm line 6.
BEGIN failed--compilation aborted at /home/cpan/pit/64bit/conf/perl-5.20.0/.cpanplus/5.20.0/build/TPath-1.007/blib/lib/TPath/TypeConstraints.pm line 6.
Compilation failed in require at /home/cpan/pit/64bit/conf/perl-5.20.0/.cpanplus/5.20.0/build/TPath-1.007/blib/lib/TPath/Expression.pm line 7.
BEGIN failed--compilation aborted at /home/cpan/pit/64bit/conf/perl-5.20.0/.cpanplus/5.20.0/build/TPath-1.007/blib/lib/TPath/Expression.pm line 7.
Compilation failed in require at -e line 1.

#   Failed test 'TPath/Forester.pm loaded ok'
#   at t/00-compile.t line 100.
#          got: '512'
#     expected: '0'
Eval-group not allowed at runtime, use re 'eval' in regex m/(?x)(?{; *Regexp::Grammars::LOGFILE
                        = Regexp::Grammars::_open_log('>>','-', 'for regex gramma.../ at (eval 171) line 2574.
Compilation failed in require at /home/cpan/pit/64bit/conf/perl-5.20.0/.cpanplus/5.20.0/build/TPath-1.007/blib/lib/TPath/Compiler.pm line 12.
BEGIN failed--compilation aborted at /home/cpan/pit/64bit/conf/perl-5.20.0/.cpanplus/5.20.0/build/TPath-1.007/blib/lib/TPath/Compiler.pm line 12.
Compilation failed in require at /home/cpan/pit/64bit/conf/perl-5.20.0/.cpanplus/5.20.0/build/TPath-1.007/blib/lib/TPath/Forester.pm line 11.
BEGIN failed--compilation aborted at /home/cpan/pit/64bit/conf/perl-5.20.0/.cpanplus/5.20.0/build/TPath-1.007/blib/lib/TPath/Forester.pm line 11.
Compilation failed in require at -e line 1.
Smartmatch is experimental at /home/cpan/pit/64bit/conf/perl-5.20.0/.cpanplus/5.20.0/build/TPath-1.007/blib/lib/TPath/Stringifiable.pm line 22.
when is experimental at /home/cpan/pit/64bit/conf/perl-5.20.0/.cpanplus/5.20.0/build/TPath-1.007/blib/lib/TPath/Stringifiable.pm line 24.
when is experimental at /home/cpan/pit/64bit/conf/perl-5.20.0/.cpanplus/5.20.0/build/TPath-1.007/blib/lib/TPath/Stringifiable.pm line 25.
when is experimental at /home/cpan/pit/64bit/conf/perl-5.20.0/.cpanplus/5.20.0/build/TPath-1.007/blib/lib/TPath/Stringifiable.pm line 26.
when is experimental at /home/cpan/pit/64bit/conf/perl-5.20.0/.cpanplus/5.20.0/build/TPath-1.007/blib/lib/TPath/Stringifiable.pm line 27.
when is experimental at /home/cpan/pit/64bit/conf/perl-5.20.0/.cpanplus/5.20.0/build/TPath-1.007/blib/lib/TPath/Stringifiable.pm line 28.
when is experimental at /home/cpan/pit/64bit/conf/perl-5.20.0/.cpanplus/5.20.0/build/TPath-1.007/blib/lib/TPath/Stringifiable.pm line 29.

#   Failed test 'TPath/Grammar.pm loaded ok'
#   at t/00-compile.t line 100.
#          got: '512'
#     expected: '0'
Eval-group not allowed at runtime, use re 'eval' in regex m/(?x)(?{; *Regexp::Grammars::LOGFILE
                        = Regexp::Grammars::_open_log('>>','-', 'for regex gramma.../ at (eval 7) line 2574.
Compilation failed in require at -e line 1.

#   Failed test 'TPath/Index.pm loaded ok'
#   at t/00-compile.t line 100.
#          got: '512'
#     expected: '0'
Eval-group not allowed at runtime, use re 'eval' in regex m/(?x)(?{; *Regexp::Grammars::LOGFILE
                        = Regexp::Grammars::_open_log('>>','-', 'for regex gramma.../ at (eval 171) line 2574.
Compilation failed in require at /home/cpan/pit/64bit/conf/perl-5.20.0/.cpanplus/5.20.0/build/TPath-1.007/blib/lib/TPath/TypeConstraints.pm line 6.
BEGIN failed--compilation aborted at /home/cpan/pit/64bit/conf/perl-5.20.0/.cpanplus/5.20.0/build/TPath-1.007/blib/lib/TPath/TypeConstraints.pm line 6.
Compilation failed in require at /home/cpan/pit/64bit/conf/perl-5.20.0/.cpanplus/5.20.0/build/TPath-1.007/blib/lib/TPath/Index.pm line 10.
BEGIN failed--compilation aborted at /home/cpan/pit/64bit/conf/perl-5.20.0/.cpanplus/5.20.0/build/TPath-1.007/blib/lib/TPath/Index.pm line 10.
Compilation failed in require at -e line 1.

#   Failed test 'TPath/Math.pm loaded ok'
#   at t/00-compile.t line 100.
#          got: '512'
#     expected: '0'
Eval-group not allowed at runtime, use re 'eval' in regex m/(?x)(?{; *Regexp::Grammars::LOGFILE
                        = Regexp::Grammars::_open_log('>>','-', 'for regex gramma.../ at (eval 171) line 2574.
Compilation failed in require at /home/cpan/pit/64bit/conf/perl-5.20.0/.cpanplus/5.20.0/build/TPath-1.007/blib/lib/TPath/TypeConstraints.pm line 6.
BEGIN failed--compilation aborted at /home/cpan/pit/64bit/conf/perl-5.20.0/.cpanplus/5.20.0/build/TPath-1.007/blib/lib/TPath/TypeConstraints.pm line 6.
Compilation failed in require at /home/cpan/pit/64bit/conf/perl-5.20.0/.cpanplus/5.20.0/build/TPath-1.007/blib/lib/TPath/Math.pm line 7.
BEGIN failed--compilation aborted at /home/cpan/pit/64bit/conf/perl-5.20.0/.cpanplus/5.20.0/build/TPath-1.007/blib/lib/TPath/Math.pm line 7.
Compilation failed in require at -e line 1.
Smartmatch is experimental at /home/cpan/pit/64bit/conf/perl-5.20.0/.cpanplus/5.20.0/build/TPath-1.007/blib/lib/TPath/Stringifiable.pm line 22.
when is experimental at /home/cpan/pit/64bit/conf/perl-5.20.0/.cpanplus/5.20.0/build/TPath-1.007/blib/lib/TPath/Stringifiable.pm line 24.
when is experimental at /home/cpan/pit/64bit/conf/perl-5.20.0/.cpanplus/5.20.0/build/TPath-1.007/blib/lib/TPath/Stringifiable.pm line 25.
when is experimental at /home/cpan/pit/64bit/conf/perl-5.20.0/.cpanplus/5.20.0/build/TPath-1.007/blib/lib/TPath/Stringifiable.pm line 26.
when is experimental at /home/cpan/pit/64bit/conf/perl-5.20.0/.cpanplus/5.20.0/build/TPath-1.007/blib/lib/TPath/Stringifiable.pm line 27.
when is experimental at /home/cpan/pit/64bit/conf/perl-5.20.0/.cpanplus/5.20.0/build/TPath-1.007/blib/lib/TPath/Stringifiable.pm line 28.
when is experimental at /home/cpan/pit/64bit/conf/perl-5.20.0/.cpanplus/5.20.0/build/TPath-1.007/blib/lib/TPath/Stringifiable.pm line 29.
Smartmatch is experimental at /home/cpan/pit/64bit/conf/perl-5.20.0/.cpanplus/5.20.0/build/TPath-1.007/blib/lib/TPath/Stringifiable.pm line 22.
when is experimental at /home/cpan/pit/64bit/conf/perl-5.20.0/.cpanplus/5.20.0/build/TPath-1.007/blib/lib/TPath/Stringifiable.pm line 24.
when is experimental at /home/cpan/pit/64bit/conf/perl-5.20.0/.cpanplus/5.20.0/build/TPath-1.007/blib/lib/TPath/Stringifiable.pm line 25.
when is experimental at /home/cpan/pit/64bit/conf/perl-5.20.0/.cpanplus/5.20.0/build/TPath-1.007/blib/lib/TPath/Stringifiable.pm line 26.
when is experimental at /home/cpan/pit/64bit/conf/perl-5.20.0/.cpanplus/5.20.0/build/TPath-1.007/blib/lib/TPath/Stringifiable.pm line 27.
when is experimental at /home/cpan/pit/64bit/conf/perl-5.20.0/.cpanplus/5.20.0/build/TPath-1.007/blib/lib/TPath/Stringifiable.pm line 28.
when is experimental at /home/cpan/pit/64bit/conf/perl-5.20.0/.cpanplus/5.20.0/build/TPath-1.007/blib/lib/TPath/Stringifiable.pm line 29.

#   Failed test 'TPath/Predicate/Attribute.pm loaded ok'
#   at t/00-compile.t line 100.
#          got: '512'
#     expected: '0'
Eval-group not allowed at runtime, use re 'eval' in regex m/(?x)(?{; *Regexp::Grammars::LOGFILE
                        = Regexp::Grammars::_open_log('>>','-', 'for regex gramma.../ at (eval 171) line 2574.
Compilation failed in require at /home/cpan/pit/64bit/conf/perl-5.20.0/.cpanplus/5.20.0/build/TPath-1.007/blib/lib/TPath/TypeConstraints.pm line 6.
BEGIN failed--compilation aborted at /home/cpan/pit/64bit/conf/perl-5.20.0/.cpanplus/5.20.0/build/TPath-1.007/blib/lib/TPath/TypeConstraints.pm line 6.
Compilation failed in require at /home/cpan/pit/64bit/conf/perl-5.20.0/.cpanplus/5.20.0/build/TPath-1.007/blib/lib/TPath/Predicate/Attribute.pm line 7.
BEGIN failed--compilation aborted at /home/cpan/pit/64bit/conf/perl-5.20.0/.cpanplus/5.20.0/build/TPath-1.007/blib/lib/TPath/Predicate/Attribute.pm line 7.
Compilation failed in require at -e line 1.

#   Failed test 'TPath/Predicate/AttributeTest.pm loaded ok'
#   at t/00-compile.t line 100.
#          got: '512'
#     expected: '0'
Eval-group not allowed at runtime, use re 'eval' in regex m/(?x)(?{; *Regexp::Grammars::LOGFILE
                        = Regexp::Grammars::_open_log('>>','-', 'for regex gramma.../ at (eval 171) line 2574.
Compilation failed in require at /home/cpan/pit/64bit/conf/perl-5.20.0/.cpanplus/5.20.0/build/TPath-1.007/blib/lib/TPath/TypeConstraints.pm line 6.
BEGIN failed--compilation aborted at /home/cpan/pit/64bit/conf/perl-5.20.0/.cpanplus/5.20.0/build/TPath-1.007/blib/lib/TPath/TypeConstraints.pm line 6.
Compilation failed in require at /home/cpan/pit/64bit/conf/perl-5.20.0/.cpanplus/5.20.0/build/TPath-1.007/blib/lib/TPath/Predicate/AttributeTest.pm line 7.
BEGIN failed--compilation aborted at /home/cpan/pit/64bit/conf/perl-5.20.0/.cpanplus/5.20.0/build/TPath-1.007/blib/lib/TPath/Predicate/AttributeTest.pm line 7.
Compilation failed in require at -e line 1.

#   Failed test 'TPath/Predicate/Boolean.pm loaded ok'
#   at t/00-compile.t line 100.
#          got: '512'
#     expected: '0'
Eval-group not allowed at runtime, use re 'eval' in regex m/(?x)(?{; *Regexp::Grammars::LOGFILE
                        = Regexp::Grammars::_open_log('>>','-', 'for regex gramma.../ at (eval 171) line 2574.
Compilation failed in require at /home/cpan/pit/64bit/conf/perl-5.20.0/.cpanplus/5.20.0/build/TPath-1.007/blib/lib/TPath/TypeConstraints.pm line 6.
BEGIN failed--compilation aborted at /home/cpan/pit/64bit/conf/perl-5.20.0/.cpanplus/5.20.0/build/TPath-1.007/blib/lib/TPath/TypeConstraints.pm line 6.
Compilation failed in require at /home/cpan/pit/64bit/conf/perl-5.20.0/.cpanplus/5.20.0/build/TPath-1.007/blib/lib/TPath/Predicate/Boolean.pm line 7.
BEGIN failed--compilation aborted at /home/cpan/pit/64bit/conf/perl-5.20.0/.cpanplus/5.20.0/build/TPath-1.007/blib/lib/TPath/Predicate/Boolean.pm line 7.
Compilation failed in require at -e line 1.

#   Failed test 'TPath/Predicate/Expression.pm loaded ok'
#   at t/00-compile.t line 100.
#          got: '512'
#     expected: '0'
Eval-group not allowed at runtime, use re 'eval' in regex m/(?x)(?{; *Regexp::Grammars::LOGFILE
                        = Regexp::Grammars::_open_log('>>','-', 'for regex gramma.../ at (eval 171) line 2574.
Compilation failed in require at /home/cpan/pit/64bit/conf/perl-5.20.0/.cpanplus/5.20.0/build/TPath-1.007/blib/lib/TPath/TypeConstraints.pm line 6.
BEGIN failed--compilation aborted at /home/cpan/pit/64bit/conf/perl-5.20.0/.cpanplus/5.20.0/build/TPath-1.007/blib/lib/TPath/TypeConstraints.pm line 6.
Compilation failed in require at /home/cpan/pit/64bit/conf/perl-5.20.0/.cpanplus/5.20.0/build/TPath-1.007/blib/lib/TPath/Predicate/Expression.pm line 7.
BEGIN failed--compilation aborted at /home/cpan/pit/64bit/conf/perl-5.20.0/.cpanplus/5.20.0/build/TPath-1.007/blib/lib/TPath/Predicate/Expression.pm line 7.
Compilation failed in require at -e line 1.
Smartmatch is experimental at /home/cpan/pit/64bit/conf/perl-5.20.0/.cpanplus/5.20.0/build/TPath-1.007/blib/lib/TPath/Stringifiable.pm line 22.
when is experimental at /home/cpan/pit/64bit/conf/perl-5.20.0/.cpanplus/5.20.0/build/TPath-1.007/blib/lib/TPath/Stringifiable.pm line 24.
when is experimental at /home/cpan/pit/64bit/conf/perl-5.20.0/.cpanplus/5.20.0/build/TPath-1.007/blib/lib/TPath/Stringifiable.pm line 25.
when is experimental at /home/cpan/pit/64bit/conf/perl-5.20.0/.cpanplus/5.20.0/build/TPath-1.007/blib/lib/TPath/Stringifiable.pm line 26.
when is experimental at /home/cpan/pit/64bit/conf/perl-5.20.0/.cpanplus/5.20.0/build/TPath-1.007/blib/lib/TPath/Stringifiable.pm line 27.
when is experimental at /home/cpan/pit/64bit/conf/perl-5.20.0/.cpanplus/5.20.0/build/TPath-1.007/blib/lib/TPath/Stringifiable.pm line 28.
when is experimental at /home/cpan/pit/64bit/conf/perl-5.20.0/.cpanplus/5.20.0/build/TPath-1.007/blib/lib/TPath/Stringifiable.pm line 29.
Smartmatch is experimental at /home/cpan/pit/64bit/conf/perl-5.20.0/.cpanplus/5.20.0/build/TPath-1.007/blib/lib/TPath/Stringifiable.pm line 22.
when is experimental at /home/cpan/pit/64bit/conf/perl-5.20.0/.cpanplus/5.20.0/build/TPath-1.007/blib/lib/TPath/Stringifiable.pm line 24.
when is experimental at /home/cpan/pit/64bit/conf/perl-5.20.0/.cpanplus/5.20.0/build/TPath-1.007/blib/lib/TPath/Stringifiable.pm line 25.
when is experimental at /home/cpan/pit/64bit/conf/perl-5.20.0/.cpanplus/5.20.0/build/TPath-1.007/blib/lib/TPath/Stringifiable.pm line 26.
when is experimental at /home/cpan/pit/64bit/conf/perl-5.20.0/.cpanplus/5.20.0/build/TPath-1.007/blib/lib/TPath/Stringifiable.pm line 27.
when is experimental at /home/cpan/pit/64bit/conf/perl-5.20.0/.cpanplus/5.20.0/build/TPath-1.007/blib/lib/TPath/Stringifiable.pm line 28.
when is experimental at /home/cpan/pit/64bit/conf/perl-5.20.0/.cpanplus/5.20.0/build/TPath-1.007/blib/lib/TPath/Stringifiable.pm line 29.

#   Failed test 'TPath/Selector/Expression.pm loaded ok'
#   at t/00-compile.t line 100.
#          got: '512'
#     expected: '0'
Eval-group not allowed at runtime, use re 'eval' in regex m/(?x)(?{; *Regexp::Grammars::LOGFILE
                        = Regexp::Grammars::_open_log('>>','-', 'for regex gramma.../ at (eval 171) line 2574.
Compilation failed in require at /home/cpan/pit/64bit/conf/perl-5.20.0/.cpanplus/5.20.0/build/TPath-1.007/blib/lib/TPath/TypeConstraints.pm line 6.
BEGIN failed--compilation aborted at /home/cpan/pit/64bit/conf/perl-5.20.0/.cpanplus/5.20.0/build/TPath-1.007/blib/lib/TPath/TypeConstraints.pm line 6.
Compilation failed in require at /home/cpan/pit/64bit/conf/perl-5.20.0/.cpanplus/5.20.0/build/TPath-1.007/blib/lib/TPath/Selector/Expression.pm line 9.
BEGIN failed--compilation aborted at /home/cpan/pit/64bit/conf/perl-5.20.0/.cpanplus/5.20.0/build/TPath-1.007/blib/lib/TPath/Selector/Expression.pm line 9.
Compilation failed in require at -e line 1.
Smartmatch is experimental at /home/cpan/pit/64bit/conf/perl-5.20.0/.cpanplus/5.20.0/build/TPath-1.007/blib/lib/TPath/Stringifiable.pm line 22.
when is experimental at /home/cpan/pit/64bit/conf/perl-5.20.0/.cpanplus/5.20.0/build/TPath-1.007/blib/lib/TPath/Stringifiable.pm line 24.
when is experimental at /home/cpan/pit/64bit/conf/perl-5.20.0/.cpanplus/5.20.0/build/TPath-1.007/blib/lib/TPath/Stringifiable.pm line 25.
when is experimental at /home/cpan/pit/64bit/conf/perl-5.20.0/.cpanplus/5.20.0/build/TPath-1.007/blib/lib/TPath/Stringifiable.pm line 26.
when is experimental at /home/cpan/pit/64bit/conf/perl-5.20.0/.cpanplus/5.20.0/build/TPath-1.007/blib/lib/TPath/Stringifiable.pm line 27.
when is experimental at /home/cpan/pit/64bit/conf/perl-5.20.0/.cpanplus/5.20.0/build/TPath-1.007/blib/lib/TPath/Stringifiable.pm line 28.
when is experimental at /home/cpan/pit/64bit/conf/perl-5.20.0/.cpanplus/5.20.0/build/TPath-1.007/blib/lib/TPath/Stringifiable.pm line 29.
Smartmatch is experimental at /home/cpan/pit/64bit/conf/perl-5.20.0/.cpanplus/5.20.0/build/TPath-1.007/blib/lib/TPath/Stringifiable.pm line 22.
when is experimental at /home/cpan/pit/64bit/conf/perl-5.20.0/.cpanplus/5.20.0/build/TPath-1.007/blib/lib/TPath/Stringifiable.pm line 24.
when is experimental at /home/cpan/pit/64bit/conf/perl-5.20.0/.cpanplus/5.20.0/build/TPath-1.007/blib/lib/TPath/Stringifiable.pm line 25.
when is experimental at /home/cpan/pit/64bit/conf/perl-5.20.0/.cpanplus/5.20.0/build/TPath-1.007/blib/lib/TPath/Stringifiable.pm line 26.
when is experimental at /home/cpan/pit/64bit/conf/perl-5.20.0/.cpanplus/5.20.0/build/TPath-1.007/blib/lib/TPath/Stringifiable.pm line 27.
when is experimental at /home/cpan/pit/64bit/conf/perl-5.20.0/.cpanplus/5.20.0/build/TPath-1.007/blib/lib/TPath/Stringifiable.pm line 28.
when is experimental at /home/cpan/pit/64bit/conf/perl-5.20.0/.cpanplus/5.20.0/build/TPath-1.007/blib/lib/TPath/Stringifiable.pm line 29.

#   Failed test 'TPath/Selector/Predicated.pm loaded ok'
#   at t/00-compile.t line 100.
#          got: '512'
#     expected: '0'
Eval-group not allowed at runtime, use re 'eval' in regex m/(?x)(?{; *Regexp::Grammars::LOGFILE
                        = Regexp::Grammars::_open_log('>>','-', 'for regex gramma.../ at (eval 171) line 2574.
Compilation failed in require at /home/cpan/pit/64bit/conf/perl-5.20.0/.cpanplus/5.20.0/build/TPath-1.007/blib/lib/TPath/TypeConstraints.pm line 6.
BEGIN failed--compilation aborted at /home/cpan/pit/64bit/conf/perl-5.20.0/.cpanplus/5.20.0/build/TPath-1.007/blib/lib/TPath/TypeConstraints.pm line 6.
Compilation failed in require at /home/cpan/pit/64bit/conf/perl-5.20.0/.cpanplus/5.20.0/build/TPath-1.007/blib/lib/TPath/Selector/Predicated.pm line 9.
BEGIN failed--compilation aborted at /home/cpan/pit/64bit/conf/perl-5.20.0/.cpanplus/5.20.0/build/TPath-1.007/blib/lib/TPath/Selector/Predicated.pm line 9.
Compilation failed in require at -e line 1.

#   Failed test 'TPath/Selector/Previous.pm loaded ok'
#   at t/00-compile.t line 100.
#          got: '512'
#     expected: '0'
Eval-group not allowed at runtime, use re 'eval' in regex m/(?x)(?{; *Regexp::Grammars::LOGFILE
                        = Regexp::Grammars::_open_log('>>','-', 'for regex gramma.../ at (eval 173) line 2574.
Compilation failed in require at /home/cpan/pit/64bit/conf/perl-5.20.0/.cpanplus/5.20.0/build/TPath-1.007/blib/lib/TPath/TypeConstraints.pm line 6.
BEGIN failed--compilation aborted at /home/cpan/pit/64bit/conf/perl-5.20.0/.cpanplus/5.20.0/build/TPath-1.007/blib/lib/TPath/TypeConstraints.pm line 6.
Compilation failed in require at /home/cpan/pit/64bit/conf/perl-5.20.0/.cpanplus/5.20.0/build/TPath-1.007/blib/lib/TPath/Selector/Test.pm line 10.
BEGIN failed--compilation aborted at /home/cpan/pit/64bit/conf/perl-5.20.0/.cpanplus/5.20.0/build/TPath-1.007/blib/lib/TPath/Selector/Test.pm line 10.
Compilation failed in require at /home/cpan/pit/64bit/conf/perl-5.20.0/.cpanplus/5.20.0/build/Module-Runtime-0.014/blib/lib/Module/Runtime.pm line 317.
Compilation failed in require at -e line 1.

#   Failed test 'TPath/Selector/Quantified.pm loaded ok'
#   at t/00-compile.t line 100.
#          got: '512'
#     expected: '0'
Eval-group not allowed at runtime, use re 'eval' in regex m/(?x)(?{; *Regexp::Grammars::LOGFILE
                        = Regexp::Grammars::_open_log('>>','-', 'for regex gramma.../ at (eval 171) line 2574.
Compilation failed in require at /home/cpan/pit/64bit/conf/perl-5.20.0/.cpanplus/5.20.0/build/TPath-1.007/blib/lib/TPath/TypeConstraints.pm line 6.
BEGIN failed--compilation aborted at /home/cpan/pit/64bit/conf/perl-5.20.0/.cpanplus/5.20.0/build/TPath-1.007/blib/lib/TPath/TypeConstraints.pm line 6.
Compilation failed in require at /home/cpan/pit/64bit/conf/perl-5.20.0/.cpanplus/5.20.0/build/TPath-1.007/blib/lib/TPath/Selector/Quantified.pm line 10.
BEGIN failed--compilation aborted at /home/cpan/pit/64bit/conf/perl-5.20.0/.cpanplus/5.20.0/build/TPath-1.007/blib/lib/TPath/Selector/Quantified.pm line 10.
Compilation failed in require at -e line 1.
Smartmatch is experimental at /home/cpan/pit/64bit/conf/perl-5.20.0/.cpanplus/5.20.0/build/TPath-1.007/blib/lib/TPath/Stringifiable.pm line 22.
when is experimental at /home/cpan/pit/64bit/conf/perl-5.20.0/.cpanplus/5.20.0/build/TPath-1.007/blib/lib/TPath/Stringifiable.pm line 24.
when is experimental at /home/cpan/pit/64bit/conf/perl-5.20.0/.cpanplus/5.20.0/build/TPath-1.007/blib/lib/TPath/Stringifiable.pm line 25.
when is experimental at /home/cpan/pit/64bit/conf/perl-5.20.0/.cpanplus/5.20.0/build/TPath-1.007/blib/lib/TPath/Stringifiable.pm line 26.
when is experimental at /home/cpan/pit/64bit/conf/perl-5.20.0/.cpanplus/5.20.0/build/TPath-1.007/blib/lib/TPath/Stringifiable.pm line 27.
when is experimental at /home/cpan/pit/64bit/conf/perl-5.20.0/.cpanplus/5.20.0/build/TPath-1.007/blib/lib/TPath/Stringifiable.pm line 28.
when is experimental at /home/cpan/pit/64bit/conf/perl-5.20.0/.cpanplus/5.20.0/build/TPath-1.007/blib/lib/TPath/Stringifiable.pm line 29.

#   Failed test 'TPath/Selector/Test.pm loaded ok'
#   at t/00-compile.t line 100.
#          got: '512'
#     expected: '0'
Eval-group not allowed at runtime, use re 'eval' in regex m/(?x)(?{; *Regexp::Grammars::LOGFILE
                        = Regexp::Grammars::_open_log('>>','-', 'for regex gramma.../ at (eval 171) line 2574.
Compilation failed in require at /home/cpan/pit/64bit/conf/perl-5.20.0/.cpanplus/5.20.0/build/TPath-1.007/blib/lib/TPath/TypeConstraints.pm line 6.
BEGIN failed--compilation aborted at /home/cpan/pit/64bit/conf/perl-5.20.0/.cpanplus/5.20.0/build/TPath-1.007/blib/lib/TPath/TypeConstraints.pm line 6.
Compilation failed in require at /home/cpan/pit/64bit/conf/perl-5.20.0/.cpanplus/5.20.0/build/TPath-1.007/blib/lib/TPath/Selector/Test.pm line 10.
BEGIN failed--compilation aborted at /home/cpan/pit/64bit/conf/perl-5.20.0/.cpanplus/5.20.0/build/TPath-1.007/blib/lib/TPath/Selector/Test.pm line 10.
Compilation failed in require at -e line 1.

#   Failed test 'TPath/Selector/Test/Anywhere.pm loaded ok'
#   at t/00-compile.t line 100.
#          got: '512'
#     expected: '0'
Eval-group not allowed at runtime, use re 'eval' in regex m/(?x)(?{; *Regexp::Grammars::LOGFILE
                        = Regexp::Grammars::_open_log('>>','-', 'for regex gramma.../ at (eval 179) line 2574.
Compilation failed in require at /home/cpan/pit/64bit/conf/perl-5.20.0/.cpanplus/5.20.0/build/TPath-1.007/blib/lib/TPath/TypeConstraints.pm line 6.
BEGIN failed--compilation aborted at /home/cpan/pit/64bit/conf/perl-5.20.0/.cpanplus/5.20.0/build/TPath-1.007/blib/lib/TPath/TypeConstraints.pm line 6.
Compilation failed in require at /home/cpan/pit/64bit/conf/perl-5.20.0/.cpanplus/5.20.0/build/TPath-1.007/blib/lib/TPath/Selector/Test.pm line 10.
BEGIN failed--compilation aborted at /home/cpan/pit/64bit/conf/perl-5.20.0/.cpanplus/5.20.0/build/TPath-1.007/blib/lib/TPath/Selector/Test.pm line 10.
Compilation failed in require at /home/cpan/pit/64bit/conf/perl-5.20.0/.cpanplus/5.20.0/build/Module-Runtime-0.014/blib/lib/Module/Runtime.pm line 317.
Compilation failed in require at -e line 1.

#   Failed test 'TPath/Selector/Test/AnywhereAttribute.pm loaded ok'
#   at t/00-compile.t line 100.
#          got: '512'
#     expected: '0'
Eval-group not allowed at runtime, use re 'eval' in regex m/(?x)(?{; *Regexp::Grammars::LOGFILE
                        = Regexp::Grammars::_open_log('>>','-', 'for regex gramma.../ at (eval 181) line 2574.
Compilation failed in require at /home/cpan/pit/64bit/conf/perl-5.20.0/.cpanplus/5.20.0/build/TPath-1.007/blib/lib/TPath/TypeConstraints.pm line 6.
BEGIN failed--compilation aborted at /home/cpan/pit/64bit/conf/perl-5.20.0/.cpanplus/5.20.0/build/TPath-1.007/blib/lib/TPath/TypeConstraints.pm line 6.
Compilation failed in require at /home/cpan/pit/64bit/conf/perl-5.20.0/.cpanplus/5.20.0/build/TPath-1.007/blib/lib/TPath/Selector/Test/AnywhereAttribute.pm line 7.
BEGIN failed--compilation aborted at /home/cpan/pit/64bit/conf/perl-5.20.0/.cpanplus/5.20.0/build/TPath-1.007/blib/lib/TPath/Selector/Test/AnywhereAttribute.pm line 7.
Compilation failed in require at -e line 1.

#   Failed test 'TPath/Selector/Test/AnywhereMatch.pm loaded ok'
#   at t/00-compile.t line 100.
#          got: '512'
#     expected: '0'
Eval-group not allowed at runtime, use re 'eval' in regex m/(?x)(?{; *Regexp::Grammars::LOGFILE
                        = Regexp::Grammars::_open_log('>>','-', 'for regex gramma.../ at (eval 183) line 2574.
Compilation failed in require at /home/cpan/pit/64bit/conf/perl-5.20.0/.cpanplus/5.20.0/build/TPath-1.007/blib/lib/TPath/TypeConstraints.pm line 6.
BEGIN failed--compilation aborted at /home/cpan/pit/64bit/conf/perl-5.20.0/.cpanplus/5.20.0/build/TPath-1.007/blib/lib/TPath/TypeConstraints.pm line 6.
Compilation failed in require at /home/cpan/pit/64bit/conf/perl-5.20.0/.cpanplus/5.20.0/build/TPath-1.007/blib/lib/TPath/Selector/Test.pm line 10.
BEGIN failed--compilation aborted at /home/cpan/pit/64bit/conf/perl-5.20.0/.cpanplus/5.20.0/build/TPath-1.007/blib/lib/TPath/Selector/Test.pm line 10.
Compilation failed in require at /home/cpan/pit/64bit/conf/perl-5.20.0/.cpanplus/5.20.0/build/Module-Runtime-0.014/blib/lib/Module/Runtime.pm line 317.
Compilation failed in require at /home/cpan/pit/64bit/conf/perl-5.20.0/.cpanplus/5.20.0/build/Module-Runtime-0.014/blib/lib/Module/Runtime.pm line 317.
Compilation failed in require at -e line 1.

#   Failed test 'TPath/Selector/Test/AnywhereTag.pm loaded ok'
#   at t/00-compile.t line 100.
#          got: '512'
#     expected: '0'
Eval-group not allowed at runtime, use re 'eval' in regex m/(?x)(?{; *Regexp::Grammars::LOGFILE
                        = Regexp::Grammars::_open_log('>>','-', 'for regex gramma.../ at (eval 181) line 2574.
Compilation failed in require at /home/cpan/pit/64bit/conf/perl-5.20.0/.cpanplus/5.20.0/build/TPath-1.007/blib/lib/TPath/TypeConstraints.pm line 6.
BEGIN failed--compilation aborted at /home/cpan/pit/64bit/conf/perl-5.20.0/.cpanplus/5.20.0/build/TPath-1.007/blib/lib/TPath/TypeConstraints.pm line 6.
Compilation failed in require at /home/cpan/pit/64bit/conf/perl-5.20.0/.cpanplus/5.20.0/build/TPath-1.007/blib/lib/TPath/Selector/Test.pm line 10.
BEGIN failed--compilation aborted at /home/cpan/pit/64bit/conf/perl-5.20.0/.cpanplus/5.20.0/build/TPath-1.007/blib/lib/TPath/Selector/Test.pm line 10.
Compilation failed in require at /home/cpan/pit/64bit/conf/perl-5.20.0/.cpanplus/5.20.0/build/Module-Runtime-0.014/blib/lib/Module/Runtime.pm line 317.
Compilation failed in require at -e line 1.

#   Failed test 'TPath/Selector/Test/AxisAttribute.pm loaded ok'
#   at t/00-compile.t line 100.
#          got: '512'
#     expected: '0'
Eval-group not allowed at runtime, use re 'eval' in regex m/(?x)(?{; *Regexp::Grammars::LOGFILE
                        = Regexp::Grammars::_open_log('>>','-', 'for regex gramma.../ at (eval 181) line 2574.
Compilation failed in require at /home/cpan/pit/64bit/conf/perl-5.20.0/.cpanplus/5.20.0/build/TPath-1.007/blib/lib/TPath/TypeConstraints.pm line 6.
BEGIN failed--compilation aborted at /home/cpan/pit/64bit/conf/perl-5.20.0/.cpanplus/5.20.0/build/TPath-1.007/blib/lib/TPath/TypeConstraints.pm line 6.
Compilation failed in require at /home/cpan/pit/64bit/conf/perl-5.20.0/.cpanplus/5.20.0/build/TPath-1.007/blib/lib/TPath/Selector/Test/AxisAttribute.pm line 7.
BEGIN failed--compilation aborted at /home/cpan/pit/64bit/conf/perl-5.20.0/.cpanplus/5.20.0/build/TPath-1.007/blib/lib/TPath/Selector/Test/AxisAttribute.pm line 7.
Compilation failed in require at -e line 1.

#   Failed test 'TPath/Selector/Test/AxisMatch.pm loaded ok'
#   at t/00-compile.t line 100.
#          got: '512'
#     expected: '0'
Eval-group not allowed at runtime, use re 'eval' in regex m/(?x)(?{; *Regexp::Grammars::LOGFILE
                        = Regexp::Grammars::_open_log('>>','-', 'for regex gramma.../ at (eval 183) line 2574.
Compilation failed in require at /home/cpan/pit/64bit/conf/perl-5.20.0/.cpanplus/5.20.0/build/TPath-1.007/blib/lib/TPath/TypeConstraints.pm line 6.
BEGIN failed--compilation aborted at /home/cpan/pit/64bit/conf/perl-5.20.0/.cpanplus/5.20.0/build/TPath-1.007/blib/lib/TPath/TypeConstraints.pm line 6.
Compilation failed in require at /home/cpan/pit/64bit/conf/perl-5.20.0/.cpanplus/5.20.0/build/TPath-1.007/blib/lib/TPath/Selector/Test.pm line 10.
BEGIN failed--compilation aborted at /home/cpan/pit/64bit/conf/perl-5.20.0/.cpanplus/5.20.0/build/TPath-1.007/blib/lib/TPath/Selector/Test.pm line 10.
Compilation failed in require at /home/cpan/pit/64bit/conf/perl-5.20.0/.cpanplus/5.20.0/build/Module-Runtime-0.014/blib/lib/Module/Runtime.pm line 317.
Compilation failed in require at /home/cpan/pit/64bit/conf/perl-5.20.0/.cpanplus/5.20.0/build/Module-Runtime-0.014/blib/lib/Module/Runtime.pm line 317.
Compilation failed in require at -e line 1.

#   Failed test 'TPath/Selector/Test/AxisTag.pm loaded ok'
#   at t/00-compile.t line 100.
#          got: '512'
#     expected: '0'
Eval-group not allowed at runtime, use re 'eval' in regex m/(?x)(?{; *Regexp::Grammars::LOGFILE
                        = Regexp::Grammars::_open_log('>>','-', 'for regex gramma.../ at (eval 181) line 2574.
Compilation failed in require at /home/cpan/pit/64bit/conf/perl-5.20.0/.cpanplus/5.20.0/build/TPath-1.007/blib/lib/TPath/TypeConstraints.pm line 6.
BEGIN failed--compilation aborted at /home/cpan/pit/64bit/conf/perl-5.20.0/.cpanplus/5.20.0/build/TPath-1.007/blib/lib/TPath/TypeConstraints.pm line 6.
Compilation failed in require at /home/cpan/pit/64bit/conf/perl-5.20.0/.cpanplus/5.20.0/build/TPath-1.007/blib/lib/TPath/Selector/Test.pm line 10.
BEGIN failed--compilation aborted at /home/cpan/pit/64bit/conf/perl-5.20.0/.cpanplus/5.20.0/build/TPath-1.007/blib/lib/TPath/Selector/Test.pm line 10.
Compilation failed in require at /home/cpan/pit/64bit/conf/perl-5.20.0/.cpanplus/5.20.0/build/Module-Runtime-0.014/blib/lib/Module/Runtime.pm line 317.
Compilation failed in require at -e line 1.

#   Failed test 'TPath/Selector/Test/AxisWildcard.pm loaded ok'
#   at t/00-compile.t line 100.
#          got: '512'
#     expected: '0'
Eval-group not allowed at runtime, use re 'eval' in regex m/(?x)(?{; *Regexp::Grammars::LOGFILE
                        = Regexp::Grammars::_open_log('>>','-', 'for regex gramma.../ at (eval 179) line 2574.
Compilation failed in require at /home/cpan/pit/64bit/conf/perl-5.20.0/.cpanplus/5.20.0/build/TPath-1.007/blib/lib/TPath/TypeConstraints.pm line 6.
BEGIN failed--compilation aborted at /home/cpan/pit/64bit/conf/perl-5.20.0/.cpanplus/5.20.0/build/TPath-1.007/blib/lib/TPath/TypeConstraints.pm line 6.
Compilation failed in require at /home/cpan/pit/64bit/conf/perl-5.20.0/.cpanplus/5.20.0/build/TPath-1.007/blib/lib/TPath/Selector/Test.pm line 10.
BEGIN failed--compilation aborted at /home/cpan/pit/64bit/conf/perl-5.20.0/.cpanplus/5.20.0/build/TPath-1.007/blib/lib/TPath/Selector/Test.pm line 10.
Compilation failed in require at /home/cpan/pit/64bit/conf/perl-5.20.0/.cpanplus/5.20.0/build/Module-Runtime-0.014/blib/lib/Module/Runtime.pm line 317.
Compilation failed in require at -e line 1.

#   Failed test 'TPath/Selector/Test/ChildAttribute.pm loaded ok'
#   at t/00-compile.t line 100.
#          got: '512'
#     expected: '0'
Eval-group not allowed at runtime, use re 'eval' in regex m/(?x)(?{; *Regexp::Grammars::LOGFILE
                        = Regexp::Grammars::_open_log('>>','-', 'for regex gramma.../ at (eval 181) line 2574.
Compilation failed in require at /home/cpan/pit/64bit/conf/perl-5.20.0/.cpanplus/5.20.0/build/TPath-1.007/blib/lib/TPath/TypeConstraints.pm line 6.
BEGIN failed--compilation aborted at /home/cpan/pit/64bit/conf/perl-5.20.0/.cpanplus/5.20.0/build/TPath-1.007/blib/lib/TPath/TypeConstraints.pm line 6.
Compilation failed in require at /home/cpan/pit/64bit/conf/perl-5.20.0/.cpanplus/5.20.0/build/TPath-1.007/blib/lib/TPath/Selector/Test/ChildAttribute.pm line 7.
BEGIN failed--compilation aborted at /home/cpan/pit/64bit/conf/perl-5.20.0/.cpanplus/5.20.0/build/TPath-1.007/blib/lib/TPath/Selector/Test/ChildAttribute.pm line 7.
Compilation failed in require at -e line 1.

#   Failed test 'TPath/Selector/Test/ChildMatch.pm loaded ok'
#   at t/00-compile.t line 100.
#          got: '512'
#     expected: '0'
Eval-group not allowed at runtime, use re 'eval' in regex m/(?x)(?{; *Regexp::Grammars::LOGFILE
                        = Regexp::Grammars::_open_log('>>','-', 'for regex gramma.../ at (eval 183) line 2574.
Compilation failed in require at /home/cpan/pit/64bit/conf/perl-5.20.0/.cpanplus/5.20.0/build/TPath-1.007/blib/lib/TPath/TypeConstraints.pm line 6.
BEGIN failed--compilation aborted at /home/cpan/pit/64bit/conf/perl-5.20.0/.cpanplus/5.20.0/build/TPath-1.007/blib/lib/TPath/TypeConstraints.pm line 6.
Compilation failed in require at /home/cpan/pit/64bit/conf/perl-5.20.0/.cpanplus/5.20.0/build/TPath-1.007/blib/lib/TPath/Selector/Test.pm line 10.
BEGIN failed--compilation aborted at /home/cpan/pit/64bit/conf/perl-5.20.0/.cpanplus/5.20.0/build/TPath-1.007/blib/lib/TPath/Selector/Test.pm line 10.
Compilation failed in require at /home/cpan/pit/64bit/conf/perl-5.20.0/.cpanplus/5.20.0/build/Module-Runtime-0.014/blib/lib/Module/Runtime.pm line 317.
Compilation failed in require at /home/cpan/pit/64bit/conf/perl-5.20.0/.cpanplus/5.20.0/build/Module-Runtime-0.014/blib/lib/Module/Runtime.pm line 317.
Compilation failed in require at -e line 1.

#   Failed test 'TPath/Selector/Test/ChildTag.pm loaded ok'
#   at t/00-compile.t line 100.
#          got: '512'
#     expected: '0'
Eval-group not allowed at runtime, use re 'eval' in regex m/(?x)(?{; *Regexp::Grammars::LOGFILE
                        = Regexp::Grammars::_open_log('>>','-', 'for regex gramma.../ at (eval 181) line 2574.
Compilation failed in require at /home/cpan/pit/64bit/conf/perl-5.20.0/.cpanplus/5.20.0/build/TPath-1.007/blib/lib/TPath/TypeConstraints.pm line 6.
BEGIN failed--compilation aborted at /home/cpan/pit/64bit/conf/perl-5.20.0/.cpanplus/5.20.0/build/TPath-1.007/blib/lib/TPath/TypeConstraints.pm line 6.
Compilation failed in require at /home/cpan/pit/64bit/conf/perl-5.20.0/.cpanplus/5.20.0/build/TPath-1.007/blib/lib/TPath/Selector/Test.pm line 10.
BEGIN failed--compilation aborted at /home/cpan/pit/64bit/conf/perl-5.20.0/.cpanplus/5.20.0/build/TPath-1.007/blib/lib/TPath/Selector/Test.pm line 10.
Compilation failed in require at /home/cpan/pit/64bit/conf/perl-5.20.0/.cpanplus/5.20.0/build/Module-Runtime-0.014/blib/lib/Module/Runtime.pm line 317.
Compilation failed in require at -e line 1.

#   Failed test 'TPath/Selector/Test/ClosestAttribute.pm loaded ok'
#   at t/00-compile.t line 100.
#          got: '512'
#     expected: '0'
Eval-group not allowed at runtime, use re 'eval' in regex m/(?x)(?{; *Regexp::Grammars::LOGFILE
                        = Regexp::Grammars::_open_log('>>','-', 'for regex gramma.../ at (eval 181) line 2574.
Compilation failed in require at /home/cpan/pit/64bit/conf/perl-5.20.0/.cpanplus/5.20.0/build/TPath-1.007/blib/lib/TPath/TypeConstraints.pm line 6.
BEGIN failed--compilation aborted at /home/cpan/pit/64bit/conf/perl-5.20.0/.cpanplus/5.20.0/build/TPath-1.007/blib/lib/TPath/TypeConstraints.pm line 6.
Compilation failed in require at /home/cpan/pit/64bit/conf/perl-5.20.0/.cpanplus/5.20.0/build/TPath-1.007/blib/lib/TPath/Selector/Test/ClosestAttribute.pm line 7.
BEGIN failed--compilation aborted at /home/cpan/pit/64bit/conf/perl-5.20.0/.cpanplus/5.20.0/build/TPath-1.007/blib/lib/TPath/Selector/Test/ClosestAttribute.pm line 7.
Compilation failed in require at -e line 1.

#   Failed test 'TPath/Selector/Test/ClosestMatch.pm loaded ok'
#   at t/00-compile.t line 100.
#          got: '512'
#     expected: '0'
Eval-group not allowed at runtime, use re 'eval' in regex m/(?x)(?{; *Regexp::Grammars::LOGFILE
                        = Regexp::Grammars::_open_log('>>','-', 'for regex gramma.../ at (eval 183) line 2574.
Compilation failed in require at /home/cpan/pit/64bit/conf/perl-5.20.0/.cpanplus/5.20.0/build/TPath-1.007/blib/lib/TPath/TypeConstraints.pm line 6.
BEGIN failed--compilation aborted at /home/cpan/pit/64bit/conf/perl-5.20.0/.cpanplus/5.20.0/build/TPath-1.007/blib/lib/TPath/TypeConstraints.pm line 6.
Compilation failed in require at /home/cpan/pit/64bit/conf/perl-5.20.0/.cpanplus/5.20.0/build/TPath-1.007/blib/lib/TPath/Selector/Test.pm line 10.
BEGIN failed--compilation aborted at /home/cpan/pit/64bit/conf/perl-5.20.0/.cpanplus/5.20.0/build/TPath-1.007/blib/lib/TPath/Selector/Test.pm line 10.
Compilation failed in require at /home/cpan/pit/64bit/conf/perl-5.20.0/.cpanplus/5.20.0/build/Module-Runtime-0.014/blib/lib/Module/Runtime.pm line 317.
Compilation failed in require at /home/cpan/pit/64bit/conf/perl-5.20.0/.cpanplus/5.20.0/build/Module-Runtime-0.014/blib/lib/Module/Runtime.pm line 317.
Compilation failed in require at -e line 1.

#   Failed test 'TPath/Selector/Test/ClosestTag.pm loaded ok'
#   at t/00-compile.t line 100.
#          got: '512'
#     expected: '0'
Eval-group not allowed at runtime, use re 'eval' in regex m/(?x)(?{; *Regexp::Grammars::LOGFILE
                        = Regexp::Grammars::_open_log('>>','-', 'for regex gramma.../ at (eval 181) line 2574.
Compilation failed in require at /home/cpan/pit/64bit/conf/perl-5.20.0/.cpanplus/5.20.0/build/TPath-1.007/blib/lib/TPath/TypeConstraints.pm line 6.
BEGIN failed--compilation aborted at /home/cpan/pit/64bit/conf/perl-5.20.0/.cpanplus/5.20.0/build/TPath-1.007/blib/lib/TPath/TypeConstraints.pm line 6.
Compilation failed in require at /home/cpan/pit/64bit/conf/perl-5.20.0/.cpanplus/5.20.0/build/TPath-1.007/blib/lib/TPath/Selector/Test.pm line 10.
BEGIN failed--compilation aborted at /home/cpan/pit/64bit/conf/perl-5.20.0/.cpanplus/5.20.0/build/TPath-1.007/blib/lib/TPath/Selector/Test.pm line 10.
Compilation failed in require at /home/cpan/pit/64bit/conf/perl-5.20.0/.cpanplus/5.20.0/build/Module-Runtime-0.014/blib/lib/Module/Runtime.pm line 317.
Compilation failed in require at -e line 1.

#   Failed test 'TPath/Selector/Test/Match.pm loaded ok'
#   at t/00-compile.t line 100.
#          got: '512'
#     expected: '0'
Eval-group not allowed at runtime, use re 'eval' in regex m/(?x)(?{; *Regexp::Grammars::LOGFILE
                        = Regexp::Grammars::_open_log('>>','-', 'for regex gramma.../ at (eval 173) line 2574.
Compilation failed in require at /home/cpan/pit/64bit/conf/perl-5.20.0/.cpanplus/5.20.0/build/TPath-1.007/blib/lib/TPath/TypeConstraints.pm line 6.
BEGIN failed--compilation aborted at /home/cpan/pit/64bit/conf/perl-5.20.0/.cpanplus/5.20.0/build/TPath-1.007/blib/lib/TPath/TypeConstraints.pm line 6.
Compilation failed in require at /home/cpan/pit/64bit/conf/perl-5.20.0/.cpanplus/5.20.0/build/TPath-1.007/blib/lib/TPath/Selector/Test.pm line 10.
BEGIN failed--compilation aborted at /home/cpan/pit/64bit/conf/perl-5.20.0/.cpanplus/5.20.0/build/TPath-1.007/blib/lib/TPath/Selector/Test.pm line 10.
Compilation failed in require at /home/cpan/pit/64bit/conf/perl-5.20.0/.cpanplus/5.20.0/build/Module-Runtime-0.014/blib/lib/Module/Runtime.pm line 317.
Compilation failed in require at -e line 1.

#   Failed test 'TPath/Selector/Test/Root.pm loaded ok'
#   at t/00-compile.t line 100.
#          got: '512'
#     expected: '0'
Eval-group not allowed at runtime, use re 'eval' in regex m/(?x)(?{; *Regexp::Grammars::LOGFILE
                        = Regexp::Grammars::_open_log('>>','-', 'for regex gramma.../ at (eval 173) line 2574.
Compilation failed in require at /home/cpan/pit/64bit/conf/perl-5.20.0/.cpanplus/5.20.0/build/TPath-1.007/blib/lib/TPath/TypeConstraints.pm line 6.
BEGIN failed--compilation aborted at /home/cpan/pit/64bit/conf/perl-5.20.0/.cpanplus/5.20.0/build/TPath-1.007/blib/lib/TPath/TypeConstraints.pm line 6.
Compilation failed in require at /home/cpan/pit/64bit/conf/perl-5.20.0/.cpanplus/5.20.0/build/TPath-1.007/blib/lib/TPath/Selector/Test.pm line 10.
BEGIN failed--compilation aborted at /home/cpan/pit/64bit/conf/perl-5.20.0/.cpanplus/5.20.0/build/TPath-1.007/blib/lib/TPath/Selector/Test.pm line 10.
Compilation failed in require at /home/cpan/pit/64bit/conf/perl-5.20.0/.cpanplus/5.20.0/build/Module-Runtime-0.014/blib/lib/Module/Runtime.pm line 317.
Compilation failed in require at -e line 1.
Smartmatch is experimental at /home/cpan/pit/64bit/conf/perl-5.20.0/.cpanplus/5.20.0/build/TPath-1.007/blib/lib/TPath/Stringifiable.pm line 22.
when is experimental at /home/cpan/pit/64bit/conf/perl-5.20.0/.cpanplus/5.20.0/build/TPath-1.007/blib/lib/TPath/Stringifiable.pm line 24.
when is experimental at /home/cpan/pit/64bit/conf/perl-5.20.0/.cpanplus/5.20.0/build/TPath-1.007/blib/lib/TPath/Stringifiable.pm line 25.
when is experimental at /home/cpan/pit/64bit/conf/perl-5.20.0/.cpanplus/5.20.0/build/TPath-1.007/blib/lib/TPath/Stringifiable.pm line 26.
when is experimental at /home/cpan/pit/64bit/conf/perl-5.20.0/.cpanplus/5.20.0/build/TPath-1.007/blib/lib/TPath/Stringifiable.pm line 27.
when is experimental at /home/cpan/pit/64bit/conf/perl-5.20.0/.cpanplus/5.20.0/build/TPath-1.007/blib/lib/TPath/Stringifiable.pm line 28.
when is experimental at /home/cpan/pit/64bit/conf/perl-5.20.0/.cpanplus/5.20.0/build/TPath-1.007/blib/lib/TPath/Stringifiable.pm line 29.
Smartmatch is experimental at /home/cpan/pit/64bit/conf/perl-5.20.0/.cpanplus/5.20.0/build/TPath-1.007/blib/lib/TPath/Stringifiable.pm line 22.
when is experimental at /home/cpan/pit/64bit/conf/perl-5.20.0/.cpanplus/5.20.0/build/TPath-1.007/blib/lib/TPath/Stringifiable.pm line 24.
when is experimental at /home/cpan/pit/64bit/conf/perl-5.20.0/.cpanplus/5.20.0/build/TPath-1.007/blib/lib/TPath/Stringifiable.pm line 25.
when is experimental at /home/cpan/pit/64bit/conf/perl-5.20.0/.cpanplus/5.20.0/build/TPath-1.007/blib/lib/TPath/Stringifiable.pm line 26.
when is experimental at /home/cpan/pit/64bit/conf/perl-5.20.0/.cpanplus/5.20.0/build/TPath-1.007/blib/lib/TPath/Stringifiable.pm line 27.
when is experimental at /home/cpan/pit/64bit/conf/perl-5.20.0/.cpanplus/5.20.0/build/TPath-1.007/blib/lib/TPath/Stringifiable.pm line 28.
when is experimental at /home/cpan/pit/64bit/conf/perl-5.20.0/.cpanplus/5.20.0/build/TPath-1.007/blib/lib/TPath/Stringifiable.pm line 29.

#   Failed test 'TPath/Test/And.pm loaded ok'
#   at t/00-compile.t line 100.
#          got: '512'
#     expected: '0'
Eval-group not allowed at runtime, use re 'eval' in regex m/(?x)(?{; *Regexp::Grammars::LOGFILE
                        = Regexp::Grammars::_open_log('>>','-', 'for regex gramma.../ at (eval 173) line 2574.
Compilation failed in require at /home/cpan/pit/64bit/conf/perl-5.20.0/.cpanplus/5.20.0/build/TPath-1.007/blib/lib/TPath/TypeConstraints.pm line 6.
BEGIN failed--compilation aborted at /home/cpan/pit/64bit/conf/perl-5.20.0/.cpanplus/5.20.0/build/TPath-1.007/blib/lib/TPath/TypeConstraints.pm line 6.
Compilation failed in require at /home/cpan/pit/64bit/conf/perl-5.20.0/.cpanplus/5.20.0/build/TPath-1.007/blib/lib/TPath/Test/Compound.pm line 6.
BEGIN failed--compilation aborted at /home/cpan/pit/64bit/conf/perl-5.20.0/.cpanplus/5.20.0/build/TPath-1.007/blib/lib/TPath/Test/Compound.pm line 6.
Compilation failed in require at /home/cpan/pit/64bit/conf/perl-5.20.0/.cpanplus/5.20.0/build/Module-Runtime-0.014/blib/lib/Module/Runtime.pm line 317.
Compilation failed in require at -e line 1.
Smartmatch is experimental at /home/cpan/pit/64bit/conf/perl-5.20.0/.cpanplus/5.20.0/build/TPath-1.007/blib/lib/TPath/Stringifiable.pm line 22.
when is experimental at /home/cpan/pit/64bit/conf/perl-5.20.0/.cpanplus/5.20.0/build/TPath-1.007/blib/lib/TPath/Stringifiable.pm line 24.
when is experimental at /home/cpan/pit/64bit/conf/perl-5.20.0/.cpanplus/5.20.0/build/TPath-1.007/blib/lib/TPath/Stringifiable.pm line 25.
when is experimental at /home/cpan/pit/64bit/conf/perl-5.20.0/.cpanplus/5.20.0/build/TPath-1.007/blib/lib/TPath/Stringifiable.pm line 26.
when is experimental at /home/cpan/pit/64bit/conf/perl-5.20.0/.cpanplus/5.20.0/build/TPath-1.007/blib/lib/TPath/Stringifiable.pm line 27.
when is experimental at /home/cpan/pit/64bit/conf/perl-5.20.0/.cpanplus/5.20.0/build/TPath-1.007/blib/lib/TPath/Stringifiable.pm line 28.
when is experimental at /home/cpan/pit/64bit/conf/perl-5.20.0/.cpanplus/5.20.0/build/TPath-1.007/blib/lib/TPath/Stringifiable.pm line 29.

#   Failed test 'TPath/Test/Compound.pm loaded ok'
#   at t/00-compile.t line 100.
#          got: '512'
#     expected: '0'
Eval-group not allowed at runtime, use re 'eval' in regex m/(?x)(?{; *Regexp::Grammars::LOGFILE
                        = Regexp::Grammars::_open_log('>>','-', 'for regex gramma.../ at (eval 171) line 2574.
Compilation failed in require at /home/cpan/pit/64bit/conf/perl-5.20.0/.cpanplus/5.20.0/build/TPath-1.007/blib/lib/TPath/TypeConstraints.pm line 6.
BEGIN failed--compilation aborted at /home/cpan/pit/64bit/conf/perl-5.20.0/.cpanplus/5.20.0/build/TPath-1.007/blib/lib/TPath/TypeConstraints.pm line 6.
Compilation failed in require at /home/cpan/pit/64bit/conf/perl-5.20.0/.cpanplus/5.20.0/build/TPath-1.007/blib/lib/TPath/Test/Compound.pm line 6.
BEGIN failed--compilation aborted at /home/cpan/pit/64bit/conf/perl-5.20.0/.cpanplus/5.20.0/build/TPath-1.007/blib/lib/TPath/Test/Compound.pm line 6.
Compilation failed in require at -e line 1.

#   Failed test 'TPath/Test/Not.pm loaded ok'
#   at t/00-compile.t line 100.
#          got: '512'
#     expected: '0'
Smartmatch is experimental at /home/cpan/pit/64bit/conf/perl-5.20.0/.cpanplus/5.20.0/build/TPath-1.007/blib/lib/TPath/Stringifiable.pm line 22.
when is experimental at /home/cpan/pit/64bit/conf/perl-5.20.0/.cpanplus/5.20.0/build/TPath-1.007/blib/lib/TPath/Stringifiable.pm line 24.
when is experimental at /home/cpan/pit/64bit/conf/perl-5.20.0/.cpanplus/5.20.0/build/TPath-1.007/blib/lib/TPath/Stringifiable.pm line 25.
when is experimental at /home/cpan/pit/64bit/conf/perl-5.20.0/.cpanplus/5.20.0/build/TPath-1.007/blib/lib/TPath/Stringifiable.pm line 26.
when is experimental at /home/cpan/pit/64bit/conf/perl-5.20.0/.cpanplus/5.20.0/build/TPath-1.007/blib/lib/TPath/Stringifiable.pm line 27.
when is experimental at /home/cpan/pit/64bit/conf/perl-5.20.0/.cpanplus/5.20.0/build/TPath-1.007/blib/lib/TPath/Stringifiable.pm line 28.
when is experimental at /home/cpan/pit/64bit/conf/perl-5.20.0/.cpanplus/5.20.0/build/TPath-1.007/blib/lib/TPath/Stringifiable.pm line 29.
Eval-group not allowed at runtime, use re 'eval' in regex m/(?x)(?{; *Regexp::Grammars::LOGFILE
                        = Regexp::Grammars::_open_log('>>','-', 'for regex gramma.../ at (eval 175) line 2574.
Compilation failed in require at /home/cpan/pit/64bit/conf/perl-5.20.0/.cpanplus/5.20.0/build/TPath-1.007/blib/lib/TPath/TypeConstraints.pm line 6.
BEGIN failed--compilation aborted at /home/cpan/pit/64bit/conf/perl-5.20.0/.cpanplus/5.20.0/build/TPath-1.007/blib/lib/TPath/TypeConstraints.pm line 6.
Compilation failed in require at /home/cpan/pit/64bit/conf/perl-5.20.0/.cpanplus/5.20.0/build/TPath-1.007/blib/lib/TPath/Test/Not.pm line 8.
BEGIN failed--compilation aborted at /home/cpan/pit/64bit/conf/perl-5.20.0/.cpanplus/5.20.0/build/TPath-1.007/blib/lib/TPath/Test/Not.pm line 8.
Compilation failed in require at -e line 1.

#   Failed test 'TPath/Test/One.pm loaded ok'
#   at t/00-compile.t line 100.
#          got: '512'
#     expected: '0'
Eval-group not allowed at runtime, use re 'eval' in regex m/(?x)(?{; *Regexp::Grammars::LOGFILE
                        = Regexp::Grammars::_open_log('>>','-', 'for regex gramma.../ at (eval 173) line 2574.
Compilation failed in require at /home/cpan/pit/64bit/conf/perl-5.20.0/.cpanplus/5.20.0/build/TPath-1.007/blib/lib/TPath/TypeConstraints.pm line 6.
BEGIN failed--compilation aborted at /home/cpan/pit/64bit/conf/perl-5.20.0/.cpanplus/5.20.0/build/TPath-1.007/blib/lib/TPath/TypeConstraints.pm line 6.
Compilation failed in require at /home/cpan/pit/64bit/conf/perl-5.20.0/.cpanplus/5.20.0/build/TPath-1.007/blib/lib/TPath/Test/Compound.pm line 6.
BEGIN failed--compilation aborted at /home/cpan/pit/64bit/conf/perl-5.20.0/.cpanplus/5.20.0/build/TPath-1.007/blib/lib/TPath/Test/Compound.pm line 6.
Compilation failed in require at /home/cpan/pit/64bit/conf/perl-5.20.0/.cpanplus/5.20.0/build/Module-Runtime-0.014/blib/lib/Module/Runtime.pm line 317.
Compilation failed in require at -e line 1.

#   Failed test 'TPath/Test/Or.pm loaded ok'
#   at t/00-compile.t line 100.
#          got: '512'
#     expected: '0'
Eval-group not allowed at runtime, use re 'eval' in regex m/(?x)(?{; *Regexp::Grammars::LOGFILE
                        = Regexp::Grammars::_open_log('>>','-', 'for regex gramma.../ at (eval 173) line 2574.
Compilation failed in require at /home/cpan/pit/64bit/conf/perl-5.20.0/.cpanplus/5.20.0/build/TPath-1.007/blib/lib/TPath/TypeConstraints.pm line 6.
BEGIN failed--compilation aborted at /home/cpan/pit/64bit/conf/perl-5.20.0/.cpanplus/5.20.0/build/TPath-1.007/blib/lib/TPath/TypeConstraints.pm line 6.
Compilation failed in require at /home/cpan/pit/64bit/conf/perl-5.20.0/.cpanplus/5.20.0/build/TPath-1.007/blib/lib/TPath/Test/Compound.pm line 6.
BEGIN failed--compilation aborted at /home/cpan/pit/64bit/conf/perl-5.20.0/.cpanplus/5.20.0/build/TPath-1.007/blib/lib/TPath/Test/Compound.pm line 6.
Compilation failed in require at /home/cpan/pit/64bit/conf/perl-5.20.0/.cpanplus/5.20.0/build/Module-Runtime-0.014/blib/lib/Module/Runtime.pm line 317.
Compilation failed in require at -e line 1.

#   Failed test 'TPath/TypeConstraints.pm loaded ok'
#   at t/00-compile.t line 100.
#          got: '512'
#     expected: '0'
Eval-group not allowed at runtime, use re 'eval' in regex m/(?x)(?{; *Regexp::Grammars::LOGFILE
                        = Regexp::Grammars::_open_log('>>','-', 'for regex gramma.../ at (eval 89) line 2574.
Compilation failed in require at /home/cpan/pit/64bit/conf/perl-5.20.0/.cpanplus/5.20.0/build/TPath-1.007/blib/lib/TPath/TypeConstraints.pm line 6.
BEGIN failed--compilation aborted at /home/cpan/pit/64bit/conf/perl-5.20.0/.cpanplus/5.20.0/build/TPath-1.007/blib/lib/TPath/TypeConstraints.pm line 6.
Compilation failed in require at -e line 1.
# Looks like you failed 40 tests of 64.
t/00-compile.t ................ 
Dubious, test returned 40 (wstat 10240, 0x2800)
Failed 40/64 subtests 
# 
# if: syntax error at (eval 226) line 1, at EOF
# 
# Generated by Dist::Zilla::Plugin::ReportVersions::Tiny v1.10
# perl: 5.020000 (wanted v5.10.0) on openbsd from /home/cpan/pit/64bit/perl-5.20.0/bin/perl
# 
# Carp                                          => 1.3301     (want any version)
# Exporter                                      => 5.70       (want any version)
# ExtUtils::MakeMaker                           => 6.98       (want any version)
# File::Basename                                => 2.85       (want any version)
# File::Spec                                    => 3.47       (want any version)
# IO::Handle                                    => 1.35       (want any version)
# IPC::Open3                                    => 1.16       (want any version)
# List::MoreUtils                               => 0.33       (want any version)
# List::Util                                    => 1.38       (want any version)
# Math::Trig                                    => 1.23       (want any version)
# Moose                                         => 2.1210     (want 2.0604) 
# Moose::Role                                   => 2.1210     (want 2.0604) 
# Moose::Util::TypeConstraints                  => 2.1210     (want 2.0604) 
# MooseX::MethodAttributes                      => 0.29       (want any version)
# MooseX::MethodAttributes::Role                => 0.29       (want 0.28)   
# MooseX::SingletonMethod                       => 0.03       (want 0.03)   
# POSIX                                         => 1.38_03    (want any version)
# Regexp::Grammars                              => 1.035      (want 1.026)  
# Scalar::Util                                  => 1.38       (want any version)
# Test::Exception                               => 0.32       (want any version)
# Test::More                                    => 1.001003   (want 0.88)   
# Test::Trap                                    => 0.2.4      (want any version)
# Time::HiRes                                   => 1.9726     (want any version)
# aliased                                       => 0.31       (want any version)
# base                                          => 2.22       (want any version)
# feature                                       => 1.36       (want any version)
# if                                            => died during require. (want any version)
# namespace::autoclean                          => 0.19       (want any version)
# overload                                      => 1.22       (want any version)
# parent                                        => 0.228      (want any version)
# strict                                        => 1.08       (want any version)
# warnings                                      => 1.23       (want any version)
# 
# Thanks for using my code.  I hope it works for you.
# If not, please try and include this output in the bug report.
# That will help me reproduce the issue and solve your problem.
# 
t/000-report-versions-tiny.t .. ok
Eval-group not allowed at runtime, use re 'eval' in regex m/(?x)(?{; *Regexp::Grammars::LOGFILE
                        = Regexp::Grammars::_open_log('>>','-', 'for regex gramma.../ at (eval 217) line 2574.
Compilation failed in require at /home/cpan/pit/64bit/conf/perl-5.20.0/.cpanplus/5.20.0/build/TPath-1.007/blib/lib/TPath/TypeConstraints.pm line 6.
BEGIN failed--compilation aborted at /home/cpan/pit/64bit/conf/perl-5.20.0/.cpanplus/5.20.0/build/TPath-1.007/blib/lib/TPath/TypeConstraints.pm line 6.
Compilation failed in require at /home/cpan/pit/64bit/conf/perl-5.20.0/.cpanplus/5.20.0/build/TPath-1.007/blib/lib/TPath/Index.pm line 10.
BEGIN failed--compilation aborted at /home/cpan/pit/64bit/conf/perl-5.20.0/.cpanplus/5.20.0/build/TPath-1.007/blib/lib/TPath/Index.pm line 10.
Compilation failed in require at t/ToyXMLForester.pm line 21.
BEGIN failed--compilation aborted at t/ToyXMLForester.pm line 21.
Compilation failed in require at t/attribute_tests.t line 14.
BEGIN failed--compilation aborted at t/attribute_tests.t line 14.
# Looks like your test exited with 2 before it could output anything.
t/attribute_tests.t ........... 
Dubious, test returned 2 (wstat 512, 0x200)
Failed 45/45 subtests 
Eval-group not allowed at runtime, use re 'eval' in regex m/(?x)(?{; *Regexp::Grammars::LOGFILE
                        = Regexp::Grammars::_open_log('>>','-', 'for regex gramma.../ at (eval 217) line 2574.
Compilation failed in require at /home/cpan/pit/64bit/conf/perl-5.20.0/.cpanplus/5.20.0/build/TPath-1.007/blib/lib/TPath/TypeConstraints.pm line 6.
BEGIN failed--compilation aborted at /home/cpan/pit/64bit/conf/perl-5.20.0/.cpanplus/5.20.0/build/TPath-1.007/blib/lib/TPath/TypeConstraints.pm line 6.
Compilation failed in require at /home/cpan/pit/64bit/conf/perl-5.20.0/.cpanplus/5.20.0/build/TPath-1.007/blib/lib/TPath/Index.pm line 10.
BEGIN failed--compilation aborted at /home/cpan/pit/64bit/conf/perl-5.20.0/.cpanplus/5.20.0/build/TPath-1.007/blib/lib/TPath/Index.pm line 10.
Compilation failed in require at t/ToyXMLForester.pm line 21.
BEGIN failed--compilation aborted at t/ToyXMLForester.pm line 21.
Compilation failed in require at t/attributes.t line 14.
BEGIN failed--compilation aborted at t/attributes.t line 14.
# Looks like your test exited with 2 before it could output anything.
t/attributes.t ................ 
Dubious, test returned 2 (wstat 512, 0x200)
Failed 63/63 subtests 
Eval-group not allowed at runtime, use re 'eval' in regex m/(?x)(?{; *Regexp::Grammars::LOGFILE
                        = Regexp::Grammars::_open_log('>>','-', 'for regex gramma.../ at (eval 211) line 2574.
Compilation failed in require at /home/cpan/pit/64bit/conf/perl-5.20.0/.cpanplus/5.20.0/build/TPath-1.007/blib/lib/TPath/TypeConstraints.pm line 6.
BEGIN failed--compilation aborted at /home/cpan/pit/64bit/conf/perl-5.20.0/.cpanplus/5.20.0/build/TPath-1.007/blib/lib/TPath/TypeConstraints.pm line 6.
Compilation failed in require at /home/cpan/pit/64bit/conf/perl-5.20.0/.cpanplus/5.20.0/build/TPath-1.007/blib/lib/TPath/Index.pm line 10.
BEGIN failed--compilation aborted at /home/cpan/pit/64bit/conf/perl-5.20.0/.cpanplus/5.20.0/build/TPath-1.007/blib/lib/TPath/Index.pm line 10.
Compilation failed in require at t/ToyXMLForester.pm line 21.
BEGIN failed--compilation aborted at t/ToyXMLForester.pm line 21.
Compilation failed in require at t/axis.t line 12.
BEGIN failed--compilation aborted at t/axis.t line 12.
# Looks like your test exited with 2 before it could output anything.
t/axis.t ...................... 
Dubious, test returned 2 (wstat 512, 0x200)
Failed 29/29 subtests 
Eval-group not allowed at runtime, use re 'eval' in regex m/(?x)(?{; *Regexp::Grammars::LOGFILE
                        = Regexp::Grammars::_open_log('>>','-', 'for regex gramma.../ at (eval 211) line 2574.
Compilation failed in require at /home/cpan/pit/64bit/conf/perl-5.20.0/.cpanplus/5.20.0/build/TPath-1.007/blib/lib/TPath/TypeConstraints.pm line 6.
BEGIN failed--compilation aborted at /home/cpan/pit/64bit/conf/perl-5.20.0/.cpanplus/5.20.0/build/TPath-1.007/blib/lib/TPath/TypeConstraints.pm line 6.
Compilation failed in require at /home/cpan/pit/64bit/conf/perl-5.20.0/.cpanplus/5.20.0/build/TPath-1.007/blib/lib/TPath/Index.pm line 10.
BEGIN failed--compilation aborted at /home/cpan/pit/64bit/conf/perl-5.20.0/.cpanplus/5.20.0/build/TPath-1.007/blib/lib/TPath/Index.pm line 10.
Compilation failed in require at t/ToyXMLForester.pm line 21.
BEGIN failed--compilation aborted at t/ToyXMLForester.pm line 21.
Compilation failed in require at t/axis_order.t line 12.
BEGIN failed--compilation aborted at t/axis_order.t line 12.
t/axis_order.t ................ 
Dubious, test returned 2 (wstat 512, 0x200)
No subtests run 
Eval-group not allowed at runtime, use re 'eval' in regex m/(?x)(?{; *Regexp::Grammars::LOGFILE
                        = Regexp::Grammars::_open_log('>>','-', 'for regex gramma.../ at (eval 217) line 2574.
Compilation failed in require at /home/cpan/pit/64bit/conf/perl-5.20.0/.cpanplus/5.20.0/build/TPath-1.007/blib/lib/TPath/TypeConstraints.pm line 6.
BEGIN failed--compilation aborted at /home/cpan/pit/64bit/conf/perl-5.20.0/.cpanplus/5.20.0/build/TPath-1.007/blib/lib/TPath/TypeConstraints.pm line 6.
Compilation failed in require at /home/cpan/pit/64bit/conf/perl-5.20.0/.cpanplus/5.20.0/build/TPath-1.007/blib/lib/TPath/Index.pm line 10.
BEGIN failed--compilation aborted at /home/cpan/pit/64bit/conf/perl-5.20.0/.cpanplus/5.20.0/build/TPath-1.007/blib/lib/TPath/Index.pm line 10.
Compilation failed in require at t/ToyXMLForester.pm line 21.
BEGIN failed--compilation aborted at t/ToyXMLForester.pm line 21.
Compilation failed in require at t/basic.t line 15.
BEGIN failed--compilation aborted at t/basic.t line 15.
# Looks like your test exited with 2 before it could output anything.
t/basic.t ..................... 
Dubious, test returned 2 (wstat 512, 0x200)
Failed 106/106 subtests 
Eval-group not allowed at runtime, use re 'eval' in regex m/(?x)(?{; *Regexp::Grammars::LOGFILE
                        = Regexp::Grammars::_open_log('>>','-', 'for regex gramma.../ at (eval 211) line 2574.
Compilation failed in require at /home/cpan/pit/64bit/conf/perl-5.20.0/.cpanplus/5.20.0/build/TPath-1.007/blib/lib/TPath/TypeConstraints.pm line 6.
BEGIN failed--compilation aborted at /home/cpan/pit/64bit/conf/perl-5.20.0/.cpanplus/5.20.0/build/TPath-1.007/blib/lib/TPath/TypeConstraints.pm line 6.
Compilation failed in require at /home/cpan/pit/64bit/conf/perl-5.20.0/.cpanplus/5.20.0/build/TPath-1.007/blib/lib/TPath/Index.pm line 10.
BEGIN failed--compilation aborted at /home/cpan/pit/64bit/conf/perl-5.20.0/.cpanplus/5.20.0/build/TPath-1.007/blib/lib/TPath/Index.pm line 10.
Compilation failed in require at t/ToyXMLForester.pm line 21.
BEGIN failed--compilation aborted at t/ToyXMLForester.pm line 21.
Compilation failed in require at t/case_sensitivity.t line 12.
BEGIN failed--compilation aborted at t/case_sensitivity.t line 12.
t/case_sensitivity.t .......... 
Dubious, test returned 2 (wstat 512, 0x200)
No subtests run 
Eval-group not allowed at runtime, use re 'eval' in regex m/(?x)(?{; *Regexp::Grammars::LOGFILE
                        = Regexp::Grammars::_open_log('>>','-', 'for regex gramma.../ at (eval 211) line 2574.
Compilation failed in require at /home/cpan/pit/64bit/conf/perl-5.20.0/.cpanplus/5.20.0/build/TPath-1.007/blib/lib/TPath/TypeConstraints.pm line 6.
BEGIN failed--compilation aborted at /home/cpan/pit/64bit/conf/perl-5.20.0/.cpanplus/5.20.0/build/TPath-1.007/blib/lib/TPath/TypeConstraints.pm line 6.
Compilation failed in require at /home/cpan/pit/64bit/conf/perl-5.20.0/.cpanplus/5.20.0/build/TPath-1.007/blib/lib/TPath/Index.pm line 10.
BEGIN failed--compilation aborted at /home/cpan/pit/64bit/conf/perl-5.20.0/.cpanplus/5.20.0/build/TPath-1.007/blib/lib/TPath/Index.pm line 10.
Compilation failed in require at t/ToyXMLForester.pm line 21.
BEGIN failed--compilation aborted at t/ToyXMLForester.pm line 21.
Compilation failed in require at t/compound.t line 12.
BEGIN failed--compilation aborted at t/compound.t line 12.
t/compound.t .................. 
Dubious, test returned 2 (wstat 512, 0x200)
No subtests run 
Eval-group not allowed at runtime, use re 'eval' in regex m/(?x)(?{; *Regexp::Grammars::LOGFILE
                        = Regexp::Grammars::_open_log('>>','-', 'for regex gramma.../ at (eval 211) line 2574.
Compilation failed in require at /home/cpan/pit/64bit/conf/perl-5.20.0/.cpanplus/5.20.0/build/TPath-1.007/blib/lib/TPath/TypeConstraints.pm line 6.
BEGIN failed--compilation aborted at /home/cpan/pit/64bit/conf/perl-5.20.0/.cpanplus/5.20.0/build/TPath-1.007/blib/lib/TPath/TypeConstraints.pm line 6.
Compilation failed in require at /home/cpan/pit/64bit/conf/perl-5.20.0/.cpanplus/5.20.0/build/TPath-1.007/blib/lib/TPath/Index.pm line 10.
BEGIN failed--compilation aborted at /home/cpan/pit/64bit/conf/perl-5.20.0/.cpanplus/5.20.0/build/TPath-1.007/blib/lib/TPath/Index.pm line 10.
Compilation failed in require at t/ToyXMLForester.pm line 21.
BEGIN failed--compilation aborted at t/ToyXMLForester.pm line 21.
Compilation failed in require at t/equality.t line 16.
BEGIN failed--compilation aborted at t/equality.t line 16.
t/equality.t .................. 
Dubious, test returned 2 (wstat 512, 0x200)
No subtests run 
Eval-group not allowed at runtime, use re 'eval' in regex m/(?x)(?{; *Regexp::Grammars::LOGFILE
                        = Regexp::Grammars::_open_log('>>','-', 'for regex gramma.../ at (eval 217) line 2574.
Compilation failed in require at /home/cpan/pit/64bit/conf/perl-5.20.0/.cpanplus/5.20.0/build/TPath-1.007/blib/lib/TPath/TypeConstraints.pm line 6.
BEGIN failed--compilation aborted at /home/cpan/pit/64bit/conf/perl-5.20.0/.cpanplus/5.20.0/build/TPath-1.007/blib/lib/TPath/TypeConstraints.pm line 6.
Compilation failed in require at /home/cpan/pit/64bit/conf/perl-5.20.0/.cpanplus/5.20.0/build/TPath-1.007/blib/lib/TPath/Index.pm line 10.
BEGIN failed--compilation aborted at /home/cpan/pit/64bit/conf/perl-5.20.0/.cpanplus/5.20.0/build/TPath-1.007/blib/lib/TPath/Index.pm line 10.
Compilation failed in require at t/ToyXMLForester.pm line 21.
BEGIN failed--compilation aborted at t/ToyXMLForester.pm line 21.
Compilation failed in require at t/extended_attributes.t line 14.
BEGIN failed--compilation aborted at t/extended_attributes.t line 14.
# Looks like your test exited with 2 before it could output anything.
t/extended_attributes.t ....... 
Dubious, test returned 2 (wstat 512, 0x200)
Failed 39/39 subtests 
Eval-group not allowed at runtime, use re 'eval' in regex m/(?x)(?{; *Regexp::Grammars::LOGFILE
                        = Regexp::Grammars::_open_log('>>','-', 'for regex gramma.../ at (eval 211) line 2574.
Compilation failed in require at /home/cpan/pit/64bit/conf/perl-5.20.0/.cpanplus/5.20.0/build/TPath-1.007/blib/lib/TPath/TypeConstraints.pm line 6.
BEGIN failed--compilation aborted at /home/cpan/pit/64bit/conf/perl-5.20.0/.cpanplus/5.20.0/build/TPath-1.007/blib/lib/TPath/TypeConstraints.pm line 6.
Compilation failed in require at /home/cpan/pit/64bit/conf/perl-5.20.0/.cpanplus/5.20.0/build/TPath-1.007/blib/lib/TPath/Index.pm line 10.
BEGIN failed--compilation aborted at /home/cpan/pit/64bit/conf/perl-5.20.0/.cpanplus/5.20.0/build/TPath-1.007/blib/lib/TPath/Index.pm line 10.
Compilation failed in require at t/ToyXMLForester.pm line 21.
BEGIN failed--compilation aborted at t/ToyXMLForester.pm line 21.
Compilation failed in require at t/index_functions.t line 12.
BEGIN failed--compilation aborted at t/index_functions.t line 12.
# Looks like your test exited with 2 before it could output anything.
t/index_functions.t ........... 
Dubious, test returned 2 (wstat 512, 0x200)
Failed 8/8 subtests 
Eval-group not allowed at runtime, use re 'eval' in regex m/(?x)(?{; *Regexp::Grammars::LOGFILE
                        = Regexp::Grammars::_open_log('>>','-', 'for regex gramma.../ at (eval 211) line 2574.
Compilation failed in require at /home/cpan/pit/64bit/conf/perl-5.20.0/.cpanplus/5.20.0/build/TPath-1.007/blib/lib/TPath/TypeConstraints.pm line 6.
BEGIN failed--compilation aborted at /home/cpan/pit/64bit/conf/perl-5.20.0/.cpanplus/5.20.0/build/TPath-1.007/blib/lib/TPath/TypeConstraints.pm line 6.
Compilation failed in require at /home/cpan/pit/64bit/conf/perl-5.20.0/.cpanplus/5.20.0/build/TPath-1.007/blib/lib/TPath/Index.pm line 10.
BEGIN failed--compilation aborted at /home/cpan/pit/64bit/conf/perl-5.20.0/.cpanplus/5.20.0/build/TPath-1.007/blib/lib/TPath/Index.pm line 10.
Compilation failed in require at t/ToyXMLForester.pm line 21.
BEGIN failed--compilation aborted at t/ToyXMLForester.pm line 21.
Compilation failed in require at t/match.t line 12.
BEGIN failed--compilation aborted at t/match.t line 12.
t/match.t ..................... 
Dubious, test returned 2 (wstat 512, 0x200)
No subtests run 
Eval-group not allowed at runtime, use re 'eval' in regex m/(?x)(?{; *Regexp::Grammars::LOGFILE
                        = Regexp::Grammars::_open_log('>>','-', 'for regex gramma.../ at (eval 211) line 2574.
Compilation failed in require at /home/cpan/pit/64bit/conf/perl-5.20.0/.cpanplus/5.20.0/build/TPath-1.007/blib/lib/TPath/TypeConstraints.pm line 6.
BEGIN failed--compilation aborted at /home/cpan/pit/64bit/conf/perl-5.20.0/.cpanplus/5.20.0/build/TPath-1.007/blib/lib/TPath/TypeConstraints.pm line 6.
Compilation failed in require at /home/cpan/pit/64bit/conf/perl-5.20.0/.cpanplus/5.20.0/build/TPath-1.007/blib/lib/TPath/Index.pm line 10.
BEGIN failed--compilation aborted at /home/cpan/pit/64bit/conf/perl-5.20.0/.cpanplus/5.20.0/build/TPath-1.007/blib/lib/TPath/Index.pm line 10.
Compilation failed in require at t/ToyXMLForester.pm line 21.
BEGIN failed--compilation aborted at t/ToyXMLForester.pm line 21.
Compilation failed in require at t/one_based_index.t line 12.
BEGIN failed--compilation aborted at t/one_based_index.t line 12.
t/one_based_index.t ........... 
Dubious, test returned 2 (wstat 512, 0x200)
No subtests run 
Eval-group not allowed at runtime, use re 'eval' in regex m/(?x)(?{; *Regexp::Grammars::LOGFILE
                        = Regexp::Grammars::_open_log('>>','-', 'for regex gramma.../ at (eval 7) line 2574.
Compilation failed in require at t/parsing.t line 6.
BEGIN failed--compilation aborted at t/parsing.t line 6.
t/parsing.t ................... 
Dubious, test returned 2 (wstat 512, 0x200)
No subtests run 
Eval-group not allowed at runtime, use re 'eval' in regex m/(?x)(?{; *Regexp::Grammars::LOGFILE
                        = Regexp::Grammars::_open_log('>>','-', 'for regex gramma.../ at (eval 211) line 2574.
Compilation failed in require at /home/cpan/pit/64bit/conf/perl-5.20.0/.cpanplus/5.20.0/build/TPath-1.007/blib/lib/TPath/TypeConstraints.pm line 6.
BEGIN failed--compilation aborted at /home/cpan/pit/64bit/conf/perl-5.20.0/.cpanplus/5.20.0/build/TPath-1.007/blib/lib/TPath/TypeConstraints.pm line 6.
Compilation failed in require at /home/cpan/pit/64bit/conf/perl-5.20.0/.cpanplus/5.20.0/build/TPath-1.007/blib/lib/TPath/Index.pm line 10.
BEGIN failed--compilation aborted at /home/cpan/pit/64bit/conf/perl-5.20.0/.cpanplus/5.20.0/build/TPath-1.007/blib/lib/TPath/Index.pm line 10.
Compilation failed in require at t/ToyXMLForester.pm line 21.
BEGIN failed--compilation aborted at t/ToyXMLForester.pm line 21.
Compilation failed in require at t/precedence.t line 13.
BEGIN failed--compilation aborted at t/precedence.t line 13.
# Looks like your test exited with 2 before it could output anything.
t/precedence.t ................ 
Dubious, test returned 2 (wstat 512, 0x200)
Failed 10/10 subtests 
Eval-group not allowed at runtime, use re 'eval' in regex m/(?x)(?{; *Regexp::Grammars::LOGFILE
                        = Regexp::Grammars::_open_log('>>','-', 'for regex gramma.../ at (eval 211) line 2574.
Compilation failed in require at /home/cpan/pit/64bit/conf/perl-5.20.0/.cpanplus/5.20.0/build/TPath-1.007/blib/lib/TPath/TypeConstraints.pm line 6.
BEGIN failed--compilation aborted at /home/cpan/pit/64bit/conf/perl-5.20.0/.cpanplus/5.20.0/build/TPath-1.007/blib/lib/TPath/TypeConstraints.pm line 6.
Compilation failed in require at /home/cpan/pit/64bit/conf/perl-5.20.0/.cpanplus/5.20.0/build/TPath-1.007/blib/lib/TPath/Index.pm line 10.
BEGIN failed--compilation aborted at /home/cpan/pit/64bit/conf/perl-5.20.0/.cpanplus/5.20.0/build/TPath-1.007/blib/lib/TPath/Index.pm line 10.
Compilation failed in require at t/ToyXMLForester.pm line 21.
BEGIN failed--compilation aborted at t/ToyXMLForester.pm line 21.
Compilation failed in require at t/predicate_scope.t line 12.
BEGIN failed--compilation aborted at t/predicate_scope.t line 12.
t/predicate_scope.t ........... 
Dubious, test returned 2 (wstat 512, 0x200)
No subtests run 
Eval-group not allowed at runtime, use re 'eval' in regex m/(?x)(?{; *Regexp::Grammars::LOGFILE
                        = Regexp::Grammars::_open_log('>>','-', 'for regex gramma.../ at (eval 211) line 2574.
Compilation failed in require at /home/cpan/pit/64bit/conf/perl-5.20.0/.cpanplus/5.20.0/build/TPath-1.007/blib/lib/TPath/TypeConstraints.pm line 6.
BEGIN failed--compilation aborted at /home/cpan/pit/64bit/conf/perl-5.20.0/.cpanplus/5.20.0/build/TPath-1.007/blib/lib/TPath/TypeConstraints.pm line 6.
Compilation failed in require at /home/cpan/pit/64bit/conf/perl-5.20.0/.cpanplus/5.20.0/build/TPath-1.007/blib/lib/TPath/Index.pm line 10.
BEGIN failed--compilation aborted at /home/cpan/pit/64bit/conf/perl-5.20.0/.cpanplus/5.20.0/build/TPath-1.007/blib/lib/TPath/Index.pm line 10.
Compilation failed in require at t/ToyXMLForester.pm line 21.
BEGIN failed--compilation aborted at t/ToyXMLForester.pm line 21.
Compilation failed in require at t/previous.t line 13.
BEGIN failed--compilation aborted at t/previous.t line 13.
t/previous.t .................. 
Dubious, test returned 2 (wstat 512, 0x200)
No subtests run 
t/release-00element.t ......... skipped: these tests are for release candidate testing
t/release-01parsing.t ......... skipped: these tests are for release candidate testing
t/release-unused-vars.t ....... skipped: these tests are for release candidate testing
Eval-group not allowed at runtime, use re 'eval' in regex m/(?x)(?{; *Regexp::Grammars::LOGFILE
                        = Regexp::Grammars::_open_log('>>','-', 'for regex gramma.../ at (eval 211) line 2574.
Compilation failed in require at /home/cpan/pit/64bit/conf/perl-5.20.0/.cpanplus/5.20.0/build/TPath-1.007/blib/lib/TPath/TypeConstraints.pm line 6.
BEGIN failed--compilation aborted at /home/cpan/pit/64bit/conf/perl-5.20.0/.cpanplus/5.20.0/build/TPath-1.007/blib/lib/TPath/TypeConstraints.pm line 6.
Compilation failed in require at /home/cpan/pit/64bit/conf/perl-5.20.0/.cpanplus/5.20.0/build/TPath-1.007/blib/lib/TPath/Index.pm line 10.
BEGIN failed--compilation aborted at /home/cpan/pit/64bit/conf/perl-5.20.0/.cpanplus/5.20.0/build/TPath-1.007/blib/lib/TPath/Index.pm line 10.
Compilation failed in require at t/ToyXMLForester.pm line 21.
BEGIN failed--compilation aborted at t/ToyXMLForester.pm line 21.
Compilation failed in require at t/stringification.t line 14.
BEGIN failed--compilation aborted at t/stringification.t line 14.
t/stringification.t ........... 
Dubious, test returned 2 (wstat 512, 0x200)
No subtests run 

Test Summary Report
-------------------
t/00-compile.t              (Wstat: 10240 Tests: 64 Failed: 40)
  Failed tests:  2-3, 6-7, 9-10, 12-13, 15, 18-21, 24, 27-29
                31-47, 51, 53, 60-62, 64
  Non-zero exit status: 40
t/attribute_tests.t         (Wstat: 512 Tests: 0 Failed: 0)
  Non-zero exit status: 2
  Parse errors: Bad plan.  You planned 45 tests but ran 0.
t/attributes.t              (Wstat: 512 Tests: 0 Failed: 0)
  Non-zero exit status: 2
  Parse errors: Bad plan.  You planned 63 tests but ran 0.
t/axis.t                    (Wstat: 512 Tests: 0 Failed: 0)
  Non-zero exit status: 2
  Parse errors: Bad plan.  You planned 29 tests but ran 0.
t/axis_order.t              (Wstat: 512 Tests: 0 Failed: 0)
  Non-zero exit status: 2
  Parse errors: No plan found in TAP output
t/basic.t                   (Wstat: 512 Tests: 0 Failed: 0)
  Non-zero exit status: 2
  Parse errors: Bad plan.  You planned 106 tests but ran 0.
t/case_sensitivity.t        (Wstat: 512 Tests: 0 Failed: 0)
  Non-zero exit status: 2
  Parse errors: No plan found in TAP output
t/compound.t                (Wstat: 512 Tests: 0 Failed: 0)
  Non-zero exit status: 2
  Parse errors: No plan found in TAP output
t/equality.t                (Wstat: 512 Tests: 0 Failed: 0)
  Non-zero exit status: 2
  Parse errors: No plan found in TAP output
t/extended_attributes.t     (Wstat: 512 Tests: 0 Failed: 0)
  Non-zero exit status: 2
  Parse errors: Bad plan.  You planned 39 tests but ran 0.
t/index_functions.t         (Wstat: 512 Tests: 0 Failed: 0)
  Non-zero exit status: 2
  Parse errors: Bad plan.  You planned 8 tests but ran 0.
t/match.t                   (Wstat: 512 Tests: 0 Failed: 0)
  Non-zero exit status: 2
  Parse errors: No plan found in TAP output
t/one_based_index.t         (Wstat: 512 Tests: 0 Failed: 0)
  Non-zero exit status: 2
  Parse errors: No plan found in TAP output
t/parsing.t                 (Wstat: 512 Tests: 0 Failed: 0)
  Non-zero exit status: 2
  Parse errors: No plan found in TAP output
t/precedence.t              (Wstat: 512 Tests: 0 Failed: 0)
  Non-zero exit status: 2
  Parse errors: Bad plan.  You planned 10 tests but ran 0.
t/predicate_scope.t         (Wstat: 512 Tests: 0 Failed: 0)
  Non-zero exit status: 2
  Parse errors: No plan found in TAP output
t/previous.t                (Wstat: 512 Tests: 0 Failed: 0)
  Non-zero exit status: 2
  Parse errors: No plan found in TAP output
t/stringification.t         (Wstat: 512 Tests: 0 Failed: 0)
  Non-zero exit status: 2
  Parse errors: No plan found in TAP output
Files=22, Tests=65, 108 wallclock secs ( 0.06 usr  0.16 sys + 93.57 cusr 12.03 csys = 105.82 CPU)
Result: FAIL
Failed 18/22 test programs. 40/65 subtests failed.
*** Error 2 in /home/cpan/pit/64bit/conf/perl-5.20.0/.cpanplus/5.20.0/build/TPath-1.007 (Makefile:1281 'test_dynamic')


PREREQUISITES:

Here is a list of prerequisites you specified and versions we
managed to load:

	  Module Name                        Have     Want
	  Carp                             1.3301        0
	  Exporter                           5.70        0
	  ExtUtils::MakeMaker                6.98        0
	  File::Basename                     2.85        0
	  File::Spec                         3.47        0
	  IO::Handle                         1.35        0
	  IPC::Open3                         1.16        0
	  List::MoreUtils                    0.33        0
	  List::Util                         1.38        0
	  Math::Trig                         1.23        0
	  Moose                            2.1210   2.0604
	  Moose::Role                      2.1210   2.0604
	  Moose::Util::TypeConstraints     2.1210   2.0604
	  MooseX::MethodAttributes           0.29        0
	  MooseX::MethodAttributes::Role     0.29     0.28
	  MooseX::SingletonMethod            0.03     0.03
	  POSIX                           1.38_03        0
	  Regexp::Grammars                  1.035    1.026
	  Scalar::Util                       1.38        0
	  Test::Exception                    0.32        0
	  Test::More                     1.001003     0.88
	  Test::Trap                        0.2.4        0
	  Time::HiRes                      1.9726        0
	  aliased                            0.31        0
	  base                               2.22        0
	  feature                            1.36        0
	  if                               0.0603        0
	  namespace::autoclean               0.19        0
	  overload                           1.22        0
	  parent                            0.228        0
	  strict                             1.08        0
	  warnings                           1.23        0

Perl module toolchain versions installed:
	Module Name                        Have
	CPANPLUS                         0.9152
	CPANPLUS::Dist::Build              0.78
	Cwd                                3.47
	ExtUtils::CBuilder             0.280216
	ExtUtils::Command                  1.18
	ExtUtils::Install                  1.68
	ExtUtils::MakeMaker                6.98
	ExtUtils::Manifest                 1.64
	ExtUtils::ParseXS                  3.24
	File::Spec                         3.47
	Module::Build                    0.4206
	Pod::Parser                        1.62
	Pod::Simple                        3.28
	Test::Harness                      3.32
	Test::More                     1.001003
	version                          0.9908

******************************** NOTE ********************************
The comments above are created mechanically, possibly without manual
checking by the sender.  As there are many people performing automatic
tests on each upload to CPAN, it is likely that you will receive
identical messages about the same problem.

If you believe that the message is mistaken, please reply to the first
one with correction and/or additional informations, and do not take
it personally.  We appreciate your patience. :)
**********************************************************************

Additional comments:


This report was machine-generated by CPANPLUS::Dist::YACSmoke 0.90.
Powered by minismokebox version 0.58

------------------------------
ENVIRONMENT AND OTHER CONTEXT
------------------------------

Environment variables:

    AUTOMATED_TESTING = 1
    NONINTERACTIVE_TESTING = 1
    PATH = /home/cpan/pit/64bit/conf/perl-5.20.0/.cpanplus/5.20.0/build/Moose-2.1210/blib/script:/home/cpan/pit/64bit/conf/perl-5.20.0/.cpanplus/5.20.0/build/Package-Stash-0.36/blib/script:/home/cpan/bin:/bin:/sbin:/usr/bin:/usr/sbin:/usr/X11R6/bin:/usr/local/bin:/usr/local/sbin:/usr/games:.
    PERL5LIB = :/home/cpan/pit/64bit/conf/perl-5.20.0/.cpanplus/5.20.0/build/List-MoreUtils-0.33/blib/lib:/home/cpan/pit/64bit/conf/perl-5.20.0/.cpanplus/5.20.0/build/List-MoreUtils-0.33/blib/arch:/home/cpan/pit/64bit/conf/perl-5.20.0/.cpanplus/5.20.0/build/Test-Tester-0.109/blib/lib:/home/cpan/pit/64bit/conf/perl-5.20.0/.cpanplus/5.20.0/build/Test-Tester-0.109/blib/arch:/home/cpan/pit/64bit/conf/perl-5.20.0/.cpanplus/5.20.0/build/Test-NoWarnings-1.04/blib/lib:/home/cpan/pit/64bit/conf/perl-5.20.0/.cpanplus/5.20.0/build/Test-NoWarnings-1.04/blib/arch:/home/cpan/pit/64bit/conf/perl-5.20.0/.cpanplus/5.20.0/build/Test-Deep-0.112/blib/lib:/home/cpan/pit/64bit/conf/perl-5.20.0/.cpanplus/5.20.0/build/Test-Deep-0.112/blib/arch:/home/cpan/pit/64bit/conf/perl-5.20.0/.cpanplus/5.20.0/build/CPAN-Meta-Check-0.009/blib/lib:/home/cpan/pit/64bit/conf/perl-5.20.0/.cpanplus/5.20.0/build/CPAN-Meta-Check-0.009/blib/arch:/home/cpan/pit/64bit/conf/perl-5.20.0/.cpanplus/5.20.0/build/Params-Util-1.07/blib/lib:/home/cpan/pit/64bit/conf/perl-5.20.0/.cpanplus/5.20.0/build/Params-Util-1.07/blib/arch:/home/cpan/pit/64bit/conf/perl-5.20.0/.cpanplus/5.20.0/build/Sub-Install-0.928/blib/lib:/home/cpan/pit/64bit/conf/perl-5.20.0/.cpanplus/5.20.0/build/Sub-Install-0.928/blib/arch:/home/cpan/pit/64bit/conf/perl-5.20.0/.cpanplus/5.20.0/build/Data-OptList-0.109/blib/lib:/home/cpan/pit/64bit/conf/perl-5.20.0/.cpanplus/5.20.0/build/Data-OptList-0.109/blib/arch:/home/cpan/pit/64bit/conf/perl-5.20.0/.cpanplus/5.20.0/build/Module-Runtime-0.014/blib/lib:/home/cpan/pit/64bit/conf/perl-5.20.0/.cpanplus/5.20.0/build/Module-Runtime-0.014/blib/arch:/home/cpan/pit/64bit/conf/perl-5.20.0/.cpanplus/5.20.0/build/Try-Tiny-0.22/blib/lib:/home/cpan/pit/64bit/conf/perl-5.20.0/.cpanplus/5.20.0/build/Try-Tiny-0.22/blib/arch:/home/cpan/pit/64bit/conf/perl-5.20.0/.cpanplus/5.20.0/build/Test-Fatal-0.013/blib/lib:/home/cpan/pit/64bit/conf/perl-5.20.0/.cpanplus/5.20.0/build/Test-Fatal-0.013/blib/arch:/home/cpan/pit/64bit/conf/perl-5.20.0/.cpanplus/5.20.0/build/Test-Requires-0.08/blib/lib:/home/cpan/pit/64bit/conf/perl-5.20.0/.cpanplus/5.20.0/build/Test-Requires-0.08/blib/arch:/home/cpan/pit/64bit/conf/perl-5.20.0/.cpanplus/5.20.0/build/Module-Implementation-0.07/blib/lib:/home/cpan/pit/64bit/conf/perl-5.20.0/.cpanplus/5.20.0/build/Module-Implementation-0.07/blib/arch:/home/cpan/pit/64bit/conf/perl-5.20.0/.cpanplus/5.20.0/build/Dist-CheckConflicts-0.11/blib/lib:/home/cpan/pit/64bit/conf/perl-5.20.0/.cpanplus/5.20.0/build/Dist-CheckConflicts-0.11/blib/arch:/home/cpan/pit/64bit/conf/perl-5.20.0/.cpanplus/5.20.0/build/Package-Stash-XS-0.28/blib/lib:/home/cpan/pit/64bit/conf/perl-5.20.0/.cpanplus/5.20.0/build/Package-Stash-XS-0.28/blib/arch:/home/cpan/pit/64bit/conf/perl-5.20.0/.cpanplus/5.20.0/build/Package-Stash-0.36/blib/lib:/home/cpan/pit/64bit/conf/perl-5.20.0/.cpanplus/5.20.0/build/Package-Stash-0.36/blib/arch:/home/cpan/pit/64bit/conf/perl-5.20.0/.cpanplus/5.20.0/build/Class-Load-0.21/blib/lib:/home/cpan/pit/64bit/conf/perl-5.20.0/.cpanplus/5.20.0/build/Class-Load-0.21/blib/arch:/home/cpan/pit/64bit/conf/perl-5.20.0/.cpanplus/5.20.0/build/Class-Load-XS-0.08/blib/lib:/home/cpan/pit/64bit/conf/perl-5.20.0/.cpanplus/5.20.0/build/Class-Load-XS-0.08/blib/arch:/home/cpan/pit/64bit/conf/perl-5.20.0/.cpanplus/5.20.0/build/Sub-Exporter-Progressive-0.001011/blib/lib:/home/cpan/pit/64bit/conf/perl-5.20.0/.cpanplus/5.20.0/build/Sub-Exporter-Progressive-0.001011/blib/arch:/home/cpan/pit/64bit/conf/perl-5.20.0/.cpanplus/5.20.0/build/Devel-GlobalDestruction-0.12/blib/lib:/home/cpan/pit/64bit/conf/perl-5.20.0/.cpanplus/5.20.0/build/Devel-GlobalDestruction-0.12/blib/arch:/home/cpan/pit/64bit/conf/perl-5.20.0/.cpanplus/5.20.0/build/Devel-StackTrace-1.34/blib/lib:/home/cpan/pit/64bit/conf/perl-5.20.0/.cpanplus/5.20.0/build/Devel-StackTrace-1.34/blib/arch:/home/cpan/pit/64bit/conf/perl-5.20.0/.cpanplus/5.20.0/build/Eval-Closure-0.11/blib/lib:/home/cpan/pit/64bit/conf/perl-5.20.0/.cpanplus/5.20.0/build/Eval-Closure-0.11/blib/arch:/home/cpan/pit/64bit/conf/perl-5.20.0/.cpanplus/5.20.0/build/MRO-Compat-0.12/blib/lib:/home/cpan/pit/64bit/conf/perl-5.20.0/.cpanplus/5.20.0/build/MRO-Compat-0.12/blib/arch:/home/cpan/pit/64bit/conf/perl-5.20.0/.cpanplus/5.20.0/build/Package-DeprecationManager-0.13/blib/lib:/home/cpan/pit/64bit/conf/perl-5.20.0/.cpanplus/5.20.0/build/Package-DeprecationManager-0.13/blib/arch:/home/cpan/pit/64bit/conf/perl-5.20.0/.cpanplus/5.20.0/build/Sub-Exporter-0.987/blib/lib:/home/cpan/pit/64bit/conf/perl-5.20.0/.cpanplus/5.20.0/build/Sub-Exporter-0.987/blib/arch:/home/cpan/pit/64bit/conf/perl-5.20.0/.cpanplus/5.20.0/build/Sub-Name-0.08/blib/lib:/home/cpan/pit/64bit/conf/perl-5.20.0/.cpanplus/5.20.0/build/Sub-Name-0.08/blib/arch:/home/cpan/pit/64bit/conf/perl-5.20.0/.cpanplus/5.20.0/build/Task-Weaken-1.04/blib/lib:/home/cpan/pit/64bit/conf/perl-5.20.0/.cpanplus/5.20.0/build/Task-Weaken-1.04/blib/arch:/home/cpan/pit/64bit/conf/perl-5.20.0/.cpanplus/5.20.0/build/Moose-2.1210/blib/lib:/home/cpan/pit/64bit/conf/perl-5.20.0/.cpanplus/5.20.0/build/Moose-2.1210/blib/arch:/home/cpan/pit/64bit/conf/perl-5.20.0/.cpanplus/5.20.0/build/ExtUtils-Config-0.008/blib/lib:/home/cpan/pit/64bit/conf/perl-5.20.0/.cpanplus/5.20.0/build/ExtUtils-Config-0.008/blib/arch:/home/cpan/pit/64bit/conf/perl-5.20.0/.cpanplus/5.20.0/build/ExtUtils-Helpers-0.022/blib/lib:/home/cpan/pit/64bit/conf/perl-5.20.0/.cpanplus/5.20.0/build/ExtUtils-Helpers-0.022/blib/arch:/home/cpan/pit/64bit/conf/perl-5.20.0/.cpanplus/5.20.0/build/ExtUtils-InstallPaths-0.010/blib/lib:/home/cpan/pit/64bit/conf/perl-5.20.0/.cpanplus/5.20.0/build/ExtUtils-InstallPaths-0.010/blib/arch:/home/cpan/pit/64bit/conf/perl-5.20.0/.cpanplus/5.20.0/build/Module-Build-Tiny-0.037/blib/lib:/home/cpan/pit/64bit/conf/perl-5.20.0/.cpanplus/5.20.0/build/Module-Build-Tiny-0.037/blib/arch:/home/cpan/pit/64bit/conf/perl-5.20.0/.cpanplus/5.20.0/build/Sub-Uplevel-0.24/blib/lib:/home/cpan/pit/64bit/conf/perl-5.20.0/.cpanplus/5.20.0/build/Sub-Uplevel-0.24/blib/arch:/home/cpan/pit/64bit/conf/perl-5.20.0/.cpanplus/5.20.0/build/Test-Exception-0.32/blib/lib:/home/cpan/pit/64bit/conf/perl-5.20.0/.cpanplus/5.20.0/build/Test-Exception-0.32/blib/arch:/home/cpan/pit/64bit/conf/perl-5.20.0/.cpanplus/5.20.0/build/Carp-Clan-6.04/blib/lib:/home/cpan/pit/64bit/conf/perl-5.20.0/.cpanplus/5.20.0/build/Carp-Clan-6.04/blib/arch:/home/cpan/pit/64bit/conf/perl-5.20.0/.cpanplus/5.20.0/build/Devel-Hide-0.0009/blib/lib:/home/cpan/pit/64bit/conf/perl-5.20.0/.cpanplus/5.20.0/build/Devel-Hide-0.0009/blib/arch:/home/cpan/pit/64bit/conf/perl-5.20.0/.cpanplus/5.20.0/build/Variable-Magic-0.53/blib/lib:/home/cpan/pit/64bit/conf/perl-5.20.0/.cpanplus/5.20.0/build/Variable-Magic-0.53/blib/arch:/home/cpan/pit/64bit/conf/perl-5.20.0/.cpanplus/5.20.0/build/B-Hooks-EndOfScope-0.13/blib/lib:/home/cpan/pit/64bit/conf/perl-5.20.0/.cpanplus/5.20.0/build/B-Hooks-EndOfScope-0.13/blib/arch:/home/cpan/pit/64bit/conf/perl-5.20.0/.cpanplus/5.20.0/build/Sub-Identify-0.04/blib/lib:/home/cpan/pit/64bit/conf/perl-5.20.0/.cpanplus/5.20.0/build/Sub-Identify-0.04/blib/arch:/home/cpan/pit/64bit/conf/perl-5.20.0/.cpanplus/5.20.0/build/namespace-clean-0.25/blib/lib:/home/cpan/pit/64bit/conf/perl-5.20.0/.cpanplus/5.20.0/build/namespace-clean-0.25/blib/arch:/home/cpan/pit/64bit/conf/perl-5.20.0/.cpanplus/5.20.0/build/namespace-autoclean-0.19/blib/lib:/home/cpan/pit/64bit/conf/perl-5.20.0/.cpanplus/5.20.0/build/namespace-autoclean-0.19/blib/arch:/home/cpan/pit/64bit/conf/perl-5.20.0/.cpanplus/5.20.0/build/MooseX-Types-0.44/blib/lib:/home/cpan/pit/64bit/conf/perl-5.20.0/.cpanplus/5.20.0/build/MooseX-Types-0.44/blib/arch:/home/cpan/pit/64bit/conf/perl-5.20.0/.cpanplus/5.20.0/build/MooseX-MethodAttributes-0.29/blib/lib:/home/cpan/pit/64bit/conf/perl-5.20.0/.cpanplus/5.20.0/build/MooseX-MethodAttributes-0.29/blib/arch:/home/cpan/pit/64bit/conf/perl-5.20.0/.cpanplus/5.20.0/build/MooseX-SingletonMethod-0.03/blib/lib:/home/cpan/pit/64bit/conf/perl-5.20.0/.cpanplus/5.20.0/build/MooseX-SingletonMethod-0.03/blib/arch:/home/cpan/pit/64bit/conf/perl-5.20.0/.cpanplus/5.20.0/build/Lexical-SealRequireHints-0.007/blib/lib:/home/cpan/pit/64bit/conf/perl-5.20.0/.cpanplus/5.20.0/build/Lexical-SealRequireHints-0.007/blib/arch:/home/cpan/pit/64bit/conf/perl-5.20.0/.cpanplus/5.20.0/build/Lexical-Var-0.009/blib/lib:/home/cpan/pit/64bit/conf/perl-5.20.0/.cpanplus/5.20.0/build/Lexical-Var-0.009/blib/arch:/home/cpan/pit/64bit/conf/perl-5.20.0/.cpanplus/5.20.0/build/Regexp-Grammars-1.035/blib/lib:/home/cpan/pit/64bit/conf/perl-5.20.0/.cpanplus/5.20.0/build/Regexp-Grammars-1.035/blib/arch:/home/cpan/pit/64bit/conf/perl-5.20.0/.cpanplus/5.20.0/build/Data-Dump-1.22/blib/lib:/home/cpan/pit/64bit/conf/perl-5.20.0/.cpanplus/5.20.0/build/Data-Dump-1.22/blib/arch:/home/cpan/pit/64bit/conf/perl-5.20.0/.cpanplus/5.20.0/build/Test-Trap-v0.2.4/blib/lib:/home/cpan/pit/64bit/conf/perl-5.20.0/.cpanplus/5.20.0/build/Test-Trap-v0.2.4/blib/arch:/home/cpan/pit/64bit/conf/perl-5.20.0/.cpanplus/5.20.0/build/aliased-0.31/blib/lib:/home/cpan/pit/64bit/conf/perl-5.20.0/.cpanplus/5.20.0/build/aliased-0.31/blib/arch:/home/cpan/pit/64bit/conf/perl-5.20.0/.cpanplus/5.20.0/build/TPath-1.007/blib/lib:/home/cpan/pit/64bit/conf/perl-5.20.0/.cpanplus/5.20.0/build/TPath-1.007/blib/arch
    PERL5_CPANPLUS_IS_RUNNING = 22732
    PERL5_CPANPLUS_IS_VERSION = 0.9152
    PERL5_MINISMOKEBOX = 0.58
    PERL5_YACSMOKE_BASE = /home/cpan/pit/64bit/conf/perl-5.20.0
    PERL_EXTUTILS_AUTOINSTALL = --defaultdeps
    PERL_MM_USE_DEFAULT = 1
    SHELL = /usr/local/bin/bash
    TERM = screen

Perl special variables (and OS-specific diagnostics, for MSWin32):

    Perl: $^X = /home/cpan/pit/64bit/perl-5.20.0/bin/perl
    UID:  $<  = 1001
    EUID: $>  = 1001
    GID:  $(  = 1001 1001
    EGID: $)  = 1001 1001


-------------------------------


--

Summary of my perl5 (revision 5 version 20 subversion 0) configuration:
   
  Platform:
    osname=openbsd, osvers=5.4, archname=OpenBSD.i386-openbsd-64int
    uname='openbsd oarhole.bingosnet.co.uk 5.4 generic#37 i386 '
    config_args='-des -Dprefix=/home/cpan/pit/64bit/perl-5.20.0 -Duse64bitint'
    hint=recommended, useposix=true, d_sigaction=define
    useithreads=undef, usemultiplicity=undef
    use64bitint=define, use64bitall=undef, uselongdouble=undef
    usemymalloc=y, bincompat5005=undef
  Compiler:
    cc='cc', ccflags ='-fno-strict-aliasing -pipe -fstack-protector -I/usr/local/include',
    optimize='-O2',
    cppflags='-fno-strict-aliasing -pipe -fstack-protector -I/usr/local/include'
    ccversion='', gccversion='4.2.1 20070719 ', gccosandvers='openbsd5.4'
    intsize=4, longsize=4, ptrsize=4, doublesize=8, byteorder=12345678
    d_longlong=define, longlongsize=8, d_longdbl=define, longdblsize=12
    ivtype='long long', ivsize=8, nvtype='double', nvsize=8, Off_t='off_t', lseeksize=8
    alignbytes=4, prototype=define
  Linker and Libraries:
    ld='cc', ldflags ='-Wl,-E  -fstack-protector -L/usr/local/lib'
    libpth=/usr/lib /usr/local/lib
    libs=-lgdbm -lm -lutil -lc
    perllibs=-lm -lutil -lc
    libc=/usr/lib/libc.so.69.0, so=so, useshrplib=false, libperl=libperl.a
    gnulibc_version=''
  Dynamic Linking:
    dlsrc=dl_dlopen.xs, dlext=so, d_dlsymun=undef, ccdlflags=' '
    cccdlflags='-DPIC -fPIC ', lddlflags='-shared -fPIC  -L/usr/local/lib -fstack-protector'


Characteristics of this binary (from libperl): 
  Compile-time options: HAS_TIMES MYMALLOC PERLIO_LAYERS
                        PERL_DONT_CREATE_GVSV
                        PERL_HASH_FUNC_ONE_AT_A_TIME_HARD PERL_MALLOC_WRAP
                        PERL_NEW_COPY_ON_WRITE PERL_PRESERVE_IVUV
                        USE_64_BIT_INT USE_LARGE_FILES USE_LOCALE
                        USE_LOCALE_COLLATE USE_LOCALE_CTYPE
                        USE_LOCALE_NUMERIC USE_PERLIO USE_PERL_ATOF
  Built under openbsd
  Compiled at Jun  2 2014 22:38:54
  %ENV:
    PERL5LIB=":/home/cpan/pit/64bit/conf/perl-5.20.0/.cpanplus/5.20.0/build/List-MoreUtils-0.33/blib/lib:/home/cpan/pit/64bit/conf/perl-5.20.0/.cpanplus/5.20.0/build/List-MoreUtils-0.33/blib/arch:/home/cpan/pit/64bit/conf/perl-5.20.0/.cpanplus/5.20.0/build/Test-Tester-0.109/blib/lib:/home/cpan/pit/64bit/conf/perl-5.20.0/.cpanplus/5.20.0/build/Test-Tester-0.109/blib/arch:/home/cpan/pit/64bit/conf/perl-5.20.0/.cpanplus/5.20.0/build/Test-NoWarnings-1.04/blib/lib:/home/cpan/pit/64bit/conf/perl-5.20.0/.cpanplus/5.20.0/build/Test-NoWarnings-1.04/blib/arch:/home/cpan/pit/64bit/conf/perl-5.20.0/.cpanplus/5.20.0/build/Test-Deep-0.112/blib/lib:/home/cpan/pit/64bit/conf/perl-5.20.0/.cpanplus/5.20.0/build/Test-Deep-0.112/blib/arch:/home/cpan/pit/64bit/conf/perl-5.20.0/.cpanplus/5.20.0/build/CPAN-Meta-Check-0.009/blib/lib:/home/cpan/pit/64bit/conf/perl-5.20.0/.cpanplus/5.20.0/build/CPAN-Meta-Check-0.009/blib/arch:/home/cpan/pit/64bit/conf/perl-5.20.0/.cpanplus/5.20.0/build/Params-Util-1.07/blib/lib:/home/cpan/pit/64bit/conf/perl-5.20.0/.cpanplus/5.20.0/build/Params-Util-1.07/blib/arch:/home/cpan/pit/64bit/conf/perl-5.20.0/.cpanplus/5.20.0/build/Sub-Install-0.928/blib/lib:/home/cpan/pit/64bit/conf/perl-5.20.0/.cpanplus/5.20.0/build/Sub-Install-0.928/blib/arch:/home/cpan/pit/64bit/conf/perl-5.20.0/.cpanplus/5.20.0/build/Data-OptList-0.109/blib/lib:/home/cpan/pit/64bit/conf/perl-5.20.0/.cpanplus/5.20.0/build/Data-OptList-0.109/blib/arch:/home/cpan/pit/64bit/conf/perl-5.20.0/.cpanplus/5.20.0/build/Module-Runtime-0.014/blib/lib:/home/cpan/pit/64bit/conf/perl-5.20.0/.cpanplus/5.20.0/build/Module-Runtime-0.014/blib/arch:/home/cpan/pit/64bit/conf/perl-5.20.0/.cpanplus/5.20.0/build/Try-Tiny-0.22/blib/lib:/home/cpan/pit/64bit/conf/perl-5.20.0/.cpanplus/5.20.0/build/Try-Tiny-0.22/blib/arch:/home/cpan/pit/64bit/conf/perl-5.20.0/.cpanplus/5.20.0/build/Test-Fatal-0.013/blib/lib:/home/cpan/pit/64bit/conf/perl-5.20.0/.cpanplus/5.20.0/build/Test-Fatal-0.013/blib/arch:/home/cpan/pit/64bit/conf/perl-5.20.0/.cpanplus/5.20.0/build/Test-Requires-0.08/blib/lib:/home/cpan/pit/64bit/conf/perl-5.20.0/.cpanplus/5.20.0/build/Test-Requires-0.08/blib/arch:/home/cpan/pit/64bit/conf/perl-5.20.0/.cpanplus/5.20.0/build/Module-Implementation-0.07/blib/lib:/home/cpan/pit/64bit/conf/perl-5.20.0/.cpanplus/5.20.0/build/Module-Implementation-0.07/blib/arch:/home/cpan/pit/64bit/conf/perl-5.20.0/.cpanplus/5.20.0/build/Dist-CheckConflicts-0.11/blib/lib:/home/cpan/pit/64bit/conf/perl-5.20.0/.cpanplus/5.20.0/build/Dist-CheckConflicts-0.11/blib/arch:/home/cpan/pit/64bit/conf/perl-5.20.0/.cpanplus/5.20.0/build/Package-Stash-XS-0.28/blib/lib:/home/cpan/pit/64bit/conf/perl-5.20.0/.cpanplus/5.20.0/build/Package-Stash-XS-0.28/blib/arch:/home/cpan/pit/64bit/conf/perl-5.20.0/.cpanplus/5.20.0/build/Package-Stash-0.36/blib/lib:/home/cpan/pit/64bit/conf/perl-5.20.0/.cpanplus/5.20.0/build/Package-Stash-0.36/blib/arch:/home/cpan/pit/64bit/conf/perl-5.20.0/.cpanplus/5.20.0/build/Class-Load-0.21/blib/lib:/home/cpan/pit/64bit/conf/perl-5.20.0/.cpanplus/5.20.0/build/Class-Load-0.21/blib/arch:/home/cpan/pit/64bit/conf/perl-5.20.0/.cpanplus/5.20.0/build/Class-Load-XS-0.08/blib/lib:/home/cpan/pit/64bit/conf/perl-5.20.0/.cpanplus/5.20.0/build/Class-Load-XS-0.08/blib/arch:/home/cpan/pit/64bit/conf/perl-5.20.0/.cpanplus/5.20.0/build/Sub-Exporter-Progressive-0.001011/blib/lib:/home/cpan/pit/64bit/conf/perl-5.20.0/.cpanplus/5.20.0/build/Sub-Exporter-Progressive-0.001011/blib/arch:/home/cpan/pit/64bit/conf/perl-5.20.0/.cpanplus/5.20.0/build/Devel-GlobalDestruction-0.12/blib/lib:/home/cpan/pit/64bit/conf/perl-5.20.0/.cpanplus/5.20.0/build/Devel-GlobalDestruction-0.12/blib/arch:/home/cpan/pit/64bit/conf/perl-5.20.0/.cpanplus/5.20.0/build/Devel-StackTrace-1.34/blib/lib:/home/cpan/pit/64bit/conf/perl-5.20.0/.cpanplus/5.20.0/build/Devel-StackTrace-1.34/blib/arch:/home/cpan/pit/64bit/conf/perl-5.20.0/.cpanplus/5.20.0/build/Eval-Closure-0.11/blib/lib:/home/cpan/pit/64bit/conf/perl-5.20.0/.cpanplus/5.20.0/build/Eval-Closure-0.11/blib/arch:/home/cpan/pit/64bit/conf/perl-5.20.0/.cpanplus/5.20.0/build/MRO-Compat-0.12/blib/lib:/home/cpan/pit/64bit/conf/perl-5.20.0/.cpanplus/5.20.0/build/MRO-Compat-0.12/blib/arch:/home/cpan/pit/64bit/conf/perl-5.20.0/.cpanplus/5.20.0/build/Package-DeprecationManager-0.13/blib/lib:/home/cpan/pit/64bit/conf/perl-5.20.0/.cpanplus/5.20.0/build/Package-DeprecationManager-0.13/blib/arch:/home/cpan/pit/64bit/conf/perl-5.20.0/.cpanplus/5.20.0/build/Sub-Exporter-0.987/blib/lib:/home/cpan/pit/64bit/conf/perl-5.20.0/.cpanplus/5.20.0/build/Sub-Exporter-0.987/blib/arch:/home/cpan/pit/64bit/conf/perl-5.20.0/.cpanplus/5.20.0/build/Sub-Name-0.08/blib/lib:/home/cpan/pit/64bit/conf/perl-5.20.0/.cpanplus/5.20.0/build/Sub-Name-0.08/blib/arch:/home/cpan/pit/64bit/conf/perl-5.20.0/.cpanplus/5.20.0/build/Task-Weaken-1.04/blib/lib:/home/cpan/pit/64bit/conf/perl-5.20.0/.cpanplus/5.20.0/build/Task-Weaken-1.04/blib/arch:/home/cpan/pit/64bit/conf/perl-5.20.0/.cpanplus/5.20.0/build/Moose-2.1210/blib/lib:/home/cpan/pit/64bit/conf/perl-5.20.0/.cpanplus/5.20.0/build/Moose-2.1210/blib/arch:/home/cpan/pit/64bit/conf/perl-5.20.0/.cpanplus/5.20.0/build/ExtUtils-Config-0.008/blib/lib:/home/cpan/pit/64bit/conf/perl-5.20.0/.cpanplus/5.20.0/build/ExtUtils-Config-0.008/blib/arch:/home/cpan/pit/64bit/conf/perl-5.20.0/.cpanplus/5.20.0/build/ExtUtils-Helpers-0.022/blib/lib:/home/cpan/pit/64bit/conf/perl-5.20.0/.cpanplus/5.20.0/build/ExtUtils-Helpers-0.022/blib/arch:/home/cpan/pit/64bit/conf/perl-5.20.0/.cpanplus/5.20.0/build/ExtUtils-InstallPaths-0.010/blib/lib:/home/cpan/pit/64bit/conf/perl-5.20.0/.cpanplus/5.20.0/build/ExtUtils-InstallPaths-0.010/blib/arch:/home/cpan/pit/64bit/conf/perl-5.20.0/.cpanplus/5.20.0/build/Module-Build-Tiny-0.037/blib/lib:/home/cpan/pit/64bit/conf/perl-5.20.0/.cpanplus/5.20.0/build/Module-Build-Tiny-0.037/blib/arch:/home/cpan/pit/64bit/conf/perl-5.20.0/.cpanplus/5.20.0/build/Sub-Uplevel-0.24/blib/lib:/home/cpan/pit/64bit/conf/perl-5.20.0/.cpanplus/5.20.0/build/Sub-Uplevel-0.24/blib/arch:/home/cpan/pit/64bit/conf/perl-5.20.0/.cpanplus/5.20.0/build/Test-Exception-0.32/blib/lib:/home/cpan/pit/64bit/conf/perl-5.20.0/.cpanplus/5.20.0/build/Test-Exception-0.32/blib/arch:/home/cpan/pit/64bit/conf/perl-5.20.0/.cpanplus/5.20.0/build/Carp-Clan-6.04/blib/lib:/home/cpan/pit/64bit/conf/perl-5.20.0/.cpanplus/5.20.0/build/Carp-Clan-6.04/blib/arch:/home/cpan/pit/64bit/conf/perl-5.20.0/.cpanplus/5.20.0/build/Devel-Hide-0.0009/blib/lib:/home/cpan/pit/64bit/conf/perl-5.20.0/.cpanplus/5.20.0/build/Devel-Hide-0.0009/blib/arch:/home/cpan/pit/64bit/conf/perl-5.20.0/.cpanplus/5.20.0/build/Variable-Magic-0.53/blib/lib:/home/cpan/pit/64bit/conf/perl-5.20.0/.cpanplus/5.20.0/build/Variable-Magic-0.53/blib/arch:/home/cpan/pit/64bit/conf/perl-5.20.0/.cpanplus/5.20.0/build/B-Hooks-EndOfScope-0.13/blib/lib:/home/cpan/pit/64bit/conf/perl-5.20.0/.cpanplus/5.20.0/build/B-Hooks-EndOfScope-0.13/blib/arch:/home/cpan/pit/64bit/conf/perl-5.20.0/.cpanplus/5.20.0/build/Sub-Identify-0.04/blib/lib:/home/cpan/pit/64bit/conf/perl-5.20.0/.cpanplus/5.20.0/build/Sub-Identify-0.04/blib/arch:/home/cpan/pit/64bit/conf/perl-5.20.0/.cpanplus/5.20.0/build/namespace-clean-0.25/blib/lib:/home/cpan/pit/64bit/conf/perl-5.20.0/.cpanplus/5.20.0/build/namespace-clean-0.25/blib/arch:/home/cpan/pit/64bit/conf/perl-5.20.0/.cpanplus/5.20.0/build/namespace-autoclean-0.19/blib/lib:/home/cpan/pit/64bit/conf/perl-5.20.0/.cpanplus/5.20.0/build/namespace-autoclean-0.19/blib/arch:/home/cpan/pit/64bit/conf/perl-5.20.0/.cpanplus/5.20.0/build/MooseX-Types-0.44/blib/lib:/home/cpan/pit/64bit/conf/perl-5.20.0/.cpanplus/5.20.0/build/MooseX-Types-0.44/blib/arch:/home/cpan/pit/64bit/conf/perl-5.20.0/.cpanplus/5.20.0/build/MooseX-MethodAttributes-0.29/blib/lib:/home/cpan/pit/64bit/conf/perl-5.20.0/.cpanplus/5.20.0/build/MooseX-MethodAttributes-0.29/blib/arch:/home/cpan/pit/64bit/conf/perl-5.20.0/.cpanplus/5.20.0/build/MooseX-SingletonMethod-0.03/blib/lib:/home/cpan/pit/64bit/conf/perl-5.20.0/.cpanplus/5.20.0/build/MooseX-SingletonMethod-0.03/blib/arch:/home/cpan/pit/64bit/conf/perl-5.20.0/.cpanplus/5.20.0/build/Lexical-SealRequireHints-0.007/blib/lib:/home/cpan/pit/64bit/conf/perl-5.20.0/.cpanplus/5.20.0/build/Lexical-SealRequireHints-0.007/blib/arch:/home/cpan/pit/64bit/conf/perl-5.20.0/.cpanplus/5.20.0/build/Lexical-Var-0.009/blib/lib:/home/cpan/pit/64bit/conf/perl-5.20.0/.cpanplus/5.20.0/build/Lexical-Var-0.009/blib/arch:/home/cpan/pit/64bit/conf/perl-5.20.0/.cpanplus/5.20.0/build/Regexp-Grammars-1.035/blib/lib:/home/cpan/pit/64bit/conf/perl-5.20.0/.cpanplus/5.20.0/build/Regexp-Grammars-1.035/blib/arch:/home/cpan/pit/64bit/conf/perl-5.20.0/.cpanplus/5.20.0/build/Data-Dump-1.22/blib/lib:/home/cpan/pit/64bit/conf/perl-5.20.0/.cpanplus/5.20.0/build/Data-Dump-1.22/blib/arch:/home/cpan/pit/64bit/conf/perl-5.20.0/.cpanplus/5.20.0/build/Test-Trap-v0.2.4/blib/lib:/home/cpan/pit/64bit/conf/perl-5.20.0/.cpanplus/5.20.0/build/Test-Trap-v0.2.4/blib/arch:/home/cpan/pit/64bit/conf/perl-5.20.0/.cpanplus/5.20.0/build/aliased-0.31/blib/lib:/home/cpan/pit/64bit/conf/perl-5.20.0/.cpanplus/5.20.0/build/aliased-0.31/blib/arch:/home/cpan/pit/64bit/conf/perl-5.20.0/.cpanplus/5.20.0/build/TPath-1.007/blib/lib:/home/cpan/pit/64bit/conf/perl-5.20.0/.cpanplus/5.20.0/build/TPath-1.007/blib/arch"
    PERL5_CPANPLUS_IS_RUNNING="22732"
    PERL5_CPANPLUS_IS_VERSION="0.9152"
    PERL5_MINISMOKEBOX="0.58"
    PERL5_YACSMOKE_BASE="/home/cpan/pit/64bit/conf/perl-5.20.0"
    PERL_EXTUTILS_AUTOINSTALL="--defaultdeps"
    PERL_MM_USE_DEFAULT="1"
  @INC:
    /home/cpan/pit/64bit/conf/perl-5.20.0/.cpanplus/5.20.0/build/List-MoreUtils-0.33/blib/lib
    /home/cpan/pit/64bit/conf/perl-5.20.0/.cpanplus/5.20.0/build/List-MoreUtils-0.33/blib/arch
    /home/cpan/pit/64bit/conf/perl-5.20.0/.cpanplus/5.20.0/build/Test-Tester-0.109/blib/lib
    /home/cpan/pit/64bit/conf/perl-5.20.0/.cpanplus/5.20.0/build/Test-Tester-0.109/blib/arch
    /home/cpan/pit/64bit/conf/perl-5.20.0/.cpanplus/5.20.0/build/Test-NoWarnings-1.04/blib/lib
    /home/cpan/pit/64bit/conf/perl-5.20.0/.cpanplus/5.20.0/build/Test-NoWarnings-1.04/blib/arch
    /home/cpan/pit/64bit/conf/perl-5.20.0/.cpanplus/5.20.0/build/Test-Deep-0.112/blib/lib
    /home/cpan/pit/64bit/conf/perl-5.20.0/.cpanplus/5.20.0/build/Test-Deep-0.112/blib/arch
    /home/cpan/pit/64bit/conf/perl-5.20.0/.cpanplus/5.20.0/build/CPAN-Meta-Check-0.009/blib/lib
    /home/cpan/pit/64bit/conf/perl-5.20.0/.cpanplus/5.20.0/build/CPAN-Meta-Check-0.009/blib/arch
    /home/cpan/pit/64bit/conf/perl-5.20.0/.cpanplus/5.20.0/build/Params-Util-1.07/blib/lib
    /home/cpan/pit/64bit/conf/perl-5.20.0/.cpanplus/5.20.0/build/Params-Util-1.07/blib/arch
    /home/cpan/pit/64bit/conf/perl-5.20.0/.cpanplus/5.20.0/build/Sub-Install-0.928/blib/lib
    /home/cpan/pit/64bit/conf/perl-5.20.0/.cpanplus/5.20.0/build/Sub-Install-0.928/blib/arch
    /home/cpan/pit/64bit/conf/perl-5.20.0/.cpanplus/5.20.0/build/Data-OptList-0.109/blib/lib
    /home/cpan/pit/64bit/conf/perl-5.20.0/.cpanplus/5.20.0/build/Data-OptList-0.109/blib/arch
    /home/cpan/pit/64bit/conf/perl-5.20.0/.cpanplus/5.20.0/build/Module-Runtime-0.014/blib/lib
    /home/cpan/pit/64bit/conf/perl-5.20.0/.cpanplus/5.20.0/build/Module-Runtime-0.014/blib/arch
    /home/cpan/pit/64bit/conf/perl-5.20.0/.cpanplus/5.20.0/build/Try-Tiny-0.22/blib/lib
    /home/cpan/pit/64bit/conf/perl-5.20.0/.cpanplus/5.20.0/build/Try-Tiny-0.22/blib/arch
    /home/cpan/pit/64bit/conf/perl-5.20.0/.cpanplus/5.20.0/build/Test-Fatal-0.013/blib/lib
    /home/cpan/pit/64bit/conf/perl-5.20.0/.cpanplus/5.20.0/build/Test-Fatal-0.013/blib/arch
    /home/cpan/pit/64bit/conf/perl-5.20.0/.cpanplus/5.20.0/build/Test-Requires-0.08/blib/lib
    /home/cpan/pit/64bit/conf/perl-5.20.0/.cpanplus/5.20.0/build/Test-Requires-0.08/blib/arch
    /home/cpan/pit/64bit/conf/perl-5.20.0/.cpanplus/5.20.0/build/Module-Implementation-0.07/blib/lib
    /home/cpan/pit/64bit/conf/perl-5.20.0/.cpanplus/5.20.0/build/Module-Implementation-0.07/blib/arch
    /home/cpan/pit/64bit/conf/perl-5.20.0/.cpanplus/5.20.0/build/Dist-CheckConflicts-0.11/blib/lib
    /home/cpan/pit/64bit/conf/perl-5.20.0/.cpanplus/5.20.0/build/Dist-CheckConflicts-0.11/blib/arch
    /home/cpan/pit/64bit/conf/perl-5.20.0/.cpanplus/5.20.0/build/Package-Stash-XS-0.28/blib/lib
    /home/cpan/pit/64bit/conf/perl-5.20.0/.cpanplus/5.20.0/build/Package-Stash-XS-0.28/blib/arch
    /home/cpan/pit/64bit/conf/perl-5.20.0/.cpanplus/5.20.0/build/Package-Stash-0.36/blib/lib
    /home/cpan/pit/64bit/conf/perl-5.20.0/.cpanplus/5.20.0/build/Package-Stash-0.36/blib/arch
    /home/cpan/pit/64bit/conf/perl-5.20.0/.cpanplus/5.20.0/build/Class-Load-0.21/blib/lib
    /home/cpan/pit/64bit/conf/perl-5.20.0/.cpanplus/5.20.0/build/Class-Load-0.21/blib/arch
    /home/cpan/pit/64bit/conf/perl-5.20.0/.cpanplus/5.20.0/build/Class-Load-XS-0.08/blib/lib
    /home/cpan/pit/64bit/conf/perl-5.20.0/.cpanplus/5.20.0/build/Class-Load-XS-0.08/blib/arch
    /home/cpan/pit/64bit/conf/perl-5.20.0/.cpanplus/5.20.0/build/Sub-Exporter-Progressive-0.001011/blib/lib
    /home/cpan/pit/64bit/conf/perl-5.20.0/.cpanplus/5.20.0/build/Sub-Exporter-Progressive-0.001011/blib/arch
    /home/cpan/pit/64bit/conf/perl-5.20.0/.cpanplus/5.20.0/build/Devel-GlobalDestruction-0.12/blib/lib
    /home/cpan/pit/64bit/conf/perl-5.20.0/.cpanplus/5.20.0/build/Devel-GlobalDestruction-0.12/blib/arch
    /home/cpan/pit/64bit/conf/perl-5.20.0/.cpanplus/5.20.0/build/Devel-StackTrace-1.34/blib/lib
    /home/cpan/pit/64bit/conf/perl-5.20.0/.cpanplus/5.20.0/build/Devel-StackTrace-1.34/blib/arch
    /home/cpan/pit/64bit/conf/perl-5.20.0/.cpanplus/5.20.0/build/Eval-Closure-0.11/blib/lib
    /home/cpan/pit/64bit/conf/perl-5.20.0/.cpanplus/5.20.0/build/Eval-Closure-0.11/blib/arch
    /home/cpan/pit/64bit/conf/perl-5.20.0/.cpanplus/5.20.0/build/MRO-Compat-0.12/blib/lib
    /home/cpan/pit/64bit/conf/perl-5.20.0/.cpanplus/5.20.0/build/MRO-Compat-0.12/blib/arch
    /home/cpan/pit/64bit/conf/perl-5.20.0/.cpanplus/5.20.0/build/Package-DeprecationManager-0.13/blib/lib
    /home/cpan/pit/64bit/conf/perl-5.20.0/.cpanplus/5.20.0/build/Package-DeprecationManager-0.13/blib/arch
    /home/cpan/pit/64bit/conf/perl-5.20.0/.cpanplus/5.20.0/build/Sub-Exporter-0.987/blib/lib
    /home/cpan/pit/64bit/conf/perl-5.20.0/.cpanplus/5.20.0/build/Sub-Exporter-0.987/blib/arch
    /home/cpan/pit/64bit/conf/perl-5.20.0/.cpanplus/5.20.0/build/Sub-Name-0.08/blib/lib
    /home/cpan/pit/64bit/conf/perl-5.20.0/.cpanplus/5.20.0/build/Sub-Name-0.08/blib/arch
    /home/cpan/pit/64bit/conf/perl-5.20.0/.cpanplus/5.20.0/build/Task-Weaken-1.04/blib/lib
    /home/cpan/pit/64bit/conf/perl-5.20.0/.cpanplus/5.20.0/build/Task-Weaken-1.04/blib/arch
    /home/cpan/pit/64bit/conf/perl-5.20.0/.cpanplus/5.20.0/build/Moose-2.1210/blib/lib
    /home/cpan/pit/64bit/conf/perl-5.20.0/.cpanplus/5.20.0/build/Moose-2.1210/blib/arch
    /home/cpan/pit/64bit/conf/perl-5.20.0/.cpanplus/5.20.0/build/ExtUtils-Config-0.008/blib/lib
    /home/cpan/pit/64bit/conf/perl-5.20.0/.cpanplus/5.20.0/build/ExtUtils-Config-0.008/blib/arch
    /home/cpan/pit/64bit/conf/perl-5.20.0/.cpanplus/5.20.0/build/ExtUtils-Helpers-0.022/blib/lib
    /home/cpan/pit/64bit/conf/perl-5.20.0/.cpanplus/5.20.0/build/ExtUtils-Helpers-0.022/blib/arch
    /home/cpan/pit/64bit/conf/perl-5.20.0/.cpanplus/5.20.0/build/ExtUtils-InstallPaths-0.010/blib/lib
    /home/cpan/pit/64bit/conf/perl-5.20.0/.cpanplus/5.20.0/build/ExtUtils-InstallPaths-0.010/blib/arch
    /home/cpan/pit/64bit/conf/perl-5.20.0/.cpanplus/5.20.0/build/Module-Build-Tiny-0.037/blib/lib
    /home/cpan/pit/64bit/conf/perl-5.20.0/.cpanplus/5.20.0/build/Module-Build-Tiny-0.037/blib/arch
    /home/cpan/pit/64bit/conf/perl-5.20.0/.cpanplus/5.20.0/build/Sub-Uplevel-0.24/blib/lib
    /home/cpan/pit/64bit/conf/perl-5.20.0/.cpanplus/5.20.0/build/Sub-Uplevel-0.24/blib/arch
    /home/cpan/pit/64bit/conf/perl-5.20.0/.cpanplus/5.20.0/build/Test-Exception-0.32/blib/lib
    /home/cpan/pit/64bit/conf/perl-5.20.0/.cpanplus/5.20.0/build/Test-Exception-0.32/blib/arch
    /home/cpan/pit/64bit/conf/perl-5.20.0/.cpanplus/5.20.0/build/Carp-Clan-6.04/blib/lib
    /home/cpan/pit/64bit/conf/perl-5.20.0/.cpanplus/5.20.0/build/Carp-Clan-6.04/blib/arch
    /home/cpan/pit/64bit/conf/perl-5.20.0/.cpanplus/5.20.0/build/Devel-Hide-0.0009/blib/lib
    /home/cpan/pit/64bit/conf/perl-5.20.0/.cpanplus/5.20.0/build/Devel-Hide-0.0009/blib/arch
    /home/cpan/pit/64bit/conf/perl-5.20.0/.cpanplus/5.20.0/build/Variable-Magic-0.53/blib/lib
    /home/cpan/pit/64bit/conf/perl-5.20.0/.cpanplus/5.20.0/build/Variable-Magic-0.53/blib/arch
    /home/cpan/pit/64bit/conf/perl-5.20.0/.cpanplus/5.20.0/build/B-Hooks-EndOfScope-0.13/blib/lib
    /home/cpan/pit/64bit/conf/perl-5.20.0/.cpanplus/5.20.0/build/B-Hooks-EndOfScope-0.13/blib/arch
    /home/cpan/pit/64bit/conf/perl-5.20.0/.cpanplus/5.20.0/build/Sub-Identify-0.04/blib/lib
    /home/cpan/pit/64bit/conf/perl-5.20.0/.cpanplus/5.20.0/build/Sub-Identify-0.04/blib/arch
    /home/cpan/pit/64bit/conf/perl-5.20.0/.cpanplus/5.20.0/build/namespace-clean-0.25/blib/lib
    /home/cpan/pit/64bit/conf/perl-5.20.0/.cpanplus/5.20.0/build/namespace-clean-0.25/blib/arch
    /home/cpan/pit/64bit/conf/perl-5.20.0/.cpanplus/5.20.0/build/namespace-autoclean-0.19/blib/lib
    /home/cpan/pit/64bit/conf/perl-5.20.0/.cpanplus/5.20.0/build/namespace-autoclean-0.19/blib/arch
    /home/cpan/pit/64bit/conf/perl-5.20.0/.cpanplus/5.20.0/build/MooseX-Types-0.44/blib/lib
    /home/cpan/pit/64bit/conf/perl-5.20.0/.cpanplus/5.20.0/build/MooseX-Types-0.44/blib/arch
    /home/cpan/pit/64bit/conf/perl-5.20.0/.cpanplus/5.20.0/build/MooseX-MethodAttributes-0.29/blib/lib
    /home/cpan/pit/64bit/conf/perl-5.20.0/.cpanplus/5.20.0/build/MooseX-MethodAttributes-0.29/blib/arch
    /home/cpan/pit/64bit/conf/perl-5.20.0/.cpanplus/5.20.0/build/MooseX-SingletonMethod-0.03/blib/lib
    /home/cpan/pit/64bit/conf/perl-5.20.0/.cpanplus/5.20.0/build/MooseX-SingletonMethod-0.03/blib/arch
    /home/cpan/pit/64bit/conf/perl-5.20.0/.cpanplus/5.20.0/build/Lexical-SealRequireHints-0.007/blib/lib
    /home/cpan/pit/64bit/conf/perl-5.20.0/.cpanplus/5.20.0/build/Lexical-SealRequireHints-0.007/blib/arch
    /home/cpan/pit/64bit/conf/perl-5.20.0/.cpanplus/5.20.0/build/Lexical-Var-0.009/blib/lib
    /home/cpan/pit/64bit/conf/perl-5.20.0/.cpanplus/5.20.0/build/Lexical-Var-0.009/blib/arch
    /home/cpan/pit/64bit/conf/perl-5.20.0/.cpanplus/5.20.0/build/Regexp-Grammars-1.035/blib/lib
    /home/cpan/pit/64bit/conf/perl-5.20.0/.cpanplus/5.20.0/build/Regexp-Grammars-1.035/blib/arch
    /home/cpan/pit/64bit/conf/perl-5.20.0/.cpanplus/5.20.0/build/Data-Dump-1.22/blib/lib
    /home/cpan/pit/64bit/conf/perl-5.20.0/.cpanplus/5.20.0/build/Data-Dump-1.22/blib/arch
    /home/cpan/pit/64bit/conf/perl-5.20.0/.cpanplus/5.20.0/build/Test-Trap-v0.2.4/blib/lib
    /home/cpan/pit/64bit/conf/perl-5.20.0/.cpanplus/5.20.0/build/Test-Trap-v0.2.4/blib/arch
    /home/cpan/pit/64bit/conf/perl-5.20.0/.cpanplus/5.20.0/build/aliased-0.31/blib/lib
    /home/cpan/pit/64bit/conf/perl-5.20.0/.cpanplus/5.20.0/build/aliased-0.31/blib/arch
    /home/cpan/pit/64bit/conf/perl-5.20.0/.cpanplus/5.20.0/build/TPath-1.007/blib/lib
    /home/cpan/pit/64bit/conf/perl-5.20.0/.cpanplus/5.20.0/build/TPath-1.007/blib/arch
    /home/cpan/pit/64bit/perl-5.20.0/lib/site_perl/5.20.0/OpenBSD.i386-openbsd-64int
    /home/cpan/pit/64bit/perl-5.20.0/lib/site_perl/5.20.0
    /home/cpan/pit/64bit/perl-5.20.0/lib/5.20.0/OpenBSD.i386-openbsd-64int
    /home/cpan/pit/64bit/perl-5.20.0/lib/5.20.0
    .