Report for String-Gsub-0.04

Back
From: metabase:user:31dd1d2e-2aae-11df-837a-5e0a49663a4f
Subject: FAIL String-Gsub-0.04 v5.16.0 
Date: 2013-05-15T01:51:47Z

This distribution has been tested as part of the CPAN Testers
project, supporting the Perl programming language.  See
http://wiki.cpantesters.org/ for more information or email
questions to cpan-testers-discuss@perl.org


--
Dear YAMASHINA Hio,

This is a computer-generated report for String-Gsub-0.04
on perl 5.16.0, created by CPAN-Reporter-1.2006.

Thank you for uploading your work to CPAN.  However, there was a problem
testing your distribution.

If you think this report is invalid, please consult the CPAN Testers Wiki
for suggestions on how to avoid getting FAIL reports for missing library
or binary dependencies, unsupported operating systems, and so on:

http://wiki.cpantesters.org/wiki/CPANAuthorNotes

Sections of this report:

    * Tester comments
    * Program output
    * Prerequisites
    * Environment and other context

------------------------------
TESTER COMMENTS
------------------------------

Additional comments from tester:

this report is from an automated smoke testing program
and was not reviewed by a human for accuracy

------------------------------
PROGRAM OUTPUT
------------------------------

Output from 'C:\Perl16\site\bin\dmake.exe test':

C:\Perl16\bin\perl.exe "-MExtUtils::Command::MM" "-e" "test_harness(0, 'blib\lib', 'blib\arch')" t/*.t
# Testing String::Gsub 0.04, Perl 5.016000, C:\Perl16\bin\perl.exe
t/00-load.t ......... ok
t/boilerplate.t ..... ok
t/gsub-functions.t .. ok

#   Failed test 'gsub result'
#   at t/gsub.t line 17.
# An error occurred while using eq:
# ------------------------------------
# Operation "eq": no method found,
# 	left argument in overloaded package String::Gsub,
# 	right argument has no overloaded magic at (eval in cmp_ok) t/gsub.t line 17.
# 
# ------------------------------------
#          got: 'aBcaBc'
#     expected: 'aBcaBc'

#   Failed test 'gsub returns new object'
#   at t/gsub.t line 18.
# An error occurred while using ne:
# ------------------------------------
# Operation "ne": no method found,
# 	left argument in overloaded package String::Gsub,
# 	right argument in overloaded package String::Gsub at (eval in cmp_ok) t/gsub.t line 18.
# 
# ------------------------------------
#          got: 'aBcaBc'
#     expected: anything else

#   Failed test 'gsub twice'
#   at t/gsub.t line 20.
# An error occurred while using eq:
# ------------------------------------
# Operation "eq": no method found,
# 	left argument in overloaded package String::Gsub,
# 	right argument has no overloaded magic at (eval in cmp_ok) t/gsub.t line 20.
# 
# ------------------------------------
#          got: 'AbCAbC'
#     expected: 'AbCAbC'

#   Failed test 'gsub doesnt change original'
#   at t/gsub.t line 21.
# An error occurred while using eq:
# ------------------------------------
# Operation "eq": no method found,
# 	left argument in overloaded package String::Gsub,
# 	right argument has no overloaded magic at (eval in cmp_ok) t/gsub.t line 21.
# 
# ------------------------------------
#          got: 'abcabc'
#     expected: 'abcabc'

#   Failed test 'gsubx result'
#   at t/gsub.t line 28.
# An error occurred while using eq:
# ------------------------------------
# Operation "eq": no method found,
# 	left argument in overloaded package String::Gsub,
# 	right argument has no overloaded magic at (eval in cmp_ok) t/gsub.t line 28.
# 
# ------------------------------------
#          got: 'aBcaBc'
#     expected: 'aBcaBc'

#   Failed test 'gsubx returns itself'
#   at t/gsub.t line 29.
# An error occurred while using eq:
# ------------------------------------
# Operation "eq": no method found,
# 	left argument in overloaded package String::Gsub,
# 	right argument in overloaded package String::Gsub at (eval in cmp_ok) t/gsub.t line 29.
# 
# ------------------------------------
#          got: 'aBcaBc'
#     expected: 'aBcaBc'

#   Failed test 'gsubx changes original'
#   at t/gsub.t line 30.
# An error occurred while using eq:
# ------------------------------------
# Operation "eq": no method found,
# 	left argument in overloaded package String::Gsub,
# 	right argument has no overloaded magic at (eval in cmp_ok) t/gsub.t line 30.
# 
# ------------------------------------
#          got: 'aBcaBc'
#     expected: 'aBcaBc'

#   Failed test 'sub result'
#   at t/gsub.t line 37.
# An error occurred while using eq:
# ------------------------------------
# Operation "eq": no method found,
# 	left argument in overloaded package String::Gsub,
# 	right argument has no overloaded magic at (eval in cmp_ok) t/gsub.t line 37.
# 
# ------------------------------------
#          got: 'aBcabc'
#     expected: 'aBcabc'

#   Failed test 'sub returns new object'
#   at t/gsub.t line 38.
# An error occurred while using ne:
# ------------------------------------
# Operation "ne": no method found,
# 	left argument in overloaded package String::Gsub,
# 	right argument in overloaded package String::Gsub at (eval in cmp_ok) t/gsub.t line 38.
# 
# ------------------------------------
#          got: 'aBcabc'
#     expected: anything else

#   Failed test 'sub twice'
#   at t/gsub.t line 40.
# An error occurred while using eq:
# ------------------------------------
# Operation "eq": no method found,
# 	left argument in overloaded package String::Gsub,
# 	right argument has no overloaded magic at (eval in cmp_ok) t/gsub.t line 40.
# 
# ------------------------------------
#          got: 'AbCabc'
#     expected: 'AbCabc'

#   Failed test 'sub doesnt change original'
#   at t/gsub.t line 41.
# An error occurred while using eq:
# ------------------------------------
# Operation "eq": no method found,
# 	left argument in overloaded package String::Gsub,
# 	right argument has no overloaded magic at (eval in cmp_ok) t/gsub.t line 41.
# 
# ------------------------------------
#          got: 'abcabc'
#     expected: 'abcabc'

#   Failed test 'subx result'
#   at t/gsub.t line 48.
# An error occurred while using eq:
# ------------------------------------
# Operation "eq": no method found,
# 	left argument in overloaded package String::Gsub,
# 	right argument has no overloaded magic at (eval in cmp_ok) t/gsub.t line 48.
# 
# ------------------------------------
#          got: 'aBcabc'
#     expected: 'aBcabc'

#   Failed test 'subx returns itself'
#   at t/gsub.t line 49.
# An error occurred while using eq:
# ------------------------------------
# Operation "eq": no method found,
# 	left argument in overloaded package String::Gsub,
# 	right argument in overloaded package String::Gsub at (eval in cmp_ok) t/gsub.t line 49.
# 
# ------------------------------------
#          got: 'aBcabc'
#     expected: 'aBcabc'

#   Failed test 'subx changes original'
#   at t/gsub.t line 50.
# An error occurred while using eq:
# ------------------------------------
# Operation "eq": no method found,
# 	left argument in overloaded package String::Gsub,
# 	right argument has no overloaded magic at (eval in cmp_ok) t/gsub.t line 50.
# 
# ------------------------------------
#          got: 'aBcabc'
#     expected: 'aBcabc'
# Looks like you failed 14 tests of 16.
t/gsub.t ............ 
Dubious, test returned 14 (wstat 3584, 0xe00)
Failed 14/16 subtests 
t/pod-coverage.t .... skipped: Test::Pod::Coverage 1.04 required for testing POD coverage
t/pod.t ............. ok

#   Failed test 'gsub result'
#   at t/string-pattern.t line 21.
# An error occurred while using eq:
# ------------------------------------
# Operation "eq": no method found,
# 	left argument in overloaded package String::Gsub,
# 	right argument has no overloaded magic at (eval in cmp_ok) t/string-pattern.t line 21.
# 
# ------------------------------------
#          got: 'a(b)ca(b)c'
#     expected: 'a(b)ca(b)c'

#   Failed test 'gsub returns new object'
#   at t/string-pattern.t line 22.
# An error occurred while using ne:
# ------------------------------------
# Operation "ne": no method found,
# 	left argument in overloaded package String::Gsub,
# 	right argument in overloaded package String::Gsub at (eval in cmp_ok) t/string-pattern.t line 22.
# 
# ------------------------------------
#          got: 'a(b)ca(b)c'
#     expected: anything else

#   Failed test 'gsub doesnt change original'
#   at t/string-pattern.t line 23.
# An error occurred while using eq:
# ------------------------------------
# Operation "eq": no method found,
# 	left argument in overloaded package String::Gsub,
# 	right argument has no overloaded magic at (eval in cmp_ok) t/string-pattern.t line 23.
# 
# ------------------------------------
#          got: 'abcabc'
#     expected: 'abcabc'

#   Failed test 'gsubx result'
#   at t/string-pattern.t line 30.
# An error occurred while using eq:
# ------------------------------------
# Operation "eq": no method found,
# 	left argument in overloaded package String::Gsub,
# 	right argument has no overloaded magic at (eval in cmp_ok) t/string-pattern.t line 30.
# 
# ------------------------------------
#          got: 'a(b)ca(b)c'
#     expected: 'a(b)ca(b)c'

#   Failed test 'gsubx returns itself'
#   at t/string-pattern.t line 31.
# An error occurred while using eq:
# ------------------------------------
# Operation "eq": no method found,
# 	left argument in overloaded package String::Gsub,
# 	right argument in overloaded package String::Gsub at (eval in cmp_ok) t/string-pattern.t line 31.
# 
# ------------------------------------
#          got: 'a(b)ca(b)c'
#     expected: 'a(b)ca(b)c'

#   Failed test 'gsubx changes original'
#   at t/string-pattern.t line 32.
# An error occurred while using eq:
# ------------------------------------
# Operation "eq": no method found,
# 	left argument in overloaded package String::Gsub,
# 	right argument has no overloaded magic at (eval in cmp_ok) t/string-pattern.t line 32.
# 
# ------------------------------------
#          got: 'a(b)ca(b)c'
#     expected: 'a(b)ca(b)c'

#   Failed test 'sub result'
#   at t/string-pattern.t line 39.
# An error occurred while using eq:
# ------------------------------------
# Operation "eq": no method found,
# 	left argument in overloaded package String::Gsub,
# 	right argument has no overloaded magic at (eval in cmp_ok) t/string-pattern.t line 39.
# 
# ------------------------------------
#          got: 'a(b)cabc'
#     expected: 'a(b)cabc'

#   Failed test 'sub returns new object'
#   at t/string-pattern.t line 40.
# An error occurred while using ne:
# ------------------------------------
# Operation "ne": no method found,
# 	left argument in overloaded package String::Gsub,
# 	right argument in overloaded package String::Gsub at (eval in cmp_ok) t/string-pattern.t line 40.
# 
# ------------------------------------
#          got: 'a(b)cabc'
#     expected: anything else

#   Failed test 'sub doesnt change original'
#   at t/string-pattern.t line 41.
# An error occurred while using eq:
# ------------------------------------
# Operation "eq": no method found,
# 	left argument in overloaded package String::Gsub,
# 	right argument has no overloaded magic at (eval in cmp_ok) t/string-pattern.t line 41.
# 
# ------------------------------------
#          got: 'abcabc'
#     expected: 'abcabc'

#   Failed test 'subx result'
#   at t/string-pattern.t line 48.
# An error occurred while using eq:
# ------------------------------------
# Operation "eq": no method found,
# 	left argument in overloaded package String::Gsub,
# 	right argument has no overloaded magic at (eval in cmp_ok) t/string-pattern.t line 48.
# 
# ------------------------------------
#          got: 'a(b)cabc'
#     expected: 'a(b)cabc'

#   Failed test 'subx returns itself'
#   at t/string-pattern.t line 49.
# An error occurred while using eq:
# ------------------------------------
# Operation "eq": no method found,
# 	left argument in overloaded package String::Gsub,
# 	right argument in overloaded package String::Gsub at (eval in cmp_ok) t/string-pattern.t line 49.
# 
# ------------------------------------
#          got: 'a(b)cabc'
#     expected: 'a(b)cabc'

#   Failed test 'subx changes original'
#   at t/string-pattern.t line 50.
# An error occurred while using eq:
# ------------------------------------
# Operation "eq": no method found,
# 	left argument in overloaded package String::Gsub,
# 	right argument has no overloaded magic at (eval in cmp_ok) t/string-pattern.t line 50.
# 
# ------------------------------------
#          got: 'a(b)cabc'
#     expected: 'a(b)cabc'

#   Failed test 'argument of match callback'
#   at t/string-pattern.t line 57.
# An error occurred while using eq:
# ------------------------------------
# Operation "eq": no method found,
# 	left argument in overloaded package String::Gsub,
# 	right argument has no overloaded magic at (eval in cmp_ok) t/string-pattern.t line 57.
# 
# ------------------------------------
#          got: 'aBcaBc'
#     expected: 'aBcaBc'

#   Failed test 'gsub match value'
#   at t/string-pattern.t line 64.
# An error occurred while using eq:
# ------------------------------------
# Operation "eq": no method found,
# 	left argument in overloaded package String::Gsub,
# 	right argument has no overloaded magic at (eval in cmp_ok) t/string-pattern.t line 64.
# 
# ------------------------------------
#          got: 'a(b)ca(b)c'
#     expected: 'a(b)ca(b)c'

#   Failed test 'gsub prematch value'
#   at t/string-pattern.t line 68.
# An error occurred while using eq:
# ------------------------------------
# Operation "eq": no method found,
# 	left argument in overloaded package String::Gsub,
# 	right argument has no overloaded magic at (eval in cmp_ok) t/string-pattern.t line 68.
# 
# ------------------------------------
#          got: 'a(a)ca(abca)c'
#     expected: 'a(a)ca(abca)c'

#   Failed test 'gsub postmatch value'
#   at t/string-pattern.t line 72.
# An error occurred while using eq:
# ------------------------------------
# Operation "eq": no method found,
# 	left argument in overloaded package String::Gsub,
# 	right argument has no overloaded magic at (eval in cmp_ok) t/string-pattern.t line 72.
# 
# ------------------------------------
#          got: 'a(cabc)ca(c)c'
#     expected: 'a(cabc)ca(c)c'

#   Failed test '. matches just `.''
#   at t/string-pattern.t line 79.
# An error occurred while using eq:
# ------------------------------------
# Operation "eq": no method found,
# 	left argument in overloaded package String::Gsub,
# 	right argument has no overloaded magic at (eval in cmp_ok) t/string-pattern.t line 79.
# 
# ------------------------------------
#          got: 'abc(.)abc(.)'
#     expected: 'abc(.)abc(.)'
# Looks like you failed 17 tests of 17.
t/string-pattern.t .. 
Dubious, test returned 17 (wstat 4352, 0x1100)
Failed 17/17 subtests 

Test Summary Report
-------------------
t/gsub.t          (Wstat: 3584 Tests: 16 Failed: 14)
  Failed tests:  1-2, 4-10, 12-16
  Non-zero exit status: 14
t/string-pattern.t (Wstat: 4352 Tests: 17 Failed: 17)
  Failed tests:  1-17
  Non-zero exit status: 17
Files=7, Tests=55,  1 wallclock secs ( 0.08 usr +  0.00 sys =  0.08 CPU)
Result: FAIL
Failed 2/7 test programs. 31/55 subtests failed.
dmake.exe:  Error code 145, while making 'test_dynamic'

------------------------------
PREREQUISITES
------------------------------

Prerequisite modules loaded:

requires:

    Module              Need Have   
    ------------------- ---- -------
    Exporter            0    5.66   
    Test::More          0    0.98   

build_requires:

    Module              Need Have   
    ------------------- ---- -------
    ExtUtils::MakeMaker 0    6.63_02


------------------------------
ENVIRONMENT AND OTHER CONTEXT
------------------------------

Environment variables:

    ACTIVEPERL_CONFIG_SILENT = 1
    AUTOMATED_TESTING = 1
    COMSPEC = C:\Windows\system32\cmd.exe
    NUMBER_OF_PROCESSORS = 2
    PATH = C:\Perl16\site\bin;C:\Perl16\bin;C:\Program Files (x86)\NVIDIA Corporation\PhysX\Common;C:\Program Files\Common Files\Microsoft Shared\Windows Live;C:\Program Files (x86)\ActiveState Komodo IDE 6\;C:\Program Files (x86)\PC Connectivity Solution\;C:\Windows\system32;C:\Windows;C:\Windows\System32\Wbem;C:\Windows\System32\WindowsPowerShell\v1.0\;C:\Program Files\TortoiseSVN\bin;C:\Program Files\TortoiseGit\bin;C:\Program Files (x86)\Git\cmd;C:\Program Files (x86)\OpenVPN\bin
    PERL5LIB = 
    PERL5OPT = 
    PERL5_CPANPLUS_IS_RUNNING = 15288
    PERL5_CPAN_IS_RUNNING = 15288
    PERL5_CPAN_IS_RUNNING_IN_RECURSION = 14492,15288
    PERL_CR_SMOKER_CURRENT = String-Gsub-0.04
    PERL_EXTUTILS_AUTOINSTALL = --defaultdeps
    PERL_MM_USE_DEFAULT = 1
    PROCESSOR_IDENTIFIER = AMD64 Family 16 Model 4 Stepping 2, AuthenticAMD
    TEMP = C:\Users\Mithaldu\AppData\Local\Temp
    TERM = dumb

Perl special variables (and OS-specific diagnostics, for MSWin32):

    $^X = C:\Perl16\bin\perl.exe
    $UID/$EUID = 0 / 0
    $GID = 0
    $EGID = 0
    Win32::GetOSName = Win7
    Win32::GetOSVersion = Service Pack 1, 6, 1, 7601, 2, 1, 0, 256, 1
    Win32::FsType = NTFS
    Win32::IsAdminUser = 0

Perl module toolchain versions installed:

    Module              Have    
    ------------------- --------
    CPAN                1.9800  
    CPAN::Meta          2.120921
    Cwd                 3.39_02 
    ExtUtils::CBuilder  0.280206
    ExtUtils::Command   1.17    
    ExtUtils::Install   1.54    
    ExtUtils::MakeMaker 6.63_02 
    ExtUtils::Manifest  1.61    
    ExtUtils::ParseXS   3.16    
    File::Spec          3.39_02 
    JSON                2.53    
    JSON::PP            2.27200 
    Module::Build       0.39_01 
    Module::Signature   n/a     
    Parse::CPAN::Meta   1.4404  
    Test::Harness       3.23    
    Test::More          0.98    
    YAML                n/a     
    YAML::Syck          n/a     
    version             0.99    


--

Summary of my perl5 (revision 5 version 16 subversion 0) configuration:
   
  Platform:
    osname=MSWin32, osvers=5.2, archname=MSWin32-x86-multi-thread
    uname=''
    config_args='undef'
    hint=recommended, useposix=true, d_sigaction=undef
    useithreads=define, usemultiplicity=define
    useperlio=define, d_sfio=undef, uselargefiles=define, usesocks=undef
    use64bitint=undef, use64bitall=undef, uselongdouble=undef
    usemymalloc=n, bincompat5005=undef
  Compiler:
    cc='C:/Perl16/site/bin/gcc.exe', ccflags ='-DNDEBUG -DWIN32 -D_CONSOLE -DNO_STRICT -DPERL_TEXTMODE_SCRIPTS -DUSE_SITECUSTOMIZE -DPERL_IMPLICIT_CONTEXT -DPERL_IMPLICIT_SYS -DUSE_PERLIO -D_USE_32BIT_TIME_T -DHASATTRIBUTE -fno-strict-aliasing -mms-bitfields',
    optimize='-O2',
    cppflags='-DWIN32'
    ccversion='', gccversion='3.4.5 (mingw-vista special r3)', gccosandvers=''
    intsize=4, longsize=4, ptrsize=4, doublesize=8, byteorder=1234
    d_longlong=undef, longlongsize=8, d_longdbl=define, longdblsize=8
    ivtype='long', ivsize=4, nvtype='double', nvsize=8, Off_t='__int64', lseeksize=8
    alignbytes=8, prototype=define
  Linker and Libraries:
    ld='C:\Perl16\site\bin\g++.exe', ldflags ='-L"C:\Perl16\lib\CORE"'
    libpth=\lib
    libs=-lkernel32 -luser32 -lgdi32 -lwinspool -lcomdlg32 -ladvapi32 -lshell32 -lole32 -loleaut32 -lnetapi32 -luuid -lws2_32 -lmpr -lwinmm -lversion -lodbc32 -lodbccp32 -lcomctl32 -lmsvcrt
    perllibs=-lkernel32 -luser32 -lgdi32 -lwinspool -lcomdlg32 -ladvapi32 -lshell32 -lole32 -loleaut32 -lnetapi32 -luuid -lws2_32 -lmpr -lwinmm -lversion -lodbc32 -lodbccp32 -lcomctl32 -lmsvcrt
    libc=msvcrt.lib, so=dll, useshrplib=true, libperl=perl516.lib
    gnulibc_version=''
  Dynamic Linking:
    dlsrc=dl_win32.xs, dlext=dll, d_dlsymun=undef, ccdlflags=' '
    cccdlflags=' ', lddlflags='-mdll -L"C:\Perl16\lib\CORE"'


Characteristics of this binary (from libperl): 
  Compile-time options: HAS_TIMES HAVE_INTERP_INTERN MULTIPLICITY
                        PERLIO_LAYERS PERL_DONT_CREATE_GVSV
                        PERL_IMPLICIT_CONTEXT PERL_IMPLICIT_SYS
                        PERL_MALLOC_WRAP PERL_PRESERVE_IVUV PL_OP_SLAB_ALLOC
                        USE_ITHREADS USE_LARGE_FILES USE_LOCALE
                        USE_LOCALE_COLLATE USE_LOCALE_CTYPE
                        USE_LOCALE_NUMERIC USE_PERLIO USE_PERL_ATOF
                        USE_SITECUSTOMIZE
  Locally applied patches:
	ActivePerl Build 1600 [295879]
  Built under MSWin32
  Compiled at Jun 11 2012 12:43:38
  %ENV:
    PERL5_CPANPLUS_IS_RUNNING="15288"
    PERL5_CPAN_IS_RUNNING="15288"
    PERL5_CPAN_IS_RUNNING_IN_RECURSION="14492,15288"
    PERL_CR_SMOKER_CURRENT="String-Gsub-0.04"
    PERL_EXTUTILS_AUTOINSTALL="--defaultdeps"
    PERL_MM_USE_DEFAULT="1"
  @INC:
    C:/Perl16/site/lib
    C:/Perl16/lib
    .