Time-C v0.024 Perl 5 v5.41.2 x86_64-linux-thread-multi

Status
Fail
From
Andreas J. König (ANDK)
Dist
Time-C v0.024
Platform
Perl 5 v5.41.2 x86_64-linux-thread-multi
Date
2024-08-28 21:54:07
ID
0cf4ebd4-6588-11ef-80ae-317b9ca5e32e
This distribution has been tested as part of the CPAN Testers
project, supporting the Perl programming language.  See
http://wiki.cpantesters.org/ for more information or email
questions to cpan-testers-discuss@perl.org


--
Dear Pink Mist,

This is a computer-generated report for Time-C-0.024
on perl 5.41.2, created by CPAN-Reporter-1.2019.

Thank you for uploading your work to CPAN.  However, there was a problem
testing your distribution.

If you think this report is invalid, please consult the CPAN Testers Wiki
for suggestions on how to avoid getting FAIL reports for missing library
or binary dependencies, unsupported operating systems, and so on:

http://wiki.cpantesters.org/wiki/CPANAuthorNotes

Sections of this report:

    * Tester comments
    * Program output
    * Prerequisites
    * Environment and other context

------------------------------
TESTER COMMENTS
------------------------------

Additional comments from tester:

this report is from an automated smoke testing program
and was not reviewed by a human for accuracy

------------------------------
PROGRAM OUTPUT
------------------------------

Output from '/usr/bin/make test':

Skip blib/lib/auto/share/dist/Time-C/locale.db (unchanged)
PERL_DL_NONLAZY=1 "/tmp/basesmoker-reloperl-rlTO/bin/perl" "-MExtUtils::Command::MM" "-MTest::Harness" "-e" "undef *Test::Harness::Switches; test_harness(0, 'blib/lib', 'blib/arch')" t/*.t
# 
# Versions for all modules listed in MYMETA.json (including optional ones):
# 
# === Configure Requires ===
# 
#     Module                  Want Have
#     ----------------------- ---- ----
#     ExtUtils::MakeMaker      any 7.70
#     File::ShareDir::Install 0.06 0.14
# 
# === Build Requires ===
# 
#     Module              Want Have
#     ------------------- ---- ----
#     ExtUtils::MakeMaker  any 7.70
# 
# === Test Requires ===
# 
#     Module              Want     Have
#     ------------------- ---- --------
#     ExtUtils::MakeMaker  any     7.70
#     File::Spec           any     3.92
#     Test::More           any 1.302201
# 
# === Test Recommends ===
# 
#     Module         Want     Have
#     ---------- -------- --------
#     CPAN::Meta 2.120900 2.150010
# 
# === Runtime Requires ===
# 
#     Module                 Want     Have
#     -------------------- ------ --------
#     Data::Munge             any    0.111
#     File::Share             any     0.27
#     Function::Parameters 1.0705 2.002004
#     JSON::MaybeXS           any 1.004005
#     List::Util             1.45     1.65
#     Test::More              any 1.302201
#     Time::Moment           0.38     0.44
#     Time::Zone::Olson      0.12     0.46
#     overload                any     1.37
# 
t/00-report-prereqs.t .. ok
Reference found where even-sized list expected at /home/sand/src/perl/repoperls/installed-perls/host/k93focal/v5.41.2/d119/lib/site_perl/5.41.2/Time/Zone/Olson.pm line 598.
Reference found where even-sized list expected at /home/sand/src/perl/repoperls/installed-perls/host/k93focal/v5.41.2/d119/lib/site_perl/5.41.2/Time/Zone/Olson.pm line 598.
Reference found where even-sized list expected at /home/sand/src/perl/repoperls/installed-perls/host/k93focal/v5.41.2/d119/lib/site_perl/5.41.2/Time/Zone/Olson.pm line 598.
Reference found where even-sized list expected at /home/sand/src/perl/repoperls/installed-perls/host/k93focal/v5.41.2/d119/lib/site_perl/5.41.2/Time/Zone/Olson.pm line 598.
Reference found where even-sized list expected at /home/sand/src/perl/repoperls/installed-perls/host/k93focal/v5.41.2/d119/lib/site_perl/5.41.2/Time/Zone/Olson.pm line 598.
Reference found where even-sized list expected at /home/sand/src/perl/repoperls/installed-perls/host/k93focal/v5.41.2/d119/lib/site_perl/5.41.2/Time/Zone/Olson.pm line 598.
Reference found where even-sized list expected at /home/sand/src/perl/repoperls/installed-perls/host/k93focal/v5.41.2/d119/lib/site_perl/5.41.2/Time/Zone/Olson.pm line 598.
Reference found where even-sized list expected at /home/sand/src/perl/repoperls/installed-perls/host/k93focal/v5.41.2/d119/lib/site_perl/5.41.2/Time/Zone/Olson.pm line 598.
Reference found where even-sized list expected at /home/sand/src/perl/repoperls/installed-perls/host/k93focal/v5.41.2/d119/lib/site_perl/5.41.2/Time/Zone/Olson.pm line 598.
Reference found where even-sized list expected at /home/sand/src/perl/repoperls/installed-perls/host/k93focal/v5.41.2/d119/lib/site_perl/5.41.2/Time/Zone/Olson.pm line 598.
Reference found where even-sized list expected at /home/sand/src/perl/repoperls/installed-perls/host/k93focal/v5.41.2/d119/lib/site_perl/5.41.2/Time/Zone/Olson.pm line 598.
Reference found where even-sized list expected at /home/sand/src/perl/repoperls/installed-perls/host/k93focal/v5.41.2/d119/lib/site_perl/5.41.2/Time/Zone/Olson.pm line 598.
Reference found where even-sized list expected at /home/sand/src/perl/repoperls/installed-perls/host/k93focal/v5.41.2/d119/lib/site_perl/5.41.2/Time/Zone/Olson.pm line 598.
Reference found where even-sized list expected at /home/sand/src/perl/repoperls/installed-perls/host/k93focal/v5.41.2/d119/lib/site_perl/5.41.2/Time/Zone/Olson.pm line 598.
Reference found where even-sized list expected at /home/sand/src/perl/repoperls/installed-perls/host/k93focal/v5.41.2/d119/lib/site_perl/5.41.2/Time/Zone/Olson.pm line 598.
Reference found where even-sized list expected at /home/sand/src/perl/repoperls/installed-perls/host/k93focal/v5.41.2/d119/lib/site_perl/5.41.2/Time/Zone/Olson.pm line 598.
Reference found where even-sized list expected at /home/sand/src/perl/repoperls/installed-perls/host/k93focal/v5.41.2/d119/lib/site_perl/5.41.2/Time/Zone/Olson.pm line 598.
Reference found where even-sized list expected at /home/sand/src/perl/repoperls/installed-perls/host/k93focal/v5.41.2/d119/lib/site_perl/5.41.2/Time/Zone/Olson.pm line 598.
Reference found where even-sized list expected at /home/sand/src/perl/repoperls/installed-perls/host/k93focal/v5.41.2/d119/lib/site_perl/5.41.2/Time/Zone/Olson.pm line 598.
Reference found where even-sized list expected at /home/sand/src/perl/repoperls/installed-perls/host/k93focal/v5.41.2/d119/lib/site_perl/5.41.2/Time/Zone/Olson.pm line 598.
Reference found where even-sized list expected at /home/sand/src/perl/repoperls/installed-perls/host/k93focal/v5.41.2/d119/lib/site_perl/5.41.2/Time/Zone/Olson.pm line 598.
Reference found where even-sized list expected at /home/sand/src/perl/repoperls/installed-perls/host/k93focal/v5.41.2/d119/lib/site_perl/5.41.2/Time/Zone/Olson.pm line 598.
Reference found where even-sized list expected at /home/sand/src/perl/repoperls/installed-perls/host/k93focal/v5.41.2/d119/lib/site_perl/5.41.2/Time/Zone/Olson.pm line 598.
Reference found where even-sized list expected at /home/sand/src/perl/repoperls/installed-perls/host/k93focal/v5.41.2/d119/lib/site_perl/5.41.2/Time/Zone/Olson.pm line 598.
Reference found where even-sized list expected at /home/sand/src/perl/repoperls/installed-perls/host/k93focal/v5.41.2/d119/lib/site_perl/5.41.2/Time/Zone/Olson.pm line 598.
Reference found where even-sized list expected at /home/sand/src/perl/repoperls/installed-perls/host/k93focal/v5.41.2/d119/lib/site_perl/5.41.2/Time/Zone/Olson.pm line 598.
Reference found where even-sized list expected at /home/sand/src/perl/repoperls/installed-perls/host/k93focal/v5.41.2/d119/lib/site_perl/5.41.2/Time/Zone/Olson.pm line 598.
Reference found where even-sized list expected at /home/sand/src/perl/repoperls/installed-perls/host/k93focal/v5.41.2/d119/lib/site_perl/5.41.2/Time/Zone/Olson.pm line 598.
Reference found where even-sized list expected at /home/sand/src/perl/repoperls/installed-perls/host/k93focal/v5.41.2/d119/lib/site_perl/5.41.2/Time/Zone/Olson.pm line 598.
Reference found where even-sized list expected at /home/sand/src/perl/repoperls/installed-perls/host/k93focal/v5.41.2/d119/lib/site_perl/5.41.2/Time/Zone/Olson.pm line 598.
Reference found where even-sized list expected at /home/sand/src/perl/repoperls/installed-perls/host/k93focal/v5.41.2/d119/lib/site_perl/5.41.2/Time/Zone/Olson.pm line 598.
Reference found where even-sized list expected at /home/sand/src/perl/repoperls/installed-perls/host/k93focal/v5.41.2/d119/lib/site_perl/5.41.2/Time/Zone/Olson.pm line 598.
Reference found where even-sized list expected at /home/sand/src/perl/repoperls/installed-perls/host/k93focal/v5.41.2/d119/lib/site_perl/5.41.2/Time/Zone/Olson.pm line 598.
Reference found where even-sized list expected at /home/sand/src/perl/repoperls/installed-perls/host/k93focal/v5.41.2/d119/lib/site_perl/5.41.2/Time/Zone/Olson.pm line 598.
Reference found where even-sized list expected at /home/sand/src/perl/repoperls/installed-perls/host/k93focal/v5.41.2/d119/lib/site_perl/5.41.2/Time/Zone/Olson.pm line 598.
Reference found where even-sized list expected at /home/sand/src/perl/repoperls/installed-perls/host/k93focal/v5.41.2/d119/lib/site_perl/5.41.2/Time/Zone/Olson.pm line 598.
Reference found where even-sized list expected at /home/sand/src/perl/repoperls/installed-perls/host/k93focal/v5.41.2/d119/lib/site_perl/5.41.2/Time/Zone/Olson.pm line 598.
Reference found where even-sized list expected at /home/sand/src/perl/repoperls/installed-perls/host/k93focal/v5.41.2/d119/lib/site_perl/5.41.2/Time/Zone/Olson.pm line 598.
t/01-synopsis.t ........ ok
Reference found where even-sized list expected at /home/sand/src/perl/repoperls/installed-perls/host/k93focal/v5.41.2/d119/lib/site_perl/5.41.2/Time/Zone/Olson.pm line 598.
Reference found where even-sized list expected at /home/sand/src/perl/repoperls/installed-perls/host/k93focal/v5.41.2/d119/lib/site_perl/5.41.2/Time/Zone/Olson.pm line 598.
Reference found where even-sized list expected at /home/sand/src/perl/repoperls/installed-perls/host/k93focal/v5.41.2/d119/lib/site_perl/5.41.2/Time/Zone/Olson.pm line 598.
Reference found where even-sized list expected at /home/sand/src/perl/repoperls/installed-perls/host/k93focal/v5.41.2/d119/lib/site_perl/5.41.2/Time/Zone/Olson.pm line 598.
Reference found where even-sized list expected at /home/sand/src/perl/repoperls/installed-perls/host/k93focal/v5.41.2/d119/lib/site_perl/5.41.2/Time/Zone/Olson.pm line 598.
Reference found where even-sized list expected at /home/sand/src/perl/repoperls/installed-perls/host/k93focal/v5.41.2/d119/lib/site_perl/5.41.2/Time/Zone/Olson.pm line 598.
Reference found where even-sized list expected at /home/sand/src/perl/repoperls/installed-perls/host/k93focal/v5.41.2/d119/lib/site_perl/5.41.2/Time/Zone/Olson.pm line 598.
Reference found where even-sized list expected at /home/sand/src/perl/repoperls/installed-perls/host/k93focal/v5.41.2/d119/lib/site_perl/5.41.2/Time/Zone/Olson.pm line 598.
Reference found where even-sized list expected at /home/sand/src/perl/repoperls/installed-perls/host/k93focal/v5.41.2/d119/lib/site_perl/5.41.2/Time/Zone/Olson.pm line 598.

#   Failed test 'setting offset correct'
#   at t/02-unit.t line 136.
#          got: '1981-02-05T00:00:00Z'
#     expected: '1981-02-05T02:00:00+02:00'
Reference found where even-sized list expected at /home/sand/src/perl/repoperls/installed-perls/host/k93focal/v5.41.2/d119/lib/site_perl/5.41.2/Time/Zone/Olson.pm line 598.
Reference found where even-sized list expected at /home/sand/src/perl/repoperls/installed-perls/host/k93focal/v5.41.2/d119/lib/site_perl/5.41.2/Time/Zone/Olson.pm line 598.
Reference found where even-sized list expected at /home/sand/src/perl/repoperls/installed-perls/host/k93focal/v5.41.2/d119/lib/site_perl/5.41.2/Time/Zone/Olson.pm line 598.
Reference found where even-sized list expected at /home/sand/src/perl/repoperls/installed-perls/host/k93focal/v5.41.2/d119/lib/site_perl/5.41.2/Time/Zone/Olson.pm line 598.
Reference found where even-sized list expected at /home/sand/src/perl/repoperls/installed-perls/host/k93focal/v5.41.2/d119/lib/site_perl/5.41.2/Time/Zone/Olson.pm line 598.
Reference found where even-sized list expected at /home/sand/src/perl/repoperls/installed-perls/host/k93focal/v5.41.2/d119/lib/site_perl/5.41.2/Time/Zone/Olson.pm line 598.

#   Failed test 'passing arguments to ->strftime correct'
#   at t/02-unit.t line 138.
#          got: '1981-02-05 00:00:00'
#     expected: '1981-02-05 02:00:00'
Reference found where even-sized list expected at /home/sand/src/perl/repoperls/installed-perls/host/k93focal/v5.41.2/d119/lib/site_perl/5.41.2/Time/Zone/Olson.pm line 598.

#   Failed test 'passing no arguments to ->strftime correct'
#   at t/02-unit.t line 140.
#          got: '1981-02-05T00:00:00Z'
#     expected: '1981-02-05T02:00:00+02:00'
Reference found where even-sized list expected at /home/sand/src/perl/repoperls/installed-perls/host/k93focal/v5.41.2/d119/lib/site_perl/5.41.2/Time/Zone/Olson.pm line 598.
Reference found where even-sized list expected at /home/sand/src/perl/repoperls/installed-perls/host/k93focal/v5.41.2/d119/lib/site_perl/5.41.2/Time/Zone/Olson.pm line 598.
Reference found where even-sized list expected at /home/sand/src/perl/repoperls/installed-perls/host/k93focal/v5.41.2/d119/lib/site_perl/5.41.2/Time/Zone/Olson.pm line 598.
Reference found where even-sized list expected at /home/sand/src/perl/repoperls/installed-perls/host/k93focal/v5.41.2/d119/lib/site_perl/5.41.2/Time/Zone/Olson.pm line 598.
Reference found where even-sized list expected at /home/sand/src/perl/repoperls/installed-perls/host/k93focal/v5.41.2/d119/lib/site_perl/5.41.2/Time/Zone/Olson.pm line 598.
Reference found where even-sized list expected at /home/sand/src/perl/repoperls/installed-perls/host/k93focal/v5.41.2/d119/lib/site_perl/5.41.2/Time/Zone/Olson.pm line 598.
Reference found where even-sized list expected at /home/sand/src/perl/repoperls/installed-perls/host/k93focal/v5.41.2/d119/lib/site_perl/5.41.2/Time/Zone/Olson.pm line 598.

#   Failed test 'passing a new string and a format to ->strftime correct'
#   at t/02-unit.t line 141.
Reference found where even-sized list expected at /home/sand/src/perl/repoperls/installed-perls/host/k93focal/v5.41.2/d119/lib/site_perl/5.41.2/Time/Zone/Olson.pm line 598.
#          got: '1980-03-03T00:00:00Z'
#     expected: '1980-03-03T02:00:00+02:00'
Reference found where even-sized list expected at /home/sand/src/perl/repoperls/installed-perls/host/k93focal/v5.41.2/d119/lib/site_perl/5.41.2/Time/Zone/Olson.pm line 598.
Reference found where even-sized list expected at /home/sand/src/perl/repoperls/installed-perls/host/k93focal/v5.41.2/d119/lib/site_perl/5.41.2/Time/Zone/Olson.pm line 598.
Reference found where even-sized list expected at /home/sand/src/perl/repoperls/installed-perls/host/k93focal/v5.41.2/d119/lib/site_perl/5.41.2/Time/Zone/Olson.pm line 598.
Reference found where even-sized list expected at /home/sand/src/perl/repoperls/installed-perls/host/k93focal/v5.41.2/d119/lib/site_perl/5.41.2/Time/Zone/Olson.pm line 598.
Reference found where even-sized list expected at /home/sand/src/perl/repoperls/installed-perls/host/k93focal/v5.41.2/d119/lib/site_perl/5.41.2/Time/Zone/Olson.pm line 598.
Reference found where even-sized list expected at /home/sand/src/perl/repoperls/installed-perls/host/k93focal/v5.41.2/d119/lib/site_perl/5.41.2/Time/Zone/Olson.pm line 598.
Reference found where even-sized list expected at /home/sand/src/perl/repoperls/installed-perls/host/k93focal/v5.41.2/d119/lib/site_perl/5.41.2/Time/Zone/Olson.pm line 598.
Reference found where even-sized list expected at /home/sand/src/perl/repoperls/installed-perls/host/k93focal/v5.41.2/d119/lib/site_perl/5.41.2/Time/Zone/Olson.pm line 598.
Reference found where even-sized list expected at /home/sand/src/perl/repoperls/installed-perls/host/k93focal/v5.41.2/d119/lib/site_perl/5.41.2/Time/Zone/Olson.pm line 598.
Reference found where even-sized list expected at /home/sand/src/perl/repoperls/installed-perls/host/k93focal/v5.41.2/d119/lib/site_perl/5.41.2/Time/Zone/Olson.pm line 598.

#   Failed test 'setting ->strftime with a format correct'
#   at t/02-unit.t line 144.
#          got: '1990-05-06T00:00:00Z'
#     expected: '1990-05-06T02:00:00+02:00'
Reference found where even-sized list expected at /home/sand/src/perl/repoperls/installed-perls/host/k93focal/v5.41.2/d119/lib/site_perl/5.41.2/Time/Zone/Olson.pm line 598.
Reference found where even-sized list expected at /home/sand/src/perl/repoperls/installed-perls/host/k93focal/v5.41.2/d119/lib/site_perl/5.41.2/Time/Zone/Olson.pm line 598.
Reference found where even-sized list expected at /home/sand/src/perl/repoperls/installed-perls/host/k93focal/v5.41.2/d119/lib/site_perl/5.41.2/Time/Zone/Olson.pm line 598.
Reference found where even-sized list expected at /home/sand/src/perl/repoperls/installed-perls/host/k93focal/v5.41.2/d119/lib/site_perl/5.41.2/Time/Zone/Olson.pm line 598.
Reference found where even-sized list expected at /home/sand/src/perl/repoperls/installed-perls/host/k93focal/v5.41.2/d119/lib/site_perl/5.41.2/Time/Zone/Olson.pm line 598.
Reference found where even-sized list expected at /home/sand/src/perl/repoperls/installed-perls/host/k93focal/v5.41.2/d119/lib/site_perl/5.41.2/Time/Zone/Olson.pm line 598.
Reference found where even-sized list expected at /home/sand/src/perl/repoperls/installed-perls/host/k93focal/v5.41.2/d119/lib/site_perl/5.41.2/Time/Zone/Olson.pm line 598.
Reference found where even-sized list expected at /home/sand/src/perl/repoperls/installed-perls/host/k93focal/v5.41.2/d119/lib/site_perl/5.41.2/Time/Zone/Olson.pm line 598.
Reference found where even-sized list expected at /home/sand/src/perl/repoperls/installed-perls/host/k93focal/v5.41.2/d119/lib/site_perl/5.41.2/Time/Zone/Olson.pm line 598.
Reference found where even-sized list expected at /home/sand/src/perl/repoperls/installed-perls/host/k93focal/v5.41.2/d119/lib/site_perl/5.41.2/Time/Zone/Olson.pm line 598.
Reference found where even-sized list expected at /home/sand/src/perl/repoperls/installed-perls/host/k93focal/v5.41.2/d119/lib/site_perl/5.41.2/Time/Zone/Olson.pm line 598.
Reference found where even-sized list expected at /home/sand/src/perl/repoperls/installed-perls/host/k93focal/v5.41.2/d119/lib/site_perl/5.41.2/Time/Zone/Olson.pm line 598.
Reference found where even-sized list expected at /home/sand/src/perl/repoperls/installed-perls/host/k93focal/v5.41.2/d119/lib/site_perl/5.41.2/Time/Zone/Olson.pm line 598.
Reference found where even-sized list expected at /home/sand/src/perl/repoperls/installed-perls/host/k93focal/v5.41.2/d119/lib/site_perl/5.41.2/Time/Zone/Olson.pm line 598.
Reference found where even-sized list expected at /home/sand/src/perl/repoperls/installed-perls/host/k93focal/v5.41.2/d119/lib/site_perl/5.41.2/Time/Zone/Olson.pm line 598.
Reference found where even-sized list expected at /home/sand/src/perl/repoperls/installed-perls/host/k93focal/v5.41.2/d119/lib/site_perl/5.41.2/Time/Zone/Olson.pm line 598.
Reference found where even-sized list expected at /home/sand/src/perl/repoperls/installed-perls/host/k93focal/v5.41.2/d119/lib/site_perl/5.41.2/Time/Zone/Olson.pm line 598.
Reference found where even-sized list expected at /home/sand/src/perl/repoperls/installed-perls/host/k93focal/v5.41.2/d119/lib/site_perl/5.41.2/Time/Zone/Olson.pm line 598.

#   Failed test 'setting ->strftime with a format and a locale correct'
#   at t/02-unit.t line 146.
#          got: '2016-01-18T00:00:00Z'
#     expected: '2016-01-18T02:00:00+02:00'
Reference found where even-sized list expected at /home/sand/src/perl/repoperls/installed-perls/host/k93focal/v5.41.2/d119/lib/site_perl/5.41.2/Time/Zone/Olson.pm line 598.
Reference found where even-sized list expected at /home/sand/src/perl/repoperls/installed-perls/host/k93focal/v5.41.2/d119/lib/site_perl/5.41.2/Time/Zone/Olson.pm line 598.
Reference found where even-sized list expected at /home/sand/src/perl/repoperls/installed-perls/host/k93focal/v5.41.2/d119/lib/site_perl/5.41.2/Time/Zone/Olson.pm line 598.
# Looks like you failed 6 tests of 71.
t/02-unit.t ............ 
Dubious, test returned 6 (wstat 1536, 0x600)
Failed 6/71 subtests 
Reference found where even-sized list expected at /home/sand/src/perl/repoperls/installed-perls/host/k93focal/v5.41.2/d119/lib/site_perl/5.41.2/Time/Zone/Olson.pm line 598.
t/03-ret.t ............. ok
Reference found where even-sized list expected at /home/sand/src/perl/repoperls/installed-perls/host/k93focal/v5.41.2/d119/lib/site_perl/5.41.2/Time/Zone/Olson.pm line 598.
Reference found where even-sized list expected at /home/sand/src/perl/repoperls/installed-perls/host/k93focal/v5.41.2/d119/lib/site_perl/5.41.2/Time/Zone/Olson.pm line 598.
Reference found where even-sized list expected at /home/sand/src/perl/repoperls/installed-perls/host/k93focal/v5.41.2/d119/lib/site_perl/5.41.2/Time/Zone/Olson.pm line 598.
Reference found where even-sized list expected at /home/sand/src/perl/repoperls/installed-perls/host/k93focal/v5.41.2/d119/lib/site_perl/5.41.2/Time/Zone/Olson.pm line 598.
Reference found where even-sized list expected at /home/sand/src/perl/repoperls/installed-perls/host/k93focal/v5.41.2/d119/lib/site_perl/5.41.2/Time/Zone/Olson.pm line 598.
Reference found where even-sized list expected at /home/sand/src/perl/repoperls/installed-perls/host/k93focal/v5.41.2/d119/lib/site_perl/5.41.2/Time/Zone/Olson.pm line 598.
Reference found where even-sized list expected at /home/sand/src/perl/repoperls/installed-perls/host/k93focal/v5.41.2/d119/lib/site_perl/5.41.2/Time/Zone/Olson.pm line 598.
Reference found where even-sized list expected at /home/sand/src/perl/repoperls/installed-perls/host/k93focal/v5.41.2/d119/lib/site_perl/5.41.2/Time/Zone/Olson.pm line 598.
Reference found where even-sized list expected at /home/sand/src/perl/repoperls/installed-perls/host/k93focal/v5.41.2/d119/lib/site_perl/5.41.2/Time/Zone/Olson.pm line 598.
Reference found where even-sized list expected at /home/sand/src/perl/repoperls/installed-perls/host/k93focal/v5.41.2/d119/lib/site_perl/5.41.2/Time/Zone/Olson.pm line 598.
Reference found where even-sized list expected at /home/sand/src/perl/repoperls/installed-perls/host/k93focal/v5.41.2/d119/lib/site_perl/5.41.2/Time/Zone/Olson.pm line 598.
Reference found where even-sized list expected at /home/sand/src/perl/repoperls/installed-perls/host/k93focal/v5.41.2/d119/lib/site_perl/5.41.2/Time/Zone/Olson.pm line 598.

#   Failed test 'right epoch for 2000-01-01T01:00:00 Europe/Stockholm'
#   at t/04-timezone.t line 25.
#          got: '946688400'
#     expected: '946684800'
Reference found where even-sized list expected at /home/sand/src/perl/repoperls/installed-perls/host/k93focal/v5.41.2/d119/lib/site_perl/5.41.2/Time/Zone/Olson.pm line 598.

#   Failed test 'right offset for 2000-01-01T01:00:00 Europe Stockholm'
#   at t/04-timezone.t line 26.
#          got: '0'
#     expected: '60'
Reference found where even-sized list expected at /home/sand/src/perl/repoperls/installed-perls/host/k93focal/v5.41.2/d119/lib/site_perl/5.41.2/Time/Zone/Olson.pm line 598.
Reference found where even-sized list expected at /home/sand/src/perl/repoperls/installed-perls/host/k93focal/v5.41.2/d119/lib/site_perl/5.41.2/Time/Zone/Olson.pm line 598.
Reference found where even-sized list expected at /home/sand/src/perl/repoperls/installed-perls/host/k93focal/v5.41.2/d119/lib/site_perl/5.41.2/Time/Zone/Olson.pm line 598.

#   Failed test 'right epoch for 2000-03-26T00:00:00 Europe/Stockholm'
#   at t/04-timezone.t line 29.
#          got: '954028800'
#     expected: '954025200'
Reference found where even-sized list expected at /home/sand/src/perl/repoperls/installed-perls/host/k93focal/v5.41.2/d119/lib/site_perl/5.41.2/Time/Zone/Olson.pm line 598.

#   Failed test 'right offset for 2000-03-26T00:00:00 Europe/Stockholm'
#   at t/04-timezone.t line 30.
#          got: '0'
#     expected: '60'
Reference found where even-sized list expected at /home/sand/src/perl/repoperls/installed-perls/host/k93focal/v5.41.2/d119/lib/site_perl/5.41.2/Time/Zone/Olson.pm line 598.
Reference found where even-sized list expected at /home/sand/src/perl/repoperls/installed-perls/host/k93focal/v5.41.2/d119/lib/site_perl/5.41.2/Time/Zone/Olson.pm line 598.
Reference found where even-sized list expected at /home/sand/src/perl/repoperls/installed-perls/host/k93focal/v5.41.2/d119/lib/site_perl/5.41.2/Time/Zone/Olson.pm line 598.

#   Failed test 'right epoch for 2000-03-26T01:59:59 Europe/Stockholm'
#   at t/04-timezone.t line 33.
#          got: '954035999'
#     expected: '954032399'
Reference found where even-sized list expected at /home/sand/src/perl/repoperls/installed-perls/host/k93focal/v5.41.2/d119/lib/site_perl/5.41.2/Time/Zone/Olson.pm line 598.

#   Failed test 'right offset for 2000-03-26T01:59:59 Europe/Stockholm'
#   at t/04-timezone.t line 34.
#          got: '0'
#     expected: '60'
Reference found where even-sized list expected at /home/sand/src/perl/repoperls/installed-perls/host/k93focal/v5.41.2/d119/lib/site_perl/5.41.2/Time/Zone/Olson.pm line 598.
Reference found where even-sized list expected at /home/sand/src/perl/repoperls/installed-perls/host/k93focal/v5.41.2/d119/lib/site_perl/5.41.2/Time/Zone/Olson.pm line 598.

#   Failed test 'right epoch after adding 1 second'
#   at t/04-timezone.t line 38.
#          got: '954036000'
#     expected: '954032400'
Reference found where even-sized list expected at /home/sand/src/perl/repoperls/installed-perls/host/k93focal/v5.41.2/d119/lib/site_perl/5.41.2/Time/Zone/Olson.pm line 598.

#   Failed test 'right offset after adding 1 second'
#   at t/04-timezone.t line 39.
#          got: '0'
#     expected: '120'
Reference found where even-sized list expected at /home/sand/src/perl/repoperls/installed-perls/host/k93focal/v5.41.2/d119/lib/site_perl/5.41.2/Time/Zone/Olson.pm line 598.

#   Failed test 'right stringification after adding 1 second'
#   at t/04-timezone.t line 40.
#          got: '2000-03-26T02:00:00Z'
#     expected: '2000-03-26T03:00:00+02:00'
Reference found where even-sized list expected at /home/sand/src/perl/repoperls/installed-perls/host/k93focal/v5.41.2/d119/lib/site_perl/5.41.2/Time/Zone/Olson.pm line 598.
Reference found where even-sized list expected at /home/sand/src/perl/repoperls/installed-perls/host/k93focal/v5.41.2/d119/lib/site_perl/5.41.2/Time/Zone/Olson.pm line 598.
Reference found where even-sized list expected at /home/sand/src/perl/repoperls/installed-perls/host/k93focal/v5.41.2/d119/lib/site_perl/5.41.2/Time/Zone/Olson.pm line 598.

#   Failed test 'right epoch after entering nonexistent time 2000-03-26T02:00:00 Europe/Stockholm'
#   at t/04-timezone.t line 43.
#          got: '954036000'
#     expected: '954032400'
Reference found where even-sized list expected at /home/sand/src/perl/repoperls/installed-perls/host/k93focal/v5.41.2/d119/lib/site_perl/5.41.2/Time/Zone/Olson.pm line 598.

#   Failed test 'right offset after entering nonexistent time 2000-03-26T02:00:00 Europe/Stockholm'
#   at t/04-timezone.t line 44.
#          got: '0'
#     expected: '120'
Reference found where even-sized list expected at /home/sand/src/perl/repoperls/installed-perls/host/k93focal/v5.41.2/d119/lib/site_perl/5.41.2/Time/Zone/Olson.pm line 598.
Reference found where even-sized list expected at /home/sand/src/perl/repoperls/installed-perls/host/k93focal/v5.41.2/d119/lib/site_perl/5.41.2/Time/Zone/Olson.pm line 598.
Reference found where even-sized list expected at /home/sand/src/perl/repoperls/installed-perls/host/k93focal/v5.41.2/d119/lib/site_perl/5.41.2/Time/Zone/Olson.pm line 598.

#   Failed test 'right epoch for 2000-10-29T01:00:00 Europe/Stockholm'
#   at t/04-timezone.t line 47.
#          got: '972781200'
#     expected: '972774000'
Reference found where even-sized list expected at /home/sand/src/perl/repoperls/installed-perls/host/k93focal/v5.41.2/d119/lib/site_perl/5.41.2/Time/Zone/Olson.pm line 598.

#   Failed test 'right offset for 2000-10-29T01:00:00 Europe/Stockholm'
#   at t/04-timezone.t line 48.
#          got: '0'
#     expected: '120'
Reference found where even-sized list expected at /home/sand/src/perl/repoperls/installed-perls/host/k93focal/v5.41.2/d119/lib/site_perl/5.41.2/Time/Zone/Olson.pm line 598.
Reference found where even-sized list expected at /home/sand/src/perl/repoperls/installed-perls/host/k93focal/v5.41.2/d119/lib/site_perl/5.41.2/Time/Zone/Olson.pm line 598.
Reference found where even-sized list expected at /home/sand/src/perl/repoperls/installed-perls/host/k93focal/v5.41.2/d119/lib/site_perl/5.41.2/Time/Zone/Olson.pm line 598.

#   Failed test 'right epoch for 2000-10-29T02:00:00 Europe/Stockholm'
#   at t/04-timezone.t line 51.
#          got: '972784800'
#     expected: '972781200'
Reference found where even-sized list expected at /home/sand/src/perl/repoperls/installed-perls/host/k93focal/v5.41.2/d119/lib/site_perl/5.41.2/Time/Zone/Olson.pm line 598.

#   Failed test 'right offset for 2000-10-29T02:00:00 Europe/Stockholm'
#   at t/04-timezone.t line 52.
#          got: '0'
#     expected: '60'
Reference found where even-sized list expected at /home/sand/src/perl/repoperls/installed-perls/host/k93focal/v5.41.2/d119/lib/site_perl/5.41.2/Time/Zone/Olson.pm line 598.
Reference found where even-sized list expected at /home/sand/src/perl/repoperls/installed-perls/host/k93focal/v5.41.2/d119/lib/site_perl/5.41.2/Time/Zone/Olson.pm line 598.
Reference found where even-sized list expected at /home/sand/src/perl/repoperls/installed-perls/host/k93focal/v5.41.2/d119/lib/site_perl/5.41.2/Time/Zone/Olson.pm line 598.

#   Failed test 'right epoch for 2016-11-06T01:00:00 America/New_York'
#   at t/04-timezone.t line 55.
#          got: '1478394000'
#     expected: '1478408400'
Reference found where even-sized list expected at /home/sand/src/perl/repoperls/installed-perls/host/k93focal/v5.41.2/d119/lib/site_perl/5.41.2/Time/Zone/Olson.pm line 598.

#   Failed test 'right offset for 2016-11-06T01:00:00 America/New_York'
#   at t/04-timezone.t line 56.
#          got: '0'
#     expected: '-240'
Reference found where even-sized list expected at /home/sand/src/perl/repoperls/installed-perls/host/k93focal/v5.41.2/d119/lib/site_perl/5.41.2/Time/Zone/Olson.pm line 598.
Reference found where even-sized list expected at /home/sand/src/perl/repoperls/installed-perls/host/k93focal/v5.41.2/d119/lib/site_perl/5.41.2/Time/Zone/Olson.pm line 598.
Reference found where even-sized list expected at /home/sand/src/perl/repoperls/installed-perls/host/k93focal/v5.41.2/d119/lib/site_perl/5.41.2/Time/Zone/Olson.pm line 598.

#   Failed test 'right epoch for 2016-11-06T02:00:00 America/New_York'
#   at t/04-timezone.t line 59.
#          got: '1478397600'
#     expected: '1478415600'
Reference found where even-sized list expected at /home/sand/src/perl/repoperls/installed-perls/host/k93focal/v5.41.2/d119/lib/site_perl/5.41.2/Time/Zone/Olson.pm line 598.

#   Failed test 'right offset for 2016-11-06T02:00:00 America/New_York'
#   at t/04-timezone.t line 60.
#          got: '0'
#     expected: '-300'
# Looks like you failed 19 tests of 22.
t/04-timezone.t ........ 
Dubious, test returned 19 (wstat 4864, 0x1300)
Failed 19/22 subtests 
Reference found where even-sized list expected at /home/sand/src/perl/repoperls/installed-perls/host/k93focal/v5.41.2/d119/lib/site_perl/5.41.2/Time/Zone/Olson.pm line 598.
Reference found where even-sized list expected at /home/sand/src/perl/repoperls/installed-perls/host/k93focal/v5.41.2/d119/lib/site_perl/5.41.2/Time/Zone/Olson.pm line 598.
Reference found where even-sized list expected at /home/sand/src/perl/repoperls/installed-perls/host/k93focal/v5.41.2/d119/lib/site_perl/5.41.2/Time/Zone/Olson.pm line 598.
Reference found where even-sized list expected at /home/sand/src/perl/repoperls/installed-perls/host/k93focal/v5.41.2/d119/lib/site_perl/5.41.2/Time/Zone/Olson.pm line 598.
Reference found where even-sized list expected at /home/sand/src/perl/repoperls/installed-perls/host/k93focal/v5.41.2/d119/lib/site_perl/5.41.2/Time/Zone/Olson.pm line 598.
Reference found where even-sized list expected at /home/sand/src/perl/repoperls/installed-perls/host/k93focal/v5.41.2/d119/lib/site_perl/5.41.2/Time/Zone/Olson.pm line 598.
Reference found where even-sized list expected at /home/sand/src/perl/repoperls/installed-perls/host/k93focal/v5.41.2/d119/lib/site_perl/5.41.2/Time/Zone/Olson.pm line 598.
Reference found where even-sized list expected at /home/sand/src/perl/repoperls/installed-perls/host/k93focal/v5.41.2/d119/lib/site_perl/5.41.2/Time/Zone/Olson.pm line 598.
Reference found where even-sized list expected at /home/sand/src/perl/repoperls/installed-perls/host/k93focal/v5.41.2/d119/lib/site_perl/5.41.2/Time/Zone/Olson.pm line 598.
Reference found where even-sized list expected at /home/sand/src/perl/repoperls/installed-perls/host/k93focal/v5.41.2/d119/lib/site_perl/5.41.2/Time/Zone/Olson.pm line 598.
Reference found where even-sized list expected at /home/sand/src/perl/repoperls/installed-perls/host/k93focal/v5.41.2/d119/lib/site_perl/5.41.2/Time/Zone/Olson.pm line 598.
Reference found where even-sized list expected at /home/sand/src/perl/repoperls/installed-perls/host/k93focal/v5.41.2/d119/lib/site_perl/5.41.2/Time/Zone/Olson.pm line 598.
Reference found where even-sized list expected at /home/sand/src/perl/repoperls/installed-perls/host/k93focal/v5.41.2/d119/lib/site_perl/5.41.2/Time/Zone/Olson.pm line 598.
Reference found where even-sized list expected at /home/sand/src/perl/repoperls/installed-perls/host/k93focal/v5.41.2/d119/lib/site_perl/5.41.2/Time/Zone/Olson.pm line 598.
Reference found where even-sized list expected at /home/sand/src/perl/repoperls/installed-perls/host/k93focal/v5.41.2/d119/lib/site_perl/5.41.2/Time/Zone/Olson.pm line 598.
Reference found where even-sized list expected at /home/sand/src/perl/repoperls/installed-perls/host/k93focal/v5.41.2/d119/lib/site_perl/5.41.2/Time/Zone/Olson.pm line 598.
Reference found where even-sized list expected at /home/sand/src/perl/repoperls/installed-perls/host/k93focal/v5.41.2/d119/lib/site_perl/5.41.2/Time/Zone/Olson.pm line 598.
Reference found where even-sized list expected at /home/sand/src/perl/repoperls/installed-perls/host/k93focal/v5.41.2/d119/lib/site_perl/5.41.2/Time/Zone/Olson.pm line 598.
Reference found where even-sized list expected at /home/sand/src/perl/repoperls/installed-perls/host/k93focal/v5.41.2/d119/lib/site_perl/5.41.2/Time/Zone/Olson.pm line 598.
Reference found where even-sized list expected at /home/sand/src/perl/repoperls/installed-perls/host/k93focal/v5.41.2/d119/lib/site_perl/5.41.2/Time/Zone/Olson.pm line 598.
Reference found where even-sized list expected at /home/sand/src/perl/repoperls/installed-perls/host/k93focal/v5.41.2/d119/lib/site_perl/5.41.2/Time/Zone/Olson.pm line 598.
Reference found where even-sized list expected at /home/sand/src/perl/repoperls/installed-perls/host/k93focal/v5.41.2/d119/lib/site_perl/5.41.2/Time/Zone/Olson.pm line 598.
Reference found where even-sized list expected at /home/sand/src/perl/repoperls/installed-perls/host/k93focal/v5.41.2/d119/lib/site_perl/5.41.2/Time/Zone/Olson.pm line 598.
Reference found where even-sized list expected at /home/sand/src/perl/repoperls/installed-perls/host/k93focal/v5.41.2/d119/lib/site_perl/5.41.2/Time/Zone/Olson.pm line 598.
Reference found where even-sized list expected at /home/sand/src/perl/repoperls/installed-perls/host/k93focal/v5.41.2/d119/lib/site_perl/5.41.2/Time/Zone/Olson.pm line 598.
Reference found where even-sized list expected at /home/sand/src/perl/repoperls/installed-perls/host/k93focal/v5.41.2/d119/lib/site_perl/5.41.2/Time/Zone/Olson.pm line 598.
Reference found where even-sized list expected at /home/sand/src/perl/repoperls/installed-perls/host/k93focal/v5.41.2/d119/lib/site_perl/5.41.2/Time/Zone/Olson.pm line 598.
Reference found where even-sized list expected at /home/sand/src/perl/repoperls/installed-perls/host/k93focal/v5.41.2/d119/lib/site_perl/5.41.2/Time/Zone/Olson.pm line 598.
Reference found where even-sized list expected at /home/sand/src/perl/repoperls/installed-perls/host/k93focal/v5.41.2/d119/lib/site_perl/5.41.2/Time/Zone/Olson.pm line 598.
Reference found where even-sized list expected at /home/sand/src/perl/repoperls/installed-perls/host/k93focal/v5.41.2/d119/lib/site_perl/5.41.2/Time/Zone/Olson.pm line 598.
Reference found where even-sized list expected at /home/sand/src/perl/repoperls/installed-perls/host/k93focal/v5.41.2/d119/lib/site_perl/5.41.2/Time/Zone/Olson.pm line 598.
Reference found where even-sized list expected at /home/sand/src/perl/repoperls/installed-perls/host/k93focal/v5.41.2/d119/lib/site_perl/5.41.2/Time/Zone/Olson.pm line 598.
Reference found where even-sized list expected at /home/sand/src/perl/repoperls/installed-perls/host/k93focal/v5.41.2/d119/lib/site_perl/5.41.2/Time/Zone/Olson.pm line 598.
Reference found where even-sized list expected at /home/sand/src/perl/repoperls/installed-perls/host/k93focal/v5.41.2/d119/lib/site_perl/5.41.2/Time/Zone/Olson.pm line 598.
Reference found where even-sized list expected at /home/sand/src/perl/repoperls/installed-perls/host/k93focal/v5.41.2/d119/lib/site_perl/5.41.2/Time/Zone/Olson.pm line 598.
Reference found where even-sized list expected at /home/sand/src/perl/repoperls/installed-perls/host/k93focal/v5.41.2/d119/lib/site_perl/5.41.2/Time/Zone/Olson.pm line 598.
Reference found where even-sized list expected at /home/sand/src/perl/repoperls/installed-perls/host/k93focal/v5.41.2/d119/lib/site_perl/5.41.2/Time/Zone/Olson.pm line 598.
Reference found where even-sized list expected at /home/sand/src/perl/repoperls/installed-perls/host/k93focal/v5.41.2/d119/lib/site_perl/5.41.2/Time/Zone/Olson.pm line 598.
Reference found where even-sized list expected at /home/sand/src/perl/repoperls/installed-perls/host/k93focal/v5.41.2/d119/lib/site_perl/5.41.2/Time/Zone/Olson.pm line 598.
Reference found where even-sized list expected at /home/sand/src/perl/repoperls/installed-perls/host/k93focal/v5.41.2/d119/lib/site_perl/5.41.2/Time/Zone/Olson.pm line 598.
Reference found where even-sized list expected at /home/sand/src/perl/repoperls/installed-perls/host/k93focal/v5.41.2/d119/lib/site_perl/5.41.2/Time/Zone/Olson.pm line 598.
Reference found where even-sized list expected at /home/sand/src/perl/repoperls/installed-perls/host/k93focal/v5.41.2/d119/lib/site_perl/5.41.2/Time/Zone/Olson.pm line 598.
Reference found where even-sized list expected at /home/sand/src/perl/repoperls/installed-perls/host/k93focal/v5.41.2/d119/lib/site_perl/5.41.2/Time/Zone/Olson.pm line 598.
Reference found where even-sized list expected at /home/sand/src/perl/repoperls/installed-perls/host/k93focal/v5.41.2/d119/lib/site_perl/5.41.2/Time/Zone/Olson.pm line 598.
Reference found where even-sized list expected at /home/sand/src/perl/repoperls/installed-perls/host/k93focal/v5.41.2/d119/lib/site_perl/5.41.2/Time/Zone/Olson.pm line 598.
Reference found where even-sized list expected at /home/sand/src/perl/repoperls/installed-perls/host/k93focal/v5.41.2/d119/lib/site_perl/5.41.2/Time/Zone/Olson.pm line 598.
Reference found where even-sized list expected at /home/sand/src/perl/repoperls/installed-perls/host/k93focal/v5.41.2/d119/lib/site_perl/5.41.2/Time/Zone/Olson.pm line 598.
Reference found where even-sized list expected at /home/sand/src/perl/repoperls/installed-perls/host/k93focal/v5.41.2/d119/lib/site_perl/5.41.2/Time/Zone/Olson.pm line 598.
Reference found where even-sized list expected at /home/sand/src/perl/repoperls/installed-perls/host/k93focal/v5.41.2/d119/lib/site_perl/5.41.2/Time/Zone/Olson.pm line 598.
Reference found where even-sized list expected at /home/sand/src/perl/repoperls/installed-perls/host/k93focal/v5.41.2/d119/lib/site_perl/5.41.2/Time/Zone/Olson.pm line 598.
Reference found where even-sized list expected at /home/sand/src/perl/repoperls/installed-perls/host/k93focal/v5.41.2/d119/lib/site_perl/5.41.2/Time/Zone/Olson.pm line 598.
Reference found where even-sized list expected at /home/sand/src/perl/repoperls/installed-perls/host/k93focal/v5.41.2/d119/lib/site_perl/5.41.2/Time/Zone/Olson.pm line 598.
Reference found where even-sized list expected at /home/sand/src/perl/repoperls/installed-perls/host/k93focal/v5.41.2/d119/lib/site_perl/5.41.2/Time/Zone/Olson.pm line 598.
Reference found where even-sized list expected at /home/sand/src/perl/repoperls/installed-perls/host/k93focal/v5.41.2/d119/lib/site_perl/5.41.2/Time/Zone/Olson.pm line 598.
Reference found where even-sized list expected at /home/sand/src/perl/repoperls/installed-perls/host/k93focal/v5.41.2/d119/lib/site_perl/5.41.2/Time/Zone/Olson.pm line 598.
Reference found where even-sized list expected at /home/sand/src/perl/repoperls/installed-perls/host/k93focal/v5.41.2/d119/lib/site_perl/5.41.2/Time/Zone/Olson.pm line 598.
Reference found where even-sized list expected at /home/sand/src/perl/repoperls/installed-perls/host/k93focal/v5.41.2/d119/lib/site_perl/5.41.2/Time/Zone/Olson.pm line 598.
Reference found where even-sized list expected at /home/sand/src/perl/repoperls/installed-perls/host/k93focal/v5.41.2/d119/lib/site_perl/5.41.2/Time/Zone/Olson.pm line 598.
Reference found where even-sized list expected at /home/sand/src/perl/repoperls/installed-perls/host/k93focal/v5.41.2/d119/lib/site_perl/5.41.2/Time/Zone/Olson.pm line 598.
Reference found where even-sized list expected at /home/sand/src/perl/repoperls/installed-perls/host/k93focal/v5.41.2/d119/lib/site_perl/5.41.2/Time/Zone/Olson.pm line 598.
Reference found where even-sized list expected at /home/sand/src/perl/repoperls/installed-perls/host/k93focal/v5.41.2/d119/lib/site_perl/5.41.2/Time/Zone/Olson.pm line 598.
Reference found where even-sized list expected at /home/sand/src/perl/repoperls/installed-perls/host/k93focal/v5.41.2/d119/lib/site_perl/5.41.2/Time/Zone/Olson.pm line 598.
Reference found where even-sized list expected at /home/sand/src/perl/repoperls/installed-perls/host/k93focal/v5.41.2/d119/lib/site_perl/5.41.2/Time/Zone/Olson.pm line 598.
Reference found where even-sized list expected at /home/sand/src/perl/repoperls/installed-perls/host/k93focal/v5.41.2/d119/lib/site_perl/5.41.2/Time/Zone/Olson.pm line 598.
Reference found where even-sized list expected at /home/sand/src/perl/repoperls/installed-perls/host/k93focal/v5.41.2/d119/lib/site_perl/5.41.2/Time/Zone/Olson.pm line 598.
Reference found where even-sized list expected at /home/sand/src/perl/repoperls/installed-perls/host/k93focal/v5.41.2/d119/lib/site_perl/5.41.2/Time/Zone/Olson.pm line 598.
Reference found where even-sized list expected at /home/sand/src/perl/repoperls/installed-perls/host/k93focal/v5.41.2/d119/lib/site_perl/5.41.2/Time/Zone/Olson.pm line 598.
Reference found where even-sized list expected at /home/sand/src/perl/repoperls/installed-perls/host/k93focal/v5.41.2/d119/lib/site_perl/5.41.2/Time/Zone/Olson.pm line 598.
Reference found where even-sized list expected at /home/sand/src/perl/repoperls/installed-perls/host/k93focal/v5.41.2/d119/lib/site_perl/5.41.2/Time/Zone/Olson.pm line 598.
Reference found where even-sized list expected at /home/sand/src/perl/repoperls/installed-perls/host/k93focal/v5.41.2/d119/lib/site_perl/5.41.2/Time/Zone/Olson.pm line 598.
Reference found where even-sized list expected at /home/sand/src/perl/repoperls/installed-perls/host/k93focal/v5.41.2/d119/lib/site_perl/5.41.2/Time/Zone/Olson.pm line 598.
Reference found where even-sized list expected at /home/sand/src/perl/repoperls/installed-perls/host/k93focal/v5.41.2/d119/lib/site_perl/5.41.2/Time/Zone/Olson.pm line 598.
Reference found where even-sized list expected at /home/sand/src/perl/repoperls/installed-perls/host/k93focal/v5.41.2/d119/lib/site_perl/5.41.2/Time/Zone/Olson.pm line 598.
Reference found where even-sized list expected at /home/sand/src/perl/repoperls/installed-perls/host/k93focal/v5.41.2/d119/lib/site_perl/5.41.2/Time/Zone/Olson.pm line 598.
Reference found where even-sized list expected at /home/sand/src/perl/repoperls/installed-perls/host/k93focal/v5.41.2/d119/lib/site_perl/5.41.2/Time/Zone/Olson.pm line 598.
Reference found where even-sized list expected at /home/sand/src/perl/repoperls/installed-perls/host/k93focal/v5.41.2/d119/lib/site_perl/5.41.2/Time/Zone/Olson.pm line 598.
Reference found where even-sized list expected at /home/sand/src/perl/repoperls/installed-perls/host/k93focal/v5.41.2/d119/lib/site_perl/5.41.2/Time/Zone/Olson.pm line 598.
Reference found where even-sized list expected at /home/sand/src/perl/repoperls/installed-perls/host/k93focal/v5.41.2/d119/lib/site_perl/5.41.2/Time/Zone/Olson.pm line 598.
Reference found where even-sized list expected at /home/sand/src/perl/repoperls/installed-perls/host/k93focal/v5.41.2/d119/lib/site_perl/5.41.2/Time/Zone/Olson.pm line 598.
Reference found where even-sized list expected at /home/sand/src/perl/repoperls/installed-perls/host/k93focal/v5.41.2/d119/lib/site_perl/5.41.2/Time/Zone/Olson.pm line 598.
Reference found where even-sized list expected at /home/sand/src/perl/repoperls/installed-perls/host/k93focal/v5.41.2/d119/lib/site_perl/5.41.2/Time/Zone/Olson.pm line 598.
Reference found where even-sized list expected at /home/sand/src/perl/repoperls/installed-perls/host/k93focal/v5.41.2/d119/lib/site_perl/5.41.2/Time/Zone/Olson.pm line 598.
Reference found where even-sized list expected at /home/sand/src/perl/repoperls/installed-perls/host/k93focal/v5.41.2/d119/lib/site_perl/5.41.2/Time/Zone/Olson.pm line 598.
Reference found where even-sized list expected at /home/sand/src/perl/repoperls/installed-perls/host/k93focal/v5.41.2/d119/lib/site_perl/5.41.2/Time/Zone/Olson.pm line 598.
t/05-diff.t ............ ok
Reference found where even-sized list expected at /home/sand/src/perl/repoperls/installed-perls/host/k93focal/v5.41.2/d119/lib/site_perl/5.41.2/Time/Zone/Olson.pm line 598.
Reference found where even-sized list expected at /home/sand/src/perl/repoperls/installed-perls/host/k93focal/v5.41.2/d119/lib/site_perl/5.41.2/Time/Zone/Olson.pm line 598.
Reference found where even-sized list expected at /home/sand/src/perl/repoperls/installed-perls/host/k93focal/v5.41.2/d119/lib/site_perl/5.41.2/Time/Zone/Olson.pm line 598.
Reference found where even-sized list expected at /home/sand/src/perl/repoperls/installed-perls/host/k93focal/v5.41.2/d119/lib/site_perl/5.41.2/Time/Zone/Olson.pm line 598.
Reference found where even-sized list expected at /home/sand/src/perl/repoperls/installed-perls/host/k93focal/v5.41.2/d119/lib/site_perl/5.41.2/Time/Zone/Olson.pm line 598.
Reference found where even-sized list expected at /home/sand/src/perl/repoperls/installed-perls/host/k93focal/v5.41.2/d119/lib/site_perl/5.41.2/Time/Zone/Olson.pm line 598.
Reference found where even-sized list expected at /home/sand/src/perl/repoperls/installed-perls/host/k93focal/v5.41.2/d119/lib/site_perl/5.41.2/Time/Zone/Olson.pm line 598.
Reference found where even-sized list expected at /home/sand/src/perl/repoperls/installed-perls/host/k93focal/v5.41.2/d119/lib/site_perl/5.41.2/Time/Zone/Olson.pm line 598.
Reference found where even-sized list expected at /home/sand/src/perl/repoperls/installed-perls/host/k93focal/v5.41.2/d119/lib/site_perl/5.41.2/Time/Zone/Olson.pm line 598.
Reference found where even-sized list expected at /home/sand/src/perl/repoperls/installed-perls/host/k93focal/v5.41.2/d119/lib/site_perl/5.41.2/Time/Zone/Olson.pm line 598.
Reference found where even-sized list expected at /home/sand/src/perl/repoperls/installed-perls/host/k93focal/v5.41.2/d119/lib/site_perl/5.41.2/Time/Zone/Olson.pm line 598.
Reference found where even-sized list expected at /home/sand/src/perl/repoperls/installed-perls/host/k93focal/v5.41.2/d119/lib/site_perl/5.41.2/Time/Zone/Olson.pm line 598.
t/06-recurrence.t ...... ok
Reference found where even-sized list expected at /home/sand/src/perl/repoperls/installed-perls/host/k93focal/v5.41.2/d119/lib/site_perl/5.41.2/Time/Zone/Olson.pm line 598.
Reference found where even-sized list expected at /home/sand/src/perl/repoperls/installed-perls/host/k93focal/v5.41.2/d119/lib/site_perl/5.41.2/Time/Zone/Olson.pm line 598.
Reference found where even-sized list expected at /home/sand/src/perl/repoperls/installed-perls/host/k93focal/v5.41.2/d119/lib/site_perl/5.41.2/Time/Zone/Olson.pm line 598.
Reference found where even-sized list expected at /home/sand/src/perl/repoperls/installed-perls/host/k93focal/v5.41.2/d119/lib/site_perl/5.41.2/Time/Zone/Olson.pm line 598.
Reference found where even-sized list expected at /home/sand/src/perl/repoperls/installed-perls/host/k93focal/v5.41.2/d119/lib/site_perl/5.41.2/Time/Zone/Olson.pm line 598.
Reference found where even-sized list expected at /home/sand/src/perl/repoperls/installed-perls/host/k93focal/v5.41.2/d119/lib/site_perl/5.41.2/Time/Zone/Olson.pm line 598.
Reference found where even-sized list expected at /home/sand/src/perl/repoperls/installed-perls/host/k93focal/v5.41.2/d119/lib/site_perl/5.41.2/Time/Zone/Olson.pm line 598.
Reference found where even-sized list expected at /home/sand/src/perl/repoperls/installed-perls/host/k93focal/v5.41.2/d119/lib/site_perl/5.41.2/Time/Zone/Olson.pm line 598.
Reference found where even-sized list expected at /home/sand/src/perl/repoperls/installed-perls/host/k93focal/v5.41.2/d119/lib/site_perl/5.41.2/Time/Zone/Olson.pm line 598.
Reference found where even-sized list expected at /home/sand/src/perl/repoperls/installed-perls/host/k93focal/v5.41.2/d119/lib/site_perl/5.41.2/Time/Zone/Olson.pm line 598.
Reference found where even-sized list expected at /home/sand/src/perl/repoperls/installed-perls/host/k93focal/v5.41.2/d119/lib/site_perl/5.41.2/Time/Zone/Olson.pm line 598.
Reference found where even-sized list expected at /home/sand/src/perl/repoperls/installed-perls/host/k93focal/v5.41.2/d119/lib/site_perl/5.41.2/Time/Zone/Olson.pm line 598.
Reference found where even-sized list expected at /home/sand/src/perl/repoperls/installed-perls/host/k93focal/v5.41.2/d119/lib/site_perl/5.41.2/Time/Zone/Olson.pm line 598.
Reference found where even-sized list expected at /home/sand/src/perl/repoperls/installed-perls/host/k93focal/v5.41.2/d119/lib/site_perl/5.41.2/Time/Zone/Olson.pm line 598.
Reference found where even-sized list expected at /home/sand/src/perl/repoperls/installed-perls/host/k93focal/v5.41.2/d119/lib/site_perl/5.41.2/Time/Zone/Olson.pm line 598.
Reference found where even-sized list expected at /home/sand/src/perl/repoperls/installed-perls/host/k93focal/v5.41.2/d119/lib/site_perl/5.41.2/Time/Zone/Olson.pm line 598.
Reference found where even-sized list expected at /home/sand/src/perl/repoperls/installed-perls/host/k93focal/v5.41.2/d119/lib/site_perl/5.41.2/Time/Zone/Olson.pm line 598.
Reference found where even-sized list expected at /home/sand/src/perl/repoperls/installed-perls/host/k93focal/v5.41.2/d119/lib/site_perl/5.41.2/Time/Zone/Olson.pm line 598.
Reference found where even-sized list expected at /home/sand/src/perl/repoperls/installed-perls/host/k93focal/v5.41.2/d119/lib/site_perl/5.41.2/Time/Zone/Olson.pm line 598.
Reference found where even-sized list expected at /home/sand/src/perl/repoperls/installed-perls/host/k93focal/v5.41.2/d119/lib/site_perl/5.41.2/Time/Zone/Olson.pm line 598.
Reference found where even-sized list expected at /home/sand/src/perl/repoperls/installed-perls/host/k93focal/v5.41.2/d119/lib/site_perl/5.41.2/Time/Zone/Olson.pm line 598.
Reference found where even-sized list expected at /home/sand/src/perl/repoperls/installed-perls/host/k93focal/v5.41.2/d119/lib/site_perl/5.41.2/Time/Zone/Olson.pm line 598.
Reference found where even-sized list expected at /home/sand/src/perl/repoperls/installed-perls/host/k93focal/v5.41.2/d119/lib/site_perl/5.41.2/Time/Zone/Olson.pm line 598.
Reference found where even-sized list expected at /home/sand/src/perl/repoperls/installed-perls/host/k93focal/v5.41.2/d119/lib/site_perl/5.41.2/Time/Zone/Olson.pm line 598.
Reference found where even-sized list expected at /home/sand/src/perl/repoperls/installed-perls/host/k93focal/v5.41.2/d119/lib/site_perl/5.41.2/Time/Zone/Olson.pm line 598.
Reference found where even-sized list expected at /home/sand/src/perl/repoperls/installed-perls/host/k93focal/v5.41.2/d119/lib/site_perl/5.41.2/Time/Zone/Olson.pm line 598.
Reference found where even-sized list expected at /home/sand/src/perl/repoperls/installed-perls/host/k93focal/v5.41.2/d119/lib/site_perl/5.41.2/Time/Zone/Olson.pm line 598.
Reference found where even-sized list expected at /home/sand/src/perl/repoperls/installed-perls/host/k93focal/v5.41.2/d119/lib/site_perl/5.41.2/Time/Zone/Olson.pm line 598.
Reference found where even-sized list expected at /home/sand/src/perl/repoperls/installed-perls/host/k93focal/v5.41.2/d119/lib/site_perl/5.41.2/Time/Zone/Olson.pm line 598.
Reference found where even-sized list expected at /home/sand/src/perl/repoperls/installed-perls/host/k93focal/v5.41.2/d119/lib/site_perl/5.41.2/Time/Zone/Olson.pm line 598.
Reference found where even-sized list expected at /home/sand/src/perl/repoperls/installed-perls/host/k93focal/v5.41.2/d119/lib/site_perl/5.41.2/Time/Zone/Olson.pm line 598.
Reference found where even-sized list expected at /home/sand/src/perl/repoperls/installed-perls/host/k93focal/v5.41.2/d119/lib/site_perl/5.41.2/Time/Zone/Olson.pm line 598.
Reference found where even-sized list expected at /home/sand/src/perl/repoperls/installed-perls/host/k93focal/v5.41.2/d119/lib/site_perl/5.41.2/Time/Zone/Olson.pm line 598.
Reference found where even-sized list expected at /home/sand/src/perl/repoperls/installed-perls/host/k93focal/v5.41.2/d119/lib/site_perl/5.41.2/Time/Zone/Olson.pm line 598.
Reference found where even-sized list expected at /home/sand/src/perl/repoperls/installed-perls/host/k93focal/v5.41.2/d119/lib/site_perl/5.41.2/Time/Zone/Olson.pm line 598.
Reference found where even-sized list expected at /home/sand/src/perl/repoperls/installed-perls/host/k93focal/v5.41.2/d119/lib/site_perl/5.41.2/Time/Zone/Olson.pm line 598.
Reference found where even-sized list expected at /home/sand/src/perl/repoperls/installed-perls/host/k93focal/v5.41.2/d119/lib/site_perl/5.41.2/Time/Zone/Olson.pm line 598.
Reference found where even-sized list expected at /home/sand/src/perl/repoperls/installed-perls/host/k93focal/v5.41.2/d119/lib/site_perl/5.41.2/Time/Zone/Olson.pm line 598.
Reference found where even-sized list expected at /home/sand/src/perl/repoperls/installed-perls/host/k93focal/v5.41.2/d119/lib/site_perl/5.41.2/Time/Zone/Olson.pm line 598.
Reference found where even-sized list expected at /home/sand/src/perl/repoperls/installed-perls/host/k93focal/v5.41.2/d119/lib/site_perl/5.41.2/Time/Zone/Olson.pm line 598.
Reference found where even-sized list expected at /home/sand/src/perl/repoperls/installed-perls/host/k93focal/v5.41.2/d119/lib/site_perl/5.41.2/Time/Zone/Olson.pm line 598.
Reference found where even-sized list expected at /home/sand/src/perl/repoperls/installed-perls/host/k93focal/v5.41.2/d119/lib/site_perl/5.41.2/Time/Zone/Olson.pm line 598.
Reference found where even-sized list expected at /home/sand/src/perl/repoperls/installed-perls/host/k93focal/v5.41.2/d119/lib/site_perl/5.41.2/Time/Zone/Olson.pm line 598.
Reference found where even-sized list expected at /home/sand/src/perl/repoperls/installed-perls/host/k93focal/v5.41.2/d119/lib/site_perl/5.41.2/Time/Zone/Olson.pm line 598.
Reference found where even-sized list expected at /home/sand/src/perl/repoperls/installed-perls/host/k93focal/v5.41.2/d119/lib/site_perl/5.41.2/Time/Zone/Olson.pm line 598.
Reference found where even-sized list expected at /home/sand/src/perl/repoperls/installed-perls/host/k93focal/v5.41.2/d119/lib/site_perl/5.41.2/Time/Zone/Olson.pm line 598.
Reference found where even-sized list expected at /home/sand/src/perl/repoperls/installed-perls/host/k93focal/v5.41.2/d119/lib/site_perl/5.41.2/Time/Zone/Olson.pm line 598.
Reference found where even-sized list expected at /home/sand/src/perl/repoperls/installed-perls/host/k93focal/v5.41.2/d119/lib/site_perl/5.41.2/Time/Zone/Olson.pm line 598.
Reference found where even-sized list expected at /home/sand/src/perl/repoperls/installed-perls/host/k93focal/v5.41.2/d119/lib/site_perl/5.41.2/Time/Zone/Olson.pm line 598.
Reference found where even-sized list expected at /home/sand/src/perl/repoperls/installed-perls/host/k93focal/v5.41.2/d119/lib/site_perl/5.41.2/Time/Zone/Olson.pm line 598.
Reference found where even-sized list expected at /home/sand/src/perl/repoperls/installed-perls/host/k93focal/v5.41.2/d119/lib/site_perl/5.41.2/Time/Zone/Olson.pm line 598.
Reference found where even-sized list expected at /home/sand/src/perl/repoperls/installed-perls/host/k93focal/v5.41.2/d119/lib/site_perl/5.41.2/Time/Zone/Olson.pm line 598.
Reference found where even-sized list expected at /home/sand/src/perl/repoperls/installed-perls/host/k93focal/v5.41.2/d119/lib/site_perl/5.41.2/Time/Zone/Olson.pm line 598.
Reference found where even-sized list expected at /home/sand/src/perl/repoperls/installed-perls/host/k93focal/v5.41.2/d119/lib/site_perl/5.41.2/Time/Zone/Olson.pm line 598.
Reference found where even-sized list expected at /home/sand/src/perl/repoperls/installed-perls/host/k93focal/v5.41.2/d119/lib/site_perl/5.41.2/Time/Zone/Olson.pm line 598.
Reference found where even-sized list expected at /home/sand/src/perl/repoperls/installed-perls/host/k93focal/v5.41.2/d119/lib/site_perl/5.41.2/Time/Zone/Olson.pm line 598.
Reference found where even-sized list expected at /home/sand/src/perl/repoperls/installed-perls/host/k93focal/v5.41.2/d119/lib/site_perl/5.41.2/Time/Zone/Olson.pm line 598.
Reference found where even-sized list expected at /home/sand/src/perl/repoperls/installed-perls/host/k93focal/v5.41.2/d119/lib/site_perl/5.41.2/Time/Zone/Olson.pm line 598.
Reference found where even-sized list expected at /home/sand/src/perl/repoperls/installed-perls/host/k93focal/v5.41.2/d119/lib/site_perl/5.41.2/Time/Zone/Olson.pm line 598.
Reference found where even-sized list expected at /home/sand/src/perl/repoperls/installed-perls/host/k93focal/v5.41.2/d119/lib/site_perl/5.41.2/Time/Zone/Olson.pm line 598.
Reference found where even-sized list expected at /home/sand/src/perl/repoperls/installed-perls/host/k93focal/v5.41.2/d119/lib/site_perl/5.41.2/Time/Zone/Olson.pm line 598.
Reference found where even-sized list expected at /home/sand/src/perl/repoperls/installed-perls/host/k93focal/v5.41.2/d119/lib/site_perl/5.41.2/Time/Zone/Olson.pm line 598.
Reference found where even-sized list expected at /home/sand/src/perl/repoperls/installed-perls/host/k93focal/v5.41.2/d119/lib/site_perl/5.41.2/Time/Zone/Olson.pm line 598.
Reference found where even-sized list expected at /home/sand/src/perl/repoperls/installed-perls/host/k93focal/v5.41.2/d119/lib/site_perl/5.41.2/Time/Zone/Olson.pm line 598.
Reference found where even-sized list expected at /home/sand/src/perl/repoperls/installed-perls/host/k93focal/v5.41.2/d119/lib/site_perl/5.41.2/Time/Zone/Olson.pm line 598.
Reference found where even-sized list expected at /home/sand/src/perl/repoperls/installed-perls/host/k93focal/v5.41.2/d119/lib/site_perl/5.41.2/Time/Zone/Olson.pm line 598.
Reference found where even-sized list expected at /home/sand/src/perl/repoperls/installed-perls/host/k93focal/v5.41.2/d119/lib/site_perl/5.41.2/Time/Zone/Olson.pm line 598.
Reference found where even-sized list expected at /home/sand/src/perl/repoperls/installed-perls/host/k93focal/v5.41.2/d119/lib/site_perl/5.41.2/Time/Zone/Olson.pm line 598.
Reference found where even-sized list expected at /home/sand/src/perl/repoperls/installed-perls/host/k93focal/v5.41.2/d119/lib/site_perl/5.41.2/Time/Zone/Olson.pm line 598.
Reference found where even-sized list expected at /home/sand/src/perl/repoperls/installed-perls/host/k93focal/v5.41.2/d119/lib/site_perl/5.41.2/Time/Zone/Olson.pm line 598.
Reference found where even-sized list expected at /home/sand/src/perl/repoperls/installed-perls/host/k93focal/v5.41.2/d119/lib/site_perl/5.41.2/Time/Zone/Olson.pm line 598.
Reference found where even-sized list expected at /home/sand/src/perl/repoperls/installed-perls/host/k93focal/v5.41.2/d119/lib/site_perl/5.41.2/Time/Zone/Olson.pm line 598.
Reference found where even-sized list expected at /home/sand/src/perl/repoperls/installed-perls/host/k93focal/v5.41.2/d119/lib/site_perl/5.41.2/Time/Zone/Olson.pm line 598.
Reference found where even-sized list expected at /home/sand/src/perl/repoperls/installed-perls/host/k93focal/v5.41.2/d119/lib/site_perl/5.41.2/Time/Zone/Olson.pm line 598.
Reference found where even-sized list expected at /home/sand/src/perl/repoperls/installed-perls/host/k93focal/v5.41.2/d119/lib/site_perl/5.41.2/Time/Zone/Olson.pm line 598.
Reference found where even-sized list expected at /home/sand/src/perl/repoperls/installed-perls/host/k93focal/v5.41.2/d119/lib/site_perl/5.41.2/Time/Zone/Olson.pm line 598.
Reference found where even-sized list expected at /home/sand/src/perl/repoperls/installed-perls/host/k93focal/v5.41.2/d119/lib/site_perl/5.41.2/Time/Zone/Olson.pm line 598.
Reference found where even-sized list expected at /home/sand/src/perl/repoperls/installed-perls/host/k93focal/v5.41.2/d119/lib/site_perl/5.41.2/Time/Zone/Olson.pm line 598.
Reference found where even-sized list expected at /home/sand/src/perl/repoperls/installed-perls/host/k93focal/v5.41.2/d119/lib/site_perl/5.41.2/Time/Zone/Olson.pm line 598.
Reference found where even-sized list expected at /home/sand/src/perl/repoperls/installed-perls/host/k93focal/v5.41.2/d119/lib/site_perl/5.41.2/Time/Zone/Olson.pm line 598.
Reference found where even-sized list expected at /home/sand/src/perl/repoperls/installed-perls/host/k93focal/v5.41.2/d119/lib/site_perl/5.41.2/Time/Zone/Olson.pm line 598.
Reference found where even-sized list expected at /home/sand/src/perl/repoperls/installed-perls/host/k93focal/v5.41.2/d119/lib/site_perl/5.41.2/Time/Zone/Olson.pm line 598.
Reference found where even-sized list expected at /home/sand/src/perl/repoperls/installed-perls/host/k93focal/v5.41.2/d119/lib/site_perl/5.41.2/Time/Zone/Olson.pm line 598.
Reference found where even-sized list expected at /home/sand/src/perl/repoperls/installed-perls/host/k93focal/v5.41.2/d119/lib/site_perl/5.41.2/Time/Zone/Olson.pm line 598.
Reference found where even-sized list expected at /home/sand/src/perl/repoperls/installed-perls/host/k93focal/v5.41.2/d119/lib/site_perl/5.41.2/Time/Zone/Olson.pm line 598.
Reference found where even-sized list expected at /home/sand/src/perl/repoperls/installed-perls/host/k93focal/v5.41.2/d119/lib/site_perl/5.41.2/Time/Zone/Olson.pm line 598.
Reference found where even-sized list expected at /home/sand/src/perl/repoperls/installed-perls/host/k93focal/v5.41.2/d119/lib/site_perl/5.41.2/Time/Zone/Olson.pm line 598.
Reference found where even-sized list expected at /home/sand/src/perl/repoperls/installed-perls/host/k93focal/v5.41.2/d119/lib/site_perl/5.41.2/Time/Zone/Olson.pm line 598.
Reference found where even-sized list expected at /home/sand/src/perl/repoperls/installed-perls/host/k93focal/v5.41.2/d119/lib/site_perl/5.41.2/Time/Zone/Olson.pm line 598.
Reference found where even-sized list expected at /home/sand/src/perl/repoperls/installed-perls/host/k93focal/v5.41.2/d119/lib/site_perl/5.41.2/Time/Zone/Olson.pm line 598.
Reference found where even-sized list expected at /home/sand/src/perl/repoperls/installed-perls/host/k93focal/v5.41.2/d119/lib/site_perl/5.41.2/Time/Zone/Olson.pm line 598.
Reference found where even-sized list expected at /home/sand/src/perl/repoperls/installed-perls/host/k93focal/v5.41.2/d119/lib/site_perl/5.41.2/Time/Zone/Olson.pm line 598.
Reference found where even-sized list expected at /home/sand/src/perl/repoperls/installed-perls/host/k93focal/v5.41.2/d119/lib/site_perl/5.41.2/Time/Zone/Olson.pm line 598.
Reference found where even-sized list expected at /home/sand/src/perl/repoperls/installed-perls/host/k93focal/v5.41.2/d119/lib/site_perl/5.41.2/Time/Zone/Olson.pm line 598.
Reference found where even-sized list expected at /home/sand/src/perl/repoperls/installed-perls/host/k93focal/v5.41.2/d119/lib/site_perl/5.41.2/Time/Zone/Olson.pm line 598.
Reference found where even-sized list expected at /home/sand/src/perl/repoperls/installed-perls/host/k93focal/v5.41.2/d119/lib/site_perl/5.41.2/Time/Zone/Olson.pm line 598.
Reference found where even-sized list expected at /home/sand/src/perl/repoperls/installed-perls/host/k93focal/v5.41.2/d119/lib/site_perl/5.41.2/Time/Zone/Olson.pm line 598.
Reference found where even-sized list expected at /home/sand/src/perl/repoperls/installed-perls/host/k93focal/v5.41.2/d119/lib/site_perl/5.41.2/Time/Zone/Olson.pm line 598.
Reference found where even-sized list expected at /home/sand/src/perl/repoperls/installed-perls/host/k93focal/v5.41.2/d119/lib/site_perl/5.41.2/Time/Zone/Olson.pm line 598.
Reference found where even-sized list expected at /home/sand/src/perl/repoperls/installed-perls/host/k93focal/v5.41.2/d119/lib/site_perl/5.41.2/Time/Zone/Olson.pm line 598.
Reference found where even-sized list expected at /home/sand/src/perl/repoperls/installed-perls/host/k93focal/v5.41.2/d119/lib/site_perl/5.41.2/Time/Zone/Olson.pm line 598.
Reference found where even-sized list expected at /home/sand/src/perl/repoperls/installed-perls/host/k93focal/v5.41.2/d119/lib/site_perl/5.41.2/Time/Zone/Olson.pm line 598.
Reference found where even-sized list expected at /home/sand/src/perl/repoperls/installed-perls/host/k93focal/v5.41.2/d119/lib/site_perl/5.41.2/Time/Zone/Olson.pm line 598.
Reference found where even-sized list expected at /home/sand/src/perl/repoperls/installed-perls/host/k93focal/v5.41.2/d119/lib/site_perl/5.41.2/Time/Zone/Olson.pm line 598.
Reference found where even-sized list expected at /home/sand/src/perl/repoperls/installed-perls/host/k93focal/v5.41.2/d119/lib/site_perl/5.41.2/Time/Zone/Olson.pm line 598.
Reference found where even-sized list expected at /home/sand/src/perl/repoperls/installed-perls/host/k93focal/v5.41.2/d119/lib/site_perl/5.41.2/Time/Zone/Olson.pm line 598.
Reference found where even-sized list expected at /home/sand/src/perl/repoperls/installed-perls/host/k93focal/v5.41.2/d119/lib/site_perl/5.41.2/Time/Zone/Olson.pm line 598.
Reference found where even-sized list expected at /home/sand/src/perl/repoperls/installed-perls/host/k93focal/v5.41.2/d119/lib/site_perl/5.41.2/Time/Zone/Olson.pm line 598.
Reference found where even-sized list expected at /home/sand/src/perl/repoperls/installed-perls/host/k93focal/v5.41.2/d119/lib/site_perl/5.41.2/Time/Zone/Olson.pm line 598.
Reference found where even-sized list expected at /home/sand/src/perl/repoperls/installed-perls/host/k93focal/v5.41.2/d119/lib/site_perl/5.41.2/Time/Zone/Olson.pm line 598.
Reference found where even-sized list expected at /home/sand/src/perl/repoperls/installed-perls/host/k93focal/v5.41.2/d119/lib/site_perl/5.41.2/Time/Zone/Olson.pm line 598.
Reference found where even-sized list expected at /home/sand/src/perl/repoperls/installed-perls/host/k93focal/v5.41.2/d119/lib/site_perl/5.41.2/Time/Zone/Olson.pm line 598.
Reference found where even-sized list expected at /home/sand/src/perl/repoperls/installed-perls/host/k93focal/v5.41.2/d119/lib/site_perl/5.41.2/Time/Zone/Olson.pm line 598.
Reference found where even-sized list expected at /home/sand/src/perl/repoperls/installed-perls/host/k93focal/v5.41.2/d119/lib/site_perl/5.41.2/Time/Zone/Olson.pm line 598.
Reference found where even-sized list expected at /home/sand/src/perl/repoperls/installed-perls/host/k93focal/v5.41.2/d119/lib/site_perl/5.41.2/Time/Zone/Olson.pm line 598.
Reference found where even-sized list expected at /home/sand/src/perl/repoperls/installed-perls/host/k93focal/v5.41.2/d119/lib/site_perl/5.41.2/Time/Zone/Olson.pm line 598.
Reference found where even-sized list expected at /home/sand/src/perl/repoperls/installed-perls/host/k93focal/v5.41.2/d119/lib/site_perl/5.41.2/Time/Zone/Olson.pm line 598.
Reference found where even-sized list expected at /home/sand/src/perl/repoperls/installed-perls/host/k93focal/v5.41.2/d119/lib/site_perl/5.41.2/Time/Zone/Olson.pm line 598.
Reference found where even-sized list expected at /home/sand/src/perl/repoperls/installed-perls/host/k93focal/v5.41.2/d119/lib/site_perl/5.41.2/Time/Zone/Olson.pm line 598.
Reference found where even-sized list expected at /home/sand/src/perl/repoperls/installed-perls/host/k93focal/v5.41.2/d119/lib/site_perl/5.41.2/Time/Zone/Olson.pm line 598.
Reference found where even-sized list expected at /home/sand/src/perl/repoperls/installed-perls/host/k93focal/v5.41.2/d119/lib/site_perl/5.41.2/Time/Zone/Olson.pm line 598.
Reference found where even-sized list expected at /home/sand/src/perl/repoperls/installed-perls/host/k93focal/v5.41.2/d119/lib/site_perl/5.41.2/Time/Zone/Olson.pm line 598.
Reference found where even-sized list expected at /home/sand/src/perl/repoperls/installed-perls/host/k93focal/v5.41.2/d119/lib/site_perl/5.41.2/Time/Zone/Olson.pm line 598.
Reference found where even-sized list expected at /home/sand/src/perl/repoperls/installed-perls/host/k93focal/v5.41.2/d119/lib/site_perl/5.41.2/Time/Zone/Olson.pm line 598.
Reference found where even-sized list expected at /home/sand/src/perl/repoperls/installed-perls/host/k93focal/v5.41.2/d119/lib/site_perl/5.41.2/Time/Zone/Olson.pm line 598.
Reference found where even-sized list expected at /home/sand/src/perl/repoperls/installed-perls/host/k93focal/v5.41.2/d119/lib/site_perl/5.41.2/Time/Zone/Olson.pm line 598.
Reference found where even-sized list expected at /home/sand/src/perl/repoperls/installed-perls/host/k93focal/v5.41.2/d119/lib/site_perl/5.41.2/Time/Zone/Olson.pm line 598.
Reference found where even-sized list expected at /home/sand/src/perl/repoperls/installed-perls/host/k93focal/v5.41.2/d119/lib/site_perl/5.41.2/Time/Zone/Olson.pm line 598.
Reference found where even-sized list expected at /home/sand/src/perl/repoperls/installed-perls/host/k93focal/v5.41.2/d119/lib/site_perl/5.41.2/Time/Zone/Olson.pm line 598.
Reference found where even-sized list expected at /home/sand/src/perl/repoperls/installed-perls/host/k93focal/v5.41.2/d119/lib/site_perl/5.41.2/Time/Zone/Olson.pm line 598.
Reference found where even-sized list expected at /home/sand/src/perl/repoperls/installed-perls/host/k93focal/v5.41.2/d119/lib/site_perl/5.41.2/Time/Zone/Olson.pm line 598.
Reference found where even-sized list expected at /home/sand/src/perl/repoperls/installed-perls/host/k93focal/v5.41.2/d119/lib/site_perl/5.41.2/Time/Zone/Olson.pm line 598.
Reference found where even-sized list expected at /home/sand/src/perl/repoperls/installed-perls/host/k93focal/v5.41.2/d119/lib/site_perl/5.41.2/Time/Zone/Olson.pm line 598.
Reference found where even-sized list expected at /home/sand/src/perl/repoperls/installed-perls/host/k93focal/v5.41.2/d119/lib/site_perl/5.41.2/Time/Zone/Olson.pm line 598.
Reference found where even-sized list expected at /home/sand/src/perl/repoperls/installed-perls/host/k93focal/v5.41.2/d119/lib/site_perl/5.41.2/Time/Zone/Olson.pm line 598.
Reference found where even-sized list expected at /home/sand/src/perl/repoperls/installed-perls/host/k93focal/v5.41.2/d119/lib/site_perl/5.41.2/Time/Zone/Olson.pm line 598.
Reference found where even-sized list expected at /home/sand/src/perl/repoperls/installed-perls/host/k93focal/v5.41.2/d119/lib/site_perl/5.41.2/Time/Zone/Olson.pm line 598.
Reference found where even-sized list expected at /home/sand/src/perl/repoperls/installed-perls/host/k93focal/v5.41.2/d119/lib/site_perl/5.41.2/Time/Zone/Olson.pm line 598.
Reference found where even-sized list expected at /home/sand/src/perl/repoperls/installed-perls/host/k93focal/v5.41.2/d119/lib/site_perl/5.41.2/Time/Zone/Olson.pm line 598.
Reference found where even-sized list expected at /home/sand/src/perl/repoperls/installed-perls/host/k93focal/v5.41.2/d119/lib/site_perl/5.41.2/Time/Zone/Olson.pm line 598.
Reference found where even-sized list expected at /home/sand/src/perl/repoperls/installed-perls/host/k93focal/v5.41.2/d119/lib/site_perl/5.41.2/Time/Zone/Olson.pm line 598.
Reference found where even-sized list expected at /home/sand/src/perl/repoperls/installed-perls/host/k93focal/v5.41.2/d119/lib/site_perl/5.41.2/Time/Zone/Olson.pm line 598.
Reference found where even-sized list expected at /home/sand/src/perl/repoperls/installed-perls/host/k93focal/v5.41.2/d119/lib/site_perl/5.41.2/Time/Zone/Olson.pm line 598.
Reference found where even-sized list expected at /home/sand/src/perl/repoperls/installed-perls/host/k93focal/v5.41.2/d119/lib/site_perl/5.41.2/Time/Zone/Olson.pm line 598.
Reference found where even-sized list expected at /home/sand/src/perl/repoperls/installed-perls/host/k93focal/v5.41.2/d119/lib/site_perl/5.41.2/Time/Zone/Olson.pm line 598.
Reference found where even-sized list expected at /home/sand/src/perl/repoperls/installed-perls/host/k93focal/v5.41.2/d119/lib/site_perl/5.41.2/Time/Zone/Olson.pm line 598.
Reference found where even-sized list expected at /home/sand/src/perl/repoperls/installed-perls/host/k93focal/v5.41.2/d119/lib/site_perl/5.41.2/Time/Zone/Olson.pm line 598.
Reference found where even-sized list expected at /home/sand/src/perl/repoperls/installed-perls/host/k93focal/v5.41.2/d119/lib/site_perl/5.41.2/Time/Zone/Olson.pm line 598.
Reference found where even-sized list expected at /home/sand/src/perl/repoperls/installed-perls/host/k93focal/v5.41.2/d119/lib/site_perl/5.41.2/Time/Zone/Olson.pm line 598.
Reference found where even-sized list expected at /home/sand/src/perl/repoperls/installed-perls/host/k93focal/v5.41.2/d119/lib/site_perl/5.41.2/Time/Zone/Olson.pm line 598.
Reference found where even-sized list expected at /home/sand/src/perl/repoperls/installed-perls/host/k93focal/v5.41.2/d119/lib/site_perl/5.41.2/Time/Zone/Olson.pm line 598.
Reference found where even-sized list expected at /home/sand/src/perl/repoperls/installed-perls/host/k93focal/v5.41.2/d119/lib/site_perl/5.41.2/Time/Zone/Olson.pm line 598.
Reference found where even-sized list expected at /home/sand/src/perl/repoperls/installed-perls/host/k93focal/v5.41.2/d119/lib/site_perl/5.41.2/Time/Zone/Olson.pm line 598.
Reference found where even-sized list expected at /home/sand/src/perl/repoperls/installed-perls/host/k93focal/v5.41.2/d119/lib/site_perl/5.41.2/Time/Zone/Olson.pm line 598.
Reference found where even-sized list expected at /home/sand/src/perl/repoperls/installed-perls/host/k93focal/v5.41.2/d119/lib/site_perl/5.41.2/Time/Zone/Olson.pm line 598.
Reference found where even-sized list expected at /home/sand/src/perl/repoperls/installed-perls/host/k93focal/v5.41.2/d119/lib/site_perl/5.41.2/Time/Zone/Olson.pm line 598.
Reference found where even-sized list expected at /home/sand/src/perl/repoperls/installed-perls/host/k93focal/v5.41.2/d119/lib/site_perl/5.41.2/Time/Zone/Olson.pm line 598.
Reference found where even-sized list expected at /home/sand/src/perl/repoperls/installed-perls/host/k93focal/v5.41.2/d119/lib/site_perl/5.41.2/Time/Zone/Olson.pm line 598.
Reference found where even-sized list expected at /home/sand/src/perl/repoperls/installed-perls/host/k93focal/v5.41.2/d119/lib/site_perl/5.41.2/Time/Zone/Olson.pm line 598.
Reference found where even-sized list expected at /home/sand/src/perl/repoperls/installed-perls/host/k93focal/v5.41.2/d119/lib/site_perl/5.41.2/Time/Zone/Olson.pm line 598.
Reference found where even-sized list expected at /home/sand/src/perl/repoperls/installed-perls/host/k93focal/v5.41.2/d119/lib/site_perl/5.41.2/Time/Zone/Olson.pm line 598.
Reference found where even-sized list expected at /home/sand/src/perl/repoperls/installed-perls/host/k93focal/v5.41.2/d119/lib/site_perl/5.41.2/Time/Zone/Olson.pm line 598.
Reference found where even-sized list expected at /home/sand/src/perl/repoperls/installed-perls/host/k93focal/v5.41.2/d119/lib/site_perl/5.41.2/Time/Zone/Olson.pm line 598.
Reference found where even-sized list expected at /home/sand/src/perl/repoperls/installed-perls/host/k93focal/v5.41.2/d119/lib/site_perl/5.41.2/Time/Zone/Olson.pm line 598.
Reference found where even-sized list expected at /home/sand/src/perl/repoperls/installed-perls/host/k93focal/v5.41.2/d119/lib/site_perl/5.41.2/Time/Zone/Olson.pm line 598.
Reference found where even-sized list expected at /home/sand/src/perl/repoperls/installed-perls/host/k93focal/v5.41.2/d119/lib/site_perl/5.41.2/Time/Zone/Olson.pm line 598.
Reference found where even-sized list expected at /home/sand/src/perl/repoperls/installed-perls/host/k93focal/v5.41.2/d119/lib/site_perl/5.41.2/Time/Zone/Olson.pm line 598.
Reference found where even-sized list expected at /home/sand/src/perl/repoperls/installed-perls/host/k93focal/v5.41.2/d119/lib/site_perl/5.41.2/Time/Zone/Olson.pm line 598.
Reference found where even-sized list expected at /home/sand/src/perl/repoperls/installed-perls/host/k93focal/v5.41.2/d119/lib/site_perl/5.41.2/Time/Zone/Olson.pm line 598.
Reference found where even-sized list expected at /home/sand/src/perl/repoperls/installed-perls/host/k93focal/v5.41.2/d119/lib/site_perl/5.41.2/Time/Zone/Olson.pm line 598.
Reference found where even-sized list expected at /home/sand/src/perl/repoperls/installed-perls/host/k93focal/v5.41.2/d119/lib/site_perl/5.41.2/Time/Zone/Olson.pm line 598.
Reference found where even-sized list expected at /home/sand/src/perl/repoperls/installed-perls/host/k93focal/v5.41.2/d119/lib/site_perl/5.41.2/Time/Zone/Olson.pm line 598.
Reference found where even-sized list expected at /home/sand/src/perl/repoperls/installed-perls/host/k93focal/v5.41.2/d119/lib/site_perl/5.41.2/Time/Zone/Olson.pm line 598.
Reference found where even-sized list expected at /home/sand/src/perl/repoperls/installed-perls/host/k93focal/v5.41.2/d119/lib/site_perl/5.41.2/Time/Zone/Olson.pm line 598.
Reference found where even-sized list expected at /home/sand/src/perl/repoperls/installed-perls/host/k93focal/v5.41.2/d119/lib/site_perl/5.41.2/Time/Zone/Olson.pm line 598.
Reference found where even-sized list expected at /home/sand/src/perl/repoperls/installed-perls/host/k93focal/v5.41.2/d119/lib/site_perl/5.41.2/Time/Zone/Olson.pm line 598.
Reference found where even-sized list expected at /home/sand/src/perl/repoperls/installed-perls/host/k93focal/v5.41.2/d119/lib/site_perl/5.41.2/Time/Zone/Olson.pm line 598.
Reference found where even-sized list expected at /home/sand/src/perl/repoperls/installed-perls/host/k93focal/v5.41.2/d119/lib/site_perl/5.41.2/Time/Zone/Olson.pm line 598.
Reference found where even-sized list expected at /home/sand/src/perl/repoperls/installed-perls/host/k93focal/v5.41.2/d119/lib/site_perl/5.41.2/Time/Zone/Olson.pm line 598.
Reference found where even-sized list expected at /home/sand/src/perl/repoperls/installed-perls/host/k93focal/v5.41.2/d119/lib/site_perl/5.41.2/Time/Zone/Olson.pm line 598.
Reference found where even-sized list expected at /home/sand/src/perl/repoperls/installed-perls/host/k93focal/v5.41.2/d119/lib/site_perl/5.41.2/Time/Zone/Olson.pm line 598.
Reference found where even-sized list expected at /home/sand/src/perl/repoperls/installed-perls/host/k93focal/v5.41.2/d119/lib/site_perl/5.41.2/Time/Zone/Olson.pm line 598.
Reference found where even-sized list expected at /home/sand/src/perl/repoperls/installed-perls/host/k93focal/v5.41.2/d119/lib/site_perl/5.41.2/Time/Zone/Olson.pm line 598.
Reference found where even-sized list expected at /home/sand/src/perl/repoperls/installed-perls/host/k93focal/v5.41.2/d119/lib/site_perl/5.41.2/Time/Zone/Olson.pm line 598.
Reference found where even-sized list expected at /home/sand/src/perl/repoperls/installed-perls/host/k93focal/v5.41.2/d119/lib/site_perl/5.41.2/Time/Zone/Olson.pm line 598.
Reference found where even-sized list expected at /home/sand/src/perl/repoperls/installed-perls/host/k93focal/v5.41.2/d119/lib/site_perl/5.41.2/Time/Zone/Olson.pm line 598.
Reference found where even-sized list expected at /home/sand/src/perl/repoperls/installed-perls/host/k93focal/v5.41.2/d119/lib/site_perl/5.41.2/Time/Zone/Olson.pm line 598.
Reference found where even-sized list expected at /home/sand/src/perl/repoperls/installed-perls/host/k93focal/v5.41.2/d119/lib/site_perl/5.41.2/Time/Zone/Olson.pm line 598.
Reference found where even-sized list expected at /home/sand/src/perl/repoperls/installed-perls/host/k93focal/v5.41.2/d119/lib/site_perl/5.41.2/Time/Zone/Olson.pm line 598.
Reference found where even-sized list expected at /home/sand/src/perl/repoperls/installed-perls/host/k93focal/v5.41.2/d119/lib/site_perl/5.41.2/Time/Zone/Olson.pm line 598.
Reference found where even-sized list expected at /home/sand/src/perl/repoperls/installed-perls/host/k93focal/v5.41.2/d119/lib/site_perl/5.41.2/Time/Zone/Olson.pm line 598.
Reference found where even-sized list expected at /home/sand/src/perl/repoperls/installed-perls/host/k93focal/v5.41.2/d119/lib/site_perl/5.41.2/Time/Zone/Olson.pm line 598.
Reference found where even-sized list expected at /home/sand/src/perl/repoperls/installed-perls/host/k93focal/v5.41.2/d119/lib/site_perl/5.41.2/Time/Zone/Olson.pm line 598.
Reference found where even-sized list expected at /home/sand/src/perl/repoperls/installed-perls/host/k93focal/v5.41.2/d119/lib/site_perl/5.41.2/Time/Zone/Olson.pm line 598.
Reference found where even-sized list expected at /home/sand/src/perl/repoperls/installed-perls/host/k93focal/v5.41.2/d119/lib/site_perl/5.41.2/Time/Zone/Olson.pm line 598.
Reference found where even-sized list expected at /home/sand/src/perl/repoperls/installed-perls/host/k93focal/v5.41.2/d119/lib/site_perl/5.41.2/Time/Zone/Olson.pm line 598.
Reference found where even-sized list expected at /home/sand/src/perl/repoperls/installed-perls/host/k93focal/v5.41.2/d119/lib/site_perl/5.41.2/Time/Zone/Olson.pm line 598.
Reference found where even-sized list expected at /home/sand/src/perl/repoperls/installed-perls/host/k93focal/v5.41.2/d119/lib/site_perl/5.41.2/Time/Zone/Olson.pm line 598.
Reference found where even-sized list expected at /home/sand/src/perl/repoperls/installed-perls/host/k93focal/v5.41.2/d119/lib/site_perl/5.41.2/Time/Zone/Olson.pm line 598.
Reference found where even-sized list expected at /home/sand/src/perl/repoperls/installed-perls/host/k93focal/v5.41.2/d119/lib/site_perl/5.41.2/Time/Zone/Olson.pm line 598.
Reference found where even-sized list expected at /home/sand/src/perl/repoperls/installed-perls/host/k93focal/v5.41.2/d119/lib/site_perl/5.41.2/Time/Zone/Olson.pm line 598.
Reference found where even-sized list expected at /home/sand/src/perl/repoperls/installed-perls/host/k93focal/v5.41.2/d119/lib/site_perl/5.41.2/Time/Zone/Olson.pm line 598.
Reference found where even-sized list expected at /home/sand/src/perl/repoperls/installed-perls/host/k93focal/v5.41.2/d119/lib/site_perl/5.41.2/Time/Zone/Olson.pm line 598.
Reference found where even-sized list expected at /home/sand/src/perl/repoperls/installed-perls/host/k93focal/v5.41.2/d119/lib/site_perl/5.41.2/Time/Zone/Olson.pm line 598.
Reference found where even-sized list expected at /home/sand/src/perl/repoperls/installed-perls/host/k93focal/v5.41.2/d119/lib/site_perl/5.41.2/Time/Zone/Olson.pm line 598.
Reference found where even-sized list expected at /home/sand/src/perl/repoperls/installed-perls/host/k93focal/v5.41.2/d119/lib/site_perl/5.41.2/Time/Zone/Olson.pm line 598.
Reference found where even-sized list expected at /home/sand/src/perl/repoperls/installed-perls/host/k93focal/v5.41.2/d119/lib/site_perl/5.41.2/Time/Zone/Olson.pm line 598.
Reference found where even-sized list expected at /home/sand/src/perl/repoperls/installed-perls/host/k93focal/v5.41.2/d119/lib/site_perl/5.41.2/Time/Zone/Olson.pm line 598.
Reference found where even-sized list expected at /home/sand/src/perl/repoperls/installed-perls/host/k93focal/v5.41.2/d119/lib/site_perl/5.41.2/Time/Zone/Olson.pm line 598.
Reference found where even-sized list expected at /home/sand/src/perl/repoperls/installed-perls/host/k93focal/v5.41.2/d119/lib/site_perl/5.41.2/Time/Zone/Olson.pm line 598.
Reference found where even-sized list expected at /home/sand/src/perl/repoperls/installed-perls/host/k93focal/v5.41.2/d119/lib/site_perl/5.41.2/Time/Zone/Olson.pm line 598.
Reference found where even-sized list expected at /home/sand/src/perl/repoperls/installed-perls/host/k93focal/v5.41.2/d119/lib/site_perl/5.41.2/Time/Zone/Olson.pm line 598.
Reference found where even-sized list expected at /home/sand/src/perl/repoperls/installed-perls/host/k93focal/v5.41.2/d119/lib/site_perl/5.41.2/Time/Zone/Olson.pm line 598.
Reference found where even-sized list expected at /home/sand/src/perl/repoperls/installed-perls/host/k93focal/v5.41.2/d119/lib/site_perl/5.41.2/Time/Zone/Olson.pm line 598.
Reference found where even-sized list expected at /home/sand/src/perl/repoperls/installed-perls/host/k93focal/v5.41.2/d119/lib/site_perl/5.41.2/Time/Zone/Olson.pm line 598.
Reference found where even-sized list expected at /home/sand/src/perl/repoperls/installed-perls/host/k93focal/v5.41.2/d119/lib/site_perl/5.41.2/Time/Zone/Olson.pm line 598.
Reference found where even-sized list expected at /home/sand/src/perl/repoperls/installed-perls/host/k93focal/v5.41.2/d119/lib/site_perl/5.41.2/Time/Zone/Olson.pm line 598.
Reference found where even-sized list expected at /home/sand/src/perl/repoperls/installed-perls/host/k93focal/v5.41.2/d119/lib/site_perl/5.41.2/Time/Zone/Olson.pm line 598.
Reference found where even-sized list expected at /home/sand/src/perl/repoperls/installed-perls/host/k93focal/v5.41.2/d119/lib/site_perl/5.41.2/Time/Zone/Olson.pm line 598.
Reference found where even-sized list expected at /home/sand/src/perl/repoperls/installed-perls/host/k93focal/v5.41.2/d119/lib/site_perl/5.41.2/Time/Zone/Olson.pm line 598.
Reference found where even-sized list expected at /home/sand/src/perl/repoperls/installed-perls/host/k93focal/v5.41.2/d119/lib/site_perl/5.41.2/Time/Zone/Olson.pm line 598.
Reference found where even-sized list expected at /home/sand/src/perl/repoperls/installed-perls/host/k93focal/v5.41.2/d119/lib/site_perl/5.41.2/Time/Zone/Olson.pm line 598.
Reference found where even-sized list expected at /home/sand/src/perl/repoperls/installed-perls/host/k93focal/v5.41.2/d119/lib/site_perl/5.41.2/Time/Zone/Olson.pm line 598.
Reference found where even-sized list expected at /home/sand/src/perl/repoperls/installed-perls/host/k93focal/v5.41.2/d119/lib/site_perl/5.41.2/Time/Zone/Olson.pm line 598.
Reference found where even-sized list expected at /home/sand/src/perl/repoperls/installed-perls/host/k93focal/v5.41.2/d119/lib/site_perl/5.41.2/Time/Zone/Olson.pm line 598.
Reference found where even-sized list expected at /home/sand/src/perl/repoperls/installed-perls/host/k93focal/v5.41.2/d119/lib/site_perl/5.41.2/Time/Zone/Olson.pm line 598.
Reference found where even-sized list expected at /home/sand/src/perl/repoperls/installed-perls/host/k93focal/v5.41.2/d119/lib/site_perl/5.41.2/Time/Zone/Olson.pm line 598.
Reference found where even-sized list expected at /home/sand/src/perl/repoperls/installed-perls/host/k93focal/v5.41.2/d119/lib/site_perl/5.41.2/Time/Zone/Olson.pm line 598.
Reference found where even-sized list expected at /home/sand/src/perl/repoperls/installed-perls/host/k93focal/v5.41.2/d119/lib/site_perl/5.41.2/Time/Zone/Olson.pm line 598.
Reference found where even-sized list expected at /home/sand/src/perl/repoperls/installed-perls/host/k93focal/v5.41.2/d119/lib/site_perl/5.41.2/Time/Zone/Olson.pm line 598.
Reference found where even-sized list expected at /home/sand/src/perl/repoperls/installed-perls/host/k93focal/v5.41.2/d119/lib/site_perl/5.41.2/Time/Zone/Olson.pm line 598.
Reference found where even-sized list expected at /home/sand/src/perl/repoperls/installed-perls/host/k93focal/v5.41.2/d119/lib/site_perl/5.41.2/Time/Zone/Olson.pm line 598.
Reference found where even-sized list expected at /home/sand/src/perl/repoperls/installed-perls/host/k93focal/v5.41.2/d119/lib/site_perl/5.41.2/Time/Zone/Olson.pm line 598.
Reference found where even-sized list expected at /home/sand/src/perl/repoperls/installed-perls/host/k93focal/v5.41.2/d119/lib/site_perl/5.41.2/Time/Zone/Olson.pm line 598.
Reference found where even-sized list expected at /home/sand/src/perl/repoperls/installed-perls/host/k93focal/v5.41.2/d119/lib/site_perl/5.41.2/Time/Zone/Olson.pm line 598.
Reference found where even-sized list expected at /home/sand/src/perl/repoperls/installed-perls/host/k93focal/v5.41.2/d119/lib/site_perl/5.41.2/Time/Zone/Olson.pm line 598.
Reference found where even-sized list expected at /home/sand/src/perl/repoperls/installed-perls/host/k93focal/v5.41.2/d119/lib/site_perl/5.41.2/Time/Zone/Olson.pm line 598.
Reference found where even-sized list expected at /home/sand/src/perl/repoperls/installed-perls/host/k93focal/v5.41.2/d119/lib/site_perl/5.41.2/Time/Zone/Olson.pm line 598.
Reference found where even-sized list expected at /home/sand/src/perl/repoperls/installed-perls/host/k93focal/v5.41.2/d119/lib/site_perl/5.41.2/Time/Zone/Olson.pm line 598.
Reference found where even-sized list expected at /home/sand/src/perl/repoperls/installed-perls/host/k93focal/v5.41.2/d119/lib/site_perl/5.41.2/Time/Zone/Olson.pm line 598.
Reference found where even-sized list expected at /home/sand/src/perl/repoperls/installed-perls/host/k93focal/v5.41.2/d119/lib/site_perl/5.41.2/Time/Zone/Olson.pm line 598.
Reference found where even-sized list expected at /home/sand/src/perl/repoperls/installed-perls/host/k93focal/v5.41.2/d119/lib/site_perl/5.41.2/Time/Zone/Olson.pm line 598.
Reference found where even-sized list expected at /home/sand/src/perl/repoperls/installed-perls/host/k93focal/v5.41.2/d119/lib/site_perl/5.41.2/Time/Zone/Olson.pm line 598.
Reference found where even-sized list expected at /home/sand/src/perl/repoperls/installed-perls/host/k93focal/v5.41.2/d119/lib/site_perl/5.41.2/Time/Zone/Olson.pm line 598.
Reference found where even-sized list expected at /home/sand/src/perl/repoperls/installed-perls/host/k93focal/v5.41.2/d119/lib/site_perl/5.41.2/Time/Zone/Olson.pm line 598.
Reference found where even-sized list expected at /home/sand/src/perl/repoperls/installed-perls/host/k93focal/v5.41.2/d119/lib/site_perl/5.41.2/Time/Zone/Olson.pm line 598.
Reference found where even-sized list expected at /home/sand/src/perl/repoperls/installed-perls/host/k93focal/v5.41.2/d119/lib/site_perl/5.41.2/Time/Zone/Olson.pm line 598.
Reference found where even-sized list expected at /home/sand/src/perl/repoperls/installed-perls/host/k93focal/v5.41.2/d119/lib/site_perl/5.41.2/Time/Zone/Olson.pm line 598.
Reference found where even-sized list expected at /home/sand/src/perl/repoperls/installed-perls/host/k93focal/v5.41.2/d119/lib/site_perl/5.41.2/Time/Zone/Olson.pm line 598.
Reference found where even-sized list expected at /home/sand/src/perl/repoperls/installed-perls/host/k93focal/v5.41.2/d119/lib/site_perl/5.41.2/Time/Zone/Olson.pm line 598.
Reference found where even-sized list expected at /home/sand/src/perl/repoperls/installed-perls/host/k93focal/v5.41.2/d119/lib/site_perl/5.41.2/Time/Zone/Olson.pm line 598.
Reference found where even-sized list expected at /home/sand/src/perl/repoperls/installed-perls/host/k93focal/v5.41.2/d119/lib/site_perl/5.41.2/Time/Zone/Olson.pm line 598.
Reference found where even-sized list expected at /home/sand/src/perl/repoperls/installed-perls/host/k93focal/v5.41.2/d119/lib/site_perl/5.41.2/Time/Zone/Olson.pm line 598.
Reference found where even-sized list expected at /home/sand/src/perl/repoperls/installed-perls/host/k93focal/v5.41.2/d119/lib/site_perl/5.41.2/Time/Zone/Olson.pm line 598.
Reference found where even-sized list expected at /home/sand/src/perl/repoperls/installed-perls/host/k93focal/v5.41.2/d119/lib/site_perl/5.41.2/Time/Zone/Olson.pm line 598.
Reference found where even-sized list expected at /home/sand/src/perl/repoperls/installed-perls/host/k93focal/v5.41.2/d119/lib/site_perl/5.41.2/Time/Zone/Olson.pm line 598.
Reference found where even-sized list expected at /home/sand/src/perl/repoperls/installed-perls/host/k93focal/v5.41.2/d119/lib/site_perl/5.41.2/Time/Zone/Olson.pm line 598.
Reference found where even-sized list expected at /home/sand/src/perl/repoperls/installed-perls/host/k93focal/v5.41.2/d119/lib/site_perl/5.41.2/Time/Zone/Olson.pm line 598.
Reference found where even-sized list expected at /home/sand/src/perl/repoperls/installed-perls/host/k93focal/v5.41.2/d119/lib/site_perl/5.41.2/Time/Zone/Olson.pm line 598.
Reference found where even-sized list expected at /home/sand/src/perl/repoperls/installed-perls/host/k93focal/v5.41.2/d119/lib/site_perl/5.41.2/Time/Zone/Olson.pm line 598.
Reference found where even-sized list expected at /home/sand/src/perl/repoperls/installed-perls/host/k93focal/v5.41.2/d119/lib/site_perl/5.41.2/Time/Zone/Olson.pm line 598.
Reference found where even-sized list expected at /home/sand/src/perl/repoperls/installed-perls/host/k93focal/v5.41.2/d119/lib/site_perl/5.41.2/Time/Zone/Olson.pm line 598.
Reference found where even-sized list expected at /home/sand/src/perl/repoperls/installed-perls/host/k93focal/v5.41.2/d119/lib/site_perl/5.41.2/Time/Zone/Olson.pm line 598.
Reference found where even-sized list expected at /home/sand/src/perl/repoperls/installed-perls/host/k93focal/v5.41.2/d119/lib/site_perl/5.41.2/Time/Zone/Olson.pm line 598.
Reference found where even-sized list expected at /home/sand/src/perl/repoperls/installed-perls/host/k93focal/v5.41.2/d119/lib/site_perl/5.41.2/Time/Zone/Olson.pm line 598.
Reference found where even-sized list expected at /home/sand/src/perl/repoperls/installed-perls/host/k93focal/v5.41.2/d119/lib/site_perl/5.41.2/Time/Zone/Olson.pm line 598.
Reference found where even-sized list expected at /home/sand/src/perl/repoperls/installed-perls/host/k93focal/v5.41.2/d119/lib/site_perl/5.41.2/Time/Zone/Olson.pm line 598.
Reference found where even-sized list expected at /home/sand/src/perl/repoperls/installed-perls/host/k93focal/v5.41.2/d119/lib/site_perl/5.41.2/Time/Zone/Olson.pm line 598.
Reference found where even-sized list expected at /home/sand/src/perl/repoperls/installed-perls/host/k93focal/v5.41.2/d119/lib/site_perl/5.41.2/Time/Zone/Olson.pm line 598.
Reference found where even-sized list expected at /home/sand/src/perl/repoperls/installed-perls/host/k93focal/v5.41.2/d119/lib/site_perl/5.41.2/Time/Zone/Olson.pm line 598.
Reference found where even-sized list expected at /home/sand/src/perl/repoperls/installed-perls/host/k93focal/v5.41.2/d119/lib/site_perl/5.41.2/Time/Zone/Olson.pm line 598.
Reference found where even-sized list expected at /home/sand/src/perl/repoperls/installed-perls/host/k93focal/v5.41.2/d119/lib/site_perl/5.41.2/Time/Zone/Olson.pm line 598.
Reference found where even-sized list expected at /home/sand/src/perl/repoperls/installed-perls/host/k93focal/v5.41.2/d119/lib/site_perl/5.41.2/Time/Zone/Olson.pm line 598.
Reference found where even-sized list expected at /home/sand/src/perl/repoperls/installed-perls/host/k93focal/v5.41.2/d119/lib/site_perl/5.41.2/Time/Zone/Olson.pm line 598.
Reference found where even-sized list expected at /home/sand/src/perl/repoperls/installed-perls/host/k93focal/v5.41.2/d119/lib/site_perl/5.41.2/Time/Zone/Olson.pm line 598.
Reference found where even-sized list expected at /home/sand/src/perl/repoperls/installed-perls/host/k93focal/v5.41.2/d119/lib/site_perl/5.41.2/Time/Zone/Olson.pm line 598.
Reference found where even-sized list expected at /home/sand/src/perl/repoperls/installed-perls/host/k93focal/v5.41.2/d119/lib/site_perl/5.41.2/Time/Zone/Olson.pm line 598.
Reference found where even-sized list expected at /home/sand/src/perl/repoperls/installed-perls/host/k93focal/v5.41.2/d119/lib/site_perl/5.41.2/Time/Zone/Olson.pm line 598.
Reference found where even-sized list expected at /home/sand/src/perl/repoperls/installed-perls/host/k93focal/v5.41.2/d119/lib/site_perl/5.41.2/Time/Zone/Olson.pm line 598.
Reference found where even-sized list expected at /home/sand/src/perl/repoperls/installed-perls/host/k93focal/v5.41.2/d119/lib/site_perl/5.41.2/Time/Zone/Olson.pm line 598.
Reference found where even-sized list expected at /home/sand/src/perl/repoperls/installed-perls/host/k93focal/v5.41.2/d119/lib/site_perl/5.41.2/Time/Zone/Olson.pm line 598.
Reference found where even-sized list expected at /home/sand/src/perl/repoperls/installed-perls/host/k93focal/v5.41.2/d119/lib/site_perl/5.41.2/Time/Zone/Olson.pm line 598.
Reference found where even-sized list expected at /home/sand/src/perl/repoperls/installed-perls/host/k93focal/v5.41.2/d119/lib/site_perl/5.41.2/Time/Zone/Olson.pm line 598.
Reference found where even-sized list expected at /home/sand/src/perl/repoperls/installed-perls/host/k93focal/v5.41.2/d119/lib/site_perl/5.41.2/Time/Zone/Olson.pm line 598.
Reference found where even-sized list expected at /home/sand/src/perl/repoperls/installed-perls/host/k93focal/v5.41.2/d119/lib/site_perl/5.41.2/Time/Zone/Olson.pm line 598.
Reference found where even-sized list expected at /home/sand/src/perl/repoperls/installed-perls/host/k93focal/v5.41.2/d119/lib/site_perl/5.41.2/Time/Zone/Olson.pm line 598.
Reference found where even-sized list expected at /home/sand/src/perl/repoperls/installed-perls/host/k93focal/v5.41.2/d119/lib/site_perl/5.41.2/Time/Zone/Olson.pm line 598.
Reference found where even-sized list expected at /home/sand/src/perl/repoperls/installed-perls/host/k93focal/v5.41.2/d119/lib/site_perl/5.41.2/Time/Zone/Olson.pm line 598.
Reference found where even-sized list expected at /home/sand/src/perl/repoperls/installed-perls/host/k93focal/v5.41.2/d119/lib/site_perl/5.41.2/Time/Zone/Olson.pm line 598.
Reference found where even-sized list expected at /home/sand/src/perl/repoperls/installed-perls/host/k93focal/v5.41.2/d119/lib/site_perl/5.41.2/Time/Zone/Olson.pm line 598.
Reference found where even-sized list expected at /home/sand/src/perl/repoperls/installed-perls/host/k93focal/v5.41.2/d119/lib/site_perl/5.41.2/Time/Zone/Olson.pm line 598.
Reference found where even-sized list expected at /home/sand/src/perl/repoperls/installed-perls/host/k93focal/v5.41.2/d119/lib/site_perl/5.41.2/Time/Zone/Olson.pm line 598.
Reference found where even-sized list expected at /home/sand/src/perl/repoperls/installed-perls/host/k93focal/v5.41.2/d119/lib/site_perl/5.41.2/Time/Zone/Olson.pm line 598.
Reference found where even-sized list expected at /home/sand/src/perl/repoperls/installed-perls/host/k93focal/v5.41.2/d119/lib/site_perl/5.41.2/Time/Zone/Olson.pm line 598.
Reference found where even-sized list expected at /home/sand/src/perl/repoperls/installed-perls/host/k93focal/v5.41.2/d119/lib/site_perl/5.41.2/Time/Zone/Olson.pm line 598.
Reference found where even-sized list expected at /home/sand/src/perl/repoperls/installed-perls/host/k93focal/v5.41.2/d119/lib/site_perl/5.41.2/Time/Zone/Olson.pm line 598.
Reference found where even-sized list expected at /home/sand/src/perl/repoperls/installed-perls/host/k93focal/v5.41.2/d119/lib/site_perl/5.41.2/Time/Zone/Olson.pm line 598.
Reference found where even-sized list expected at /home/sand/src/perl/repoperls/installed-perls/host/k93focal/v5.41.2/d119/lib/site_perl/5.41.2/Time/Zone/Olson.pm line 598.
Reference found where even-sized list expected at /home/sand/src/perl/repoperls/installed-perls/host/k93focal/v5.41.2/d119/lib/site_perl/5.41.2/Time/Zone/Olson.pm line 598.
Reference found where even-sized list expected at /home/sand/src/perl/repoperls/installed-perls/host/k93focal/v5.41.2/d119/lib/site_perl/5.41.2/Time/Zone/Olson.pm line 598.
Reference found where even-sized list expected at /home/sand/src/perl/repoperls/installed-perls/host/k93focal/v5.41.2/d119/lib/site_perl/5.41.2/Time/Zone/Olson.pm line 598.
Reference found where even-sized list expected at /home/sand/src/perl/repoperls/installed-perls/host/k93focal/v5.41.2/d119/lib/site_perl/5.41.2/Time/Zone/Olson.pm line 598.
Reference found where even-sized list expected at /home/sand/src/perl/repoperls/installed-perls/host/k93focal/v5.41.2/d119/lib/site_perl/5.41.2/Time/Zone/Olson.pm line 598.
Reference found where even-sized list expected at /home/sand/src/perl/repoperls/installed-perls/host/k93focal/v5.41.2/d119/lib/site_perl/5.41.2/Time/Zone/Olson.pm line 598.
Reference found where even-sized list expected at /home/sand/src/perl/repoperls/installed-perls/host/k93focal/v5.41.2/d119/lib/site_perl/5.41.2/Time/Zone/Olson.pm line 598.
Reference found where even-sized list expected at /home/sand/src/perl/repoperls/installed-perls/host/k93focal/v5.41.2/d119/lib/site_perl/5.41.2/Time/Zone/Olson.pm line 598.
Reference found where even-sized list expected at /home/sand/src/perl/repoperls/installed-perls/host/k93focal/v5.41.2/d119/lib/site_perl/5.41.2/Time/Zone/Olson.pm line 598.
Reference found where even-sized list expected at /home/sand/src/perl/repoperls/installed-perls/host/k93focal/v5.41.2/d119/lib/site_perl/5.41.2/Time/Zone/Olson.pm line 598.
Reference found where even-sized list expected at /home/sand/src/perl/repoperls/installed-perls/host/k93focal/v5.41.2/d119/lib/site_perl/5.41.2/Time/Zone/Olson.pm line 598.
Reference found where even-sized list expected at /home/sand/src/perl/repoperls/installed-perls/host/k93focal/v5.41.2/d119/lib/site_perl/5.41.2/Time/Zone/Olson.pm line 598.
Reference found where even-sized list expected at /home/sand/src/perl/repoperls/installed-perls/host/k93focal/v5.41.2/d119/lib/site_perl/5.41.2/Time/Zone/Olson.pm line 598.
Reference found where even-sized list expected at /home/sand/src/perl/repoperls/installed-perls/host/k93focal/v5.41.2/d119/lib/site_perl/5.41.2/Time/Zone/Olson.pm line 598.
Reference found where even-sized list expected at /home/sand/src/perl/repoperls/installed-perls/host/k93focal/v5.41.2/d119/lib/site_perl/5.41.2/Time/Zone/Olson.pm line 598.
Reference found where even-sized list expected at /home/sand/src/perl/repoperls/installed-perls/host/k93focal/v5.41.2/d119/lib/site_perl/5.41.2/Time/Zone/Olson.pm line 598.
Reference found where even-sized list expected at /home/sand/src/perl/repoperls/installed-perls/host/k93focal/v5.41.2/d119/lib/site_perl/5.41.2/Time/Zone/Olson.pm line 598.
Reference found where even-sized list expected at /home/sand/src/perl/repoperls/installed-perls/host/k93focal/v5.41.2/d119/lib/site_perl/5.41.2/Time/Zone/Olson.pm line 598.
Reference found where even-sized list expected at /home/sand/src/perl/repoperls/installed-perls/host/k93focal/v5.41.2/d119/lib/site_perl/5.41.2/Time/Zone/Olson.pm line 598.
Reference found where even-sized list expected at /home/sand/src/perl/repoperls/installed-perls/host/k93focal/v5.41.2/d119/lib/site_perl/5.41.2/Time/Zone/Olson.pm line 598.
Reference found where even-sized list expected at /home/sand/src/perl/repoperls/installed-perls/host/k93focal/v5.41.2/d119/lib/site_perl/5.41.2/Time/Zone/Olson.pm line 598.
Reference found where even-sized list expected at /home/sand/src/perl/repoperls/installed-perls/host/k93focal/v5.41.2/d119/lib/site_perl/5.41.2/Time/Zone/Olson.pm line 598.
Reference found where even-sized list expected at /home/sand/src/perl/repoperls/installed-perls/host/k93focal/v5.41.2/d119/lib/site_perl/5.41.2/Time/Zone/Olson.pm line 598.
Reference found where even-sized list expected at /home/sand/src/perl/repoperls/installed-perls/host/k93focal/v5.41.2/d119/lib/site_perl/5.41.2/Time/Zone/Olson.pm line 598.
Reference found where even-sized list expected at /home/sand/src/perl/repoperls/installed-perls/host/k93focal/v5.41.2/d119/lib/site_perl/5.41.2/Time/Zone/Olson.pm line 598.
Reference found where even-sized list expected at /home/sand/src/perl/repoperls/installed-perls/host/k93focal/v5.41.2/d119/lib/site_perl/5.41.2/Time/Zone/Olson.pm line 598.
Reference found where even-sized list expected at /home/sand/src/perl/repoperls/installed-perls/host/k93focal/v5.41.2/d119/lib/site_perl/5.41.2/Time/Zone/Olson.pm line 598.
Reference found where even-sized list expected at /home/sand/src/perl/repoperls/installed-perls/host/k93focal/v5.41.2/d119/lib/site_perl/5.41.2/Time/Zone/Olson.pm line 598.
Reference found where even-sized list expected at /home/sand/src/perl/repoperls/installed-perls/host/k93focal/v5.41.2/d119/lib/site_perl/5.41.2/Time/Zone/Olson.pm line 598.
Reference found where even-sized list expected at /home/sand/src/perl/repoperls/installed-perls/host/k93focal/v5.41.2/d119/lib/site_perl/5.41.2/Time/Zone/Olson.pm line 598.
Reference found where even-sized list expected at /home/sand/src/perl/repoperls/installed-perls/host/k93focal/v5.41.2/d119/lib/site_perl/5.41.2/Time/Zone/Olson.pm line 598.
Reference found where even-sized list expected at /home/sand/src/perl/repoperls/installed-perls/host/k93focal/v5.41.2/d119/lib/site_perl/5.41.2/Time/Zone/Olson.pm line 598.
Reference found where even-sized list expected at /home/sand/src/perl/repoperls/installed-perls/host/k93focal/v5.41.2/d119/lib/site_perl/5.41.2/Time/Zone/Olson.pm line 598.
Reference found where even-sized list expected at /home/sand/src/perl/repoperls/installed-perls/host/k93focal/v5.41.2/d119/lib/site_perl/5.41.2/Time/Zone/Olson.pm line 598.
Reference found where even-sized list expected at /home/sand/src/perl/repoperls/installed-perls/host/k93focal/v5.41.2/d119/lib/site_perl/5.41.2/Time/Zone/Olson.pm line 598.
Reference found where even-sized list expected at /home/sand/src/perl/repoperls/installed-perls/host/k93focal/v5.41.2/d119/lib/site_perl/5.41.2/Time/Zone/Olson.pm line 598.
Reference found where even-sized list expected at /home/sand/src/perl/repoperls/installed-perls/host/k93focal/v5.41.2/d119/lib/site_perl/5.41.2/Time/Zone/Olson.pm line 598.
Reference found where even-sized list expected at /home/sand/src/perl/repoperls/installed-perls/host/k93focal/v5.41.2/d119/lib/site_perl/5.41.2/Time/Zone/Olson.pm line 598.
Reference found where even-sized list expected at /home/sand/src/perl/repoperls/installed-perls/host/k93focal/v5.41.2/d119/lib/site_perl/5.41.2/Time/Zone/Olson.pm line 598.
Reference found where even-sized list expected at /home/sand/src/perl/repoperls/installed-perls/host/k93focal/v5.41.2/d119/lib/site_perl/5.41.2/Time/Zone/Olson.pm line 598.
Reference found where even-sized list expected at /home/sand/src/perl/repoperls/installed-perls/host/k93focal/v5.41.2/d119/lib/site_perl/5.41.2/Time/Zone/Olson.pm line 598.
Reference found where even-sized list expected at /home/sand/src/perl/repoperls/installed-perls/host/k93focal/v5.41.2/d119/lib/site_perl/5.41.2/Time/Zone/Olson.pm line 598.
Reference found where even-sized list expected at /home/sand/src/perl/repoperls/installed-perls/host/k93focal/v5.41.2/d119/lib/site_perl/5.41.2/Time/Zone/Olson.pm line 598.
Reference found where even-sized list expected at /home/sand/src/perl/repoperls/installed-perls/host/k93focal/v5.41.2/d119/lib/site_perl/5.41.2/Time/Zone/Olson.pm line 598.
Reference found where even-sized list expected at /home/sand/src/perl/repoperls/installed-perls/host/k93focal/v5.41.2/d119/lib/site_perl/5.41.2/Time/Zone/Olson.pm line 598.
Reference found where even-sized list expected at /home/sand/src/perl/repoperls/installed-perls/host/k93focal/v5.41.2/d119/lib/site_perl/5.41.2/Time/Zone/Olson.pm line 598.
Reference found where even-sized list expected at /home/sand/src/perl/repoperls/installed-perls/host/k93focal/v5.41.2/d119/lib/site_perl/5.41.2/Time/Zone/Olson.pm line 598.
Reference found where even-sized list expected at /home/sand/src/perl/repoperls/installed-perls/host/k93focal/v5.41.2/d119/lib/site_perl/5.41.2/Time/Zone/Olson.pm line 598.
Reference found where even-sized list expected at /home/sand/src/perl/repoperls/installed-perls/host/k93focal/v5.41.2/d119/lib/site_perl/5.41.2/Time/Zone/Olson.pm line 598.
Reference found where even-sized list expected at /home/sand/src/perl/repoperls/installed-perls/host/k93focal/v5.41.2/d119/lib/site_perl/5.41.2/Time/Zone/Olson.pm line 598.
Reference found where even-sized list expected at /home/sand/src/perl/repoperls/installed-perls/host/k93focal/v5.41.2/d119/lib/site_perl/5.41.2/Time/Zone/Olson.pm line 598.
Reference found where even-sized list expected at /home/sand/src/perl/repoperls/installed-perls/host/k93focal/v5.41.2/d119/lib/site_perl/5.41.2/Time/Zone/Olson.pm line 598.
Reference found where even-sized list expected at /home/sand/src/perl/repoperls/installed-perls/host/k93focal/v5.41.2/d119/lib/site_perl/5.41.2/Time/Zone/Olson.pm line 598.
Reference found where even-sized list expected at /home/sand/src/perl/repoperls/installed-perls/host/k93focal/v5.41.2/d119/lib/site_perl/5.41.2/Time/Zone/Olson.pm line 598.
Reference found where even-sized list expected at /home/sand/src/perl/repoperls/installed-perls/host/k93focal/v5.41.2/d119/lib/site_perl/5.41.2/Time/Zone/Olson.pm line 598.
Reference found where even-sized list expected at /home/sand/src/perl/repoperls/installed-perls/host/k93focal/v5.41.2/d119/lib/site_perl/5.41.2/Time/Zone/Olson.pm line 598.
Reference found where even-sized list expected at /home/sand/src/perl/repoperls/installed-perls/host/k93focal/v5.41.2/d119/lib/site_perl/5.41.2/Time/Zone/Olson.pm line 598.
Reference found where even-sized list expected at /home/sand/src/perl/repoperls/installed-perls/host/k93focal/v5.41.2/d119/lib/site_perl/5.41.2/Time/Zone/Olson.pm line 598.
Reference found where even-sized list expected at /home/sand/src/perl/repoperls/installed-perls/host/k93focal/v5.41.2/d119/lib/site_perl/5.41.2/Time/Zone/Olson.pm line 598.
Reference found where even-sized list expected at /home/sand/src/perl/repoperls/installed-perls/host/k93focal/v5.41.2/d119/lib/site_perl/5.41.2/Time/Zone/Olson.pm line 598.
Reference found where even-sized list expected at /home/sand/src/perl/repoperls/installed-perls/host/k93focal/v5.41.2/d119/lib/site_perl/5.41.2/Time/Zone/Olson.pm line 598.
Reference found where even-sized list expected at /home/sand/src/perl/repoperls/installed-perls/host/k93focal/v5.41.2/d119/lib/site_perl/5.41.2/Time/Zone/Olson.pm line 598.
Reference found where even-sized list expected at /home/sand/src/perl/repoperls/installed-perls/host/k93focal/v5.41.2/d119/lib/site_perl/5.41.2/Time/Zone/Olson.pm line 598.
Reference found where even-sized list expected at /home/sand/src/perl/repoperls/installed-perls/host/k93focal/v5.41.2/d119/lib/site_perl/5.41.2/Time/Zone/Olson.pm line 598.
Reference found where even-sized list expected at /home/sand/src/perl/repoperls/installed-perls/host/k93focal/v5.41.2/d119/lib/site_perl/5.41.2/Time/Zone/Olson.pm line 598.
Reference found where even-sized list expected at /home/sand/src/perl/repoperls/installed-perls/host/k93focal/v5.41.2/d119/lib/site_perl/5.41.2/Time/Zone/Olson.pm line 598.
Reference found where even-sized list expected at /home/sand/src/perl/repoperls/installed-perls/host/k93focal/v5.41.2/d119/lib/site_perl/5.41.2/Time/Zone/Olson.pm line 598.
Reference found where even-sized list expected at /home/sand/src/perl/repoperls/installed-perls/host/k93focal/v5.41.2/d119/lib/site_perl/5.41.2/Time/Zone/Olson.pm line 598.
Reference found where even-sized list expected at /home/sand/src/perl/repoperls/installed-perls/host/k93focal/v5.41.2/d119/lib/site_perl/5.41.2/Time/Zone/Olson.pm line 598.
Reference found where even-sized list expected at /home/sand/src/perl/repoperls/installed-perls/host/k93focal/v5.41.2/d119/lib/site_perl/5.41.2/Time/Zone/Olson.pm line 598.
Reference found where even-sized list expected at /home/sand/src/perl/repoperls/installed-perls/host/k93focal/v5.41.2/d119/lib/site_perl/5.41.2/Time/Zone/Olson.pm line 598.
Reference found where even-sized list expected at /home/sand/src/perl/repoperls/installed-perls/host/k93focal/v5.41.2/d119/lib/site_perl/5.41.2/Time/Zone/Olson.pm line 598.
Reference found where even-sized list expected at /home/sand/src/perl/repoperls/installed-perls/host/k93focal/v5.41.2/d119/lib/site_perl/5.41.2/Time/Zone/Olson.pm line 598.
Reference found where even-sized list expected at /home/sand/src/perl/repoperls/installed-perls/host/k93focal/v5.41.2/d119/lib/site_perl/5.41.2/Time/Zone/Olson.pm line 598.
Reference found where even-sized list expected at /home/sand/src/perl/repoperls/installed-perls/host/k93focal/v5.41.2/d119/lib/site_perl/5.41.2/Time/Zone/Olson.pm line 598.
Reference found where even-sized list expected at /home/sand/src/perl/repoperls/installed-perls/host/k93focal/v5.41.2/d119/lib/site_perl/5.41.2/Time/Zone/Olson.pm line 598.
Reference found where even-sized list expected at /home/sand/src/perl/repoperls/installed-perls/host/k93focal/v5.41.2/d119/lib/site_perl/5.41.2/Time/Zone/Olson.pm line 598.
Reference found where even-sized list expected at /home/sand/src/perl/repoperls/installed-perls/host/k93focal/v5.41.2/d119/lib/site_perl/5.41.2/Time/Zone/Olson.pm line 598.
Reference found where even-sized list expected at /home/sand/src/perl/repoperls/installed-perls/host/k93focal/v5.41.2/d119/lib/site_perl/5.41.2/Time/Zone/Olson.pm line 598.
Reference found where even-sized list expected at /home/sand/src/perl/repoperls/installed-perls/host/k93focal/v5.41.2/d119/lib/site_perl/5.41.2/Time/Zone/Olson.pm line 598.
Reference found where even-sized list expected at /home/sand/src/perl/repoperls/installed-perls/host/k93focal/v5.41.2/d119/lib/site_perl/5.41.2/Time/Zone/Olson.pm line 598.
Reference found where even-sized list expected at /home/sand/src/perl/repoperls/installed-perls/host/k93focal/v5.41.2/d119/lib/site_perl/5.41.2/Time/Zone/Olson.pm line 598.
Reference found where even-sized list expected at /home/sand/src/perl/repoperls/installed-perls/host/k93focal/v5.41.2/d119/lib/site_perl/5.41.2/Time/Zone/Olson.pm line 598.
Reference found where even-sized list expected at /home/sand/src/perl/repoperls/installed-perls/host/k93focal/v5.41.2/d119/lib/site_perl/5.41.2/Time/Zone/Olson.pm line 598.
Reference found where even-sized list expected at /home/sand/src/perl/repoperls/installed-perls/host/k93focal/v5.41.2/d119/lib/site_perl/5.41.2/Time/Zone/Olson.pm line 598.
Reference found where even-sized list expected at /home/sand/src/perl/repoperls/installed-perls/host/k93focal/v5.41.2/d119/lib/site_perl/5.41.2/Time/Zone/Olson.pm line 598.
Reference found where even-sized list expected at /home/sand/src/perl/repoperls/installed-perls/host/k93focal/v5.41.2/d119/lib/site_perl/5.41.2/Time/Zone/Olson.pm line 598.
Reference found where even-sized list expected at /home/sand/src/perl/repoperls/installed-perls/host/k93focal/v5.41.2/d119/lib/site_perl/5.41.2/Time/Zone/Olson.pm line 598.
Reference found where even-sized list expected at /home/sand/src/perl/repoperls/installed-perls/host/k93focal/v5.41.2/d119/lib/site_perl/5.41.2/Time/Zone/Olson.pm line 598.
Reference found where even-sized list expected at /home/sand/src/perl/repoperls/installed-perls/host/k93focal/v5.41.2/d119/lib/site_perl/5.41.2/Time/Zone/Olson.pm line 598.
Reference found where even-sized list expected at /home/sand/src/perl/repoperls/installed-perls/host/k93focal/v5.41.2/d119/lib/site_perl/5.41.2/Time/Zone/Olson.pm line 598.
Reference found where even-sized list expected at /home/sand/src/perl/repoperls/installed-perls/host/k93focal/v5.41.2/d119/lib/site_perl/5.41.2/Time/Zone/Olson.pm line 598.
Reference found where even-sized list expected at /home/sand/src/perl/repoperls/installed-perls/host/k93focal/v5.41.2/d119/lib/site_perl/5.41.2/Time/Zone/Olson.pm line 598.
Reference found where even-sized list expected at /home/sand/src/perl/repoperls/installed-perls/host/k93focal/v5.41.2/d119/lib/site_perl/5.41.2/Time/Zone/Olson.pm line 598.
Reference found where even-sized list expected at /home/sand/src/perl/repoperls/installed-perls/host/k93focal/v5.41.2/d119/lib/site_perl/5.41.2/Time/Zone/Olson.pm line 598.
Reference found where even-sized list expected at /home/sand/src/perl/repoperls/installed-perls/host/k93focal/v5.41.2/d119/lib/site_perl/5.41.2/Time/Zone/Olson.pm line 598.
Reference found where even-sized list expected at /home/sand/src/perl/repoperls/installed-perls/host/k93focal/v5.41.2/d119/lib/site_perl/5.41.2/Time/Zone/Olson.pm line 598.
Reference found where even-sized list expected at /home/sand/src/perl/repoperls/installed-perls/host/k93focal/v5.41.2/d119/lib/site_perl/5.41.2/Time/Zone/Olson.pm line 598.
Reference found where even-sized list expected at /home/sand/src/perl/repoperls/installed-perls/host/k93focal/v5.41.2/d119/lib/site_perl/5.41.2/Time/Zone/Olson.pm line 598.
Reference found where even-sized list expected at /home/sand/src/perl/repoperls/installed-perls/host/k93focal/v5.41.2/d119/lib/site_perl/5.41.2/Time/Zone/Olson.pm line 598.
Reference found where even-sized list expected at /home/sand/src/perl/repoperls/installed-perls/host/k93focal/v5.41.2/d119/lib/site_perl/5.41.2/Time/Zone/Olson.pm line 598.
Reference found where even-sized list expected at /home/sand/src/perl/repoperls/installed-perls/host/k93focal/v5.41.2/d119/lib/site_perl/5.41.2/Time/Zone/Olson.pm line 598.
Reference found where even-sized list expected at /home/sand/src/perl/repoperls/installed-perls/host/k93focal/v5.41.2/d119/lib/site_perl/5.41.2/Time/Zone/Olson.pm line 598.
Reference found where even-sized list expected at /home/sand/src/perl/repoperls/installed-perls/host/k93focal/v5.41.2/d119/lib/site_perl/5.41.2/Time/Zone/Olson.pm line 598.
Reference found where even-sized list expected at /home/sand/src/perl/repoperls/installed-perls/host/k93focal/v5.41.2/d119/lib/site_perl/5.41.2/Time/Zone/Olson.pm line 598.
Reference found where even-sized list expected at /home/sand/src/perl/repoperls/installed-perls/host/k93focal/v5.41.2/d119/lib/site_perl/5.41.2/Time/Zone/Olson.pm line 598.
Reference found where even-sized list expected at /home/sand/src/perl/repoperls/installed-perls/host/k93focal/v5.41.2/d119/lib/site_perl/5.41.2/Time/Zone/Olson.pm line 598.
Reference found where even-sized list expected at /home/sand/src/perl/repoperls/installed-perls/host/k93focal/v5.41.2/d119/lib/site_perl/5.41.2/Time/Zone/Olson.pm line 598.
Reference found where even-sized list expected at /home/sand/src/perl/repoperls/installed-perls/host/k93focal/v5.41.2/d119/lib/site_perl/5.41.2/Time/Zone/Olson.pm line 598.
Reference found where even-sized list expected at /home/sand/src/perl/repoperls/installed-perls/host/k93focal/v5.41.2/d119/lib/site_perl/5.41.2/Time/Zone/Olson.pm line 598.
Reference found where even-sized list expected at /home/sand/src/perl/repoperls/installed-perls/host/k93focal/v5.41.2/d119/lib/site_perl/5.41.2/Time/Zone/Olson.pm line 598.
Reference found where even-sized list expected at /home/sand/src/perl/repoperls/installed-perls/host/k93focal/v5.41.2/d119/lib/site_perl/5.41.2/Time/Zone/Olson.pm line 598.
Reference found where even-sized list expected at /home/sand/src/perl/repoperls/installed-perls/host/k93focal/v5.41.2/d119/lib/site_perl/5.41.2/Time/Zone/Olson.pm line 598.
Reference found where even-sized list expected at /home/sand/src/perl/repoperls/installed-perls/host/k93focal/v5.41.2/d119/lib/site_perl/5.41.2/Time/Zone/Olson.pm line 598.
Reference found where even-sized list expected at /home/sand/src/perl/repoperls/installed-perls/host/k93focal/v5.41.2/d119/lib/site_perl/5.41.2/Time/Zone/Olson.pm line 598.
Reference found where even-sized list expected at /home/sand/src/perl/repoperls/installed-perls/host/k93focal/v5.41.2/d119/lib/site_perl/5.41.2/Time/Zone/Olson.pm line 598.
Reference found where even-sized list expected at /home/sand/src/perl/repoperls/installed-perls/host/k93focal/v5.41.2/d119/lib/site_perl/5.41.2/Time/Zone/Olson.pm line 598.
Reference found where even-sized list expected at /home/sand/src/perl/repoperls/installed-perls/host/k93focal/v5.41.2/d119/lib/site_perl/5.41.2/Time/Zone/Olson.pm line 598.
Reference found where even-sized list expected at /home/sand/src/perl/repoperls/installed-perls/host/k93focal/v5.41.2/d119/lib/site_perl/5.41.2/Time/Zone/Olson.pm line 598.
Reference found where even-sized list expected at /home/sand/src/perl/repoperls/installed-perls/host/k93focal/v5.41.2/d119/lib/site_perl/5.41.2/Time/Zone/Olson.pm line 598.
Reference found where even-sized list expected at /home/sand/src/perl/repoperls/installed-perls/host/k93focal/v5.41.2/d119/lib/site_perl/5.41.2/Time/Zone/Olson.pm line 598.
Reference found where even-sized list expected at /home/sand/src/perl/repoperls/installed-perls/host/k93focal/v5.41.2/d119/lib/site_perl/5.41.2/Time/Zone/Olson.pm line 598.
Reference found where even-sized list expected at /home/sand/src/perl/repoperls/installed-perls/host/k93focal/v5.41.2/d119/lib/site_perl/5.41.2/Time/Zone/Olson.pm line 598.
Reference found where even-sized list expected at /home/sand/src/perl/repoperls/installed-perls/host/k93focal/v5.41.2/d119/lib/site_perl/5.41.2/Time/Zone/Olson.pm line 598.
Reference found where even-sized list expected at /home/sand/src/perl/repoperls/installed-perls/host/k93focal/v5.41.2/d119/lib/site_perl/5.41.2/Time/Zone/Olson.pm line 598.
Reference found where even-sized list expected at /home/sand/src/perl/repoperls/installed-perls/host/k93focal/v5.41.2/d119/lib/site_perl/5.41.2/Time/Zone/Olson.pm line 598.
Reference found where even-sized list expected at /home/sand/src/perl/repoperls/installed-perls/host/k93focal/v5.41.2/d119/lib/site_perl/5.41.2/Time/Zone/Olson.pm line 598.
Reference found where even-sized list expected at /home/sand/src/perl/repoperls/installed-perls/host/k93focal/v5.41.2/d119/lib/site_perl/5.41.2/Time/Zone/Olson.pm line 598.
Reference found where even-sized list expected at /home/sand/src/perl/repoperls/installed-perls/host/k93focal/v5.41.2/d119/lib/site_perl/5.41.2/Time/Zone/Olson.pm line 598.
Reference found where even-sized list expected at /home/sand/src/perl/repoperls/installed-perls/host/k93focal/v5.41.2/d119/lib/site_perl/5.41.2/Time/Zone/Olson.pm line 598.
Reference found where even-sized list expected at /home/sand/src/perl/repoperls/installed-perls/host/k93focal/v5.41.2/d119/lib/site_perl/5.41.2/Time/Zone/Olson.pm line 598.
Reference found where even-sized list expected at /home/sand/src/perl/repoperls/installed-perls/host/k93focal/v5.41.2/d119/lib/site_perl/5.41.2/Time/Zone/Olson.pm line 598.
Reference found where even-sized list expected at /home/sand/src/perl/repoperls/installed-perls/host/k93focal/v5.41.2/d119/lib/site_perl/5.41.2/Time/Zone/Olson.pm line 598.
t/07-week.t ............ ok
Reference found where even-sized list expected at /home/sand/src/perl/repoperls/installed-perls/host/k93focal/v5.41.2/d119/lib/site_perl/5.41.2/Time/Zone/Olson.pm line 598.
Reference found where even-sized list expected at /home/sand/src/perl/repoperls/installed-perls/host/k93focal/v5.41.2/d119/lib/site_perl/5.41.2/Time/Zone/Olson.pm line 598.
Reference found where even-sized list expected at /home/sand/src/perl/repoperls/installed-perls/host/k93focal/v5.41.2/d119/lib/site_perl/5.41.2/Time/Zone/Olson.pm line 598.
Reference found where even-sized list expected at /home/sand/src/perl/repoperls/installed-perls/host/k93focal/v5.41.2/d119/lib/site_perl/5.41.2/Time/Zone/Olson.pm line 598.
Reference found where even-sized list expected at /home/sand/src/perl/repoperls/installed-perls/host/k93focal/v5.41.2/d119/lib/site_perl/5.41.2/Time/Zone/Olson.pm line 598.
Reference found where even-sized list expected at /home/sand/src/perl/repoperls/installed-perls/host/k93focal/v5.41.2/d119/lib/site_perl/5.41.2/Time/Zone/Olson.pm line 598.
Reference found where even-sized list expected at /home/sand/src/perl/repoperls/installed-perls/host/k93focal/v5.41.2/d119/lib/site_perl/5.41.2/Time/Zone/Olson.pm line 598.
t/08-definedness.t ..... ok
Reference found where even-sized list expected at /home/sand/src/perl/repoperls/installed-perls/host/k93focal/v5.41.2/d119/lib/site_perl/5.41.2/Time/Zone/Olson.pm line 598.
Reference found where even-sized list expected at /home/sand/src/perl/repoperls/installed-perls/host/k93focal/v5.41.2/d119/lib/site_perl/5.41.2/Time/Zone/Olson.pm line 598.
Reference found where even-sized list expected at /home/sand/src/perl/repoperls/installed-perls/host/k93focal/v5.41.2/d119/lib/site_perl/5.41.2/Time/Zone/Olson.pm line 598.
Reference found where even-sized list expected at /home/sand/src/perl/repoperls/installed-perls/host/k93focal/v5.41.2/d119/lib/site_perl/5.41.2/Time/Zone/Olson.pm line 598.
Reference found where even-sized list expected at /home/sand/src/perl/repoperls/installed-perls/host/k93focal/v5.41.2/d119/lib/site_perl/5.41.2/Time/Zone/Olson.pm line 598.
Reference found where even-sized list expected at /home/sand/src/perl/repoperls/installed-perls/host/k93focal/v5.41.2/d119/lib/site_perl/5.41.2/Time/Zone/Olson.pm line 598.
Reference found where even-sized list expected at /home/sand/src/perl/repoperls/installed-perls/host/k93focal/v5.41.2/d119/lib/site_perl/5.41.2/Time/Zone/Olson.pm line 598.
Reference found where even-sized list expected at /home/sand/src/perl/repoperls/installed-perls/host/k93focal/v5.41.2/d119/lib/site_perl/5.41.2/Time/Zone/Olson.pm line 598.
Reference found where even-sized list expected at /home/sand/src/perl/repoperls/installed-perls/host/k93focal/v5.41.2/d119/lib/site_perl/5.41.2/Time/Zone/Olson.pm line 598.
Reference found where even-sized list expected at /home/sand/src/perl/repoperls/installed-perls/host/k93focal/v5.41.2/d119/lib/site_perl/5.41.2/Time/Zone/Olson.pm line 598.
Reference found where even-sized list expected at /home/sand/src/perl/repoperls/installed-perls/host/k93focal/v5.41.2/d119/lib/site_perl/5.41.2/Time/Zone/Olson.pm line 598.
Reference found where even-sized list expected at /home/sand/src/perl/repoperls/installed-perls/host/k93focal/v5.41.2/d119/lib/site_perl/5.41.2/Time/Zone/Olson.pm line 598.
Reference found where even-sized list expected at /home/sand/src/perl/repoperls/installed-perls/host/k93focal/v5.41.2/d119/lib/site_perl/5.41.2/Time/Zone/Olson.pm line 598.
Reference found where even-sized list expected at /home/sand/src/perl/repoperls/installed-perls/host/k93focal/v5.41.2/d119/lib/site_perl/5.41.2/Time/Zone/Olson.pm line 598.
Reference found where even-sized list expected at /home/sand/src/perl/repoperls/installed-perls/host/k93focal/v5.41.2/d119/lib/site_perl/5.41.2/Time/Zone/Olson.pm line 598.
Reference found where even-sized list expected at /home/sand/src/perl/repoperls/installed-perls/host/k93focal/v5.41.2/d119/lib/site_perl/5.41.2/Time/Zone/Olson.pm line 598.
Reference found where even-sized list expected at /home/sand/src/perl/repoperls/installed-perls/host/k93focal/v5.41.2/d119/lib/site_perl/5.41.2/Time/Zone/Olson.pm line 598.
Reference found where even-sized list expected at /home/sand/src/perl/repoperls/installed-perls/host/k93focal/v5.41.2/d119/lib/site_perl/5.41.2/Time/Zone/Olson.pm line 598.
Reference found where even-sized list expected at /home/sand/src/perl/repoperls/installed-perls/host/k93focal/v5.41.2/d119/lib/site_perl/5.41.2/Time/Zone/Olson.pm line 598.
Reference found where even-sized list expected at /home/sand/src/perl/repoperls/installed-perls/host/k93focal/v5.41.2/d119/lib/site_perl/5.41.2/Time/Zone/Olson.pm line 598.
Reference found where even-sized list expected at /home/sand/src/perl/repoperls/installed-perls/host/k93focal/v5.41.2/d119/lib/site_perl/5.41.2/Time/Zone/Olson.pm line 598.
Reference found where even-sized list expected at /home/sand/src/perl/repoperls/installed-perls/host/k93focal/v5.41.2/d119/lib/site_perl/5.41.2/Time/Zone/Olson.pm line 598.
t/09-strptime.t ........ ok
Reference found where even-sized list expected at /home/sand/src/perl/repoperls/installed-perls/host/k93focal/v5.41.2/d119/lib/site_perl/5.41.2/Time/Zone/Olson.pm line 598.
Reference found where even-sized list expected at /home/sand/src/perl/repoperls/installed-perls/host/k93focal/v5.41.2/d119/lib/site_perl/5.41.2/Time/Zone/Olson.pm line 598.
Reference found where even-sized list expected at /home/sand/src/perl/repoperls/installed-perls/host/k93focal/v5.41.2/d119/lib/site_perl/5.41.2/Time/Zone/Olson.pm line 598.
Reference found where even-sized list expected at /home/sand/src/perl/repoperls/installed-perls/host/k93focal/v5.41.2/d119/lib/site_perl/5.41.2/Time/Zone/Olson.pm line 598.
Reference found where even-sized list expected at /home/sand/src/perl/repoperls/installed-perls/host/k93focal/v5.41.2/d119/lib/site_perl/5.41.2/Time/Zone/Olson.pm line 598.
Reference found where even-sized list expected at /home/sand/src/perl/repoperls/installed-perls/host/k93focal/v5.41.2/d119/lib/site_perl/5.41.2/Time/Zone/Olson.pm line 598.
Reference found where even-sized list expected at /home/sand/src/perl/repoperls/installed-perls/host/k93focal/v5.41.2/d119/lib/site_perl/5.41.2/Time/Zone/Olson.pm line 598.
Reference found where even-sized list expected at /home/sand/src/perl/repoperls/installed-perls/host/k93focal/v5.41.2/d119/lib/site_perl/5.41.2/Time/Zone/Olson.pm line 598.
Reference found where even-sized list expected at /home/sand/src/perl/repoperls/installed-perls/host/k93focal/v5.41.2/d119/lib/site_perl/5.41.2/Time/Zone/Olson.pm line 598.
Reference found where even-sized list expected at /home/sand/src/perl/repoperls/installed-perls/host/k93focal/v5.41.2/d119/lib/site_perl/5.41.2/Time/Zone/Olson.pm line 598.

#   Failed test '->new(2016,3,26,4,51,38,"Europe/Stockholm") constructor gave correct epoch'
#   at t/10-constructors.t line 56.
#          got: '1458967898'
#     expected: '1458964298'
Reference found where even-sized list expected at /home/sand/src/perl/repoperls/installed-perls/host/k93focal/v5.41.2/d119/lib/site_perl/5.41.2/Time/Zone/Olson.pm line 598.
Reference found where even-sized list expected at /home/sand/src/perl/repoperls/installed-perls/host/k93focal/v5.41.2/d119/lib/site_perl/5.41.2/Time/Zone/Olson.pm line 598.
Reference found where even-sized list expected at /home/sand/src/perl/repoperls/installed-perls/host/k93focal/v5.41.2/d119/lib/site_perl/5.41.2/Time/Zone/Olson.pm line 598.

#   Failed test '->new(2016,3,27,4,51,38,"Europe/Stockholm") constructor gave correct epoch'
#   at t/10-constructors.t line 58.
#          got: '1459054298'
#     expected: '1459047098'
Reference found where even-sized list expected at /home/sand/src/perl/repoperls/installed-perls/host/k93focal/v5.41.2/d119/lib/site_perl/5.41.2/Time/Zone/Olson.pm line 598.
Reference found where even-sized list expected at /home/sand/src/perl/repoperls/installed-perls/host/k93focal/v5.41.2/d119/lib/site_perl/5.41.2/Time/Zone/Olson.pm line 598.
Reference found where even-sized list expected at /home/sand/src/perl/repoperls/installed-perls/host/k93focal/v5.41.2/d119/lib/site_perl/5.41.2/Time/Zone/Olson.pm line 598.
Reference found where even-sized list expected at /home/sand/src/perl/repoperls/installed-perls/host/k93focal/v5.41.2/d119/lib/site_perl/5.41.2/Time/Zone/Olson.pm line 598.
Reference found where even-sized list expected at /home/sand/src/perl/repoperls/installed-perls/host/k93focal/v5.41.2/d119/lib/site_perl/5.41.2/Time/Zone/Olson.pm line 598.
Reference found where even-sized list expected at /home/sand/src/perl/repoperls/installed-perls/host/k93focal/v5.41.2/d119/lib/site_perl/5.41.2/Time/Zone/Olson.pm line 598.
Reference found where even-sized list expected at /home/sand/src/perl/repoperls/installed-perls/host/k93focal/v5.41.2/d119/lib/site_perl/5.41.2/Time/Zone/Olson.pm line 598.
Reference found where even-sized list expected at /home/sand/src/perl/repoperls/installed-perls/host/k93focal/v5.41.2/d119/lib/site_perl/5.41.2/Time/Zone/Olson.pm line 598.
Reference found where even-sized list expected at /home/sand/src/perl/repoperls/installed-perls/host/k93focal/v5.41.2/d119/lib/site_perl/5.41.2/Time/Zone/Olson.pm line 598.
Reference found where even-sized list expected at /home/sand/src/perl/repoperls/installed-perls/host/k93focal/v5.41.2/d119/lib/site_perl/5.41.2/Time/Zone/Olson.pm line 598.
Reference found where even-sized list expected at /home/sand/src/perl/repoperls/installed-perls/host/k93focal/v5.41.2/d119/lib/site_perl/5.41.2/Time/Zone/Olson.pm line 598.
Reference found where even-sized list expected at /home/sand/src/perl/repoperls/installed-perls/host/k93focal/v5.41.2/d119/lib/site_perl/5.41.2/Time/Zone/Olson.pm line 598.
Reference found where even-sized list expected at /home/sand/src/perl/repoperls/installed-perls/host/k93focal/v5.41.2/d119/lib/site_perl/5.41.2/Time/Zone/Olson.pm line 598.
Reference found where even-sized list expected at /home/sand/src/perl/repoperls/installed-perls/host/k93focal/v5.41.2/d119/lib/site_perl/5.41.2/Time/Zone/Olson.pm line 598.
Reference found where even-sized list expected at /home/sand/src/perl/repoperls/installed-perls/host/k93focal/v5.41.2/d119/lib/site_perl/5.41.2/Time/Zone/Olson.pm line 598.
Reference found where even-sized list expected at /home/sand/src/perl/repoperls/installed-perls/host/k93focal/v5.41.2/d119/lib/site_perl/5.41.2/Time/Zone/Olson.pm line 598.
Reference found where even-sized list expected at /home/sand/src/perl/repoperls/installed-perls/host/k93focal/v5.41.2/d119/lib/site_perl/5.41.2/Time/Zone/Olson.pm line 598.
Reference found where even-sized list expected at /home/sand/src/perl/repoperls/installed-perls/host/k93focal/v5.41.2/d119/lib/site_perl/5.41.2/Time/Zone/Olson.pm line 598.
Reference found where even-sized list expected at /home/sand/src/perl/repoperls/installed-perls/host/k93focal/v5.41.2/d119/lib/site_perl/5.41.2/Time/Zone/Olson.pm line 598.
Reference found where even-sized list expected at /home/sand/src/perl/repoperls/installed-perls/host/k93focal/v5.41.2/d119/lib/site_perl/5.41.2/Time/Zone/Olson.pm line 598.
Reference found where even-sized list expected at /home/sand/src/perl/repoperls/installed-perls/host/k93focal/v5.41.2/d119/lib/site_perl/5.41.2/Time/Zone/Olson.pm line 598.
Reference found where even-sized list expected at /home/sand/src/perl/repoperls/installed-perls/host/k93focal/v5.41.2/d119/lib/site_perl/5.41.2/Time/Zone/Olson.pm line 598.
Reference found where even-sized list expected at /home/sand/src/perl/repoperls/installed-perls/host/k93focal/v5.41.2/d119/lib/site_perl/5.41.2/Time/Zone/Olson.pm line 598.
Reference found where even-sized list expected at /home/sand/src/perl/repoperls/installed-perls/host/k93focal/v5.41.2/d119/lib/site_perl/5.41.2/Time/Zone/Olson.pm line 598.
Reference found where even-sized list expected at /home/sand/src/perl/repoperls/installed-perls/host/k93focal/v5.41.2/d119/lib/site_perl/5.41.2/Time/Zone/Olson.pm line 598.
Reference found where even-sized list expected at /home/sand/src/perl/repoperls/installed-perls/host/k93focal/v5.41.2/d119/lib/site_perl/5.41.2/Time/Zone/Olson.pm line 598.
Reference found where even-sized list expected at /home/sand/src/perl/repoperls/installed-perls/host/k93focal/v5.41.2/d119/lib/site_perl/5.41.2/Time/Zone/Olson.pm line 598.
Reference found where even-sized list expected at /home/sand/src/perl/repoperls/installed-perls/host/k93focal/v5.41.2/d119/lib/site_perl/5.41.2/Time/Zone/Olson.pm line 598.
Reference found where even-sized list expected at /home/sand/src/perl/repoperls/installed-perls/host/k93focal/v5.41.2/d119/lib/site_perl/5.41.2/Time/Zone/Olson.pm line 598.
Reference found where even-sized list expected at /home/sand/src/perl/repoperls/installed-perls/host/k93focal/v5.41.2/d119/lib/site_perl/5.41.2/Time/Zone/Olson.pm line 598.
Reference found where even-sized list expected at /home/sand/src/perl/repoperls/installed-perls/host/k93focal/v5.41.2/d119/lib/site_perl/5.41.2/Time/Zone/Olson.pm line 598.
Reference found where even-sized list expected at /home/sand/src/perl/repoperls/installed-perls/host/k93focal/v5.41.2/d119/lib/site_perl/5.41.2/Time/Zone/Olson.pm line 598.
Reference found where even-sized list expected at /home/sand/src/perl/repoperls/installed-perls/host/k93focal/v5.41.2/d119/lib/site_perl/5.41.2/Time/Zone/Olson.pm line 598.
Reference found where even-sized list expected at /home/sand/src/perl/repoperls/installed-perls/host/k93focal/v5.41.2/d119/lib/site_perl/5.41.2/Time/Zone/Olson.pm line 598.
Reference found where even-sized list expected at /home/sand/src/perl/repoperls/installed-perls/host/k93focal/v5.41.2/d119/lib/site_perl/5.41.2/Time/Zone/Olson.pm line 598.
Reference found where even-sized list expected at /home/sand/src/perl/repoperls/installed-perls/host/k93focal/v5.41.2/d119/lib/site_perl/5.41.2/Time/Zone/Olson.pm line 598.
Reference found where even-sized list expected at /home/sand/src/perl/repoperls/installed-perls/host/k93focal/v5.41.2/d119/lib/site_perl/5.41.2/Time/Zone/Olson.pm line 598.
Reference found where even-sized list expected at /home/sand/src/perl/repoperls/installed-perls/host/k93focal/v5.41.2/d119/lib/site_perl/5.41.2/Time/Zone/Olson.pm line 598.
Reference found where even-sized list expected at /home/sand/src/perl/repoperls/installed-perls/host/k93focal/v5.41.2/d119/lib/site_perl/5.41.2/Time/Zone/Olson.pm line 598.
Reference found where even-sized list expected at /home/sand/src/perl/repoperls/installed-perls/host/k93focal/v5.41.2/d119/lib/site_perl/5.41.2/Time/Zone/Olson.pm line 598.
Reference found where even-sized list expected at /home/sand/src/perl/repoperls/installed-perls/host/k93focal/v5.41.2/d119/lib/site_perl/5.41.2/Time/Zone/Olson.pm line 598.
Reference found where even-sized list expected at /home/sand/src/perl/repoperls/installed-perls/host/k93focal/v5.41.2/d119/lib/site_perl/5.41.2/Time/Zone/Olson.pm line 598.
Reference found where even-sized list expected at /home/sand/src/perl/repoperls/installed-perls/host/k93focal/v5.41.2/d119/lib/site_perl/5.41.2/Time/Zone/Olson.pm line 598.
Reference found where even-sized list expected at /home/sand/src/perl/repoperls/installed-perls/host/k93focal/v5.41.2/d119/lib/site_perl/5.41.2/Time/Zone/Olson.pm line 598.
Reference found where even-sized list expected at /home/sand/src/perl/repoperls/installed-perls/host/k93focal/v5.41.2/d119/lib/site_perl/5.41.2/Time/Zone/Olson.pm line 598.
Reference found where even-sized list expected at /home/sand/src/perl/repoperls/installed-perls/host/k93focal/v5.41.2/d119/lib/site_perl/5.41.2/Time/Zone/Olson.pm line 598.
Reference found where even-sized list expected at /home/sand/src/perl/repoperls/installed-perls/host/k93focal/v5.41.2/d119/lib/site_perl/5.41.2/Time/Zone/Olson.pm line 598.
Reference found where even-sized list expected at /home/sand/src/perl/repoperls/installed-perls/host/k93focal/v5.41.2/d119/lib/site_perl/5.41.2/Time/Zone/Olson.pm line 598.
Reference found where even-sized list expected at /home/sand/src/perl/repoperls/installed-perls/host/k93focal/v5.41.2/d119/lib/site_perl/5.41.2/Time/Zone/Olson.pm line 598.
Reference found where even-sized list expected at /home/sand/src/perl/repoperls/installed-perls/host/k93focal/v5.41.2/d119/lib/site_perl/5.41.2/Time/Zone/Olson.pm line 598.
Reference found where even-sized list expected at /home/sand/src/perl/repoperls/installed-perls/host/k93focal/v5.41.2/d119/lib/site_perl/5.41.2/Time/Zone/Olson.pm line 598.
Reference found where even-sized list expected at /home/sand/src/perl/repoperls/installed-perls/host/k93focal/v5.41.2/d119/lib/site_perl/5.41.2/Time/Zone/Olson.pm line 598.
Reference found where even-sized list expected at /home/sand/src/perl/repoperls/installed-perls/host/k93focal/v5.41.2/d119/lib/site_perl/5.41.2/Time/Zone/Olson.pm line 598.
Reference found where even-sized list expected at /home/sand/src/perl/repoperls/installed-perls/host/k93focal/v5.41.2/d119/lib/site_perl/5.41.2/Time/Zone/Olson.pm line 598.
Reference found where even-sized list expected at /home/sand/src/perl/repoperls/installed-perls/host/k93focal/v5.41.2/d119/lib/site_perl/5.41.2/Time/Zone/Olson.pm line 598.
Reference found where even-sized list expected at /home/sand/src/perl/repoperls/installed-perls/host/k93focal/v5.41.2/d119/lib/site_perl/5.41.2/Time/Zone/Olson.pm line 598.
Reference found where even-sized list expected at /home/sand/src/perl/repoperls/installed-perls/host/k93focal/v5.41.2/d119/lib/site_perl/5.41.2/Time/Zone/Olson.pm line 598.
Reference found where even-sized list expected at /home/sand/src/perl/repoperls/installed-perls/host/k93focal/v5.41.2/d119/lib/site_perl/5.41.2/Time/Zone/Olson.pm line 598.
Reference found where even-sized list expected at /home/sand/src/perl/repoperls/installed-perls/host/k93focal/v5.41.2/d119/lib/site_perl/5.41.2/Time/Zone/Olson.pm line 598.
Reference found where even-sized list expected at /home/sand/src/perl/repoperls/installed-perls/host/k93focal/v5.41.2/d119/lib/site_perl/5.41.2/Time/Zone/Olson.pm line 598.
Reference found where even-sized list expected at /home/sand/src/perl/repoperls/installed-perls/host/k93focal/v5.41.2/d119/lib/site_perl/5.41.2/Time/Zone/Olson.pm line 598.
Reference found where even-sized list expected at /home/sand/src/perl/repoperls/installed-perls/host/k93focal/v5.41.2/d119/lib/site_perl/5.41.2/Time/Zone/Olson.pm line 598.
Reference found where even-sized list expected at /home/sand/src/perl/repoperls/installed-perls/host/k93focal/v5.41.2/d119/lib/site_perl/5.41.2/Time/Zone/Olson.pm line 598.
Reference found where even-sized list expected at /home/sand/src/perl/repoperls/installed-perls/host/k93focal/v5.41.2/d119/lib/site_perl/5.41.2/Time/Zone/Olson.pm line 598.
Reference found where even-sized list expected at /home/sand/src/perl/repoperls/installed-perls/host/k93focal/v5.41.2/d119/lib/site_perl/5.41.2/Time/Zone/Olson.pm line 598.
Reference found where even-sized list expected at /home/sand/src/perl/repoperls/installed-perls/host/k93focal/v5.41.2/d119/lib/site_perl/5.41.2/Time/Zone/Olson.pm line 598.
Reference found where even-sized list expected at /home/sand/src/perl/repoperls/installed-perls/host/k93focal/v5.41.2/d119/lib/site_perl/5.41.2/Time/Zone/Olson.pm line 598.
Reference found where even-sized list expected at /home/sand/src/perl/repoperls/installed-perls/host/k93focal/v5.41.2/d119/lib/site_perl/5.41.2/Time/Zone/Olson.pm line 598.
Reference found where even-sized list expected at /home/sand/src/perl/repoperls/installed-perls/host/k93focal/v5.41.2/d119/lib/site_perl/5.41.2/Time/Zone/Olson.pm line 598.
Reference found where even-sized list expected at /home/sand/src/perl/repoperls/installed-perls/host/k93focal/v5.41.2/d119/lib/site_perl/5.41.2/Time/Zone/Olson.pm line 598.
Reference found where even-sized list expected at /home/sand/src/perl/repoperls/installed-perls/host/k93focal/v5.41.2/d119/lib/site_perl/5.41.2/Time/Zone/Olson.pm line 598.
Reference found where even-sized list expected at /home/sand/src/perl/repoperls/installed-perls/host/k93focal/v5.41.2/d119/lib/site_perl/5.41.2/Time/Zone/Olson.pm line 598.
Reference found where even-sized list expected at /home/sand/src/perl/repoperls/installed-perls/host/k93focal/v5.41.2/d119/lib/site_perl/5.41.2/Time/Zone/Olson.pm line 598.
Reference found where even-sized list expected at /home/sand/src/perl/repoperls/installed-perls/host/k93focal/v5.41.2/d119/lib/site_perl/5.41.2/Time/Zone/Olson.pm line 598.
Reference found where even-sized list expected at /home/sand/src/perl/repoperls/installed-perls/host/k93focal/v5.41.2/d119/lib/site_perl/5.41.2/Time/Zone/Olson.pm line 598.
Reference found where even-sized list expected at /home/sand/src/perl/repoperls/installed-perls/host/k93focal/v5.41.2/d119/lib/site_perl/5.41.2/Time/Zone/Olson.pm line 598.
Reference found where even-sized list expected at /home/sand/src/perl/repoperls/installed-perls/host/k93focal/v5.41.2/d119/lib/site_perl/5.41.2/Time/Zone/Olson.pm line 598.
Reference found where even-sized list expected at /home/sand/src/perl/repoperls/installed-perls/host/k93focal/v5.41.2/d119/lib/site_perl/5.41.2/Time/Zone/Olson.pm line 598.
Reference found where even-sized list expected at /home/sand/src/perl/repoperls/installed-perls/host/k93focal/v5.41.2/d119/lib/site_perl/5.41.2/Time/Zone/Olson.pm line 598.
Reference found where even-sized list expected at /home/sand/src/perl/repoperls/installed-perls/host/k93focal/v5.41.2/d119/lib/site_perl/5.41.2/Time/Zone/Olson.pm line 598.
Reference found where even-sized list expected at /home/sand/src/perl/repoperls/installed-perls/host/k93focal/v5.41.2/d119/lib/site_perl/5.41.2/Time/Zone/Olson.pm line 598.
Reference found where even-sized list expected at /home/sand/src/perl/repoperls/installed-perls/host/k93focal/v5.41.2/d119/lib/site_perl/5.41.2/Time/Zone/Olson.pm line 598.
Reference found where even-sized list expected at /home/sand/src/perl/repoperls/installed-perls/host/k93focal/v5.41.2/d119/lib/site_perl/5.41.2/Time/Zone/Olson.pm line 598.
Reference found where even-sized list expected at /home/sand/src/perl/repoperls/installed-perls/host/k93focal/v5.41.2/d119/lib/site_perl/5.41.2/Time/Zone/Olson.pm line 598.
Reference found where even-sized list expected at /home/sand/src/perl/repoperls/installed-perls/host/k93focal/v5.41.2/d119/lib/site_perl/5.41.2/Time/Zone/Olson.pm line 598.
Reference found where even-sized list expected at /home/sand/src/perl/repoperls/installed-perls/host/k93focal/v5.41.2/d119/lib/site_perl/5.41.2/Time/Zone/Olson.pm line 598.
Reference found where even-sized list expected at /home/sand/src/perl/repoperls/installed-perls/host/k93focal/v5.41.2/d119/lib/site_perl/5.41.2/Time/Zone/Olson.pm line 598.
Reference found where even-sized list expected at /home/sand/src/perl/repoperls/installed-perls/host/k93focal/v5.41.2/d119/lib/site_perl/5.41.2/Time/Zone/Olson.pm line 598.
# Looks like you failed 2 tests of 72.
t/10-constructors.t .... 
Dubious, test returned 2 (wstat 512, 0x200)
Failed 2/72 subtests 

Test Summary Report
-------------------
t/02-unit.t          (Wstat: 1536 (exited 6) Tests: 71 Failed: 6)
  Failed tests:  63-68
  Non-zero exit status: 6
t/04-timezone.t      (Wstat: 4864 (exited 19) Tests: 22 Failed: 19)
  Failed tests:  4-22
  Non-zero exit status: 19
t/10-constructors.t  (Wstat: 512 (exited 2) Tests: 72 Failed: 2)
  Failed tests:  8-9
  Non-zero exit status: 2
Files=11, Tests=813,  3 wallclock secs ( 0.17 usr  0.02 sys +  2.43 cusr  0.34 csys =  2.96 CPU)
Result: FAIL
Failed 3/11 test programs. 27/813 subtests failed.
make: *** [Makefile:898: test_dynamic] Error 2

------------------------------
PREREQUISITES
------------------------------

Prerequisite modules loaded:

requires:

    Module                  Need     Have    
    ----------------------- -------- --------
    Data::Munge             0        0.111   
    File::Share             0        0.27    
    Function::Parameters    1.0705   2.002004
    JSON::MaybeXS           0        1.004005
    List::Util              1.45     1.65    
    overload                0        1.37    
    perl                    5.016000 5.041002
    Test::More              0        1.302201
    Time::Moment            0.38     0.44    
    Time::Zone::Olson       0.12     0.46    

build_requires:

    Module                  Need     Have    
    ----------------------- -------- --------
    ExtUtils::MakeMaker     0        7.70    
    File::Spec              0        3.92    
    Test::More              0        1.302201

configure_requires:

    Module                  Need     Have    
    ----------------------- -------- --------
    ExtUtils::MakeMaker     0        7.70    
    File::ShareDir::Install 0.06     0.14    


------------------------------
ENVIRONMENT AND OTHER CONTEXT
------------------------------

Environment variables:

    AUTOMATED_TESTING = 1
    LANG = en_US.UTF-8
    PATH = /home/sand/bin:/usr/local/bin:/usr/local/sbin:/usr/sbin:/usr/bin:/sbin:/bin:/usr/games:/usr/local/games:/snap/bin:/usr/local/perl/bin:/usr/X11/bin
    PERL = /tmp/basesmoker-reloperl-rlTO/bin/perl
    PERL5LIB = /tmp/loop_over_bdir-2574615-sC4Z7K/makepp-1.19-0/blib/arch:/tmp/loop_over_bdir-2574615-sC4Z7K/makepp-1.19-0/blib/lib:/tmp/loop_over_bdir-2574615-sC4Z7K/Alien-SNMP-MIBDEV-2.020000-0/blib/arch:/tmp/loop_over_bdir-2574615-sC4Z7K/Alien-SNMP-MIBDEV-2.020000-0/blib/lib:/tmp/loop_over_bdir-2574615-sC4Z7K/Sysync-0.38-0/blib/arch:/tmp/loop_over_bdir-2574615-sC4Z7K/Sysync-0.38-0/blib/lib:/tmp/loop_over_bdir-2574615-sC4Z7K/js-app-0.13-0/blib/arch:/tmp/loop_over_bdir-2574615-sC4Z7K/js-app-0.13-0/blib/lib:/tmp/loop_over_bdir-2574615-sC4Z7K/Net-OpenVPN-DDNS-0.1-0/blib/arch:/tmp/loop_over_bdir-2574615-sC4Z7K/Net-OpenVPN-DDNS-0.1-0/blib/lib:/tmp/loop_over_bdir-2574615-sC4Z7K/OSDial-3.0.2.124-0/blib/arch:/tmp/loop_over_bdir-2574615-sC4Z7K/OSDial-3.0.2.124-0/blib/lib:/tmp/loop_over_bdir-2574615-sC4Z7K/App-nrun-v1.1.2-0/blib/arch:/tmp/loop_over_bdir-2574615-sC4Z7K/App-nrun-v1.1.2-0/blib/lib:/tmp/loop_over_bdir-2574615-sC4Z7K/DBIx-Migration-Directories-0.12-0/blib/arch:/tmp/loop_over_bdir-2574615-sC4Z7K/DBIx-Migration-Directories-0.12-0/blib/lib:/tmp/loop_over_bdir-2574615-sC4Z7K/Devel-Required-0.16-0/blib/arch:/tmp/loop_over_bdir-2574615-sC4Z7K/Devel-Required-0.16-0/blib/lib:/tmp/loop_over_bdir-2574615-sC4Z7K/Lingua-BioYaTeA-0.11-0/blib/arch:/tmp/loop_over_bdir-2574615-sC4Z7K/Lingua-BioYaTeA-0.11-0/blib/lib:/tmp/loop_over_bdir-2574615-sC4Z7K/Lingua-YaTeA-0.626-0/blib/arch:/tmp/loop_over_bdir-2574615-sC4Z7K/Lingua-YaTeA-0.626-0/blib/lib
    PERL5OPT = 
    PERL5_CPANPLUS_IS_RUNNING = 2574623
    PERL5_CPAN_IS_RUNNING = 2574623
    PERL_CANARY_STABILITY_NOPROMPT = 1
    PERL_MM_USE_DEFAULT = 1
    PERL_USE_UNSAFE_INC = 1
    SHELL = /usr/bin/zsh
    TERM = screen

Perl special variables (and OS-specific diagnostics, for MSWin32):

    $^X = /tmp/basesmoker-reloperl-rlTO/bin/perl
    $UID/$EUID = 1005 / 1005
    $GID = 1005 1005
    $EGID = 1005 1005

Perl module toolchain versions installed:

    Module              Have    
    ------------------- --------
    CPAN                2.36    
    CPAN::Meta          2.150010
    Cwd                 3.92    
    ExtUtils::CBuilder  0.280240
    ExtUtils::Command   7.70    
    ExtUtils::Install   2.22    
    ExtUtils::MakeMaker 7.70    
    ExtUtils::Manifest  1.75    
    ExtUtils::ParseXS   3.52    
    File::Spec          3.92    
    JSON                4.10    
    JSON::PP            4.16    
    Module::Build       0.4234  
    Module::Signature   0.88    
    Parse::CPAN::Meta   2.150010
    Test2               1.302201
    Test::Harness       3.50    
    Test::More          1.302201
    YAML                1.31    
    YAML::Syck          1.34    
    version             0.9932  


--

Summary of my perl5 (revision 5 version 41 subversion 2) configuration:
  Commit id: bcb5884b9b0ae1345ac74420bacb865ba11baab3
  Platform:
    osname=linux
    osvers=5.4.0-187-generic
    archname=x86_64-linux-thread-multi
    uname='linux k93focal 5.4.0-187-generic #207-ubuntu smp mon jun 10 08:16:10 utc 2024 x86_64 x86_64 x86_64 gnulinux '
    config_args='-Dprefix=/home/sand/src/perl/repoperls/installed-perls/host/k93focal/v5.41.2/d119 -Dmyhostname=k93focal -Dinstallusrbinperl=n -Uversiononly -Dusedevel -des -Ui_db -Dlibswanted=cl pthread socket inet nsl gdbm dbm malloc dl ld sun m crypt sec util c cposix posix ucb BSD gdbm_compat -Duseithreads -Uuselongdouble -DEBUGGING=both'
    hint=recommended
    useposix=true
    d_sigaction=define
    useithreads=define
    usemultiplicity=define
    use64bitint=define
    use64bitall=define
    uselongdouble=undef
    usemymalloc=n
    default_inc_excludes_dot=define
  Compiler:
    cc='cc'
    ccflags ='-D_REENTRANT -D_GNU_SOURCE -fwrapv -DDEBUGGING -fno-strict-aliasing -pipe -fstack-protector-strong -I/usr/local/include -D_LARGEFILE_SOURCE -D_FILE_OFFSET_BITS=64'
    optimize='-O2 -g'
    cppflags='-D_REENTRANT -D_GNU_SOURCE -fwrapv -DDEBUGGING -fno-strict-aliasing -pipe -fstack-protector-strong -I/usr/local/include'
    ccversion=''
    gccversion='9.4.0'
    gccosandvers=''
    intsize=4
    longsize=8
    ptrsize=8
    doublesize=8
    byteorder=12345678
    doublekind=3
    d_longlong=define
    longlongsize=8
    d_longdbl=define
    longdblsize=16
    longdblkind=3
    ivtype='long'
    ivsize=8
    nvtype='double'
    nvsize=8
    Off_t='off_t'
    lseeksize=8
    alignbytes=8
    prototype=define
  Linker and Libraries:
    ld='cc'
    ldflags =' -fstack-protector-strong -L/usr/local/lib'
    libpth=/usr/local/lib /usr/lib/x86_64-linux-gnu /usr/lib /usr/lib64
    libs=-lpthread -lnsl -ldl -lm -lcrypt -lutil -lc
    perllibs=-lpthread -lnsl -ldl -lm -lcrypt -lutil -lc
    libc=libc-2.31.so
    so=so
    useshrplib=false
    libperl=libperl.a
    gnulibc_version='2.31'
  Dynamic Linking:
    dlsrc=dl_dlopen.xs
    dlext=so
    d_dlsymun=undef
    ccdlflags='-Wl,-E'
    cccdlflags='-fPIC'
    lddlflags='-shared -O2 -g -L/usr/local/lib -fstack-protector-strong'


Characteristics of this binary (from libperl): 
  Compile-time options:
    DEBUGGING
    HAS_LONG_DOUBLE
    HAS_STRTOLD
    HAS_TIMES
    MULTIPLICITY
    PERLIO_LAYERS
    PERL_COPY_ON_WRITE
    PERL_DONT_CREATE_GVSV
    PERL_HASH_FUNC_SIPHASH13
    PERL_HASH_USE_SBOX32
    PERL_MALLOC_WRAP
    PERL_OP_PARENT
    PERL_PRESERVE_IVUV
    PERL_TRACK_MEMPOOL
    PERL_USE_DEVEL
    PERL_USE_SAFE_PUTENV
    USE_64_BIT_ALL
    USE_64_BIT_INT
    USE_ITHREADS
    USE_LARGE_FILES
    USE_LOCALE
    USE_LOCALE_COLLATE
    USE_LOCALE_CTYPE
    USE_LOCALE_NUMERIC
    USE_LOCALE_TIME
    USE_PERLIO
    USE_PERL_ATOF
    USE_REENTRANT_API
    USE_THREAD_SAFE_LOCALE
  Built under linux
  Compiled at Jul 22 2024 11:16:55
  %ENV:
    PERL="/tmp/basesmoker-reloperl-rlTO/bin/perl"
    PERL5LIB="/tmp/loop_over_bdir-2574615-sC4Z7K/makepp-1.19-0/blib/arch:/tmp/loop_over_bdir-2574615-sC4Z7K/makepp-1.19-0/blib/lib:/tmp/loop_over_bdir-2574615-sC4Z7K/Alien-SNMP-MIBDEV-2.020000-0/blib/arch:/tmp/loop_over_bdir-2574615-sC4Z7K/Alien-SNMP-MIBDEV-2.020000-0/blib/lib:/tmp/loop_over_bdir-2574615-sC4Z7K/Sysync-0.38-0/blib/arch:/tmp/loop_over_bdir-2574615-sC4Z7K/Sysync-0.38-0/blib/lib:/tmp/loop_over_bdir-2574615-sC4Z7K/js-app-0.13-0/blib/arch:/tmp/loop_over_bdir-2574615-sC4Z7K/js-app-0.13-0/blib/lib:/tmp/loop_over_bdir-2574615-sC4Z7K/Net-OpenVPN-DDNS-0.1-0/blib/arch:/tmp/loop_over_bdir-2574615-sC4Z7K/Net-OpenVPN-DDNS-0.1-0/blib/lib:/tmp/loop_over_bdir-2574615-sC4Z7K/OSDial-3.0.2.124-0/blib/arch:/tmp/loop_over_bdir-2574615-sC4Z7K/OSDial-3.0.2.124-0/blib/lib:/tmp/loop_over_bdir-2574615-sC4Z7K/App-nrun-v1.1.2-0/blib/arch:/tmp/loop_over_bdir-2574615-sC4Z7K/App-nrun-v1.1.2-0/blib/lib:/tmp/loop_over_bdir-2574615-sC4Z7K/DBIx-Migration-Directories-0.12-0/blib/arch:/tmp/loop_over_bdir-2574615-sC4Z7K/DBIx-Migration-Directories-0.12-0/blib/lib:/tmp/loop_over_bdir-2574615-sC4Z7K/Devel-Required-0.16-0/blib/arch:/tmp/loop_over_bdir-2574615-sC4Z7K/Devel-Required-0.16-0/blib/lib:/tmp/loop_over_bdir-2574615-sC4Z7K/Lingua-BioYaTeA-0.11-0/blib/arch:/tmp/loop_over_bdir-2574615-sC4Z7K/Lingua-BioYaTeA-0.11-0/blib/lib:/tmp/loop_over_bdir-2574615-sC4Z7K/Lingua-YaTeA-0.626-0/blib/arch:/tmp/loop_over_bdir-2574615-sC4Z7K/Lingua-YaTeA-0.626-0/blib/lib"
    PERL5OPT=""
    PERL5_CPANPLUS_IS_RUNNING="2574623"
    PERL5_CPAN_IS_RUNNING="2574623"
    PERL_CANARY_STABILITY_NOPROMPT="1"
    PERL_MM_USE_DEFAULT="1"
    PERL_USE_UNSAFE_INC="1"
  @INC:
    /tmp/loop_over_bdir-2574615-sC4Z7K/makepp-1.19-0/blib/arch
    /tmp/loop_over_bdir-2574615-sC4Z7K/makepp-1.19-0/blib/lib
    /tmp/loop_over_bdir-2574615-sC4Z7K/Alien-SNMP-MIBDEV-2.020000-0/blib/arch
    /tmp/loop_over_bdir-2574615-sC4Z7K/Alien-SNMP-MIBDEV-2.020000-0/blib/lib
    /tmp/loop_over_bdir-2574615-sC4Z7K/Sysync-0.38-0/blib/arch
    /tmp/loop_over_bdir-2574615-sC4Z7K/Sysync-0.38-0/blib/lib
    /tmp/loop_over_bdir-2574615-sC4Z7K/js-app-0.13-0/blib/arch
    /tmp/loop_over_bdir-2574615-sC4Z7K/js-app-0.13-0/blib/lib
    /tmp/loop_over_bdir-2574615-sC4Z7K/Net-OpenVPN-DDNS-0.1-0/blib/arch
    /tmp/loop_over_bdir-2574615-sC4Z7K/Net-OpenVPN-DDNS-0.1-0/blib/lib
    /tmp/loop_over_bdir-2574615-sC4Z7K/OSDial-3.0.2.124-0/blib/arch
    /tmp/loop_over_bdir-2574615-sC4Z7K/OSDial-3.0.2.124-0/blib/lib
    /tmp/loop_over_bdir-2574615-sC4Z7K/App-nrun-v1.1.2-0/blib/arch
    /tmp/loop_over_bdir-2574615-sC4Z7K/App-nrun-v1.1.2-0/blib/lib
    /tmp/loop_over_bdir-2574615-sC4Z7K/DBIx-Migration-Directories-0.12-0/blib/arch
    /tmp/loop_over_bdir-2574615-sC4Z7K/DBIx-Migration-Directories-0.12-0/blib/lib
    /tmp/loop_over_bdir-2574615-sC4Z7K/Devel-Required-0.16-0/blib/arch
    /tmp/loop_over_bdir-2574615-sC4Z7K/Devel-Required-0.16-0/blib/lib
    /tmp/loop_over_bdir-2574615-sC4Z7K/Lingua-BioYaTeA-0.11-0/blib/arch
    /tmp/loop_over_bdir-2574615-sC4Z7K/Lingua-BioYaTeA-0.11-0/blib/lib
    /tmp/loop_over_bdir-2574615-sC4Z7K/Lingua-YaTeA-0.626-0/blib/arch
    /tmp/loop_over_bdir-2574615-sC4Z7K/Lingua-YaTeA-0.626-0/blib/lib
    /home/sand/src/perl/repoperls/installed-perls/host/k93focal/v5.41.2/d119/lib/site_perl/5.41.2/x86_64-linux-thread-multi
    /home/sand/src/perl/repoperls/installed-perls/host/k93focal/v5.41.2/d119/lib/site_perl/5.41.2
    /home/sand/src/perl/repoperls/installed-perls/host/k93focal/v5.41.2/d119/lib/5.41.2/x86_64-linux-thread-multi
    /home/sand/src/perl/repoperls/installed-perls/host/k93focal/v5.41.2/d119/lib/5.41.2
    .