Report for WebService-Embedly-0.10

Back
From: metabase:user:314402c4-2aae-11df-837a-5e0a49663a4f
Subject: FAIL WebService-Embedly-0.10 v5.20.0 RC1 GNU/Linux
Date: 2014-05-25T20:27:53Z

This distribution has been tested as part of the CPAN Testers
project, supporting the Perl programming language.  See
http://wiki.cpantesters.org/ for more information or email
questions to cpan-testers-discuss@perl.org


--
Dear Jason Wieland,

This is a computer-generated report for WebService-Embedly-0.10
on perl 5.20.0, created by CPAN-Reporter-1.2011.

Thank you for uploading your work to CPAN.  However, there was a problem
testing your distribution.

If you think this report is invalid, please consult the CPAN Testers Wiki
for suggestions on how to avoid getting FAIL reports for missing library
or binary dependencies, unsupported operating systems, and so on:

http://wiki.cpantesters.org/wiki/CPANAuthorNotes

Sections of this report:

    * Tester comments
    * Program output
    * Prerequisites
    * Environment and other context

------------------------------
TESTER COMMENTS
------------------------------

Additional comments from tester:

none provided

------------------------------
PROGRAM OUTPUT
------------------------------

Output from '/usr/bin/make test':

PERL_DL_NONLAZY=1 /opt/perl-5.20.0-RC1/bin/perl "-MExtUtils::Command::MM" "-MTest::Harness" "-e" "undef *Test::Harness::Switches; test_harness(0, 'blib/lib', 'blib/arch')" t/*.t
# Testing WebService::Embedly  0.10, Perl 5.020000, /opt/perl-5.20.0-RC1/bin/perl
t/00-load.t ......... ok

#   Failed test 'Failed oembed request'
#   at t/01-basic-usage.t line 77.
# Looks like you failed 1 test of 5.
t/01-basic-usage.t .. 
Dubious, test returned 1 (wstat 256, 0x100)
Failed 1/5 subtests 

#   Failed test 'width param did not set'
#   at t/02-complete-oo.t line 482.

#   Failed test 'wmode param did not set'
#   at t/02-complete-oo.t line 518.

#   Failed test 'allowscripts param did not set'
#   at t/02-complete-oo.t line 530.

#   Failed test 'nostyle param did not set'
#   at t/02-complete-oo.t line 541.

#   Failed test 'words param did not set'
#   at t/02-complete-oo.t line 574.

#   Failed test 'chars param did not set'
#   at t/02-complete-oo.t line 585.

#   Failed test 'Failed oembed request'
#   at t/02-complete-oo.t line 610.

#   Failed test 'Failed preview request'
#   at t/02-complete-oo.t line 620.

#   Failed test 'Failed preview request'
#   at t/02-complete-oo.t line 631.

#   Failed test 'should have been a 400 exception: 404 Not Found at /tmpfs/.cpan-build/WebService-Embedly-0.10-NXXBLB/blib/lib/WebService/Embedly.pm line 477.
# '
#   at t/02-complete-oo.t line 694.

#   Failed test 'should have been a 401 exception: 404 Not Found at /tmpfs/.cpan-build/WebService-Embedly-0.10-NXXBLB/blib/lib/WebService/Embedly.pm line 477.
# '
#   at t/02-complete-oo.t line 710.

#   Failed test 'should have been a 500 exception: 404 Not Found at /tmpfs/.cpan-build/WebService-Embedly-0.10-NXXBLB/blib/lib/WebService/Embedly.pm line 477.
# '
#   at t/02-complete-oo.t line 725.
# Looks like you failed 12 tests of 44.
t/02-complete-oo.t .. 
Dubious, test returned 12 (wstat 3072, 0xc00)
Failed 12/44 subtests 
t/manifest.t ........ skipped: Author tests not required for installation
t/pod-coverage.t .... ok
t/pod.t ............. ok

Test Summary Report
-------------------
t/01-basic-usage.t (Wstat: 256 Tests: 5 Failed: 1)
  Failed test:  4
  Non-zero exit status: 1
t/02-complete-oo.t (Wstat: 3072 Tests: 44 Failed: 12)
  Failed tests:  13, 19, 21, 23, 29, 31, 35-37, 42-44
  Non-zero exit status: 12
Files=6, Tests=58,  2 wallclock secs ( 0.05 usr  0.05 sys +  0.84 cusr  0.14 csys =  1.08 CPU)
Result: FAIL
Failed 2/6 test programs. 13/58 subtests failed.
make: *** [test_dynamic] Error 255

------------------------------
PREREQUISITES
------------------------------

Prerequisite modules loaded:

requires:

    Module                    Need Have      
    ------------------------- ---- ----------
    Any::Moose                0    0.21      
    HTTP::Headers             0    6.05      
    HTTP::Response            0    6.04      
    JSON                      0    2.90      
    LWP::UserAgent            0    6.06      
    Ouch                      0    0.0408    
    parent                    0    0.228     
    Regexp::Common            0    2013031301
    Test::Mock::LWP::Dispatch 0    0.06      
    Test::More                0.88 1.001003  
    URI::Escape               0    3.31      

configure_requires:

    Module                    Need Have      
    ------------------------- ---- ----------
    ExtUtils::MakeMaker       6.30 6.98      


------------------------------
ENVIRONMENT AND OTHER CONTEXT
------------------------------

Environment variables:

    DBIC_NO_WARN_BAD_PERL = 1
    LANG = C
    PATH = /usr/local/bin:/usr/bin:/bin:/usr/local/sbin:/usr/sbin:/sbin:/home/eserte/bin/linux-gnu:/home/eserte/bin/sh:/home/eserte/bin:/usr/games:/home/eserte/devel:/home/eserte/src/srezic-misc/scripts
    PERL5LIB = 
    PERL5OPT = 
    PERL5_CPANPLUS_IS_RUNNING = 32042
    PERL5_CPAN_IS_RUNNING = 32042
    PERL5_CPAN_IS_RUNNING_IN_RECURSION = 31867,32042
    PERLDOC = -MPod::Perldoc::ToTextOverstrike
    PERL_BATCH = yes
    PERL_CPAN_REPORTER_CONFIG = /var/tmp/cpansmoker-1001/NDEFeW8UeG_config.ini
    PERL_EXTUTILS_AUTOINSTALL = --defaultdeps
    PERL_HTML_DISPLAY_CLASS = HTML::Display::Mozilla
    SHELL = /bin/zsh
    TERM = screen
    TMPDIR = /var/tmp/cpansmoker-1001

Perl special variables (and OS-specific diagnostics, for MSWin32):

    $^X = /opt/perl-5.20.0-RC1/bin/perl
    $UID/$EUID = 1001 / 1001
    $GID = 1001 109 1001
    $EGID = 1001 109 1001

Perl module toolchain versions installed:

    Module              Have    
    ------------------- --------
    CPAN                2.05    
    CPAN::Meta          2.141170
    Cwd                 3.47    
    ExtUtils::CBuilder  0.280216
    ExtUtils::Command   1.18    
    ExtUtils::Install   1.67    
    ExtUtils::MakeMaker 6.98    
    ExtUtils::Manifest  1.63    
    ExtUtils::ParseXS   3.24    
    File::Spec          3.47    
    JSON                2.90    
    JSON::PP            2.27203 
    Module::Build       0.4205  
    Module::Signature   0.73    
    Parse::CPAN::Meta   1.4414  
    Test::Harness       3.30    
    Test::More          1.001003
    YAML                0.90    
    YAML::Syck          1.27    
    version             0.9908  


--

Summary of my perl5 (revision 5 version 20 subversion 0) configuration:
   
  Platform:
    osname=linux, osvers=3.2.0-4-amd64, archname=x86_64-linux
    uname='linux eserte 3.2.0-4-amd64 #1 smp debian 3.2.57-3 x86_64 gnulinux '
    config_args='-ds -e -Dprefix=/opt/perl-5.20.0-RC1'
    hint=previous, useposix=true, d_sigaction=define
    useithreads=undef, usemultiplicity=undef
    use64bitint=define, use64bitall=define, uselongdouble=undef
    usemymalloc=n, bincompat5005=undef
  Compiler:
    cc='cc', ccflags ='-fwrapv -fno-strict-aliasing -pipe -fstack-protector -I/usr/local/include -D_LARGEFILE_SOURCE -D_FILE_OFFSET_BITS=64',
    optimize='-O2',
    cppflags='-fwrapv -fno-strict-aliasing -pipe -fstack-protector -I/usr/local/include -fwrapv -fno-strict-aliasing -pipe -fstack-protector -I/usr/local/include -D_LARGEFILE_SOURCE -D_FILE_OFFSET_BITS=64'
    ccversion='', gccversion='4.7.2', gccosandvers=''
    intsize=4, longsize=8, ptrsize=8, doublesize=8, byteorder=12345678
    d_longlong=define, longlongsize=8, d_longdbl=define, longdblsize=16
    ivtype='long', ivsize=8, nvtype='double', nvsize=8, Off_t='off_t', lseeksize=8
    alignbytes=8, prototype=define
  Linker and Libraries:
    ld='cc', ldflags =' -fstack-protector -L/usr/local/lib'
    libpth=/usr/local/lib /usr/lib/gcc/x86_64-linux-gnu/4.7/include-fixed /usr/include/x86_64-linux-gnu /usr/lib /lib/x86_64-linux-gnu /lib/../lib /usr/lib/x86_64-linux-gnu /usr/lib/../lib /lib /usr/local/lib /usr/lib/gcc/x86_64-linux-gnu/4.7/include-fixed /usr/include/x86_64-linux-gnu /usr/lib
    libs=-lnsl -ldb -ldl -lm -lcrypt -lutil -lc
    perllibs=-lnsl -ldl -lm -lcrypt -lutil -lc
    libc=libc-2.13.so, so=so, useshrplib=false, libperl=libperl.a
    gnulibc_version='2.13'
  Dynamic Linking:
    dlsrc=dl_dlopen.xs, dlext=so, d_dlsymun=undef, ccdlflags='-Wl,-E'
    cccdlflags='-fPIC', lddlflags='-shared -O2 -L/usr/local/lib -fstack-protector'


Characteristics of this binary (from libperl): 
  Compile-time options: HAS_TIMES PERLIO_LAYERS PERL_DONT_CREATE_GVSV
                        PERL_HASH_FUNC_ONE_AT_A_TIME_HARD PERL_MALLOC_WRAP
                        PERL_NEW_COPY_ON_WRITE PERL_PRESERVE_IVUV
                        USE_64_BIT_ALL USE_64_BIT_INT USE_LARGE_FILES
                        USE_LOCALE USE_LOCALE_COLLATE USE_LOCALE_CTYPE
                        USE_LOCALE_NUMERIC USE_PERLIO USE_PERL_ATOF
  Locally applied patches:
	RC1
  Built under linux
  Compiled at May 17 2014 08:51:28
  %ENV:
    PERL5LIB=""
    PERL5OPT=""
    PERL5_CPANPLUS_IS_RUNNING="32042"
    PERL5_CPAN_IS_RUNNING="32042"
    PERL5_CPAN_IS_RUNNING_IN_RECURSION="31867,32042"
    PERLDOC="-MPod::Perldoc::ToTextOverstrike"
    PERL_BATCH="yes"
    PERL_CPAN_REPORTER_CONFIG="/var/tmp/cpansmoker-1001/NDEFeW8UeG_config.ini"
    PERL_EXTUTILS_AUTOINSTALL="--defaultdeps"
    PERL_HTML_DISPLAY_CLASS="HTML::Display::Mozilla"
  @INC:
    /opt/perl-5.20.0-RC1/lib/site_perl/5.20.0/x86_64-linux
    /opt/perl-5.20.0-RC1/lib/site_perl/5.20.0
    /opt/perl-5.20.0-RC1/lib/5.20.0/x86_64-linux
    /opt/perl-5.20.0-RC1/lib/5.20.0
    .