File-DataClass v0.73.1 Perl 5 v5.31.12 x86_64-linux

Status
Fail
From
Andreas J. König (ANDK)
Dist
File-DataClass v0.73.1
Platform
Perl 5 v5.31.12 x86_64-linux
Date
2020-05-04 02:57:53
ID
0c6feeea-8db3-11ea-a08d-04e12cf61b5c
This distribution has been tested as part of the CPAN Testers
project, supporting the Perl programming language.  See
http://wiki.cpantesters.org/ for more information or email
questions to cpan-testers-discuss@perl.org


--
Dear Peter Flanigan,

This is a computer-generated report for File-DataClass-0.73.1
on perl 5.31.12, created by CPAN-Reporter-1.2018.

Thank you for uploading your work to CPAN.  However, there was a problem
testing your distribution.

If you think this report is invalid, please consult the CPAN Testers Wiki
for suggestions on how to avoid getting FAIL reports for missing library
or binary dependencies, unsupported operating systems, and so on:

http://wiki.cpantesters.org/wiki/CPANAuthorNotes

Sections of this report:

    * Tester comments
    * Program output
    * Prerequisites
    * Environment and other context

------------------------------
TESTER COMMENTS
------------------------------

Additional comments from tester:

this report is from an automated smoke testing program
and was not reviewed by a human for accuracy

------------------------------
PROGRAM OUTPUT
------------------------------

Output from './Build test':


OS: linux, Host: k93msid

=== Environment variables ===

    $AUTHOR_TESTING                   undef
    $AUTOMATED_TESTING                1
    $EXTENDED_TESTING                 undef
    $NONINTERACTIVE_TESTING           undef
    $PERL_CPAN_REPORTER_CONFIG        undef
    $PERL_CR_SMOKER_CURRENT           undef
    $PERL5_CPAN_IS_RUNNING            3979020
    $PERL5_CPANPLUS_IS_VERSION        undef
    $TEST_CRITIC                      undef
    $TEST_SPELLING                    undef

Versions for all modules listed in MYMETA.json (including optional ones):

=== Configure Requires ===

    Module          Want   Have
    ------------- ------ ------
    Module::Build 0.4004 0.4231
    version         0.88 0.9924

=== Build Requires ===

    Module          Want   Have
    ------------- ------ ------
    Module::Build 0.4004 0.4231
    version         0.88 0.9924

=== Test Requires ===

    Module             Want     Have
    ---------------- ------ --------
    Capture::Tiny      0.30     0.48
    File::Spec          any     3.78
    File::pushd        1.00    1.016
    Module::Build    0.4004   0.4231
    Module::Metadata    any 1.000037
    Path::Tiny        0.013    0.114
    Sys::Hostname       any     1.23
    Test::Deep        0.117    1.130
    Test::Requires     0.06     0.10
    Text::Diff         1.37     1.45
    version            0.88   0.9924

=== Test Recommends ===

    Module         Want     Have
    ---------- -------- --------
    CPAN::Meta 2.120900 2.150010

=== Runtime Requires ===

    Module                   Want     Have
    -------------------- -------- --------
    Cache::FastMmap          1.40     1.49
    Class::Null          2.110730 2.110730
    File::Path               2.09     2.16
    File::ReadBackwards      1.05     1.05
    Hash::Merge             0.200    0.300
    JSON::MaybeXS           1.003 1.004001
    Module::Pluggable         5.1      5.2
    Module::Runtime         0.014    0.016
    Moo                  2.000001 2.004000
    Sub::Install            0.928    0.928
    Subclass::Of            0.003    0.008
    Try::Tiny                0.22     0.30
    Type::Tiny           1.000002 1.010002
    Unexpected            v0.39.0    1.0.1
    boolean                  0.45     0.46
    namespace::autoclean     0.26     0.29
    namespace::clean         0.25     0.27

t/00report-metadata.t .. ok
t/02pod.t .............. skipped: POD test only for developers
t/03podcoverage.t ...... skipped: POD coverage test only for developers
t/05kwalitee.t ......... skipped: Kwalitee test only for developers
t/06yaml.t ............. skipped: YAML test only for developers
t/07podspelling.t ...... skipped: POD spelling test only for developers
t/10exception.t ........ ok
Parent must be an instance of Type::Tiny at /tmp/loop_over_bdir-3061181-AKOD4H/File-DataClass-0.73.1-0/t/../lib/File/DataClass/Types.pm line 98.
Compilation failed in require at t/12types.t line 12.
BEGIN failed--compilation aborted at t/12types.t line 12.
t/12types.t ............ 
Dubious, test returned 255 (wstat 65280, 0xff00)
No subtests run 
File-DataClass-Functions[103/1]: Parent must be an instance of Type::Tiny at /tmp/loop_over_bdir-3061181-AKOD4H/File-DataClass-0.73.1-0/t/../lib/File/DataClass/Types.pm line 98.
Compilation failed in require at /tmp/loop_over_bdir-3061181-AKOD4H/File-DataClass-0.73.1-0/t/../lib/File/DataClass/Result.pm line 6.
BEGIN failed--compilation aborted at /tmp/loop_over_bdir-3061181-AKOD4H/File-DataClass-0.73.1-0/t/../lib/File/DataClass/Result.pm line 6.
Compilation failed in require at /home/sand/src/perl/repoperls/installed-perls/host/k93msid/v5.31.11-18-g8ced1423db/bb7f/lib/site_perl/5.31.12/Module/Runtime.pm line 314.
t/13functions.t ........ 
Dubious, test returned 255 (wstat 65280, 0xff00)
No subtests run 
t/15io.t ............... ok
Parent must be an instance of Type::Tiny at /tmp/loop_over_bdir-3061181-AKOD4H/File-DataClass-0.73.1-0/t/../lib/File/DataClass/Types.pm line 98.
Compilation failed in require at t/17constraints.t line 14.
BEGIN failed--compilation aborted at t/17constraints.t line 14.
t/17constraints.t ...... 
Dubious, test returned 255 (wstat 65280, 0xff00)
No subtests run 
Parent must be an instance of Type::Tiny at /tmp/loop_over_bdir-3061181-AKOD4H/File-DataClass-0.73.1-0/t/../lib/File/DataClass/Types.pm line 98.
Compilation failed in require at /tmp/loop_over_bdir-3061181-AKOD4H/File-DataClass-0.73.1-0/t/../lib/File/DataClass/Cache.pm line 9.
BEGIN failed--compilation aborted at /tmp/loop_over_bdir-3061181-AKOD4H/File-DataClass-0.73.1-0/t/../lib/File/DataClass/Cache.pm line 9.
Compilation failed in require at /tmp/loop_over_bdir-3061181-AKOD4H/File-DataClass-0.73.1-0/t/../lib/File/DataClass/Schema.pm line 6.
BEGIN failed--compilation aborted at /tmp/loop_over_bdir-3061181-AKOD4H/File-DataClass-0.73.1-0/t/../lib/File/DataClass/Schema.pm line 6.
Compilation failed in require at t/20data-class.t line 21.
BEGIN failed--compilation aborted at t/20data-class.t line 21.
t/20data-class.t ....... 
Dubious, test returned 255 (wstat 65280, 0xff00)
No subtests run 

#   Failed test 'use File::DataClass::Schema;'
#   at t/21hash-merge.t line 16.
#     Tried to use 'File::DataClass::Schema'.
#     Error:  Parent must be an instance of Type::Tiny at /tmp/loop_over_bdir-3061181-AKOD4H/File-DataClass-0.73.1-0/t/../lib/File/DataClass/Types.pm line 98.
# Compilation failed in require at /tmp/loop_over_bdir-3061181-AKOD4H/File-DataClass-0.73.1-0/t/../lib/File/DataClass/Cache.pm line 9.
# BEGIN failed--compilation aborted at /tmp/loop_over_bdir-3061181-AKOD4H/File-DataClass-0.73.1-0/t/../lib/File/DataClass/Cache.pm line 9.
# Compilation failed in require at /tmp/loop_over_bdir-3061181-AKOD4H/File-DataClass-0.73.1-0/t/../lib/File/DataClass/Schema.pm line 6.
# BEGIN failed--compilation aborted at /tmp/loop_over_bdir-3061181-AKOD4H/File-DataClass-0.73.1-0/t/../lib/File/DataClass/Schema.pm line 6.
# Compilation failed in require at t/21hash-merge.t line 16.
# BEGIN failed--compilation aborted at t/21hash-merge.t line 16.
Can't locate object method "new" via package "File::DataClass::Schema" at t/21hash-merge.t line 29.
# Tests were run but no plan was declared and done_testing() was not seen.
# Looks like your test exited with 255 just after 1.
t/21hash-merge.t ....... 
Dubious, test returned 255 (wstat 65280, 0xff00)
Failed 1/1 subtests 

#   Failed test 'use File::DataClass::Schema;'
#   at t/50json.t line 26.
#     Tried to use 'File::DataClass::Schema'.
#     Error:  Parent must be an instance of Type::Tiny at /tmp/loop_over_bdir-3061181-AKOD4H/File-DataClass-0.73.1-0/t/../lib/File/DataClass/Types.pm line 98.
# Compilation failed in require at /tmp/loop_over_bdir-3061181-AKOD4H/File-DataClass-0.73.1-0/t/../lib/File/DataClass/Cache.pm line 9.
# BEGIN failed--compilation aborted at /tmp/loop_over_bdir-3061181-AKOD4H/File-DataClass-0.73.1-0/t/../lib/File/DataClass/Cache.pm line 9.
# Compilation failed in require at /tmp/loop_over_bdir-3061181-AKOD4H/File-DataClass-0.73.1-0/t/../lib/File/DataClass/Schema.pm line 6.
# BEGIN failed--compilation aborted at /tmp/loop_over_bdir-3061181-AKOD4H/File-DataClass-0.73.1-0/t/../lib/File/DataClass/Schema.pm line 6.
# Compilation failed in require at t/50json.t line 26.
# BEGIN failed--compilation aborted at t/50json.t line 26.
Can't locate object method "new" via package "File::DataClass::Schema" at t/50json.t line 29.
# Tests were run but no plan was declared and done_testing() was not seen.
# Looks like your test exited with 255 just after 1.
t/50json.t ............. 
Dubious, test returned 255 (wstat 65280, 0xff00)
Failed 1/1 subtests 

Test Summary Report
-------------------
t/12types.t          (Wstat: 65280 Tests: 0 Failed: 0)
  Non-zero exit status: 255
  Parse errors: No plan found in TAP output
t/13functions.t      (Wstat: 65280 Tests: 0 Failed: 0)
  Non-zero exit status: 255
  Parse errors: No plan found in TAP output
t/17constraints.t    (Wstat: 65280 Tests: 0 Failed: 0)
  Non-zero exit status: 255
  Parse errors: No plan found in TAP output
t/20data-class.t     (Wstat: 65280 Tests: 0 Failed: 0)
  Non-zero exit status: 255
  Parse errors: No plan found in TAP output
t/21hash-merge.t     (Wstat: 65280 Tests: 1 Failed: 1)
  Failed test:  1
  Non-zero exit status: 255
  Parse errors: No plan found in TAP output
t/50json.t           (Wstat: 65280 Tests: 1 Failed: 1)
  Failed test:  1
  Non-zero exit status: 255
  Parse errors: No plan found in TAP output
Files=14, Tests=45,  4 wallclock secs ( 0.06 usr  0.06 sys +  2.82 cusr  0.66 csys =  3.60 CPU)
Result: FAIL
Failed 6/14 test programs. 2/45 subtests failed.

------------------------------
PREREQUISITES
------------------------------

Prerequisite modules loaded:

requires:

    Module               Need     Have    
    -------------------- -------- --------
    boolean              0.45     0.46    
    Cache::FastMmap      1.40     1.49    
    Class::Null          2.110730 2.110730
    File::Path           2.09     2.16    
    File::ReadBackwards  1.05     1.05    
    Hash::Merge          0.200    0.300   
    JSON::MaybeXS        1.003    1.004001
    Module::Pluggable    5.1      5.2     
    Module::Runtime      0.014    0.016   
    Moo                  2.000001 2.004000
    namespace::autoclean 0.26     0.29    
    namespace::clean     0.25     0.27    
    perl                 5.010001 5.031012
    Sub::Install         0.928    0.928   
    Subclass::Of         0.003    0.008   
    Try::Tiny            0.22     0.30    
    Type::Tiny           1.000002 1.010002
    Unexpected           v0.39.0  1.0.1   

build_requires:

    Module               Need     Have    
    -------------------- -------- --------
    Capture::Tiny        0.30     0.48    
    File::pushd          1.00     1.016   
    File::Spec           0        3.78    
    Module::Build        0.4004   0.4231  
    Module::Metadata     0        1.000037
    Path::Tiny           0.013    0.114   
    Sys::Hostname        0        1.23    
    Test::Deep           0.117    1.130   
    Test::Requires       0.06     0.10    
    Text::Diff           1.37     1.45    
    version              0.88     0.9924  

configure_requires:

    Module               Need     Have    
    -------------------- -------- --------
    Module::Build        0.4004   0.4231  
    version              0.88     0.9924  


------------------------------
ENVIRONMENT AND OTHER CONTEXT
------------------------------

Environment variables:

    AUTOMATED_TESTING = 1
    LANG = en_US.UTF-8
    PATH = /home/sand/bin:/usr/local/bin:/usr/bin:/bin:/usr/games:/usr/local/perl/bin:/usr/X11/bin:/sbin:/usr/sbin
    PERL5LIB = 
    PERL5OPT = 
    PERL5_CPANPLUS_IS_RUNNING = 3979020
    PERL5_CPAN_IS_RUNNING = 3979020
    PERL_CANARY_STABILITY_NOPROMPT = 1
    PERL_MM_USE_DEFAULT = 1
    PERL_USE_UNSAFE_INC = 1
    SHELL = /usr/bin/zsh
    TERM = screen

Perl special variables (and OS-specific diagnostics, for MSWin32):

    $^X = /tmp/basesmoker-reloperl-0oD2/bin/perl
    $UID/$EUID = 1005 / 1005
    $GID = 1005 1005
    $EGID = 1005 1005

Perl module toolchain versions installed:

    Module              Have    
    ------------------- --------
    CPAN                2.27    
    CPAN::Meta          2.150010
    Cwd                 3.78    
    ExtUtils::CBuilder  0.280234
    ExtUtils::Command   7.44    
    ExtUtils::Install   2.14    
    ExtUtils::MakeMaker 7.44    
    ExtUtils::Manifest  1.72    
    ExtUtils::ParseXS   3.40    
    File::Spec          3.78    
    JSON                4.02    
    JSON::PP            4.04    
    Module::Build       0.4231  
    Module::Signature   0.83    
    Parse::CPAN::Meta   2.150010
    Test::Harness       3.42    
    Test::More          1.302175
    YAML                1.30    
    YAML::Syck          1.32    
    version             0.9924  


--

Summary of my perl5 (revision 5 version 31 subversion 12) configuration:
  Commit id: 8ced1423dbb2a874f2d95e9c5c4c46960c2bf318
  Platform:
    osname=linux
    osvers=5.3.0-2-amd64
    archname=x86_64-linux
    uname='linux k93msid 5.3.0-2-amd64 #1 smp debian 5.3.9-3 (2019-11-19) x86_64 gnulinux '
    config_args='-Dprefix=/home/sand/src/perl/repoperls/installed-perls/host/k93msid/v5.31.11-18-g8ced1423db/bb7f -Dmyhostname=k93msid -Dinstallusrbinperl=n -Uversiononly -Dusedevel -des -Ui_db -Dlibswanted=cl pthread socket inet nsl gdbm dbm malloc dl ld sun m crypt sec util c cposix posix ucb BSD gdbm_compat -Uuseithreads -Uuselongdouble -DEBUGGING=both'
    hint=recommended
    useposix=true
    d_sigaction=define
    useithreads=undef
    usemultiplicity=undef
    use64bitint=define
    use64bitall=define
    uselongdouble=undef
    usemymalloc=n
    default_inc_excludes_dot=define
    bincompat5005=undef
  Compiler:
    cc='cc'
    ccflags ='-fwrapv -DDEBUGGING -fno-strict-aliasing -pipe -fstack-protector-strong -I/usr/local/include -D_LARGEFILE_SOURCE -D_FILE_OFFSET_BITS=64 -D_FORTIFY_SOURCE=2'
    optimize='-O2 -g'
    cppflags='-fwrapv -DDEBUGGING -fno-strict-aliasing -pipe -fstack-protector-strong -I/usr/local/include'
    ccversion=''
    gccversion='9.2.1 20191109'
    gccosandvers=''
    intsize=4
    longsize=8
    ptrsize=8
    doublesize=8
    byteorder=12345678
    doublekind=3
    d_longlong=define
    longlongsize=8
    d_longdbl=define
    longdblsize=16
    longdblkind=3
    ivtype='long'
    ivsize=8
    nvtype='double'
    nvsize=8
    Off_t='off_t'
    lseeksize=8
    alignbytes=8
    prototype=define
  Linker and Libraries:
    ld='cc'
    ldflags =' -fstack-protector-strong -L/usr/local/lib'
    libpth=/usr/local/lib /usr/lib/gcc/x86_64-linux-gnu/9/include-fixed /usr/include/x86_64-linux-gnu /usr/lib /lib/x86_64-linux-gnu /lib/../lib /usr/lib/x86_64-linux-gnu /usr/lib/../lib /lib
    libs=-lpthread -lnsl -ldl -lm -lcrypt -lutil -lc
    perllibs=-lpthread -lnsl -ldl -lm -lcrypt -lutil -lc
    libc=libc-2.29.so
    so=so
    useshrplib=false
    libperl=libperl.a
    gnulibc_version='2.29'
  Dynamic Linking:
    dlsrc=dl_dlopen.xs
    dlext=so
    d_dlsymun=undef
    ccdlflags='-Wl,-E'
    cccdlflags='-fPIC'
    lddlflags='-shared -O2 -g -L/usr/local/lib -fstack-protector-strong'


Characteristics of this binary (from libperl): 
  Compile-time options:
    DEBUGGING
    HAS_TIMES
    PERLIO_LAYERS
    PERL_COPY_ON_WRITE
    PERL_DONT_CREATE_GVSV
    PERL_MALLOC_WRAP
    PERL_OP_PARENT
    PERL_PRESERVE_IVUV
    PERL_USE_DEVEL
    USE_64_BIT_ALL
    USE_64_BIT_INT
    USE_LARGE_FILES
    USE_LOCALE
    USE_LOCALE_COLLATE
    USE_LOCALE_CTYPE
    USE_LOCALE_NUMERIC
    USE_LOCALE_TIME
    USE_PERLIO
    USE_PERL_ATOF
  Built under linux
  Compiled at May  3 2020 00:17:51
  %ENV:
    PERL5LIB=""
    PERL5OPT=""
    PERL5_CPANPLUS_IS_RUNNING="3979020"
    PERL5_CPAN_IS_RUNNING="3979020"
    PERL_CANARY_STABILITY_NOPROMPT="1"
    PERL_MM_USE_DEFAULT="1"
    PERL_USE_UNSAFE_INC="1"
  @INC:
    /home/sand/src/perl/repoperls/installed-perls/host/k93msid/v5.31.11-18-g8ced1423db/bb7f/lib/site_perl/5.31.12/x86_64-linux
    /home/sand/src/perl/repoperls/installed-perls/host/k93msid/v5.31.11-18-g8ced1423db/bb7f/lib/site_perl/5.31.12
    /home/sand/src/perl/repoperls/installed-perls/host/k93msid/v5.31.11-18-g8ced1423db/bb7f/lib/5.31.12/x86_64-linux
    /home/sand/src/perl/repoperls/installed-perls/host/k93msid/v5.31.11-18-g8ced1423db/bb7f/lib/5.31.12
    .