XML-Liberal v0.31 Perl 5 v5.24.0 x86_64-linux

Status
Fail
From
Slaven Rezić
Dist
XML-Liberal v0.31
Platform
Perl 5 v5.24.0 x86_64-linux
Date
2022-03-05 07:44:11
ID
0c5a8c0c-9c58-11ec-9359-a8121f24ea8f
This distribution has been tested as part of the CPAN Testers
project, supporting the Perl programming language.  See
http://wiki.cpantesters.org/ for more information or email
questions to cpan-testers-discuss@perl.org


--
Dear Tatsuhiko Miyagawa,

This is a computer-generated report for XML-Liberal-0.31
on perl 5.24.0, created by CPAN-Reporter-1.2018.

Thank you for uploading your work to CPAN.  However, there was a problem
testing your distribution.

If you think this report is invalid, please consult the CPAN Testers Wiki
for suggestions on how to avoid getting FAIL reports for missing library
or binary dependencies, unsupported operating systems, and so on:

http://wiki.cpantesters.org/wiki/CPANAuthorNotes

Sections of this report:

    * Tester comments
    * Program output
    * Prerequisites
    * Environment and other context

------------------------------
TESTER COMMENTS
------------------------------

Additional comments from tester:

none provided

------------------------------
PROGRAM OUTPUT
------------------------------

Output from '/usr/bin/make test':

PERL_DL_NONLAZY=1 "/opt/perl-5.24.0/bin/perl" "-MExtUtils::Command::MM" "-MTest::Harness" "-e" "undef *Test::Harness::Switches; test_harness(0, 'blib/lib', 'blib/arch')" t/*.t
t/00_compile.t ......... ok

#   Failed test '/home/cpansand/.cpan/build/2022030501/XML-Liberal-0.31-2/t/bad/BAD-undeclared-ns-element.xml'
#   at t/01_bad.t line 28.
#          got: 'http error : Unknown IO error at position unknown location at t/01_bad.t line 27.
# '
#     expected: ''

#   Failed test ''created DOM node with /home/cpansand/.cpan/build/2022030501/XML-Liberal-0.31-2/t/bad/BAD-undeclared-ns-element.xml' isa 'XML::LibXML::Document''
#   at t/01_bad.t line 29.
#     'created DOM node with /home/cpansand/.cpan/build/2022030501/XML-Liberal-0.31-2/t/bad/BAD-undeclared-ns-element.xml' isn't defined
http error : Unknown IO error
# Looks like your test exited with 2 just after 27.
t/01_bad.t ............. 
Dubious, test returned 2 (wstat 512, 0x200)
Failed 2/27 subtests 

#   Failed test '/home/cpansand/.cpan/build/2022030501/XML-Liberal-0.31-2/t/bad/BAD-undeclared-ns-element.xml'
#   at t/02_global.t line 19.
#          got: 'http error : Unknown IO error at position unknown location at t/02_global.t line 18.
# '
#     expected: ''

#   Failed test ''created DOM node with /home/cpansand/.cpan/build/2022030501/XML-Liberal-0.31-2/t/bad/BAD-undeclared-ns-element.xml' isa 'XML::LibXML::Document''
#   at t/02_global.t line 20.
#     'created DOM node with /home/cpansand/.cpan/build/2022030501/XML-Liberal-0.31-2/t/bad/BAD-undeclared-ns-element.xml' isn't defined

#   Failed test '/home/cpansand/.cpan/build/2022030501/XML-Liberal-0.31-2/t/bad/BAD-undeclared-ns-element.xml'
#   at t/02_global.t line 25.
#          got: 'http error : Unknown IO error at position unknown location at t/02_global.t line 24.
# '
#     expected: ''

#   Failed test ''created DOM node with /home/cpansand/.cpan/build/2022030501/XML-Liberal-0.31-2/t/bad/BAD-undeclared-ns-element.xml' isa 'XML::LibXML::Document''
#   at t/02_global.t line 26.
#     'created DOM node with /home/cpansand/.cpan/build/2022030501/XML-Liberal-0.31-2/t/bad/BAD-undeclared-ns-element.xml' isn't defined

#   Failed test '/home/cpansand/.cpan/build/2022030501/XML-Liberal-0.31-2/t/bad/BAD-undeclared-ns-element.xml'
#   at t/02_global.t line 30.
#          got: 'http error : Unknown IO error at position unknown location at t/02_global.t line 29.
# '
#     expected: ''

#   Failed test ''created DOM node with /home/cpansand/.cpan/build/2022030501/XML-Liberal-0.31-2/t/bad/BAD-undeclared-ns-element.xml' isa 'XML::LibXML::Document''
#   at t/02_global.t line 31.
#     'created DOM node with /home/cpansand/.cpan/build/2022030501/XML-Liberal-0.31-2/t/bad/BAD-undeclared-ns-element.xml' isn't defined
# Looks like you failed 6 tests of 144.
t/02_global.t .......... 
Dubious, test returned 6 (wstat 1536, 0x600)
Failed 6/144 subtests 

#   Failed test '/home/cpansand/.cpan/build/2022030501/XML-Liberal-0.31-2/t/bad/BAD-undeclared-ns-element.xml'
#   at t/03_global_destroy.t line 24.
#          got: 'http error : Unknown IO error at position unknown location at t/03_global_destroy.t line 23.
# '
#     expected: ''

#   Failed test ''created DOM node with /home/cpansand/.cpan/build/2022030501/XML-Liberal-0.31-2/t/bad/BAD-undeclared-ns-element.xml' isa 'XML::LibXML::Document''
#   at t/03_global_destroy.t line 25.
#     'created DOM node with /home/cpansand/.cpan/build/2022030501/XML-Liberal-0.31-2/t/bad/BAD-undeclared-ns-element.xml' isn't defined
# Looks like you failed 2 tests of 71.
t/03_global_destroy.t .. 
Dubious, test returned 2 (wstat 512, 0x200)
Failed 2/71 subtests 
t/04_sanity.t .......... ok
t/author-pod-syntax.t .. skipped: these tests are for testing by the author

Test Summary Report
-------------------
t/01_bad.t           (Wstat: 512 Tests: 27 Failed: 2)
  Failed tests:  26-27
  Non-zero exit status: 2
t/02_global.t        (Wstat: 1536 Tests: 144 Failed: 6)
  Failed tests:  25-30
  Non-zero exit status: 6
t/03_global_destroy.t (Wstat: 512 Tests: 71 Failed: 2)
  Failed tests:  12-13
  Non-zero exit status: 2
Files=6, Tests=261,  4 wallclock secs ( 0.02 usr  0.01 sys +  0.40 cusr  0.11 csys =  0.54 CPU)
Result: FAIL
Failed 3/6 test programs. 10/261 subtests failed.
make: *** [test_dynamic] Error 255

------------------------------
PREREQUISITES
------------------------------

Prerequisite modules loaded:

requires:

    Module                  Need     Have    
    ----------------------- -------- --------
    Carp                    0        1.40    
    Class::Accessor         0        0.34    
    Encode                  0        2.93    
    Encode::Guess           0        2.07    
    Filter::Util::Call      0        1.55    
    HTML::Entities          0        3.69    
    HTML::Tagset            0        3.20    
    List::Util              0        1.45    
    Module::Pluggable::Fast 0.16     0.19    
    perl                    5.008001 5.024000
    UNIVERSAL::require      0        0.18    
    XML::LibXML             1.69_02  2.0128  

build_requires:

    Module                  Need     Have    
    ----------------------- -------- --------
    ExtUtils::MakeMaker     6.59     7.24    

configure_requires:

    Module                  Need     Have    
    ----------------------- -------- --------
    ExtUtils::MakeMaker     0        7.24    


------------------------------
ENVIRONMENT AND OTHER CONTEXT
------------------------------

Environment variables:

    LANG = en_US.UTF-8
    LANGUAGE = en_US:en
    LC_ALL = en_US.UTF-8
    PATH = /usr/local/bin:/usr/bin:/bin:/usr/local/sbin:/usr/sbin:/sbin:/home/cpansand/bin/linux-gnu:/home/cpansand/bin/sh:/home/cpansand/bin:/usr/games:/home/cpansand/devel:/home/eserte/src/srezic-misc/scripts
    PERL5LIB = /home/cpansand/.cpan/build/2022030501/Module-Pluggable-Fast-0.19-2/blib/arch:/home/cpansand/.cpan/build/2022030501/Module-Pluggable-Fast-0.19-2/blib/lib
    PERL5OPT = 
    PERL5_CPANPLUS_IS_RUNNING = 20633
    PERL5_CPAN_IS_RUNNING = 20633
    PERL5_CPAN_IS_RUNNING_IN_RECURSION = 16407,20633
    PERLDOC = -MPod::Perldoc::ToTextOverstrike
    PERL_BATCH = yes
    PERL_CANARY_STABILITY_NOPROMPT = 1
    PERL_CPAN_REPORTER_CONFIG = /var/tmp/cpansmoker-1023/2022030501/cpanreporter_000_config.ini
    PERL_EXTUTILS_AUTOINSTALL = --defaultdeps
    PERL_USE_UNSAFE_INC = 1
    SHELL = /bin/zsh
    TERM = screen
    TMPDIR = /var/tmp/cpansmoker-1023/2022030501

Perl special variables (and OS-specific diagnostics, for MSWin32):

    $^X = /opt/perl-5.24.0/bin/perl
    $UID/$EUID = 1023 / 1023
    $GID = 1023 1023
    $EGID = 1023 1023

Perl module toolchain versions installed:

    Module              Have    
    ------------------- --------
    CPAN                2.28    
    CPAN::Meta          2.150010
    Cwd                 3.63    
    ExtUtils::CBuilder  0.280225
    ExtUtils::Command   7.24    
    ExtUtils::Install   2.04    
    ExtUtils::MakeMaker 7.24    
    ExtUtils::Manifest  1.70    
    ExtUtils::ParseXS   3.31    
    File::Spec          3.63    
    JSON                2.90    
    JSON::PP            2.27300 
    Module::Build       0.4220  
    Module::Signature   0.80    
    Parse::CPAN::Meta   2.150010
    Test::Harness       3.36    
    Test::More          1.302052
    YAML                1.17    
    YAML::Syck          1.29    
    version             0.9916  


--

Summary of my perl5 (revision 5 version 24 subversion 0) configuration:
   
  Platform:
    osname=linux, osvers=3.2.0-4-amd64, archname=x86_64-linux
    uname='linux cvrsnica-wheezy 3.2.0-4-amd64 #1 smp debian 3.2.54-2 x86_64 gnulinux '
    config_args='-ds -e -Dprefix=/opt/perl-5.24.0 -Dcf_email=srezic@cpan.org'
    hint=recommended, useposix=true, d_sigaction=define
    useithreads=undef, usemultiplicity=undef
    use64bitint=define, use64bitall=define, uselongdouble=undef
    usemymalloc=n, bincompat5005=undef
  Compiler:
    cc='cc', ccflags ='-fwrapv -fno-strict-aliasing -pipe -fstack-protector -I/usr/local/include -D_LARGEFILE_SOURCE -D_FILE_OFFSET_BITS=64 -D_FORTIFY_SOURCE=2',
    optimize='-O2',
    cppflags='-fwrapv -fno-strict-aliasing -pipe -fstack-protector -I/usr/local/include'
    ccversion='', gccversion='4.7.2', gccosandvers=''
    intsize=4, longsize=8, ptrsize=8, doublesize=8, byteorder=12345678, doublekind=3
    d_longlong=define, longlongsize=8, d_longdbl=define, longdblsize=16, longdblkind=3
    ivtype='long', ivsize=8, nvtype='double', nvsize=8, Off_t='off_t', lseeksize=8
    alignbytes=8, prototype=define
  Linker and Libraries:
    ld='cc', ldflags =' -fstack-protector -L/usr/local/lib'
    libpth=/usr/local/lib /usr/lib/gcc/x86_64-linux-gnu/4.7/include-fixed /usr/include/x86_64-linux-gnu /usr/lib /lib/x86_64-linux-gnu /lib/../lib /usr/lib/x86_64-linux-gnu /usr/lib/../lib /lib
    libs=-lpthread -lnsl -ldb -ldl -lm -lcrypt -lutil -lc
    perllibs=-lpthread -lnsl -ldl -lm -lcrypt -lutil -lc
    libc=libc-2.13.so, so=so, useshrplib=false, libperl=libperl.a
    gnulibc_version='2.13'
  Dynamic Linking:
    dlsrc=dl_dlopen.xs, dlext=so, d_dlsymun=undef, ccdlflags='-Wl,-E'
    cccdlflags='-fPIC', lddlflags='-shared -O2 -L/usr/local/lib -fstack-protector'


Characteristics of this binary (from libperl): 
  Compile-time options: HAS_TIMES PERLIO_LAYERS PERL_COPY_ON_WRITE
                        PERL_DONT_CREATE_GVSV
                        PERL_HASH_FUNC_ONE_AT_A_TIME_HARD PERL_MALLOC_WRAP
                        PERL_PRESERVE_IVUV USE_64_BIT_ALL USE_64_BIT_INT
                        USE_LARGE_FILES USE_LOCALE USE_LOCALE_COLLATE
                        USE_LOCALE_CTYPE USE_LOCALE_NUMERIC USE_LOCALE_TIME
                        USE_PERLIO USE_PERL_ATOF
  Built under linux
  Compiled at May 30 2016 08:43:25
  %ENV:
    PERL5LIB="/home/cpansand/.cpan/build/2022030501/Module-Pluggable-Fast-0.19-2/blib/arch:/home/cpansand/.cpan/build/2022030501/Module-Pluggable-Fast-0.19-2/blib/lib"
    PERL5OPT=""
    PERL5_CPANPLUS_IS_RUNNING="20633"
    PERL5_CPAN_IS_RUNNING="20633"
    PERL5_CPAN_IS_RUNNING_IN_RECURSION="16407,20633"
    PERLDOC="-MPod::Perldoc::ToTextOverstrike"
    PERL_BATCH="yes"
    PERL_CANARY_STABILITY_NOPROMPT="1"
    PERL_CPAN_REPORTER_CONFIG="/var/tmp/cpansmoker-1023/2022030501/cpanreporter_000_config.ini"
    PERL_EXTUTILS_AUTOINSTALL="--defaultdeps"
    PERL_USE_UNSAFE_INC="1"
  @INC:
    /home/cpansand/.cpan/build/2022030501/Module-Pluggable-Fast-0.19-2/blib/arch
    /home/cpansand/.cpan/build/2022030501/Module-Pluggable-Fast-0.19-2/blib/lib
    /opt/perl-5.24.0/lib/site_perl/5.24.0/x86_64-linux
    /opt/perl-5.24.0/lib/site_perl/5.24.0
    /opt/perl-5.24.0/lib/5.24.0/x86_64-linux
    /opt/perl-5.24.0/lib/5.24.0
    .