Report for Map-Tube-Plugin-FuzzyFind-0.03

Back
From: metabase:user:30f4dfbe-2aae-11df-837a-5e0a49663a4f
Subject: FAIL Map-Tube-Plugin-FuzzyFind-0.03 v5.8.8 GNU/Linux
Date: 2015-02-25T15:43:29Z

This distribution has been tested as part of the CPAN Testers
project, supporting the Perl programming language.  See
http://wiki.cpantesters.org/ for more information or email
questions to cpan-testers-discuss@perl.org


--
Dear Gisbert W. Selke,

This is a computer-generated report for Map-Tube-Plugin-FuzzyFind-0.03
on perl 5.8.8, created by CPAN-Reporter-1.2011.

Thank you for uploading your work to CPAN.  However, there was a problem
testing your distribution.

If you think this report is invalid, please consult the CPAN Testers Wiki
for suggestions on how to avoid getting FAIL reports for missing library
or binary dependencies, unsupported operating systems, and so on:

http://wiki.cpantesters.org/wiki/CPANAuthorNotes

Sections of this report:

    * Tester comments
    * Program output
    * Prerequisites
    * Environment and other context

------------------------------
TESTER COMMENTS
------------------------------

Additional comments from tester:

this report is from an automated smoke testing program
and was not reviewed by a human for accuracy

------------------------------
PROGRAM OUTPUT
------------------------------

Output from '/usr/bin/make test':

PERL_DL_NONLAZY=1 "/home/njh/perl5/perlbrew/perls/perl-5.8.8/bin/perl" "-MExtUtils::Command::MM" "-MTest::Harness" "-e" "undef *Test::Harness::Switches; test_harness(0, 'blib/lib', 'blib/arch')" t/*.t
# Testing Map::Tube::Plugin::FuzzyFind 0.03, Perl 5.008008, /home/njh/perl5/perlbrew/perls/perl-5.8.8/bin/perl
t/00-load.t ......... ok
t/01-plain.t ........ ok
t/02-start.t ........ ok
t/03-in.t ........... ok
t/04-re.t ........... ok
Matcher module Text::Soundex not found at /home/njh/.cpan/build/Map-Tube-Plugin-FuzzyFind-0.03-t7Iq0Z/blib/lib/Map/Tube/Plugin/FuzzyFind.pm line 344.
# Looks like you planned 18 tests but ran 1.
# Looks like your test exited with 255 just after 1.
t/05-soundex.t ...... 
Dubious, test returned 255 (wstat 65280, 0xff00)
Failed 17/18 subtests 
# Text::Metaphone required for this test -- skipping
t/06-metaphone.t .... ok
t/07-levenshtein.t .. skipped: Text::Levenshtein required for this test
t/08-ngrams.t ....... skipped: String::Trigram required for this test
t/49-args.t ......... ok
t/50-manifest.t ..... skipped: Test::CheckManifest 0.9 required
t/51-meta-json.t .... skipped: Test::CPAN::Meta::JSON required for testing MYMETA.json
t/52-meta-yml.t ..... skipped: Test::CPAN::Meta required for testing MYMETA.yml
t/53-version.t ...... skipped: Test::Version required for this test
t/54-signature.t .... skipped: Test::Signature required for this test
t/60-pod.t .......... ok
t/61-changes.t ...... skipped: Test::CPAN::Changes required for this test

Test Summary Report
-------------------
t/05-soundex.t    (Wstat: 65280 Tests: 1 Failed: 0)
  Non-zero exit status: 255
  Parse errors: Bad plan.  You planned 18 tests but ran 1.
Files=17, Tests=100,  5 wallclock secs ( 0.07 usr  0.01 sys +  4.45 cusr  0.19 csys =  4.72 CPU)
Result: FAIL
Failed 1/17 test programs. 0/100 subtests failed.
Makefile:870: recipe for target 'test_dynamic' failed
make: *** [test_dynamic] Error 255

------------------------------
PREREQUISITES
------------------------------

Prerequisite modules loaded:

requires:

    Module              Need  Have    
    ------------------- ----- --------
    Map::Tube           2.85  2.87    
    Moo                 0     1.003000
    Moo::Role           0     0       
    namespace::clean    0     0.24    
    perl                5.006 5.008008
    Try::Tiny           0     0.12    

build_requires:

    Module              Need  Have    
    ------------------- ----- --------
    ExtUtils::MakeMaker 0     7.04    
    Map::Tube::London   0.51  0.66    
    Test::More          0.82  1.001009

configure_requires:

    Module              Need  Have    
    ------------------- ----- --------
    ExtUtils::MakeMaker 6.64  7.04    


------------------------------
ENVIRONMENT AND OTHER CONTEXT
------------------------------

Environment variables:

    AUTOMATED_TESTING = 1
    LANG = en_GB.UTF-8
    LANGUAGE = en_GB:en
    LD_LIBRARY_PATH = /usr/local/lib::
    PATH = /home/njh/perl5/perlbrew/bin:/home/njh/perl5/perlbrew/perls/perl-5.8.8/bin:/home/njh/perl5/perlbrew/bin:/usr/local/bin:/usr/bin:/bin:/usr/local/games:/usr/games:/home/njh/bin:/sbin
    PERL5LIB = /home/njh/.cpan/build/Map-Tube-London-0.66-aeQ5sC/blib/arch:/home/njh/.cpan/build/Map-Tube-London-0.66-aeQ5sC/blib/lib:/home/njh/.cpan/build/File-Share-0.25-xUnZ4q/blib/arch:/home/njh/.cpan/build/File-Share-0.25-xUnZ4q/blib/lib:/home/njh/.cpan/build/Map-Tube-2.87-8HSTk1/blib/arch:/home/njh/.cpan/build/Map-Tube-2.87-8HSTk1/blib/lib:/home/njh/.cpan/build/XML-Simple-2.20-xQNzQ9/blib/arch:/home/njh/.cpan/build/XML-Simple-2.20-xQNzQ9/blib/lib:/home/njh/.cpan/build/XML-SAX-Expat-0.51-DoCv4q/blib/arch:/home/njh/.cpan/build/XML-SAX-Expat-0.51-DoCv4q/blib/lib:/home/njh/.cpan/build/XML-Parser-2.44-8zyg7F/blib/arch:/home/njh/.cpan/build/XML-Parser-2.44-8zyg7F/blib/lib:/home/njh/.cpan/build/XML-SAX-0.99-UXZych/blib/arch:/home/njh/.cpan/build/XML-SAX-0.99-UXZych/blib/lib:/home/njh/.cpan/build/XML-NamespaceSupport-1.11-ZLTPJj/blib/arch:/home/njh/.cpan/build/XML-NamespaceSupport-1.11-ZLTPJj/blib/lib:/home/njh/.cpan/build/XML-SAX-Base-1.08-DIsqxz/blib/arch:/home/njh/.cpan/build/XML-SAX-Base-1.08-DIsqxz/blib/lib:/home/njh/.cpan/build/Module-Pluggable-5.1-gYVIxT/blib/arch:/home/njh/.cpan/build/Module-Pluggable-5.1-gYVIxT/blib/lib:/home/njh/.cpan/build/Module-Build-0.4211-P9OuET/blib/arch:/home/njh/.cpan/build/Module-Build-0.4211-P9OuET/blib/lib
    PERL5OPT = 
    PERL5_CPANPLUS_IS_RUNNING = 32056
    PERL5_CPAN_IS_RUNNING = 32056
    PERL5_MINISMOKEBOX = 0.58
    PERLBREW_BASHRC_VERSION = 0.71
    PERLBREW_HOME = /home/njh/.perlbrew
    PERLBREW_LIB = 
    PERLBREW_MANPATH = /home/njh/perl5/perlbrew/perls/perl-5.8.8/man
    PERLBREW_PATH = /home/njh/perl5/perlbrew/bin:/home/njh/perl5/perlbrew/perls/perl-5.8.8/bin
    PERLBREW_PERL = perl-5.8.8
    PERLBREW_ROOT = /home/njh/perl5/perlbrew
    PERLBREW_VERSION = 0.71
    PERL_EXTUTILS_AUTOINSTALL = --defaultdeps
    PERL_LOCAL_LIB_ROOT = 
    PERL_MM_USE_DEFAULT = 1
    SHELL = /bin/bash
    TMPDIR = /home/njh/tmp

Perl special variables (and OS-specific diagnostics, for MSWin32):

    $^X = /home/njh/perl5/perlbrew/perls/perl-5.8.8/bin/perl
    $UID/$EUID = 1000 / 1000
    $GID = 1000 1000 112 108 46 44 30 29 25 24 4
    $EGID = 1000 1000 112 108 46 44 30 29 25 24 4

Perl module toolchain versions installed:

    Module              Have    
    ------------------- --------
    CPAN                1.9800  
    CPAN::Meta          2.142690
    Cwd                 3.40    
    ExtUtils::CBuilder  0.280220
    ExtUtils::Command   1.16    
    ExtUtils::Install   1.54    
    ExtUtils::MakeMaker 7.04    
    ExtUtils::Manifest  1.65    
    ExtUtils::ParseXS   3.18    
    File::Spec          3.40    
    JSON                2.53    
    JSON::PP            2.27203 
    Module::Build       0.4211  
    Module::Signature   0.70    
    Parse::CPAN::Meta   1.4414  
    Test::Harness       3.34    
    Test::More          1.001009
    YAML                0.84    
    YAML::Syck          1.29    
    version             0.88    


--

Summary of my perl5 (revision 5 version 8 subversion 8) configuration:
  Platform:
    osname=linux, osvers=3.2.0-4-amd64, archname=x86_64-linux-thread-multi
    uname='linux nigelhorne.force9.co.uk 3.2.0-4-amd64 #1 smp debian 3.2.32-1 x86_64 gnulinux '
    config_args='-de -Dprefix=/home/njh/perl5/perlbrew/perls/perl-5.8.8 -Duseithreads -Dusemultiplicity -Accflags=-O2 -W -Wformat=2 -Wswitch -Wshadow -Wwrite-strings -Wuninitialized -Wall -pipe -mtune=native -march=native -fomit-frame-pointer -mfpmath=sse -pedantic -D_FORTIFY_SOURCE=2 -Wpointer-arith -Wstrict-prototypes -fstack-protector -Wstack-protector -Wextra -Wbad-function-cast -Wcast-align -Wcast-qual -Wdisabled-optimization -Wendif-labels -Wfloat-equal -Wformat-nonliteral -Winline -Wmissing-declarations -Wmissing-prototypes -Wnested-externs -Wpointer-arith -Wundef -Wformat-security -Aeval:scriptdir=/home/njh/perl5/perlbrew/perls/perl-5.8.8/bin'
    hint=recommended, useposix=true, d_sigaction=define
    usethreads=define use5005threads=undef useithreads=define usemultiplicity=define
    useperlio=define d_sfio=undef uselargefiles=define usesocks=undef
    use64bitint=define use64bitall=define uselongdouble=undef
    usemymalloc=n, bincompat5005=undef
  Compiler:
    cc='cc', ccflags ='-D_REENTRANT -D_GNU_SOURCE -O2 -W -Wformat=2 -Wswitch -Wshadow -Wwrite-strings -Wuninitialized -Wall -pipe -mtune=native -march=native -fomit-frame-pointer -mfpmath=sse -pedantic -D_FORTIFY_SOURCE=2 -Wpointer-arith -Wstrict-prototypes -fstack-protector -Wstack-protector -Wextra -Wbad-function-cast -Wcast-align -Wcast-qual -Wdisabled-optimization -Wendif-labels -Wfloat-equal -Wformat-nonliteral -Winline -Wmissing-declarations -Wmissing-prototypes -Wnested-externs -Wpointer-arith -Wundef -Wformat-security -fno-strict-aliasing -Wdeclaration-after-statement -I/usr/local/include -D_LARGEFILE_SOURCE -D_FILE_OFFSET_BITS=64',
    optimize='-O2',
    cppflags='-D_REENTRANT -D_GNU_SOURCE -O2 -W -Wformat=2 -Wswitch -Wshadow -Wwrite-strings -Wuninitialized -Wall -pipe -mtune=native -march=native -fomit-frame-pointer -mfpmath=sse -pedantic -D_FORTIFY_SOURCE=2 -Wpointer-arith -Wstrict-prototypes -fstack-protector -Wstack-protector -Wextra -Wbad-function-cast -Wcast-align -Wcast-qual -Wdisabled-optimization -Wendif-labels -Wfloat-equal -Wformat-nonliteral -Winline -Wmissing-declarations -Wmissing-prototypes -Wnested-externs -Wpointer-arith -Wundef -Wformat-security -fno-strict-aliasing -Wdeclaration-after-statement -I/usr/local/include'
    ccversion='', gccversion='4.7.2', gccosandvers=''
    intsize=4, longsize=8, ptrsize=8, doublesize=8, byteorder=12345678
    d_longlong=define, longlongsize=8, d_longdbl=define, longdblsize=16
    ivtype='long', ivsize=8, nvtype='double', nvsize=8, Off_t='off_t', lseeksize=8
    alignbytes=8, prototype=define
  Linker and Libraries:
    ld='cc', ldflags =' -L/usr/local/lib'
    libpth=/usr/local/lib /lib/x86_64-linux-gnu /lib/../lib /usr/lib/x86_64-linux-gnu /usr/lib/../lib /lib /usr/lib
    libs=-lnsl -lgdbm -ldb -ldl -lm -lcrypt -lutil -lpthread -lc -lgdbm_compat
    perllibs=-lnsl -ldl -lm -lcrypt -lutil -lpthread -lc -lgdbm_compat
    libc=, so=so, useshrplib=false, libperl=libperl.a
    gnulibc_version='2.13'
  Dynamic Linking:
    dlsrc=dl_dlopen.xs, dlext=so, d_dlsymun=undef, ccdlflags='-Wl,-E'
    cccdlflags='-fpic', lddlflags='-shared -L/usr/local/lib'


Characteristics of this binary (from libperl): 
  Compile-time options: MULTIPLICITY PERL_IMPLICIT_CONTEXT
                        PERL_MALLOC_WRAP USE_64_BIT_ALL USE_64_BIT_INT
                        USE_ITHREADS USE_LARGE_FILES USE_PERLIO
                        USE_REENTRANT_API
  Built under linux
  Compiled at Mar  5 2013 01:22:32
  %ENV:
    PERL5LIB="/home/njh/.cpan/build/Map-Tube-London-0.66-aeQ5sC/blib/arch:/home/njh/.cpan/build/Map-Tube-London-0.66-aeQ5sC/blib/lib:/home/njh/.cpan/build/File-Share-0.25-xUnZ4q/blib/arch:/home/njh/.cpan/build/File-Share-0.25-xUnZ4q/blib/lib:/home/njh/.cpan/build/Map-Tube-2.87-8HSTk1/blib/arch:/home/njh/.cpan/build/Map-Tube-2.87-8HSTk1/blib/lib:/home/njh/.cpan/build/XML-Simple-2.20-xQNzQ9/blib/arch:/home/njh/.cpan/build/XML-Simple-2.20-xQNzQ9/blib/lib:/home/njh/.cpan/build/XML-SAX-Expat-0.51-DoCv4q/blib/arch:/home/njh/.cpan/build/XML-SAX-Expat-0.51-DoCv4q/blib/lib:/home/njh/.cpan/build/XML-Parser-2.44-8zyg7F/blib/arch:/home/njh/.cpan/build/XML-Parser-2.44-8zyg7F/blib/lib:/home/njh/.cpan/build/XML-SAX-0.99-UXZych/blib/arch:/home/njh/.cpan/build/XML-SAX-0.99-UXZych/blib/lib:/home/njh/.cpan/build/XML-NamespaceSupport-1.11-ZLTPJj/blib/arch:/home/njh/.cpan/build/XML-NamespaceSupport-1.11-ZLTPJj/blib/lib:/home/njh/.cpan/build/XML-SAX-Base-1.08-DIsqxz/blib/arch:/home/njh/.cpan/build/XML-SAX-Base-1.08-DIsqxz/blib/lib:/home/njh/.cpan/build/Module-Pluggable-5.1-gYVIxT/blib/arch:/home/njh/.cpan/build/Module-Pluggable-5.1-gYVIxT/blib/lib:/home/njh/.cpan/build/Module-Build-0.4211-P9OuET/blib/arch:/home/njh/.cpan/build/Module-Build-0.4211-P9OuET/blib/lib"
    PERL5OPT=""
    PERL5_CPANPLUS_IS_RUNNING="32056"
    PERL5_CPAN_IS_RUNNING="32056"
    PERL5_MINISMOKEBOX="0.58"
    PERLBREW_BASHRC_VERSION="0.71"
    PERLBREW_HOME="/home/njh/.perlbrew"
    PERLBREW_LIB=""
    PERLBREW_MANPATH="/home/njh/perl5/perlbrew/perls/perl-5.8.8/man"
    PERLBREW_PATH="/home/njh/perl5/perlbrew/bin:/home/njh/perl5/perlbrew/perls/perl-5.8.8/bin"
    PERLBREW_PERL="perl-5.8.8"
    PERLBREW_ROOT="/home/njh/perl5/perlbrew"
    PERLBREW_VERSION="0.71"
    PERL_EXTUTILS_AUTOINSTALL="--defaultdeps"
    PERL_LOCAL_LIB_ROOT=""
    PERL_MM_USE_DEFAULT="1"
  @INC:
    /home/njh/.cpan/build/Map-Tube-London-0.66-aeQ5sC/blib/arch
    /home/njh/.cpan/build/Map-Tube-London-0.66-aeQ5sC/blib/lib
    /home/njh/.cpan/build/File-Share-0.25-xUnZ4q/blib/arch
    /home/njh/.cpan/build/File-Share-0.25-xUnZ4q/blib/lib
    /home/njh/.cpan/build/Map-Tube-2.87-8HSTk1/blib/arch
    /home/njh/.cpan/build/Map-Tube-2.87-8HSTk1/blib/lib
    /home/njh/.cpan/build/XML-Simple-2.20-xQNzQ9/blib/arch
    /home/njh/.cpan/build/XML-Simple-2.20-xQNzQ9/blib/lib
    /home/njh/.cpan/build/XML-SAX-Expat-0.51-DoCv4q/blib/arch
    /home/njh/.cpan/build/XML-SAX-Expat-0.51-DoCv4q/blib/lib
    /home/njh/.cpan/build/XML-Parser-2.44-8zyg7F/blib/arch
    /home/njh/.cpan/build/XML-Parser-2.44-8zyg7F/blib/lib
    /home/njh/.cpan/build/XML-SAX-0.99-UXZych/blib/arch
    /home/njh/.cpan/build/XML-SAX-0.99-UXZych/blib/lib
    /home/njh/.cpan/build/XML-NamespaceSupport-1.11-ZLTPJj/blib/arch
    /home/njh/.cpan/build/XML-NamespaceSupport-1.11-ZLTPJj/blib/lib
    /home/njh/.cpan/build/XML-SAX-Base-1.08-DIsqxz/blib/arch
    /home/njh/.cpan/build/XML-SAX-Base-1.08-DIsqxz/blib/lib
    /home/njh/.cpan/build/Module-Pluggable-5.1-gYVIxT/blib/arch
    /home/njh/.cpan/build/Module-Pluggable-5.1-gYVIxT/blib/lib
    /home/njh/.cpan/build/Module-Build-0.4211-P9OuET/blib/arch
    /home/njh/.cpan/build/Module-Build-0.4211-P9OuET/blib/lib
    /home/njh/perl5/perlbrew/perls/perl-5.8.8/lib/5.8.8/x86_64-linux-thread-multi
    /home/njh/perl5/perlbrew/perls/perl-5.8.8/lib/5.8.8
    /home/njh/perl5/perlbrew/perls/perl-5.8.8/lib/site_perl/5.8.8/x86_64-linux-thread-multi
    /home/njh/perl5/perlbrew/perls/perl-5.8.8/lib/site_perl/5.8.8
    /home/njh/perl5/perlbrew/perls/perl-5.8.8/lib/site_perl
    .