Report for Socialtext-Resting-Utils-0.21

Back
From: metabase:user:d2c9f356-b46f-11df-9a90-20a83c0b7757
Subject: FAIL Socialtext-Resting-Utils-0.21 v5.16.2 SunOS/Solaris
Date: 2013-02-25T22:45:25Z

This distribution has been tested as part of the CPAN Testers
project, supporting the Perl programming language.  See
http://wiki.cpantesters.org/ for more information or email
questions to cpan-testers-discuss@perl.org


--
Dear Luke Closs,

This is a computer-generated report for Socialtext-Resting-Utils-0.21
on perl 5.16.2, created by CPAN-Reporter-1.2009.

Thank you for uploading your work to CPAN.  However, there was a problem
testing your distribution.

If you think this report is invalid, please consult the CPAN Testers Wiki
for suggestions on how to avoid getting FAIL reports for missing library
or binary dependencies, unsupported operating systems, and so on:

http://wiki.cpantesters.org/wiki/CPANAuthorNotes

Sections of this report:

    * Tester comments
    * Program output
    * Prerequisites
    * Environment and other context

------------------------------
TESTER COMMENTS
------------------------------

Additional comments from tester:

this report is from an automated smoke testing program
and was not reviewed by a human for accuracy

------------------------------
PROGRAM OUTPUT
------------------------------

Output from '/usr/local/bin/make test':

PERL_DL_NONLAZY=1 /export/home/cpant4/perl5/perlbrew/perls/perl-5.16.2/bin/perl5.16.2 "-MExtUtils::Command::MM" "-e" "test_harness(0, 'blib/lib', 'blib/arch')" t/*.t
# Testing Socialtext::Resting::Utils 0.21, Perl 5.016002, /export/home/cpant4/perl5/perlbrew/perls/perl-5.16.2/bin/perl5.16.2
t/00-load.t ......... ok
t/default-rester.t .. ok
Can't exec "merge": No such file or directory at lib/Socialtext/EditPage.pm line 172.

#   Failed test at t/edit-page.t line 107.
#          got: 'MONKEY
# '
#     expected: '<<<<<<< YOURS
# MONKEY
# =======
# APE
# >>>>>>> NEW EDIT
# '
Failed to write 'Baz', saving to baz.sav
Filehandle STDIN reopened as $fh only for output at lib/Socialtext/EditPage.pm line 353.
Failed to write 'Baz', saving to baz.sav.1
Filehandle STDIN reopened as $fh only for output at lib/Socialtext/EditPage.pm line 353.
# Looks like you failed 1 test of 34.
t/edit-page.t ....... 
Dubious, test returned 1 (wstat 256, 0x100)
Failed 1/34 subtests 
t/factory.t ......... ok
t/getopt.t .......... ok
t/object.t .......... ok
t/pod-coverage.t .... ok

#   Failed test 'POD test for blib/lib/Socialtext/Resting/DefaultRester.pm'
#   at /export/home/cpant4/perl5/perlbrew/perls/perl-5.16.2/lib/site_perl/5.16.2/Test/Pod.pm line 186.
# blib/lib/Socialtext/Resting/DefaultRester.pm (43): Expected text after =item, not a bullet
# Looks like you failed 1 test of 17.
t/pod.t ............. 
Dubious, test returned 1 (wstat 256, 0x100)
Failed 1/17 subtests 
t/pre-block.t ....... ok
t/table-config.t .... ok
t/tagged-pages.t .... ok
t/wikedit.t ......... ok
t/wiki-localcopy.t .. ok
t/yaml-object.t ..... ok

Test Summary Report
-------------------
t/edit-page.t     (Wstat: 256 Tests: 34 Failed: 1)
  Failed test:  12
  Non-zero exit status: 1
t/pod.t           (Wstat: 256 Tests: 17 Failed: 1)
  Failed test:  5
  Non-zero exit status: 1
Files=14, Tests=170,  7 wallclock secs ( 0.19 usr  0.10 sys +  3.32 cusr  1.03 csys =  4.64 CPU)
Result: FAIL
Failed 2/14 test programs. 2/170 subtests failed.
make: *** [test_dynamic] Error 255

------------------------------
PREREQUISITES
------------------------------

Prerequisite modules loaded:

requires:

    Module              Need Have
    ------------------- ---- ----
    Crypt::CBC          0    2.32
    Crypt::DES          0    2.05
    Getopt::Long        2.36 2.38
    JSON::XS            2.01 2.33
    Socialtext::Resting 0.27 0.38
    Test::Mock::LWP     0    0.06
    Test::More          0    0.98
    YAML                0    0.84

build_requires:

    Module              Need Have
    ------------------- ---- ----
    ExtUtils::MakeMaker 0    6.64

configure_requires:

    Module              Need Have
    ------------------- ---- ----
    ExtUtils::MakeMaker 0    6.64


------------------------------
ENVIRONMENT AND OTHER CONTEXT
------------------------------

Environment variables:

    AUTOMATED_TESTING = 1
    LANG = C
    LD_LIBRARY_PATH = /usr/local/lib:
    PATH = /export/home/cpant4/perl5/perlbrew/bin:/export/home/cpant4/perl5/perlbrew/perls/perl-5.16.2/bin:/export/home/cpant4/perl5/bin:/usr/local/bin:/usr/bin
    PERL5LIB = /export/home/cpant4/.cpan/build/Socialtext-Resting-0.38-H8Li6v/blib/arch:/export/home/cpant4/.cpan/build/Socialtext-Resting-0.38-H8Li6v/blib/lib:/export/home/cpant4/.cpan/build/Class-Field-0.15-tVN8EV/blib/arch:/export/home/cpant4/.cpan/build/Class-Field-0.15-tVN8EV/blib/lib:/export/home/cpant4/.cpan/build/App-Options-1.12-ZlGNhh/blib/arch:/export/home/cpant4/.cpan/build/App-Options-1.12-ZlGNhh/blib/lib:/export/home/cpant4/.cpan/build/IPC-Run-0.92-RPFxS1/blib/arch:/export/home/cpant4/.cpan/build/IPC-Run-0.92-RPFxS1/blib/lib:/export/home/cpant4/.cpan/build/Test-Mock-LWP-0.06-va1WeB/blib/arch:/export/home/cpant4/.cpan/build/Test-Mock-LWP-0.06-va1WeB/blib/lib:/export/home/cpant4/.cpan/build/Test-MockObject-1.20120301-NEhAPj/blib/arch:/export/home/cpant4/.cpan/build/Test-MockObject-1.20120301-NEhAPj/blib/lib:/export/home/cpant4/.cpan/build/UNIVERSAL-can-1.20120726-bVRcUc/blib/arch:/export/home/cpant4/.cpan/build/UNIVERSAL-can-1.20120726-bVRcUc/blib/lib:/export/home/cpant4/.cpan/build/UNIVERSAL-isa-1.20120726-hrIpXZ/blib/arch:/export/home/cpant4/.cpan/build/UNIVERSAL-isa-1.20120726-hrIpXZ/blib/lib
    PERL5OPT = 
    PERL5_CPANPLUS_IS_RUNNING = 22195
    PERL5_CPAN_IS_RUNNING = 22195
    PERL5_CPAN_IS_RUNNING_IN_RECURSION = 12805,22195
    PERLBREW_BASHRC_VERSION = 0.56
    PERLBREW_HOME = /export/home/cpant4/.perlbrew
    PERLBREW_MANPATH = /export/home/cpant4/perl5/perlbrew/perls/perl-5.16.2/man
    PERLBREW_PATH = /export/home/cpant4/perl5/perlbrew/bin:/export/home/cpant4/perl5/perlbrew/perls/perl-5.16.2/bin
    PERLBREW_PERL = perl-5.16.2
    PERLBREW_ROOT = /export/home/cpant4/perl5/perlbrew
    PERLBREW_SKIP_INIT = 1
    PERLBREW_VERSION = 0.56
    PERL_CR_SMOKER_CURRENT = Socialtext-Resting-Utils-0.21
    PERL_EXTUTILS_AUTOINSTALL = --defaultdeps
    PERL_MM_USE_DEFAULT = 1
    SHELL = /bin/bash
    TERM = xterm

Perl special variables (and OS-specific diagnostics, for MSWin32):

    $^X = /export/home/cpant4/perl5/perlbrew/perls/perl-5.16.2/bin/perl5.16.2
    $UID/$EUID = 104 / 104
    $GID = 1 1
    $EGID = 1 1

Perl module toolchain versions installed:

    Module              Have    
    ------------------- --------
    CPAN                1.9800  
    CPAN::Meta          2.120921
    Cwd                 3.40    
    ExtUtils::CBuilder  0.280206
    ExtUtils::Command   1.17    
    ExtUtils::Install   1.58    
    ExtUtils::MakeMaker 6.64    
    ExtUtils::Manifest  1.61    
    ExtUtils::ParseXS   3.18    
    File::Spec          3.40    
    JSON                2.53    
    JSON::PP            2.27200 
    Module::Build       0.4003  
    Module::Signature   n/a     
    Parse::CPAN::Meta   1.4404  
    Test::Harness       3.26    
    Test::More          0.98    
    YAML                0.84    
    YAML::Syck          1.22    
    version             0.9901  


--

Summary of my perl5 (revision 5 version 16 subversion 2) configuration:
   
  Platform:
    osname=solaris, osvers=2.10, archname=i86pc-solaris-64int
    uname='sunos vmrz0046 5.10 generic_141445-09 i86pc i386 i86pc solaris '
    config_args='-de -Dprefix=/export/home/cpant4/perl5/perlbrew/perls/perl-5.16.2 -Dcc=gcc -Duse64bitint -Dusedevel -Aeval:scriptdir=/export/home/cpant4/perl5/perlbrew/perls/perl-5.16.2/bin'
    hint=recommended, useposix=true, d_sigaction=define
    useithreads=undef, usemultiplicity=undef
    useperlio=define, d_sfio=undef, uselargefiles=define, usesocks=undef
    use64bitint=define, use64bitall=undef, uselongdouble=undef
    usemymalloc=n, bincompat5005=undef
  Compiler:
    cc='gcc', ccflags ='-DPTR_IS_LONG -fno-strict-aliasing -pipe -I/usr/local/include -D_LARGEFILE_SOURCE -D_FILE_OFFSET_BITS=64 -DPERL_USE_SAFE_PUTENV',
    optimize='-O',
    cppflags='-DPTR_IS_LONG -fno-strict-aliasing -pipe -I/usr/local/include'
    ccversion='', gccversion='3.4.6', gccosandvers='solaris2.10'
    intsize=4, longsize=4, ptrsize=4, doublesize=8, byteorder=12345678
    d_longlong=define, longlongsize=8, d_longdbl=define, longdblsize=12
    ivtype='long long', ivsize=8, nvtype='double', nvsize=8, Off_t='off_t', lseeksize=8
    alignbytes=4, prototype=define
  Linker and Libraries:
    ld='gcc', ldflags =' -L/usr/local/lib '
    libpth=/usr/local/lib /usr/lib /usr/ccs/lib
    libs=-lsocket -lnsl -lgdbm -ldl -lm -lc
    perllibs=-lsocket -lnsl -ldl -lm -lc
    libc=/lib/libc.so, so=so, useshrplib=false, libperl=libperl.a
    gnulibc_version=''
  Dynamic Linking:
    dlsrc=dl_dlopen.xs, dlext=so, d_dlsymun=undef, ccdlflags=' '
    cccdlflags='-fPIC', lddlflags='-G -L/usr/local/lib'


Characteristics of this binary (from libperl): 
  Compile-time options: HAS_TIMES PERLIO_LAYERS PERL_DONT_CREATE_GVSV
                        PERL_MALLOC_WRAP PERL_PRESERVE_IVUV PERL_USE_DEVEL
                        PERL_USE_SAFE_PUTENV USE_64_BIT_INT USE_LARGE_FILES
                        USE_LOCALE USE_LOCALE_COLLATE USE_LOCALE_CTYPE
                        USE_LOCALE_NUMERIC USE_PERLIO USE_PERL_ATOF
  Built under solaris
  Compiled at Nov 14 2012 20:00:07
  %ENV:
    PERL5LIB="/export/home/cpant4/.cpan/build/Socialtext-Resting-0.38-H8Li6v/blib/arch:/export/home/cpant4/.cpan/build/Socialtext-Resting-0.38-H8Li6v/blib/lib:/export/home/cpant4/.cpan/build/Class-Field-0.15-tVN8EV/blib/arch:/export/home/cpant4/.cpan/build/Class-Field-0.15-tVN8EV/blib/lib:/export/home/cpant4/.cpan/build/App-Options-1.12-ZlGNhh/blib/arch:/export/home/cpant4/.cpan/build/App-Options-1.12-ZlGNhh/blib/lib:/export/home/cpant4/.cpan/build/IPC-Run-0.92-RPFxS1/blib/arch:/export/home/cpant4/.cpan/build/IPC-Run-0.92-RPFxS1/blib/lib:/export/home/cpant4/.cpan/build/Test-Mock-LWP-0.06-va1WeB/blib/arch:/export/home/cpant4/.cpan/build/Test-Mock-LWP-0.06-va1WeB/blib/lib:/export/home/cpant4/.cpan/build/Test-MockObject-1.20120301-NEhAPj/blib/arch:/export/home/cpant4/.cpan/build/Test-MockObject-1.20120301-NEhAPj/blib/lib:/export/home/cpant4/.cpan/build/UNIVERSAL-can-1.20120726-bVRcUc/blib/arch:/export/home/cpant4/.cpan/build/UNIVERSAL-can-1.20120726-bVRcUc/blib/lib:/export/home/cpant4/.cpan/build/UNIVERSAL-isa-1.20120726-hrIpXZ/blib/arch:/export/home/cpant4/.cpan/build/UNIVERSAL-isa-1.20120726-hrIpXZ/blib/lib"
    PERL5OPT=""
    PERL5_CPANPLUS_IS_RUNNING="22195"
    PERL5_CPAN_IS_RUNNING="22195"
    PERL5_CPAN_IS_RUNNING_IN_RECURSION="12805,22195"
    PERLBREW_BASHRC_VERSION="0.56"
    PERLBREW_HOME="/export/home/cpant4/.perlbrew"
    PERLBREW_MANPATH="/export/home/cpant4/perl5/perlbrew/perls/perl-5.16.2/man"
    PERLBREW_PATH="/export/home/cpant4/perl5/perlbrew/bin:/export/home/cpant4/perl5/perlbrew/perls/perl-5.16.2/bin"
    PERLBREW_PERL="perl-5.16.2"
    PERLBREW_ROOT="/export/home/cpant4/perl5/perlbrew"
    PERLBREW_SKIP_INIT="1"
    PERLBREW_VERSION="0.56"
    PERL_CR_SMOKER_CURRENT="Socialtext-Resting-Utils-0.21"
    PERL_EXTUTILS_AUTOINSTALL="--defaultdeps"
    PERL_MM_USE_DEFAULT="1"
  @INC:
    /export/home/cpant4/.cpan/build/Socialtext-Resting-0.38-H8Li6v/blib/arch
    /export/home/cpant4/.cpan/build/Socialtext-Resting-0.38-H8Li6v/blib/lib
    /export/home/cpant4/.cpan/build/Class-Field-0.15-tVN8EV/blib/arch
    /export/home/cpant4/.cpan/build/Class-Field-0.15-tVN8EV/blib/lib
    /export/home/cpant4/.cpan/build/App-Options-1.12-ZlGNhh/blib/arch
    /export/home/cpant4/.cpan/build/App-Options-1.12-ZlGNhh/blib/lib
    /export/home/cpant4/.cpan/build/IPC-Run-0.92-RPFxS1/blib/arch
    /export/home/cpant4/.cpan/build/IPC-Run-0.92-RPFxS1/blib/lib
    /export/home/cpant4/.cpan/build/Test-Mock-LWP-0.06-va1WeB/blib/arch
    /export/home/cpant4/.cpan/build/Test-Mock-LWP-0.06-va1WeB/blib/lib
    /export/home/cpant4/.cpan/build/Test-MockObject-1.20120301-NEhAPj/blib/arch
    /export/home/cpant4/.cpan/build/Test-MockObject-1.20120301-NEhAPj/blib/lib
    /export/home/cpant4/.cpan/build/UNIVERSAL-can-1.20120726-bVRcUc/blib/arch
    /export/home/cpant4/.cpan/build/UNIVERSAL-can-1.20120726-bVRcUc/blib/lib
    /export/home/cpant4/.cpan/build/UNIVERSAL-isa-1.20120726-hrIpXZ/blib/arch
    /export/home/cpant4/.cpan/build/UNIVERSAL-isa-1.20120726-hrIpXZ/blib/lib
    /export/home/cpant4/perl5/perlbrew/perls/perl-5.16.2/lib/site_perl/5.16.2/i86pc-solaris-64int
    /export/home/cpant4/perl5/perlbrew/perls/perl-5.16.2/lib/site_perl/5.16.2
    /export/home/cpant4/perl5/perlbrew/perls/perl-5.16.2/lib/5.16.2/i86pc-solaris-64int
    /export/home/cpant4/perl5/perlbrew/perls/perl-5.16.2/lib/5.16.2
    .