Git-LowLevel v0.4 Perl 5 v5.28.0 amd64-freebsd

Status
Fail
From
Slaven Rezić (SREZIC)
Dist
Git-LowLevel v0.4
Platform
Perl 5 v5.28.0 amd64-freebsd
Date
2018-10-03 13:05:47
ID
0b670c9a-c70d-11e8-8cec-f59666bf3b8c
This distribution has been tested as part of the CPAN Testers
project, supporting the Perl programming language.  See
http://wiki.cpantesters.org/ for more information or email
questions to cpan-testers-discuss@perl.org


--
Dear Dominik Meyer,

This is a computer-generated report for Git-LowLevel-0.4
on perl 5.28.0, created by CPAN-Reporter-1.2018.

Thank you for uploading your work to CPAN.  However, there was a problem
testing your distribution.

If you think this report is invalid, please consult the CPAN Testers Wiki
for suggestions on how to avoid getting FAIL reports for missing library
or binary dependencies, unsupported operating systems, and so on:

http://wiki.cpantesters.org/wiki/CPANAuthorNotes

Sections of this report:

    * Tester comments
    * Program output
    * Prerequisites
    * Environment and other context

------------------------------
TESTER COMMENTS
------------------------------

Additional comments from tester:

none provided

------------------------------
PROGRAM OUTPUT
------------------------------

Output from '/usr/bin/make test':

PERL_DL_NONLAZY=1 "/usr/perl5.28.0p/bin/perl" "-MExtUtils::Command::MM" "-MTest::Harness" "-e" "undef *Test::Harness::Switches; test_harness(0, 'blib/lib', 'blib/arch')" t/*.t
t/00_git.t ........ ok
t/01_base.t ....... ok
fatal: input format error: -e 100644 blob 90bfcb510602aa11ae53a42dcec18ea39fbd8cec	test
usage: git commit-tree [(-p <sha1>)...] [-S[<keyid>]] [-m <message>] [-F <file>] <sha1>
usage: git update-ref [<options>] -d <refname> [<old-val>]
   or: git update-ref [<options>]    <refname> <new-val> [<old-val>]
   or: git update-ref [<options>] --stdin [-z]

    -m <reason>           reason of the update
    -d                    delete the reference
    --no-deref            update <refname> not the one it points to
    -z                    stdin has NUL-terminated arguments
    --stdin               read updates from stdin
    --create-reflog       create a reflog


#   Failed test 'creating/commiting worked(git version 2.19.0)'
#   at t/02_blob.t line 46.

#   Failed test 'tree ist not empty after creating blob (git version 2.19.0)'
#   at t/02_blob.t line 49.
# Looks like you failed 2 tests of 12.
t/02_blob.t ....... 
Dubious, test returned 2 (wstat 512, 0x200)
Failed 2/12 subtests 
fatal: input format error: -e 100644 blob 90bfcb510602aa11ae53a42dcec18ea39fbd8cec	test
fatal: input format error: -e 040000 tree 	tree
usage: git commit-tree [(-p <sha1>)...] [-S[<keyid>]] [-m <message>] [-F <file>] <sha1>
usage: git update-ref [<options>] -d <refname> [<old-val>]
   or: git update-ref [<options>]    <refname> <new-val> [<old-val>]
   or: git update-ref [<options>] --stdin [-z]

    -m <reason>           reason of the update
    -d                    delete the reference
    --no-deref            update <refname> not the one it points to
    -z                    stdin has NUL-terminated arguments
    --stdin               read updates from stdin
    --create-reflog       create a reflog


#   Failed test 'creating/commiting worked'
#   at t/03_tree.t line 48.

#   Failed test 'tree ist not empty after creating tree'
#   at t/03_tree.t line 51.
# Looks like you failed 2 tests of 16.
t/03_tree.t ....... 
Dubious, test returned 2 (wstat 512, 0x200)
Failed 2/16 subtests 
fatal: input format error: -e 100644 blob 6167ca6f7c9d8f91c9eb852f69bc5f6dbc39ff81	yzxdOdpR0ELUgZMBNfk30eEWS4aRJhgft2GDkJAXerD9oi0USOmhGjwkG4oREsztpen2gpGMU063mB57DVlOLt2kdRYE0BM8t5K2P2PdhxXsbR1b21PaqIH0tZzqwPEmvfDexme9wdy5P40GLdn9U0zTlfZnCfWHLPpGpnzgVMWlqjFm2g923V2FYSusKMiCrN2QoFLXEFVLdAdSsy8w8wWrt3jKEd8Jpz6JvJfVlNJKNZNporz6
usage: git commit-tree [(-p <sha1>)...] [-S[<keyid>]] [-m <message>] [-F <file>] <sha1>
usage: git update-ref [<options>] -d <refname> [<old-val>]
   or: git update-ref [<options>]    <refname> <new-val> [<old-val>]
   or: git update-ref [<options>] --stdin [-z]

    -m <reason>           reason of the update
    -d                    delete the reference
    --no-deref            update <refname> not the one it points to
    -z                    stdin has NUL-terminated arguments
    --stdin               read updates from stdin
    --create-reflog       create a reflog


#   Failed test 'find blob yzxdOdpR0ELUgZMBNfk30eEWS4aRJhgft2GDkJAXerD9oi0USOmhGjwkG4oREsztpen2gpGMU063mB57DVlOLt2kdRYE0BM8t5K2P2PdhxXsbR1b21PaqIH0tZzqwPEmvfDexme9wdy5P40GLdn9U0zTlfZnCfWHLPpGpnzgVMWlqjFm2g923V2FYSusKMiCrN2QoFLXEFVLdAdSsy8w8wWrt3jKEd8Jpz6JvJfVlNJKNZNporz6'
#   at t/04_extensive.t line 61.

#   Failed test 'checking for Git::LowLevel::Blob object'
#   at t/04_extensive.t line 62.
Can't call method "content" on an undefined value at t/04_extensive.t line 63.
# Tests were run but no plan was declared and done_testing() was not seen.
# Looks like your test exited with 128 just after 7.
t/04_extensive.t .. 
Dubious, test returned 128 (wstat 32768, 0x8000)
Failed 2/7 subtests 

Test Summary Report
-------------------
t/02_blob.t     (Wstat: 512 Tests: 12 Failed: 2)
  Failed tests:  9-10
  Non-zero exit status: 2
t/03_tree.t     (Wstat: 512 Tests: 16 Failed: 2)
  Failed tests:  10-11
  Non-zero exit status: 2
t/04_extensive.t (Wstat: 32768 Tests: 7 Failed: 2)
  Failed tests:  6-7
  Non-zero exit status: 128
  Parse errors: No plan found in TAP output
Files=5, Tests=44,  3 wallclock secs ( 0.05 usr  0.01 sys +  1.98 cusr  1.16 csys =  3.20 CPU)
Result: FAIL
Failed 3/5 test programs. 6/44 subtests failed.
*** Error code 128

Stop.
make: stopped in /usr/home/cpansand/.cpan/build/2018100320/Git-LowLevel-0.4-0

------------------------------
PREREQUISITES
------------------------------

Prerequisite modules loaded:

requires:

    Module              Need Have    
    ------------------- ---- --------
    File::Basename      0    2.85    
    Moose               0    2.2011  
    MooseX::Privacy     0    0.05    
    strict              0    1.11    
    warnings            0    1.42    

build_requires:

    Module              Need Have    
    ------------------- ---- --------
    ExtUtils::MakeMaker 0    7.34    
    File::Temp          0    0.2304  
    String::Random      0    0.30    
    Test::Exception     0    0.43    
    Test::More          0    1.302140

configure_requires:

    Module              Need Have    
    ------------------- ---- --------
    ExtUtils::MakeMaker 0    7.34    


------------------------------
ENVIRONMENT AND OTHER CONTEXT
------------------------------

Environment variables:

    PATH = /usr/local/bin:/usr/bin:/bin:/usr/local/sbin:/usr/sbin:/sbin:/home/cpansand/bin/freebsd11.1:/home/cpansand/bin/sh:/home/cpansand/bin:/usr/games:/home/cpansand/devel:/usr/home/eserte/src/srezic-misc/scripts
    PERL5LIB = /home/cpansand/.cpan/build/2018100320/MooseX-Privacy-0.05-0/blib/arch:/home/cpansand/.cpan/build/2018100320/MooseX-Privacy-0.05-0/blib/lib:/home/cpansand/.cpan/build/2018100320/Git-PurePerl-0.53-1/blib/arch:/home/cpansand/.cpan/build/2018100320/Git-PurePerl-0.53-1/blib/lib:/home/cpansand/.cpan/build/2018100320/MooseX-Types-Path-Class-0.09-1/blib/arch:/home/cpansand/.cpan/build/2018100320/MooseX-Types-Path-Class-0.09-1/blib/lib:/home/cpansand/.cpan/build/2018100320/MooseX-StrictConstructor-0.21-1/blib/arch:/home/cpansand/.cpan/build/2018100320/MooseX-StrictConstructor-0.21-1/blib/lib:/home/cpansand/.cpan/build/2018100320/IO-Digest-0.11-1/blib/arch:/home/cpansand/.cpan/build/2018100320/IO-Digest-0.11-1/blib/lib:/home/cpansand/.cpan/build/2018100320/PerlIO-via-dynamic-0.14-1/blib/arch:/home/cpansand/.cpan/build/2018100320/PerlIO-via-dynamic-0.14-1/blib/lib:/home/cpansand/.cpan/build/2018100320/Data-Stream-Bulk-0.11-1/blib/arch:/home/cpansand/.cpan/build/2018100320/Data-Stream-Bulk-0.11-1/blib/lib:/home/cpansand/.cpan/build/2018100320/Config-GitLike-1.17-3/blib/arch:/home/cpansand/.cpan/build/2018100320/Config-GitLike-1.17-3/blib/lib:/home/cpansand/.cpan/build/2018100320/Archive-Extract-0.80-2/blib/arch:/home/cpansand/.cpan/build/2018100320/Archive-Extract-0.80-2/blib/lib
    PERL5OPT = 
    PERL5_CPANPLUS_IS_RUNNING = 42058
    PERL5_CPAN_IS_RUNNING = 42058
    PERL5_CPAN_IS_RUNNING_IN_RECURSION = 4320,42058
    PERLDOC = -MPod::Perldoc::ToTextOverstrike
    PERL_BATCH = yes
    PERL_CANARY_STABILITY_NOPROMPT = 1
    PERL_CPAN_REPORTER_CONFIG = /var/tmp/cpansmoker-1023/2018100320/cpanreporter_000_config.ini
    PERL_EXTUTILS_AUTOINSTALL = --defaultdeps
    PERL_USE_UNSAFE_INC = 1
    SHELL = /usr/local/bin/zsh
    TERM = screen
    TMPDIR = /var/tmp/cpansmoker-1023/2018100320

Perl special variables (and OS-specific diagnostics, for MSWin32):

    $^X = /usr/perl5.28.0p/bin/perl
    $UID/$EUID = 1023 / 1023
    $GID = 1023 1023
    $EGID = 1023 1023

Perl module toolchain versions installed:

    Module              Have    
    ------------------- --------
    CPAN                2.20    
    CPAN::Meta          2.150010
    Cwd                 3.74    
    ExtUtils::CBuilder  0.280230
    ExtUtils::Command   7.34    
    ExtUtils::Install   2.14    
    ExtUtils::MakeMaker 7.34    
    ExtUtils::Manifest  1.70    
    ExtUtils::ParseXS   3.39    
    File::Spec          3.74    
    JSON                2.97001 
    JSON::PP            2.97001 
    Module::Build       0.4224  
    Module::Signature   0.83    
    Parse::CPAN::Meta   2.150010
    Test::Harness       3.42    
    Test::More          1.302140
    YAML                1.26    
    YAML::Syck          1.30    
    version             0.9923  


--

Summary of my perl5 (revision 5 version 28 subversion 0) configuration:
   
  Platform:
    osname=freebsd
    osvers=12.0-alpha8
    archname=amd64-freebsd
    uname='freebsd ali1.bbbike.org 12.0-alpha8 freebsd 12.0-alpha8 b90df935207(master) generic amd64 '
    config_args='-ds -e -Dprefix=/usr/perl5.28.0p -Dcf_email=srezic@cpan.org -Doptimize=-O2 -pipe'
    hint=recommended
    useposix=true
    d_sigaction=define
    useithreads=undef
    usemultiplicity=undef
    use64bitint=define
    use64bitall=define
    uselongdouble=undef
    usemymalloc=n
    default_inc_excludes_dot=define
    bincompat5005=undef
  Compiler:
    cc='cc'
    ccflags ='-DHAS_FPSETMASK -DHAS_FLOATINGPOINT_H -fno-strict-aliasing -pipe -fstack-protector-strong -I/usr/local/include -D_FORTIFY_SOURCE=2'
    optimize='-O2 -pipe'
    cppflags='-DHAS_FPSETMASK -DHAS_FLOATINGPOINT_H -fno-strict-aliasing -pipe -fstack-protector-strong -I/usr/local/include'
    ccversion=''
    gccversion='4.2.1 Compatible FreeBSD Clang 6.0.1 (tags/RELEASE_601/final 335540)'
    gccosandvers=''
    intsize=4
    longsize=8
    ptrsize=8
    doublesize=8
    byteorder=12345678
    doublekind=3
    d_longlong=define
    longlongsize=8
    d_longdbl=define
    longdblsize=16
    longdblkind=3
    ivtype='long'
    ivsize=8
    nvtype='double'
    nvsize=8
    Off_t='off_t'
    lseeksize=8
    alignbytes=8
    prototype=define
  Linker and Libraries:
    ld='cc'
    ldflags ='-pthread -Wl,-E  -fstack-protector-strong -L/usr/local/lib'
    libpth=/usr/lib /usr/local/lib /usr/lib/clang/6.0.1/lib /usr/lib
    libs=-lpthread -ldl -lm -lcrypt -lutil -lc
    perllibs=-lpthread -ldl -lm -lcrypt -lutil -lc
    libc=
    so=so
    useshrplib=false
    libperl=libperl.a
    gnulibc_version=''
  Dynamic Linking:
    dlsrc=dl_dlopen.xs
    dlext=so
    d_dlsymun=undef
    ccdlflags=' '
    cccdlflags='-DPIC -fPIC'
    lddlflags='-shared  -L/usr/local/lib -fstack-protector-strong'


Characteristics of this binary (from libperl): 
  Compile-time options:
    HAS_TIMES
    PERLIO_LAYERS
    PERL_COPY_ON_WRITE
    PERL_DONT_CREATE_GVSV
    PERL_MALLOC_WRAP
    PERL_OP_PARENT
    PERL_PRESERVE_IVUV
    USE_64_BIT_ALL
    USE_64_BIT_INT
    USE_LARGE_FILES
    USE_LOCALE
    USE_LOCALE_COLLATE
    USE_LOCALE_CTYPE
    USE_LOCALE_NUMERIC
    USE_LOCALE_TIME
    USE_PERLIO
    USE_PERL_ATOF
  Built under freebsd
  Compiled at Oct  3 2018 14:42:04
  %ENV:
    PERL5LIB="/home/cpansand/.cpan/build/2018100320/MooseX-Privacy-0.05-0/blib/arch:/home/cpansand/.cpan/build/2018100320/MooseX-Privacy-0.05-0/blib/lib:/home/cpansand/.cpan/build/2018100320/Git-PurePerl-0.53-1/blib/arch:/home/cpansand/.cpan/build/2018100320/Git-PurePerl-0.53-1/blib/lib:/home/cpansand/.cpan/build/2018100320/MooseX-Types-Path-Class-0.09-1/blib/arch:/home/cpansand/.cpan/build/2018100320/MooseX-Types-Path-Class-0.09-1/blib/lib:/home/cpansand/.cpan/build/2018100320/MooseX-StrictConstructor-0.21-1/blib/arch:/home/cpansand/.cpan/build/2018100320/MooseX-StrictConstructor-0.21-1/blib/lib:/home/cpansand/.cpan/build/2018100320/IO-Digest-0.11-1/blib/arch:/home/cpansand/.cpan/build/2018100320/IO-Digest-0.11-1/blib/lib:/home/cpansand/.cpan/build/2018100320/PerlIO-via-dynamic-0.14-1/blib/arch:/home/cpansand/.cpan/build/2018100320/PerlIO-via-dynamic-0.14-1/blib/lib:/home/cpansand/.cpan/build/2018100320/Data-Stream-Bulk-0.11-1/blib/arch:/home/cpansand/.cpan/build/2018100320/Data-Stream-Bulk-0.11-1/blib/lib:/home/cpansand/.cpan/build/2018100320/Config-GitLike-1.17-3/blib/arch:/home/cpansand/.cpan/build/2018100320/Config-GitLike-1.17-3/blib/lib:/home/cpansand/.cpan/build/2018100320/Archive-Extract-0.80-2/blib/arch:/home/cpansand/.cpan/build/2018100320/Archive-Extract-0.80-2/blib/lib"
    PERL5OPT=""
    PERL5_CPANPLUS_IS_RUNNING="42058"
    PERL5_CPAN_IS_RUNNING="42058"
    PERL5_CPAN_IS_RUNNING_IN_RECURSION="4320,42058"
    PERLDOC="-MPod::Perldoc::ToTextOverstrike"
    PERL_BATCH="yes"
    PERL_CANARY_STABILITY_NOPROMPT="1"
    PERL_CPAN_REPORTER_CONFIG="/var/tmp/cpansmoker-1023/2018100320/cpanreporter_000_config.ini"
    PERL_EXTUTILS_AUTOINSTALL="--defaultdeps"
    PERL_USE_UNSAFE_INC="1"
  @INC:
    /home/cpansand/.cpan/build/2018100320/MooseX-Privacy-0.05-0/blib/arch
    /home/cpansand/.cpan/build/2018100320/MooseX-Privacy-0.05-0/blib/lib
    /home/cpansand/.cpan/build/2018100320/Git-PurePerl-0.53-1/blib/arch
    /home/cpansand/.cpan/build/2018100320/Git-PurePerl-0.53-1/blib/lib
    /home/cpansand/.cpan/build/2018100320/MooseX-Types-Path-Class-0.09-1/blib/arch
    /home/cpansand/.cpan/build/2018100320/MooseX-Types-Path-Class-0.09-1/blib/lib
    /home/cpansand/.cpan/build/2018100320/MooseX-StrictConstructor-0.21-1/blib/arch
    /home/cpansand/.cpan/build/2018100320/MooseX-StrictConstructor-0.21-1/blib/lib
    /home/cpansand/.cpan/build/2018100320/IO-Digest-0.11-1/blib/arch
    /home/cpansand/.cpan/build/2018100320/IO-Digest-0.11-1/blib/lib
    /home/cpansand/.cpan/build/2018100320/PerlIO-via-dynamic-0.14-1/blib/arch
    /home/cpansand/.cpan/build/2018100320/PerlIO-via-dynamic-0.14-1/blib/lib
    /home/cpansand/.cpan/build/2018100320/Data-Stream-Bulk-0.11-1/blib/arch
    /home/cpansand/.cpan/build/2018100320/Data-Stream-Bulk-0.11-1/blib/lib
    /home/cpansand/.cpan/build/2018100320/Config-GitLike-1.17-3/blib/arch
    /home/cpansand/.cpan/build/2018100320/Config-GitLike-1.17-3/blib/lib
    /home/cpansand/.cpan/build/2018100320/Archive-Extract-0.80-2/blib/arch
    /home/cpansand/.cpan/build/2018100320/Archive-Extract-0.80-2/blib/lib
    /usr/perl5.28.0p/lib/site_perl/5.28.0/amd64-freebsd
    /usr/perl5.28.0p/lib/site_perl/5.28.0
    /usr/perl5.28.0p/lib/5.28.0/amd64-freebsd
    /usr/perl5.28.0p/lib/5.28.0
    .