Report for Test-JsonAPI-Autodoc-0.22

Back
From: metabase:user:30ae4450-2aae-11df-837a-5e0a49663a4f
Subject: FAIL Test-JsonAPI-Autodoc-0.22 v5.12.2 
Date: 2015-05-30T08:35:53Z

This distribution has been tested as part of the CPAN Testers
project, supporting the Perl programming language.  See
http://wiki.cpantesters.org/ for more information or email
questions to cpan-testers-discuss@perl.org


--
Dear Taiki Kawakami,

This is a computer-generated report for Test-JsonAPI-Autodoc-0.22
on perl 5.12.2, created by CPAN-Reporter-1.2011.

Thank you for uploading your work to CPAN.  However, there was a problem
testing your distribution.

If you think this report is invalid, please consult the CPAN Testers Wiki
for suggestions on how to avoid getting FAIL reports for missing library
or binary dependencies, unsupported operating systems, and so on:

http://wiki.cpantesters.org/wiki/CPANAuthorNotes

Sections of this report:

    * Tester comments
    * Program output
    * Prerequisites
    * Environment and other context

------------------------------
TESTER COMMENTS
------------------------------

Additional comments from tester:

this report is from an automated smoke testing program
and was not reviewed by a human for accuracy

------------------------------
PROGRAM OUTPUT
------------------------------

Output from 'C:\strawberry\perl\bin\perl.exe ./Build test':

t\00_compile.t ..................... ok
t\01_find_project_root_path.t ...... ok
mkdir C:/strawberry/cpan/build/Test-JsonAPI-Autodoc-0.22-AvKxRh/t/C:/: Invalid argument; Ñèíòàêñè÷åñêàÿ îøèáêà â èìåíè ôàéëà, èìåíè ïàïêè èëè ìåòêå òîìà at C:/strawberry/perl/site/lib/Path/Tiny.pm line 965.
    # Child (200 OK) exited without calling finalize()

#   Failed test '200 OK'
#   at C:/strawberry/perl/lib/Test/Builder.pm line 276.
# Tests were run but no plan was declared and done_testing() was not seen.
# Looks like your test exited with 22 just after 1.
t\02_basic.t ....................... 
Dubious, test returned 22 (wstat 5632, 0x1600)
Failed 1/1 subtests 
mkdir C:/strawberry/cpan/build/Test-JsonAPI-Autodoc-0.22-AvKxRh/t/C:/: Invalid argument; Ñèíòàêñè÷åñêàÿ îøèáêà â èìåíè ôàéëà, èìåíè ïàïêè èëè ìåòêå òîìà at C:/strawberry/perl/site/lib/Path/Tiny.pm line 965.
# Tests were run but no plan was declared and done_testing() was not seen.
# Looks like your test exited with 22 just after 1.
t\03_nested_hash.t ................. 
Dubious, test returned 22 (wstat 5632, 0x1600)
All 1 subtests passed 
mkdir C:/strawberry/cpan/build/Test-JsonAPI-Autodoc-0.22-AvKxRh/t/C:/: Invalid argument; Ñèíòàêñè÷åñêàÿ îøèáêà â èìåíè ôàéëà, èìåíè ïàïêè èëè ìåòêå òîìà at C:/strawberry/perl/site/lib/Path/Tiny.pm line 965.
# Tests were run but no plan was declared and done_testing() was not seen.
# Looks like your test exited with 22 just after 1.
t\04_array.t ....................... 
Dubious, test returned 22 (wstat 5632, 0x1600)
All 1 subtests passed 
mkdir C:/strawberry/cpan/build/Test-JsonAPI-Autodoc-0.22-AvKxRh/t/C:/: Invalid argument; Ñèíòàêñè÷åñêàÿ îøèáêà â èìåíè ôàéëà, èìåíè ïàïêè èëè ìåòêå òîìà at C:/strawberry/perl/site/lib/Path/Tiny.pm line 965.
    # Child (Non JSON request parameters) exited without calling finalize()

#   Failed test 'Non JSON request parameters'
#   at C:/strawberry/perl/lib/Test/Builder.pm line 276.
# Tests were run but no plan was declared and done_testing() was not seen.
# Looks like your test exited with 22 just after 1.
t\05_non_json_request.t ............ 
Dubious, test returned 22 (wstat 5632, 0x1600)
Failed 1/1 subtests 
mkdir C:/strawberry/cpan/build/Test-JsonAPI-Autodoc-0.22-AvKxRh/t/C:/: Invalid argument; Ñèíòàêñè÷åñêàÿ îøèáêà â èìåíè ôàéëà, èìåíè ïàïêè èëè ìåòêå òîìà at C:/strawberry/perl/site/lib/Path/Tiny.pm line 965.
    # Child (Non JSON request parameters) exited without calling finalize()

#   Failed test 'Non JSON request parameters'
#   at C:/strawberry/perl/lib/Test/Builder.pm line 276.
# Tests were run but no plan was declared and done_testing() was not seen.
# Looks like your test exited with 22 just after 1.
t\06_own_template.t ................ 
Dubious, test returned 22 (wstat 5632, 0x1600)
Failed 1/1 subtests 
mkdir C:/strawberry/cpan/build/Test-JsonAPI-Autodoc-0.22-AvKxRh/t/C:/: Invalid argument; Ñèíòàêñè÷åñêàÿ îøèáêà â èìåíè ôàéëà, èìåíè ïàïêè èëè ìåòêå òîìà at C:/strawberry/perl/site/lib/Path/Tiny.pm line 965.
    # Child (200 OK) exited without calling finalize()

#   Failed test '200 OK'
#   at C:/strawberry/perl/lib/Test/Builder.pm line 276.
# Tests were run but no plan was declared and done_testing() was not seen.
# Looks like your test exited with 22 just after 2.
t\07_http_ok_is_not_in_describe.t .. 
Dubious, test returned 22 (wstat 5632, 0x1600)
Failed 1/2 subtests 
mkdir C:/strawberry/cpan/build/Test-JsonAPI-Autodoc-0.22-AvKxRh/t/C:/: Invalid argument; Ñèíòàêñè÷åñêàÿ îøèáêà â èìåíè ôàéëà, èìåíè ïàïêè èëè ìåòêå òîìà at C:/strawberry/perl/site/lib/Path/Tiny.pm line 965.
    # Child (Not use test_psgi) exited without calling finalize()

#   Failed test 'Not use test_psgi'
#   at C:/strawberry/perl/lib/Test/Builder.pm line 276.
# Tests were run but no plan was declared and done_testing() was not seen.
# Looks like your test exited with 22 just after 1.
t\08_plack.t ....................... 
Dubious, test returned 22 (wstat 5632, 0x1600)
Failed 1/1 subtests 
mkdir C:/strawberry/cpan/build/Test-JsonAPI-Autodoc-0.22-AvKxRh/t/C:/: Invalid argument; Ñèíòàêñè÷åñêàÿ îøèáêà â èìåíè ôàéëà, èìåíè ïàïêè èëè ìåòêå òîìà at C:/strawberry/perl/site/lib/Path/Tiny.pm line 965.
    # Child (Non JSON request parameters) exited without calling finalize()

#   Failed test 'Non JSON request parameters'
#   at C:/strawberry/perl/lib/Test/Builder.pm line 276.
# Tests were run but no plan was declared and done_testing() was not seen.
# Looks like your test exited with 22 just after 1.
t\09_non_json_request_full_url.t ... 
Dubious, test returned 22 (wstat 5632, 0x1600)
Failed 1/1 subtests 
t\10_not_generate_doc.t ............ ok
mkdir C:/strawberry/cpan/build/Test-JsonAPI-Autodoc-0.22-AvKxRh/t/C:/: Invalid argument; Ñèíòàêñè÷åñêàÿ îøèáêà â èìåíè ôàéëà, èìåíè ïàïêè èëè ìåòêå òîìà at C:/strawberry/perl/site/lib/Path/Tiny.pm line 965.
    # Child (request content includes value like number) exited without calling finalize()

#   Failed test 'request content includes value like number'
#   at C:/strawberry/perl/lib/Test/Builder.pm line 276.
# Tests were run but no plan was declared and done_testing() was not seen.
# Looks like your test exited with 22 just after 1.
t\11_like_number.t ................. 
Dubious, test returned 22 (wstat 5632, 0x1600)
Failed 1/1 subtests 
mkdir C:/strawberry/cpan/build/Test-JsonAPI-Autodoc-0.22-AvKxRh/t/C:/: Invalid argument; Ñèíòàêñè÷åñêàÿ îøèáêà â èìåíè ôàéëà, èìåíè ïàïêè èëè ìåòêå òîìà at C:/strawberry/perl/site/lib/Path/Tiny.pm line 965.
    # Child (request content includes null value) exited without calling finalize()

#   Failed test 'request content includes null value'
#   at C:/strawberry/perl/lib/Test/Builder.pm line 276.
# Tests were run but no plan was declared and done_testing() was not seen.
# Looks like your test exited with 22 just after 1.
t\12_nullable.t .................... 
Dubious, test returned 22 (wstat 5632, 0x1600)
Failed 1/1 subtests 
t\13_test_builder_level.t .......... ok
mkdir C:/strawberry/cpan/build/Test-JsonAPI-Autodoc-0.22-AvKxRh/t/C:/: Invalid argument; Ñèíòàêñè÷åñêàÿ îøèáêà â èìåíè ôàéëà, èìåíè ïàïêè èëè ìåòêå òîìà at C:/strawberry/perl/site/lib/Path/Tiny.pm line 965.
# Tests were run but no plan was declared and done_testing() was not seen.
# Looks like your test exited with 22 just after 1.
t\14_response_parameters_order.t ... 
Dubious, test returned 22 (wstat 5632, 0x1600)
All 1 subtests passed 
C:/DOCUME~1/c/LOCALS~1/Temp/test-jsonapi-autodoc-eoILt6sI at t\15_multi_byte_output.t line 22.
mkdir C:/strawberry/cpan/build/Test-JsonAPI-Autodoc-0.22-AvKxRh/t/C:/: Invalid argument; Ñèíòàêñè÷åñêàÿ îøèáêà â èìåíè ôàéëà, èìåíè ïàïêè èëè ìåòêå òîìà at C:/strawberry/perl/site/lib/Path/Tiny.pm line 965.
    # Child (Not use test_psgi) exited without calling finalize()

#   Failed test 'Not use test_psgi'
#   at C:/strawberry/perl/lib/Test/Builder.pm line 276.
# Tests were run but no plan was declared and done_testing() was not seen.
# Looks like your test exited with 22 just after 1.
t\15_multi_byte_output.t ........... 
Dubious, test returned 22 (wstat 5632, 0x1600)
Failed 1/1 subtests 

Test Summary Report
-------------------
t\02_basic.t                     (Wstat: 5632 Tests: 1 Failed: 1)
  Failed test:  1
  Non-zero exit status: 22
  Parse errors: No plan found in TAP output
t\03_nested_hash.t               (Wstat: 5632 Tests: 1 Failed: 0)
  Non-zero exit status: 22
  Parse errors: No plan found in TAP output
t\04_array.t                     (Wstat: 5632 Tests: 1 Failed: 0)
  Non-zero exit status: 22
  Parse errors: No plan found in TAP output
t\05_non_json_request.t          (Wstat: 5632 Tests: 1 Failed: 1)
  Failed test:  1
  Non-zero exit status: 22
  Parse errors: No plan found in TAP output
t\06_own_template.t              (Wstat: 5632 Tests: 1 Failed: 1)
  Failed test:  1
  Non-zero exit status: 22
  Parse errors: No plan found in TAP output
t\07_http_ok_is_not_in_describe.t (Wstat: 5632 Tests: 2 Failed: 1)
  Failed test:  2
  Non-zero exit status: 22
  Parse errors: No plan found in TAP output
t\08_plack.t                     (Wstat: 5632 Tests: 1 Failed: 1)
  Failed test:  1
  Non-zero exit status: 22
  Parse errors: No plan found in TAP output
t\09_non_json_request_full_url.t (Wstat: 5632 Tests: 1 Failed: 1)
  Failed test:  1
  Non-zero exit status: 22
  Parse errors: No plan found in TAP output
t\11_like_number.t               (Wstat: 5632 Tests: 1 Failed: 1)
  Failed test:  1
  Non-zero exit status: 22
  Parse errors: No plan found in TAP output
t\12_nullable.t                  (Wstat: 5632 Tests: 1 Failed: 1)
  Failed test:  1
  Non-zero exit status: 22
  Parse errors: No plan found in TAP output
t\14_response_parameters_order.t (Wstat: 5632 Tests: 1 Failed: 0)
  Non-zero exit status: 22
  Parse errors: No plan found in TAP output
t\15_multi_byte_output.t         (Wstat: 5632 Tests: 1 Failed: 1)
  Failed test:  1
  Non-zero exit status: 22
  Parse errors: No plan found in TAP output
Files=16, Tests=23,  5 wallclock secs ( 0.06 usr +  0.07 sys =  0.13 CPU)
Result: FAIL
Failed 12/16 test programs. 9/23 subtests failed.

------------------------------
PREREQUISITES
------------------------------

Prerequisite modules loaded:

requires:

    Module                       Need     Have    
    ---------------------------- -------- --------
    Data::Section::Simple        0        0.07    
    JSON                         0        2.90    
    LWP::UserAgent               0        6.06    
    parent                       0        0.228   
    Path::Tiny                   0.051    0.055   
    perl                         5.008005 5.012002
    Scope::Guard                 0        0.20    
    Test::More                   0.98     1.001003
    Text::Xslate                 0        3.3.3   
    Text::Xslate::Bridge::Star   0        0       
    Time::Piece                  0        1.20    
    URL::Encode                  0        0.03    

build_requires:

    Module                       Need     Have    
    ---------------------------- -------- --------
    HTTP::Request::Common        0        6.04    
    HTTP::Response               0        6.04    
    Plack::Request               0        1.0031  
    Plack::Test                  0        0       
    Test::Mock::LWP::Conditional 0        0.03    

configure_requires:

    Module                       Need     Have    
    ---------------------------- -------- --------
    CPAN::Meta                   0        2.141520
    CPAN::Meta::Prereqs          0        2.141520
    Module::Build                0.38     0.4206  


------------------------------
ENVIRONMENT AND OTHER CONTEXT
------------------------------

Environment variables:

    AUTOMATED_TESTING = 1
    COMSPEC = C:\WINDOWS\system32\cmd.exe
    NUMBER_OF_PROCESSORS = 1
    PATH = c:\Windows\system32;c:\Windows\System32\Wbem;C:\Git\cmd;C:\strawberry\c\bin;C:\strawberry\perl\site\bin;C:\strawberry\perl\bin
    PERL5LIB = C:\strawberry\cpan\build\Test-Mock-LWP-Conditional-0.03-4YXdVC/blib/arch;C:\strawberry\cpan\build\Test-Mock-LWP-Conditional-0.03-4YXdVC/blib/lib;C:\strawberry\cpan\build\Test-Fake-HTTPD-0.07-q_MB1J/blib/arch;C:\strawberry\cpan\build\Test-Fake-HTTPD-0.07-q_MB1J/blib/lib;C:\strawberry\cpan\build\Test-SharedFork-0.31-k8GNZS/blib/arch;C:\strawberry\cpan\build\Test-SharedFork-0.31-k8GNZS/blib/lib
    PERL5OPT = 
    PERL5_CPANPLUS_IS_RUNNING = 1140
    PERL5_CPAN_IS_RUNNING = 1140
    PERL5_CPAN_IS_RUNNING_IN_RECURSION = 1188,1140
    PERL_CR_SMOKER_CURRENT = Test-JsonAPI-Autodoc-0.22
    PERL_CR_SMOKER_RUNONCE = 1
    PERL_EXTUTILS_AUTOINSTALL = --defaultdeps
    PERL_MM_USE_DEFAULT = 1
    PROCESSOR_IDENTIFIER = x86 Family 16 Model 5 Stepping 3, AuthenticAMD
    TEMP = C:\DOCUME~1\c\LOCALS~1\Temp
    TERM = dumb

Perl special variables (and OS-specific diagnostics, for MSWin32):

    $^X = C:\strawberry\perl\bin\perl.exe
    $UID/$EUID = 0 / 0
    $GID = 0
    $EGID = 0
    Win32::GetOSName = WinXP/.Net
    Win32::GetOSVersion = Service Pack 3, 5, 1, 2600, 2, 3, 0, 256, 1
    Win32::FsType = NTFS
    Win32::IsAdminUser = 1

Perl module toolchain versions installed:

    Module              Have    
    ------------------- --------
    CPAN                2.00    
    CPAN::Meta          2.141520
    Cwd                 3.47    
    ExtUtils::CBuilder  0.280216
    ExtUtils::Command   1.16    
    ExtUtils::Install   1.55    
    ExtUtils::MakeMaker 6.98    
    ExtUtils::Manifest  1.60    
    ExtUtils::ParseXS   3.24    
    File::Spec          3.47    
    JSON                2.90    
    JSON::PP            2.27203 
    Module::Build       0.4206  
    Module::Signature   0.66    
    Parse::CPAN::Meta   1.4414  
    Test::Harness       3.32    
    Test::More          1.001003
    YAML                0.98    
    YAML::Syck          1.27    
    version             0.9908  


--

Summary of my perl5 (revision 5 version 12 subversion 2) configuration:
   
  Platform:
    osname=MSWin32, osvers=5.1, archname=MSWin32-x86-multi-thread
    uname='Win32 strawberryperl 5.12.2.0 #1 Fri Nov  5 05:17:27 2010 i386'
    config_args='undef'
    hint=recommended, useposix=true, d_sigaction=undef
    useithreads=define, usemultiplicity=define
    useperlio=define, d_sfio=undef, uselargefiles=define, usesocks=undef
    use64bitint=undef, use64bitall=undef, uselongdouble=undef
    usemymalloc=n, bincompat5005=undef
  Compiler:
    cc='gcc', ccflags =' -s -O2 -DWIN32 -DHAVE_DES_FCRYPT  -DUSE_SITECUSTOMIZE -DPERL_IMPLICIT_CONTEXT -DPERL_IMPLICIT_SYS -fno-strict-aliasing -mms-bitfields -DPERL_MSVCRT_READFIX',
    optimize='-s -O2',
    cppflags='-DWIN32'
    ccversion='', gccversion='4.4.3', gccosandvers=''
    intsize=4, longsize=4, ptrsize=4, doublesize=8, byteorder=1234
    d_longlong=undef, longlongsize=8, d_longdbl=define, longdblsize=12
    ivtype='long', ivsize=4, nvtype='double', nvsize=8, Off_t='long long', lseeksize=8
    alignbytes=8, prototype=define
  Linker and Libraries:
    ld='g++', ldflags ='-s -L"C:\strawberry\perl\lib\CORE" -L"C:\strawberry\c\lib"'
    libpth=C:\strawberry\c\lib C:\strawberry\c\i686-w64-mingw32\lib
    libs=-lmoldname -lkernel32 -luser32 -lgdi32 -lwinspool -lcomdlg32 -ladvapi32 -lshell32 -lole32 -loleaut32 -lnetapi32 -luuid -lws2_32 -lmpr -lwinmm -lversion -lodbc32 -lodbccp32 -lcomctl32
    perllibs=-lmoldname -lkernel32 -luser32 -lgdi32 -lwinspool -lcomdlg32 -ladvapi32 -lshell32 -lole32 -loleaut32 -lnetapi32 -luuid -lws2_32 -lmpr -lwinmm -lversion -lodbc32 -lodbccp32 -lcomctl32
    libc=, so=dll, useshrplib=true, libperl=libperl512.a
    gnulibc_version=''
  Dynamic Linking:
    dlsrc=dl_win32.xs, dlext=dll, d_dlsymun=undef, ccdlflags=' '
    cccdlflags=' ', lddlflags='-mdll -s -L"C:\strawberry\perl\lib\CORE" -L"C:\strawberry\c\lib"'


Characteristics of this binary (from libperl): 
  Compile-time options: MULTIPLICITY PERL_DONT_CREATE_GVSV
                        PERL_IMPLICIT_CONTEXT PERL_IMPLICIT_SYS
                        PERL_MALLOC_WRAP PL_OP_SLAB_ALLOC USE_ITHREADS
                        USE_LARGE_FILES USE_PERLIO USE_PERL_ATOF
                        USE_SITECUSTOMIZE
  Built under MSWin32
  Compiled at Nov  5 2010 08:39:08
  %ENV:
    PERL5LIB="C:\strawberry\cpan\build\Test-Mock-LWP-Conditional-0.03-4YXdVC/blib/arch;C:\strawberry\cpan\build\Test-Mock-LWP-Conditional-0.03-4YXdVC/blib/lib;C:\strawberry\cpan\build\Test-Fake-HTTPD-0.07-q_MB1J/blib/arch;C:\strawberry\cpan\build\Test-Fake-HTTPD-0.07-q_MB1J/blib/lib;C:\strawberry\cpan\build\Test-SharedFork-0.31-k8GNZS/blib/arch;C:\strawberry\cpan\build\Test-SharedFork-0.31-k8GNZS/blib/lib"
    PERL5_CPANPLUS_IS_RUNNING="1140"
    PERL5_CPAN_IS_RUNNING="1140"
    PERL5_CPAN_IS_RUNNING_IN_RECURSION="1188,1140"
    PERL_CR_SMOKER_CURRENT="Test-JsonAPI-Autodoc-0.22"
    PERL_CR_SMOKER_RUNONCE="1"
    PERL_EXTUTILS_AUTOINSTALL="--defaultdeps"
    PERL_MM_USE_DEFAULT="1"
  @INC:
    C:\strawberry\cpan\build\Test-Mock-LWP-Conditional-0.03-4YXdVC/blib/arch
    C:\strawberry\cpan\build\Test-Mock-LWP-Conditional-0.03-4YXdVC/blib/lib
    C:\strawberry\cpan\build\Test-Fake-HTTPD-0.07-q_MB1J/blib/arch
    C:\strawberry\cpan\build\Test-Fake-HTTPD-0.07-q_MB1J/blib/lib
    C:\strawberry\cpan\build\Test-SharedFork-0.31-k8GNZS/blib/arch
    C:\strawberry\cpan\build\Test-SharedFork-0.31-k8GNZS/blib/lib
    C:/strawberry/perl/site/lib
    C:/strawberry/perl/vendor/lib
    C:/strawberry/perl/lib
    .