Flickr-API v1.28 Perl 5 v5.10.1 x86_64-linux

Status
Fail
From
Slaven Rezić
Dist
Flickr-API v1.28
Platform
Perl 5 v5.10.1 x86_64-linux
Date
2024-02-24 09:28:16
ID
09fbdfce-d2f7-11ee-a15b-f1e16d8775ea
This distribution has been tested as part of the CPAN Testers
project, supporting the Perl programming language.  See
http://wiki.cpantesters.org/ for more information or email
questions to cpan-testers-discuss@perl.org


--
Dear Louis Moore,

This is a computer-generated report for Flickr-API-1.28
on perl 5.10.1, created by CPAN-Reporter-1.2018.

Thank you for uploading your work to CPAN.  However, there was a problem
testing your distribution.

If you think this report is invalid, please consult the CPAN Testers Wiki
for suggestions on how to avoid getting FAIL reports for missing library
or binary dependencies, unsupported operating systems, and so on:

http://wiki.cpantesters.org/wiki/CPANAuthorNotes

Sections of this report:

    * Tester comments
    * Program output
    * Prerequisites
    * Environment and other context

------------------------------
TESTER COMMENTS
------------------------------

Additional comments from tester:

none provided

------------------------------
PROGRAM OUTPUT
------------------------------

Output from 'make test':

PERL_DL_NONLAZY=1 "/opt/perl-5.10.1/bin/perl" "-MExtUtils::Command::MM" "-MTest::Harness" "-e" "undef *Test::Harness::Switches; test_harness(0, 'blib/lib', 'blib/arch')" t/*.t

#   Failed test 'checking the error code for "method not found"'
#   at t/01-test.t line 32.
#          got: '212'
#     expected: '112'

The 'perms' parameter must be one of: read, write, delete
 at t/01-test.t line 77.
# Looks like you failed 1 test of 26.
t/01-test.t .......................... 
Dubious, test returned 1 (wstat 256, 0x100)
Failed 1/26 subtests 
t/02-flickr_api.t .................... ok
t/02-oauth_api.t ..................... ok
t/03-flickr_api.t .................... skipped: These tests require that MAKETEST_FLICKR_CFG points to a valid config, see README.
t/03-oauth_consumer.t ................ skipped: These tests require that MAKETEST_OAUTH_CFG points to a valid config, see README.
t/04-flickr_authuri.t ................ skipped: These tests require that MAKETEST_FLICKR_CFG points to a valid config, see README.
t/04-oauth_requesttoken.t ............ skipped: These tests require that MAKETEST_OAUTH_CFG points to a valid config, see README.
t/05-flickr_authentication.t ......... skipped: These tests require that MAKETEST_FLICKR_CFG points to a valid config, see README.
t/05-oauth_authentication.t .......... skipped: These tests require that MAKETEST_OAUTH_CFG points to a valid config, see README.
t/06-flickr-authenticated-methods.t .. skipped: These tests require that MAKETEST_FLICKR_CFG points to a valid config, see README.
# No MAKETEST_OAUTH_CFG, shallow tests only
t/06-oauth-authenticated-methods.t ... ok
t/07-reflection.t .................... skipped: Reflection tests require that MAKETEST_OAUTH_CFG points to a valid config, see README.
t/08-cameras.t ....................... skipped: Cameras tests require that MAKETEST_OAUTH_CFG points to a valid config, see README.
t/09-people.t ........................ skipped: People tests require that MAKETEST_OAUTH_CFG points to a valid config, see README.
t/10-upload.t ........................ skipped: Upload tests require that MAKETEST_OAUTH_CFG points to a valid config, see README.

Test Summary Report
-------------------
t/01-test.t                        (Wstat: 256 (exited 1) Tests: 26 Failed: 1)
  Failed test:  3
  Non-zero exit status: 1
Files=15, Tests=90,  2 wallclock secs ( 0.03 usr  0.01 sys +  1.24 cusr  0.11 csys =  1.39 CPU)
Result: FAIL
Failed 1/15 test programs. 1/90 subtests failed.
Makefile:944: recipe for target 'test_dynamic' failed
make: *** [test_dynamic] Error 255

------------------------------
PREREQUISITES
------------------------------

Prerequisite modules loaded:

requires:

    Module                  Need  Have    
    ----------------------- ----- --------
    Digest::MD5             0     2.58    
    Getopt::Long            1     2.52    
    HTTP::Message           1.56  6.37    
    HTTP::Request           0     6.37    
    HTTP::Request::Common   0     6.37    
    HTTP::Response          0     6.37    
    LWP::UserAgent          0     6.67    
    Net::OAuth              0     0.28    
    parent                  0     0.238   
    perl                    5.008 5.010001
    Test::More              0     1.302191
    Test::Script            0     1.29    
    URI                     1.18  5.12    
    XML::LibXML::Simple     0     1.01    
    XML::Parser::Lite::Tree 0.06  0.14    

build_requires:

    Module                  Need  Have    
    ----------------------- ----- --------
    ExtUtils::MakeMaker     0     7.64    
    Test::Script            0     1.29    

configure_requires:

    Module                  Need  Have    
    ----------------------- ----- --------
    ExtUtils::MakeMaker     0     7.64    


------------------------------
ENVIRONMENT AND OTHER CONTEXT
------------------------------

Environment variables:

    LANG = en_US.UTF-8
    PATH = /usr/local/bin:/usr/bin:/bin:/usr/local/sbin:/usr/sbin:/sbin:/home/e/eserte/bin/linux-gnu:/home/e/eserte/bin/sh:/home/e/eserte/bin:/home/e/eserte/bin/pistachio-perl/bin:/usr/games:/home/e/eserte/devel:/home/e/eserte/work2/fzf/bin:/home/e/eserte/src/srezic-misc/scripts
    PERL5LIB = 
    PERL5OPT = 
    PERL5_CPANPLUS_IS_RUNNING = 24160
    PERL5_CPAN_IS_RUNNING = 24160
    PERL5_CPAN_IS_RUNNING_IN_RECURSION = 24117,24160
    PERLDOC = -MPod::Perldoc::ToTextOverstrike
    PERL_BATCH = yes
    PERL_CANARY_STABILITY_NOPROMPT = 1
    PERL_CPAN_REPORTER_CONFIG = /var/tmp/cpansmoker-1000/2024022410/cpanreporter_000_config.ini
    PERL_EXTUTILS_AUTOINSTALL = --defaultdeps
    PERL_USE_UNSAFE_INC = 1
    SHELL = /bin/zsh
    STDPERL = perl
    TERM = xterm
    TMPDIR = /var/tmp/cpansmoker-1000/2024022410

Perl special variables (and OS-specific diagnostics, for MSWin32):

    $^X = /opt/perl-5.10.1/bin/perl
    $UID/$EUID = 1000 / 1000
    $GID = 1000 4 24 25 27 29 30 33 44 46 108 111 115 128 134 1000 1024
    $EGID = 1000 4 24 25 27 29 30 33 44 46 108 111 115 128 134 1000 1024

Perl module toolchain versions installed:

    Module              Have    
    ------------------- --------
    CPAN                2.34    
    CPAN::Meta          2.143240
    Cwd                 3.75    
    ExtUtils::CBuilder  0.280236
    ExtUtils::Command   7.64    
    ExtUtils::Install   2.06    
    ExtUtils::MakeMaker 7.64    
    ExtUtils::Manifest  1.70    
    ExtUtils::ParseXS   3.44    
    File::Spec          3.75    
    JSON                4.09    
    JSON::PP            4.11    
    Module::Build       0.4231  
    Module::Signature   n/a     
    Parse::CPAN::Meta   1.4414  
    Test::Harness       3.44    
    Test::More          1.302191
    YAML                1.30    
    YAML::Syck          1.34    
    version             0.9929  


--

Summary of my perl5 (revision 5 version 10 subversion 1) configuration:
   
  Platform:
    osname=linux, osvers=4.9.0-18-amd64, archname=x86_64-linux
    uname='linux cabulja 4.9.0-18-amd64 #1 smp debian 4.9.303-1 (2022-03-07) x86_64 gnulinux '
    config_args='-ds -e -Dprefix=/opt/perl-5.10.1 -Dcf_email=srezic@cpan.org'
    hint=recommended, useposix=true, d_sigaction=define
    useithreads=undef, usemultiplicity=undef
    useperlio=define, d_sfio=undef, uselargefiles=define, usesocks=undef
    use64bitint=define, use64bitall=define, uselongdouble=undef
    usemymalloc=n, bincompat5005=undef
  Compiler:
    cc='cc', ccflags ='-fwrapv -fno-strict-aliasing -pipe -fstack-protector -I/usr/local/include -D_LARGEFILE_SOURCE -D_FILE_OFFSET_BITS=64',
    optimize='-O2',
    cppflags='-fwrapv -fno-strict-aliasing -pipe -fstack-protector -I/usr/local/include'
    ccversion='', gccversion='6.3.0 20170516', gccosandvers=''
    intsize=4, longsize=8, ptrsize=8, doublesize=8, byteorder=12345678
    d_longlong=define, longlongsize=8, d_longdbl=define, longdblsize=16
    ivtype='long', ivsize=8, nvtype='double', nvsize=8, Off_t='off_t', lseeksize=8
    alignbytes=8, prototype=define
  Linker and Libraries:
    ld='cc', ldflags =' -fstack-protector -L/usr/local/lib'
    libpth=/usr/local/lib /lib/x86_64-linux-gnu /lib/../lib /usr/lib/x86_64-linux-gnu /usr/lib/../lib /lib /usr/lib
    libs=-lnsl -lgdbm -ldb -ldl -lm -lcrypt -lutil -lc -lgdbm_compat
    perllibs=-lnsl -ldl -lm -lcrypt -lutil -lc
    libc=libc-2.24.so, so=so, useshrplib=false, libperl=libperl.a
    gnulibc_version='2.24'
  Dynamic Linking:
    dlsrc=dl_dlopen.xs, dlext=so, d_dlsymun=undef, ccdlflags='-Wl,-E'
    cccdlflags='-fPIC', lddlflags='-shared -O2 -L/usr/local/lib -fstack-protector'


Characteristics of this binary (from libperl): 
  Compile-time options: PERL_DONT_CREATE_GVSV PERL_MALLOC_WRAP USE_64_BIT_ALL
                        USE_64_BIT_INT USE_LARGE_FILES USE_PERLIO
  Locally applied patches:
	Devel::PatchPerl 2.08
  Built under linux
  Compiled at Aug 16 2022 07:47:24
  %ENV:
    PERL5LIB=""
    PERL5OPT=""
    PERL5_CPANPLUS_IS_RUNNING="24160"
    PERL5_CPAN_IS_RUNNING="24160"
    PERL5_CPAN_IS_RUNNING_IN_RECURSION="24117,24160"
    PERLDOC="-MPod::Perldoc::ToTextOverstrike"
    PERL_BATCH="yes"
    PERL_CANARY_STABILITY_NOPROMPT="1"
    PERL_CPAN_REPORTER_CONFIG="/var/tmp/cpansmoker-1000/2024022410/cpanreporter_000_config.ini"
    PERL_EXTUTILS_AUTOINSTALL="--defaultdeps"
    PERL_USE_UNSAFE_INC="1"
  @INC:
    /opt/perl-5.10.1/lib/5.10.1/x86_64-linux
    /opt/perl-5.10.1/lib/5.10.1
    /opt/perl-5.10.1/lib/site_perl/5.10.1/x86_64-linux
    /opt/perl-5.10.1/lib/site_perl/5.10.1
    .