Catmandu-FileStore v1.151 Perl 5 v5.16.1 amd64-freebsd

Status
Fail
From
Chris Williams (BINGOS)
Dist
Catmandu-FileStore v1.151
Platform
Perl 5 v5.16.1 amd64-freebsd
Date
2019-12-14 10:25:23
ID
09dfd5f8-1e5c-11ea-9066-e374b0ba08e8
This distribution has been tested as part of the CPAN Testers
project, supporting the Perl programming language.  See
http://wiki.cpantesters.org/ for more information or email
questions to cpan-testers-discuss@perl.org


--

Dear Patrick Hochstenbach,

This is a computer-generated error report created automatically by
CPANPLUS, version 0.9178. Testers personal comments may appear
at the end of this report.


Thank you for uploading your work to CPAN.  However, it appears that
there were some problems testing your distribution.

TEST RESULTS:

Below is the error stack from stage 'make test':

t/Catmandu-Cmd-stream.t ............... ok
t/Catmandu-DirectoryIndex-Map.t ....... ok
need natural number

Trace begun at /usr/home/cpan/pit/bare/conf/perl-5.16.1/.cpanplus/5.16.1/build/JTGH5bWCqg/Catmandu-FileStore-1.151/blib/lib/Catmandu/DirectoryIndex/Number.pm line 29
Catmandu::DirectoryIndex::Number::format_id('Catmandu::DirectoryIndex::Number=HASH(0x801e56690)', 000000002) called at /usr/home/cpan/pit/bare/conf/perl-5.16.1/.cpanplus/5.16.1/build/JTGH5bWCqg/Catmandu-FileStore-1.151/blib/lib/Catmandu/DirectoryIndex/Number.pm line 73
Catmandu::DirectoryIndex::Number::add('Catmandu::DirectoryIndex::Number=HASH(0x801e56690)', 000000002) called at t/Catmandu-DirectoryIndex-Number.t line 95
# Tests were run but no plan was declared and done_testing() was not seen.
# Looks like your test exited with 2 just after 10.
t/Catmandu-DirectoryIndex-Number.t .... 
Dubious, test returned 2 (wstat 512, 0x200)
All 10 subtests passed 
t/Catmandu-DirectoryIndex-UUID.t ...... ok
t/Catmandu-DirectoryIndex.t ........... ok
t/Catmandu-FileBag-Index.t ............ ok
t/Catmandu-FileBag.t .................. ok
t/Catmandu-FileStore.t ................ ok
t/Catmandu-Plugin-SideCar.t ........... ok
t/Catmandu-Store-File-Memory-Bag.t .... ok
t/Catmandu-Store-File-Memory-Index.t .. ok
t/Catmandu-Store-File-Memory.t ........ ok
t/Catmandu-Store-File-Multi-Bag.t ..... ok
need natural number

Trace begun at /usr/home/cpan/pit/bare/conf/perl-5.16.1/.cpanplus/5.16.1/build/JTGH5bWCqg/Catmandu-FileStore-1.151/blib/lib/Catmandu/DirectoryIndex/Number.pm line 29
Catmandu::DirectoryIndex::Number::format_id('Catmandu::DirectoryIndex::Number=HASH(0x802290048)', 000000001) called at /usr/home/cpan/pit/bare/conf/perl-5.16.1/.cpanplus/5.16.1/build/JTGH5bWCqg/Catmandu-FileStore-1.151/blib/lib/Catmandu/DirectoryIndex/Number.pm line 58
Catmandu::DirectoryIndex::Number::_from_path('Catmandu::DirectoryIndex::Number=HASH(0x802290048)', '/usr/home/cpan/pit/bare/conf/perl-5.16.1/.cpanplus/5.16.1/build/JTGH5bWCqg/Catmandu-FileStore-1.151/t/data2/000/000/001') called at /usr/home/cpan/pit/bare/conf/perl-5.16.1/.cpanplus/5.16.1/build/JTGH5bWCqg/Catmandu-FileStore-1.151/blib/lib/Catmandu/DirectoryIndex/Number.pm line 152
Catmandu::DirectoryIndex::Number::__ANON__ at /usr/home/cpan/pit/bare/conf/perl-5.16.1/.cpanplus/5.16.1/build/JTGH5bWCqg/Catmandu-FileStore-1.151/blib/lib/Catmandu/Store/File/Simple/Index.pm line 22
Catmandu::Store::File::Simple::Index::__ANON__ at /usr/home/cpan/pit/jail/YcDDCyZbA6/lib/perl5/Catmandu/Store/Multi/Bag.pm line 29
Catmandu::Store::Multi::Bag::__ANON__ at /usr/home/cpan/pit/jail/YcDDCyZbA6/lib/perl5/Catmandu/Iterable.pm line 48
Catmandu::Iterable::to_array('Catmandu::Store::File::Multi::Index=HASH(0x802340288)') called at t/Catmandu-Store-File-Multi-Index.t line 34
# Tests were run but no plan was declared and done_testing() was not seen.
# Looks like your test exited with 255 just after 3.
t/Catmandu-Store-File-Multi-Index.t ... 
Dubious, test returned 255 (wstat 65280, 0xff00)
All 3 subtests passed 
t/Catmandu-Store-File-Multi.t ......... ok
t/Catmandu-Store-File-Simple-Bag.t .... ok
need natural number

Trace begun at /usr/home/cpan/pit/bare/conf/perl-5.16.1/.cpanplus/5.16.1/build/JTGH5bWCqg/Catmandu-FileStore-1.151/blib/lib/Catmandu/DirectoryIndex/Number.pm line 29
Catmandu::DirectoryIndex::Number::format_id('Catmandu::DirectoryIndex::Number=HASH(0x80229b048)', 000000001) called at /usr/home/cpan/pit/bare/conf/perl-5.16.1/.cpanplus/5.16.1/build/JTGH5bWCqg/Catmandu-FileStore-1.151/blib/lib/Catmandu/DirectoryIndex/Number.pm line 58
Catmandu::DirectoryIndex::Number::_from_path('Catmandu::DirectoryIndex::Number=HASH(0x80229b048)', '/usr/home/cpan/pit/bare/conf/perl-5.16.1/.cpanplus/5.16.1/build/JTGH5bWCqg/Catmandu-FileStore-1.151/t/data2/000/000/001') called at /usr/home/cpan/pit/bare/conf/perl-5.16.1/.cpanplus/5.16.1/build/JTGH5bWCqg/Catmandu-FileStore-1.151/blib/lib/Catmandu/DirectoryIndex/Number.pm line 152
Catmandu::DirectoryIndex::Number::__ANON__ at /usr/home/cpan/pit/bare/conf/perl-5.16.1/.cpanplus/5.16.1/build/JTGH5bWCqg/Catmandu-FileStore-1.151/blib/lib/Catmandu/Store/File/Simple/Index.pm line 22
Catmandu::Store::File::Simple::Index::__ANON__ at /usr/home/cpan/pit/jail/YcDDCyZbA6/lib/perl5/Catmandu/Iterable.pm line 48
Catmandu::Iterable::to_array('Catmandu::Store::File::Simple::Index=HASH(0x8020e77f8)') called at t/Catmandu-Store-File-Simple-Index.t line 31
# Tests were run but no plan was declared and done_testing() was not seen.
# Looks like your test exited with 255 just after 3.
t/Catmandu-Store-File-Simple-Index.t .. 
Dubious, test returned 255 (wstat 65280, 0xff00)
All 3 subtests passed 
need natural number

Trace begun at /usr/home/cpan/pit/bare/conf/perl-5.16.1/.cpanplus/5.16.1/build/JTGH5bWCqg/Catmandu-FileStore-1.151/blib/lib/Catmandu/DirectoryIndex/Number.pm line 29
Catmandu::DirectoryIndex::Number::format_id('Catmandu::DirectoryIndex::Number=HASH(0x8022915a0)', 0001234) called at /usr/home/cpan/pit/bare/conf/perl-5.16.1/.cpanplus/5.16.1/build/JTGH5bWCqg/Catmandu-FileStore-1.151/blib/lib/Catmandu/DirectoryIndex/Number.pm line 73
Catmandu::DirectoryIndex::Number::add('Catmandu::DirectoryIndex::Number=HASH(0x8022915a0)', 0001234) called at t/Catmandu-Store-File-Simple.t line 39
# Tests were run but no plan was declared and done_testing() was not seen.
# Looks like your test exited with 255 just after 7.
t/Catmandu-Store-File-Simple.t ........ 
Dubious, test returned 255 (wstat 65280, 0xff00)
All 7 subtests passed 
t/author-pod-syntax.t ................. skipped: these tests are for testing by the author

Test Summary Report
-------------------
t/Catmandu-DirectoryIndex-Number.t  (Wstat: 512 Tests: 10 Failed: 0)
  Non-zero exit status: 2
  Parse errors: No plan found in TAP output
t/Catmandu-Store-File-Multi-Index.t (Wstat: 65280 Tests: 3 Failed: 0)
  Non-zero exit status: 255
  Parse errors: No plan found in TAP output
t/Catmandu-Store-File-Simple-Index.t (Wstat: 65280 Tests: 3 Failed: 0)
  Non-zero exit status: 255
  Parse errors: No plan found in TAP output
t/Catmandu-Store-File-Simple.t      (Wstat: 65280 Tests: 7 Failed: 0)
  Non-zero exit status: 255
  Parse errors: No plan found in TAP output
Files=19, Tests=280, 12 wallclock secs ( 0.16 usr  0.08 sys +  8.40 cusr  2.84 csys = 11.48 CPU)
Result: FAIL
Failed 4/19 test programs. 0/280 subtests failed.


PREREQUISITES:

Here is a list of prerequisites you specified and versions we
managed to load:

	  Module Name                        Have     Want
	  App::Cmd::Tester::CaptureExternal    0.331        0
	  Catmandu                         1.2010     1.06
	  Clone                              0.43        0
	  Cpanel::JSON::XS                   4.18        0
	  Hash::Merge::Simple               0.051        0
	  IO::Callback                       1.12        0
	  IO::String                         1.08        0
	  Log::Any::Adapter::Log4perl        0.09        0
	  Log::Any::Test                    1.707     1.03
	  Log::Log4perl                      1.49        0
	  Module::Build                    0.4229   0.4229
	  Moo                            2.003006        0
	  Moo::Role                      2.003006        0
	  Package::Stash                     0.38        0
	  Path::Iterator::Rule              1.014        0
	  Path::Tiny                        0.108        0
	  Role::Tiny                     2.001004        0
	  Test::Deep                        1.128    0.112
	  Test::Exception                    0.43     0.43
	  Test::LWP::UserAgent              0.033        0
	  Test::More                     1.302168     0.99
	  Test::Pod                          1.52        0
	  URI::Escape                        3.31        0
	  namespace::clean                   0.27        0

Perl module toolchain versions installed:
	Module Name                        Have
	CPANPLUS                         0.9178
	CPANPLUS::Dist::Build              0.90
	Cwd                                3.75
	ExtUtils::CBuilder             0.280231
	ExtUtils::Command                  7.38
	ExtUtils::Install                  2.14
	ExtUtils::MakeMaker                7.38
	ExtUtils::Manifest                 1.72
	ExtUtils::ParseXS                  3.35
	File::Spec                         3.75
	Module::Build                    0.4229
	Pod::Parser                        1.51
	Pod::Simple                        3.20
	Test2                          1.302168
	Test::Harness                      3.42
	Test::More                     1.302168
	version                          0.9924

******************************** NOTE ********************************
The comments above are created mechanically, possibly without manual
checking by the sender.  As there are many people performing automatic
tests on each upload to CPAN, it is likely that you will receive
identical messages about the same problem.

If you believe that the message is mistaken, please reply to the first
one with correction and/or additional informations, and do not take
it personally.  We appreciate your patience. :)
**********************************************************************

Additional comments:


This report was machine-generated by CPANPLUS::Dist::YACSmoke 1.08.
Powered by minismokebox version 0.68

CPANPLUS is prefering Build.PL

------------------------------
ENVIRONMENT AND OTHER CONTEXT
------------------------------

Environment variables:

    AUTOMATED_TESTING = 1
    NONINTERACTIVE_TESTING = 1
    PATH = /sbin:/bin:/usr/sbin:/usr/bin:/usr/local/sbin:/usr/local/bin:/home/cpan/bin
    PERL5LIB = /usr/home/cpan/pit/jail/YcDDCyZbA6/lib/perl5:/usr/home/cpan/pit/bare/conf/perl-5.16.1/.cpanplus/5.16.1/build/JuEjPEVpsp/IO-Callback-1.12/blib/lib:/usr/home/cpan/pit/bare/conf/perl-5.16.1/.cpanplus/5.16.1/build/JuEjPEVpsp/IO-Callback-1.12/blib/arch:/usr/home/cpan/pit/bare/conf/perl-5.16.1/.cpanplus/5.16.1/build/JTGH5bWCqg/Catmandu-FileStore-1.151/blib/lib:/usr/home/cpan/pit/bare/conf/perl-5.16.1/.cpanplus/5.16.1/build/JTGH5bWCqg/Catmandu-FileStore-1.151/blib/arch
    PERL5_CPANPLUS_IS_RUNNING = 85753
    PERL5_CPANPLUS_IS_VERSION = 0.9178
    PERL5_MINISMOKEBOX = 0.68
    PERL5_YACSMOKE_BASE = /usr/home/cpan/pit/bare/conf/perl-5.16.1
    PERL_EXTUTILS_AUTOINSTALL = --defaultdeps
    PERL_LOCAL_LIB_ROOT = /usr/home/cpan/pit/jail/YcDDCyZbA6
    PERL_MB_OPT = --install_base "/usr/home/cpan/pit/jail/YcDDCyZbA6"
    PERL_MM_OPT = INSTALL_BASE=/usr/home/cpan/pit/jail/YcDDCyZbA6
    PERL_MM_USE_DEFAULT = 1
    SHELL = /usr/local/bin/bash
    TERM = screen

Perl special variables (and OS-specific diagnostics, for MSWin32):

    Perl: $^X = /usr/home/cpan/pit/bare/perl-5.16.1/bin/perl
    UID:  $<  = 1002
    EUID: $>  = 1002
    GID:  $(  = 1002 1002
    EGID: $)  = 1002 1002


-------------------------------


--

Summary of my perl5 (revision 5 version 16 subversion 1) configuration:
   
  Platform:
    osname=freebsd, osvers=12.1-release, archname=amd64-freebsd
    uname='freebsd fforc 12.1-release freebsd 12.1-release r354233 generic amd64 '
    config_args='-des -Dprefix=/usr/home/cpan/pit/bare/perl-5.16.1'
    hint=recommended, useposix=true, d_sigaction=define
    useithreads=undef, usemultiplicity=undef
    useperlio=define, d_sfio=undef, uselargefiles=define, usesocks=undef
    use64bitint=define, use64bitall=define, uselongdouble=undef
    usemymalloc=n, bincompat5005=undef
  Compiler:
    cc='cc', ccflags ='-DHAS_FPSETMASK -DHAS_FLOATINGPOINT_H -fno-strict-aliasing -pipe -fstack-protector -I/usr/local/include',
    optimize='-O2',
    cppflags='-DHAS_FPSETMASK -DHAS_FLOATINGPOINT_H -fno-strict-aliasing -pipe -fstack-protector -I/usr/local/include'
    ccversion='', gccversion='4.2.1 Compatible FreeBSD Clang 8.0.1 (tags/RELEASE_801/final 366581)', gccosandvers=''
    intsize=4, longsize=8, ptrsize=8, doublesize=8, byteorder=12345678
    d_longlong=define, longlongsize=8, d_longdbl=define, longdblsize=16
    ivtype='long', ivsize=8, nvtype='double', nvsize=8, Off_t='off_t', lseeksize=8
    alignbytes=8, prototype=define
  Linker and Libraries:
    ld='cc', ldflags ='-Wl,-E  -fstack-protector -L/usr/local/lib'
    libpth=/usr/lib /usr/local/lib
    libs=-lgdbm -ldl -lm -lcrypt -lutil -lc
    perllibs=-ldl -lm -lcrypt -lutil -lc
    libc=, so=so, useshrplib=false, libperl=libperl.a
    gnulibc_version=''
  Dynamic Linking:
    dlsrc=dl_dlopen.xs, dlext=so, d_dlsymun=undef, ccdlflags=' '
    cccdlflags='-DPIC -fPIC', lddlflags='-shared  -L/usr/local/lib -fstack-protector'


Characteristics of this binary (from libperl): 
  Compile-time options: HAS_TIMES PERLIO_LAYERS PERL_DONT_CREATE_GVSV
                        PERL_MALLOC_WRAP PERL_PRESERVE_IVUV USE_64_BIT_ALL
                        USE_64_BIT_INT USE_LARGE_FILES USE_LOCALE
                        USE_LOCALE_COLLATE USE_LOCALE_CTYPE
                        USE_LOCALE_NUMERIC USE_PERLIO USE_PERL_ATOF
  Locally applied patches:
	Devel::PatchPerl 1.64
  Built under freebsd
  Compiled at Nov  7 2019 04:28:11
  %ENV:
    PERL5LIB="/usr/home/cpan/pit/jail/YcDDCyZbA6/lib/perl5:/usr/home/cpan/pit/bare/conf/perl-5.16.1/.cpanplus/5.16.1/build/JuEjPEVpsp/IO-Callback-1.12/blib/lib:/usr/home/cpan/pit/bare/conf/perl-5.16.1/.cpanplus/5.16.1/build/JuEjPEVpsp/IO-Callback-1.12/blib/arch:/usr/home/cpan/pit/bare/conf/perl-5.16.1/.cpanplus/5.16.1/build/JTGH5bWCqg/Catmandu-FileStore-1.151/blib/lib:/usr/home/cpan/pit/bare/conf/perl-5.16.1/.cpanplus/5.16.1/build/JTGH5bWCqg/Catmandu-FileStore-1.151/blib/arch"
    PERL5_CPANPLUS_IS_RUNNING="85753"
    PERL5_CPANPLUS_IS_VERSION="0.9178"
    PERL5_MINISMOKEBOX="0.68"
    PERL5_YACSMOKE_BASE="/usr/home/cpan/pit/bare/conf/perl-5.16.1"
    PERL_EXTUTILS_AUTOINSTALL="--defaultdeps"
    PERL_LOCAL_LIB_ROOT="/usr/home/cpan/pit/jail/YcDDCyZbA6"
    PERL_MB_OPT="--install_base "/usr/home/cpan/pit/jail/YcDDCyZbA6""
    PERL_MM_OPT="INSTALL_BASE=/usr/home/cpan/pit/jail/YcDDCyZbA6"
    PERL_MM_USE_DEFAULT="1"
  @INC:
    /usr/home/cpan/pit/jail/YcDDCyZbA6/lib/perl5/5.16.1/amd64-freebsd
    /usr/home/cpan/pit/jail/YcDDCyZbA6/lib/perl5/5.16.1
    /usr/home/cpan/pit/jail/YcDDCyZbA6/lib/perl5/amd64-freebsd
    /usr/home/cpan/pit/jail/YcDDCyZbA6/lib/perl5
    /usr/home/cpan/pit/bare/conf/perl-5.16.1/.cpanplus/5.16.1/build/JuEjPEVpsp/IO-Callback-1.12/blib/lib
    /usr/home/cpan/pit/bare/conf/perl-5.16.1/.cpanplus/5.16.1/build/JuEjPEVpsp/IO-Callback-1.12/blib/arch
    /usr/home/cpan/pit/bare/conf/perl-5.16.1/.cpanplus/5.16.1/build/JTGH5bWCqg/Catmandu-FileStore-1.151/blib/lib
    /usr/home/cpan/pit/bare/conf/perl-5.16.1/.cpanplus/5.16.1/build/JTGH5bWCqg/Catmandu-FileStore-1.151/blib/arch
    /usr/home/cpan/pit/bare/perl-5.16.1/lib/site_perl/5.16.1/amd64-freebsd
    /usr/home/cpan/pit/bare/perl-5.16.1/lib/site_perl/5.16.1
    /usr/home/cpan/pit/bare/perl-5.16.1/lib/5.16.1/amd64-freebsd
    /usr/home/cpan/pit/bare/perl-5.16.1/lib/5.16.1
    .