Back
From: metabase:user:320bfe00-2aae-11df-837a-5e0a49663a4f
Subject: FAIL NgxQueue-0.02 v5.27.1 GNU/Linux
Date: 2017-06-14T10:05:47Z
This distribution has been tested as part of the CPAN Testers
project, supporting the Perl programming language. See
http://wiki.cpantesters.org/ for more information or email
questions to cpan-testers-discuss@perl.org
--
Dear Daisuke Murase,
This is a computer-generated report for NgxQueue-0.02
on perl 5.27.1, created by CPAN-Reporter-1.2018.
Thank you for uploading your work to CPAN. However, there was a problem
testing your distribution.
If you think this report is invalid, please consult the CPAN Testers Wiki
for suggestions on how to avoid getting FAIL reports for missing library
or binary dependencies, unsupported operating systems, and so on:
http://wiki.cpantesters.org/wiki/CPANAuthorNotes
Sections of this report:
* Tester comments
* Program output
* Prerequisites
* Environment and other context
------------------------------
TESTER COMMENTS
------------------------------
Additional comments from tester:
this report is from an automated smoke testing program
and was not reviewed by a human for accuracy
------------------------------
PROGRAM OUTPUT
------------------------------
Output from '/usr/bin/make test':
"/tmp/basesmoker-reloperl-Qnp1/bin/perl" "-Iinc" -MExtUtils::Command::MM -e 'cp_nonempty' -- NgxQueue.bs blib/arch/auto/NgxQueue/NgxQueue.bs 644
PERL_DL_NONLAZY=1 "/tmp/basesmoker-reloperl-Qnp1/bin/perl" "-MExtUtils::Command::MM" "-MTest::Harness" "-e" "undef *Test::Harness::Switches; test_harness(0, 'inc', 'blib/lib', 'blib/arch'); " t/*.t
# Test for: XS
# Failed test at t/basic.t line 17.
# got: undef
# expected: 'foo'
# Failed test at t/basic.t line 18.
# got: undef
# expected: 'foo'
# Failed test at t/basic.t line 21.
# Failed test at t/basic.t line 28.
# got: undef
# expected: 'bar'
# Failed test at t/basic.t line 29.
# got: undef
# expected: 'bar'
*** Error in `/tmp/basesmoker-reloperl-Qnp1/bin/perl': malloc(): memory corruption (fast): 0x00005641a71e1e40 ***
======= Backtrace: =========
/lib/x86_64-linux-gnu/libc.so.6(+0x70bcb)[0x7f322526bbcb]
/lib/x86_64-linux-gnu/libc.so.6(+0x76f96)[0x7f3225271f96]
/lib/x86_64-linux-gnu/libc.so.6(+0x793b1)[0x7f32252743b1]
/lib/x86_64-linux-gnu/libc.so.6(__libc_malloc+0x54)[0x7f3225275d84]
/tmp/basesmoker-reloperl-Qnp1/bin/perl(Perl_safesysmalloc+0x15)[0x5641a65711f5]
/tmp/basesmoker-reloperl-Qnp1/bin/perl(Perl_sv_grow+0xc7)[0x5641a65a2d07]
/tmp/basesmoker-reloperl-Qnp1/bin/perl(Perl_sv_setpvn+0x69)[0x5641a65a79b9]
/tmp/basesmoker-reloperl-Qnp1/bin/perl(Perl_newSVpv+0x5f)[0x5641a65a833f]
/tmp/basesmoker-reloperl-Qnp1/bin/perl(Perl_pp_caller+0x1cc)[0x5641a65d007c]
/home/sand/src/perl/repoperls/installed-perls/host/k93msid/v5.27.0-298-g10b7d79955/ea6b/lib/site_perl/5.27.1/x86_64-linux-ld/auto/Test/LeakTrace/LeakTrace.so(+0x2dd6)[0x7f322466edd6]
/tmp/basesmoker-reloperl-Qnp1/bin/perl(perl_run+0x2b6)[0x5641a6519f06]
/tmp/basesmoker-reloperl-Qnp1/bin/perl(main+0x10f)[0x5641a64f5a0f]
/lib/x86_64-linux-gnu/libc.so.6(__libc_start_main+0xf1)[0x7f322521b2b1]
/tmp/basesmoker-reloperl-Qnp1/bin/perl(_start+0x2a)[0x5641a64f5a4a]
======= Memory map: ========
5641a64c7000-5641a669f000 r-xp 00000000 00:22 650782609 /tmp/basesmoker-reloperl-Qnp1/bin/perl
5641a689f000-5641a68a4000 r--p 001d8000 00:22 650782609 /tmp/basesmoker-reloperl-Qnp1/bin/perl
5641a68a4000-5641a68a7000 rw-p 001dd000 00:22 650782609 /tmp/basesmoker-reloperl-Qnp1/bin/perl
5641a68a7000-5641a68ae000 rw-p 00000000 00:00 0
5641a6cc0000-5641a7210000 rw-p 00000000 00:00 0 [heap]
7f3220000000-7f3220021000 rw-p 00000000 00:00 0
7f3220021000-7f3224000000 ---p 00000000 00:00 0
7f3224250000-7f3224266000 r-xp 00000000 ca:01 659141 /lib/x86_64-linux-gnu/libgcc_s.so.1
7f3224266000-7f3224465000 ---p 00016000 ca:01 659141 /lib/x86_64-linux-gnu/libgcc_s.so.1
7f3224465000-7f3224466000 r--p 00015000 ca:01 659141 /lib/x86_64-linux-gnu/libgcc_s.so.1
7f3224466000-7f3224467000 rw-p 00016000 ca:01 659141 /lib/x86_64-linux-gnu/libgcc_s.so.1
7f3224467000-7f322446b000 r-xp 00000000 00:22 651400918 /tmp/loop_over_bdir-27289-czT_Sn/NgxQueue-0.02-0/blib/arch/auto/NgxQueue/NgxQueue.so
7f322446b000-7f322466a000 ---p 00004000 00:22 651400918 /tmp/loop_over_bdir-27289-czT_Sn/NgxQueue-0.02-0/blib/arch/auto/NgxQueue/NgxQueue.so
7f322466a000-7f322466b000 r--p 00003000 00:22 651400918 /tmp/loop_over_bdir-27289-czT_Sn/NgxQueue-0.02-0/blib/arch/auto/NgxQueue/NgxQueue.so
7f322466b000-7f322466c000 rw-p 00004000 00:22 651400918 /tmp/loop_over_bdir-27289-czT_Sn/NgxQueue-0.02-0/blib/arch/auto/NgxQueue/NgxQueue.so
7f322466c000-7f3224670000 r-xp 00000000 00:22 651189246 /tmp/basesmoker-reloperl-Qnp1/lib/site_perl/5.27.1/x86_64-linux-ld/auto/Test/LeakTrace/LeakTrace.so
7f3224670000-7f322486f000 ---p 00004000 00:22 651189246 /tmp/basesmoker-reloperl-Qnp1/lib/site_perl/5.27.1/x86_64-linux-ld/auto/Test/LeakTrace/LeakTrace.so
7f322486f000-7f3224870000 r--p 00003000 00:22 651189246 /tmp/basesmoker-reloperl-Qnp1/lib/site_perl/5.27.1/x86_64-linux-ld/auto/Test/LeakTrace/LeakTrace.so
7f3224870000-7f3224871000 rw-p 00004000 00:22 651189246 /tmp/basesmoker-reloperl-Qnp1/lib/site_perl/5.27.1/x86_64-linux-ld/auto/Test/LeakTrace/LeakTrace.so
7f3224871000-7f3224875000 r-xp 00000000 00:22 650786380 /tmp/basesmoker-reloperl-Qnp1/lib/5.27.1/x86_64-linux-ld/auto/mro/mro.so
7f3224875000-7f3224a74000 ---p 00004000 00:22 650786380 /tmp/basesmoker-reloperl-Qnp1/lib/5.27.1/x86_64-linux-ld/auto/mro/mro.so
7f3224a74000-7f3224a75000 r--p 00003000 00:22 650786380 /tmp/basesmoker-reloperl-Qnp1/lib/5.27.1/x86_64-linux-ld/auto/mro/mro.so
7f3224a75000-7f3224a76000 rw-p 00004000 00:22 650786380 /tmp/basesmoker-reloperl-Qnp1/lib/5.27.1/x86_64-linux-ld/auto/mro/mro.so
7f3224a76000-7f3224a82000 r-xp 00000000 00:22 651034148 /tmp/basesmoker-reloperl-Qnp1/lib/site_perl/5.27.1/x86_64-linux-ld/auto/List/Util/Util.so
7f3224a82000-7f3224c81000 ---p 0000c000 00:22 651034148 /tmp/basesmoker-reloperl-Qnp1/lib/site_perl/5.27.1/x86_64-linux-ld/auto/List/Util/Util.so
7f3224c81000-7f3224c82000 r--p 0000b000 00:22 651034148 /tmp/basesmoker-reloperl-Qnp1/lib/site_perl/5.27.1/x86_64-linux-ld/auto/List/Util/Util.so
7f3224c82000-7f3224c83000 rw-p 0000c000 00:22 651034148 /tmp/basesmoker-reloperl-Qnp1/lib/site_perl/5.27.1/x86_64-linux-ld/auto/List/Util/Util.so
7f3224c83000-7f32251fb000 r--p 00000000 ca:01 795130 /usr/lib/locale/locale-archive
7f32251fb000-7f3225390000 r-xp 00000000 ca:01 659150 /lib/x86_64-linux-gnu/libc-2.24.so
7f3225390000-7f322558f000 ---p 00195000 ca:01 659150 /lib/x86_64-linux-gnu/libc-2.24.so
7f322558f000-7f3225593000 r--p 00194000 ca:01 659150 /lib/x86_64-linux-gnu/libc-2.24.so
7f3225593000-7f3225595000 rw-p 00198000 ca:01 659150 /lib/x86_64-linux-gnu/libc-2.24.so
7f3225595000-7f3225599000 rw-p 00000000 00:00 0
7f3225599000-7f322559b000 r-xp 00000000 ca:01 659169 /lib/x86_64-linux-gnu/libutil-2.24.so
7f322559b000-7f322579a000 ---p 00002000 ca:01 659169 /lib/x86_64-linux-gnu/libutil-2.24.so
7f322579a000-7f322579b000 r--p 00001000 ca:01 659169 /lib/x86_64-linux-gnu/libutil-2.24.so
7f322579b000-7f322579c000 rw-p 00002000 ca:01 659169 /lib/x86_64-linux-gnu/libutil-2.24.so
7f322579c000-7f32257a4000 r-xp 00000000 ca:01 659152 /lib/x86_64-linux-gnu/libcrypt-2.24.so
7f32257a4000-7f32259a4000 ---p 00008000 ca:01 659152 /lib/x86_64-linux-gnu/libcrypt-2.24.so
7f32259a4000-7f32259a5000 r--p 00008000 ca:01 659152 /lib/x86_64-linux-gnu/libcrypt-2.24.so
7f32259a5000-7f32259a6000 rw-p 00009000 ca:01 659152 /lib/x86_64-linux-gnu/libcrypt-2.24.so
7f32259a6000-7f32259d4000 rw-p 00000000 00:00 0
7f32259d4000-7f3225ad7000 r-xp 00000000 ca:01 659154 /lib/x86_64-linux-gnu/libm-2.24.so
7f3225ad7000-7f3225cd6000 ---p 00103000 ca:01 659154 /lib/x86_64-linux-gnu/libm-2.24.so
7f3225cd6000-7f3225cd7000 r--p 00102000 ca:01 659154 /lib/x86_64-linux-gnu/libm-2.24.so
7f3225cd7000-7f3225cd8000 rw-p 00103000 ca:01 659154 /lib/x86_64-linux-gnu/libm-2.24.so
7f3225cd8000-7f3225cdb000 r-xp 00000000 ca:01 659153 /lib/x86_64-linux-gnu/libdl-2.24.so
7f3225cdb000-7f3225eda000 ---p 00003000 ca:01 659153 /lib/x86_64-linux-gnu/libdl-2.24.so
7f3225eda000-7f3225edb000 r--p 00002000 ca:01 659153 /lib/x86_64-linux-gnu/libdl-2.24.so
7f3225edb000-7f3225edc000 rw-p 00003000 ca:01 659153 /lib/x86_64-linux-gnu/libdl-2.24.so
7f3225edc000-7f3225ef0000 r-xp 00000000 ca:01 659157 /lib/x86_64-linux-gnu/libnsl-2.24.so
7f3225ef0000-7f32260f0000 ---p 00014000 ca:01 659157 /lib/x86_64-linux-gnu/libnsl-2.24.so
7f32260f0000-7f32260f1000 r--p 00014000 ca:01 659157 /lib/x86_64-linux-gnu/libnsl-2.24.so
7f32260f1000-7f32260f2000 rw-p 00015000 ca:01 659157 /lib/x86_64-linux-gnu/libnsl-2.24.so
7f32260f2000-7f32260f4000 rw-p 00000000 00:00 0
7f32260f4000-7f322610c000 r-xp 00000000 ca:01 659165 /lib/x86_64-linux-gnu/libpthread-2.24.so
7f322610c000-7f322630b000 ---p 00018000 ca:01 659165 /lib/x86_64-linux-gnu/libpthread-2.24.so
7f322630b000-7f322630c000 r--p 00017000 ca:01 659165 /lib/x86_64-linux-gnu/libpthread-2.24.so
7f322630c000-7f322630d000 rw-p 00018000 ca:01 659165 /lib/x86_64-linux-gnu/libpthread-2.24.so
7f322630d000-7f3226311000 rw-p 00000000 00:00 0
7f3226311000-7f3226334000 r-xp 00000000 ca:01 659133 /lib/x86_64-linux-gnu/ld-2.24.so
7f322651e000-7f3226522000 rw-p 00000000 00:00 0
7f3226530000-7f3226534000 rw-p 00000000 00:00 0
7f3226534000-7f3226535000 r--p 00023000 ca:01 659133 /lib/x86_64-linux-gnu/ld-2.24.so
7f3226535000-7f3226536000 rw-p 00024000 ca:01 659133 /lib/x86_64-linux-gnu/ld-2.24.so
7f3226536000-7f3226537000 rw-p 00000000 00:00 0
7fffe0ce6000-7fffe0d07000 rw-p 00000000 00:00 0 [stack]
7fffe0d72000-7fffe0d74000 r--p 00000000 00:00 0 [vvar]
7fffe0d74000-7fffe0d76000 r-xp 00000000 00:00 0 [vdso]
ffffffffff600000-ffffffffff601000 r-xp 00000000 00:00 0 [vsyscall]
t/basic.t ....
Failed 5/8 subtests
t/pp.t ....... ok
t/sv_leak.t ..
No subtests run
Test Summary Report
-------------------
t/basic.t (Wstat: 134 Tests: 8 Failed: 5)
Failed tests: 3-5, 7-8
Non-zero wait status: 134
Parse errors: No plan found in TAP output
t/sv_leak.t (Wstat: 139 Tests: 0 Failed: 0)
Non-zero wait status: 139
Parse errors: No plan found in TAP output
Files=3, Tests=10, 0 wallclock secs ( 0.03 usr 0.01 sys + 0.09 cusr 0.02 csys = 0.15 CPU)
Result: FAIL
Failed 2/3 test programs. 5/10 subtests failed.
Makefile:971: recipe for target 'test_dynamic' failed
make: *** [test_dynamic] Error 255
------------------------------
PREREQUISITES
------------------------------
Prerequisite modules loaded:
requires:
Module Need Have
------------------- -------- --------
perl 5.008001 5.027001
XSLoader 0.02 0.27
build_requires:
Module Need Have
------------------- -------- --------
CPAN::Meta 0 2.150010
Devel::PPPort 3.2 3.35
ExtUtils::MakeMaker 6.36 7.30
ExtUtils::ParseXS 2.21 3.34
Test::LeakTrace 0.14 0.15
Test::More 0.88 1.302085
configure_requires:
Module Need Have
------------------- -------- --------
CPAN::Meta 0 2.150010
Devel::PPPort 3.2 3.35
ExtUtils::MakeMaker 6.36 7.30
ExtUtils::ParseXS 2.21 3.34
------------------------------
ENVIRONMENT AND OTHER CONTEXT
------------------------------
Environment variables:
AUTOMATED_TESTING = 1
LANG = en_US.UTF-8
PATH = /home/sand/bin:/usr/local/bin:/usr/bin:/bin:/usr/games:/usr/local/perl/bin:/usr/X11/bin:/sbin:/usr/sbin
PERL5LIB =
PERL5OPT =
PERL5_CPANPLUS_IS_RUNNING = 27329
PERL5_CPAN_IS_RUNNING = 27329
PERL_CANARY_STABILITY_NOPROMPT = 1
PERL_MM_USE_DEFAULT = 1
PERL_USE_UNSAFE_INC = 1
SHELL = /usr/bin/zsh
TERM = screen
Perl special variables (and OS-specific diagnostics, for MSWin32):
$^X = /tmp/basesmoker-reloperl-Qnp1/bin/perl
$UID/$EUID = 1005 / 1005
$GID = 1005 1005
$EGID = 1005 1005
Perl module toolchain versions installed:
Module Have
------------------- ----------
CPAN 2.18
CPAN::Meta 2.150010
Cwd 3.67
ExtUtils::CBuilder 0.280225
ExtUtils::Command 7.30
ExtUtils::Install 2.14
ExtUtils::MakeMaker 7.30
ExtUtils::Manifest 1.70
ExtUtils::ParseXS 3.34
File::Spec 3.67
JSON n/a
JSON::PP 2.27400_02
Module::Build 0.4224
Module::Signature 0.81
Parse::CPAN::Meta 2.150010
Test::Harness 3.39
Test::More 1.302085
YAML 1.23
YAML::Syck 1.30
version 0.9918
--
Summary of my perl5 (revision 5 version 27 subversion 1) configuration:
Commit id: 10b7d799552114aa02a7f10b31d6d42d37a8caba
Platform:
osname=linux
osvers=4.9.0-2-amd64
archname=x86_64-linux-ld
uname='linux k93msid 4.9.0-2-amd64 #1 smp debian 4.9.18-1 (2017-03-30) x86_64 gnulinux '
config_args='-Dprefix=/home/sand/src/perl/repoperls/installed-perls/host/k93msid/v5.27.0-298-g10b7d79955/ea6b -Dmyhostname=k93msid -Dinstallusrbinperl=n -Uversiononly -Dusedevel -des -Ui_db -Dlibswanted=cl pthread socket inet nsl gdbm dbm malloc dl ld sun m crypt sec util c cposix posix ucb BSD gdbm_compat -Uuseithreads -Duselongdouble -DEBUGGING=none'
hint=recommended
useposix=true
d_sigaction=define
useithreads=undef
usemultiplicity=undef
use64bitint=define
use64bitall=define
uselongdouble=define
usemymalloc=n
default_inc_excludes_dot=define
bincompat5005=undef
Compiler:
cc='cc'
ccflags ='-fwrapv -fno-strict-aliasing -pipe -fstack-protector-strong -I/usr/local/include -D_LARGEFILE_SOURCE -D_FILE_OFFSET_BITS=64'
optimize='-O2'
cppflags='-fwrapv -fno-strict-aliasing -pipe -fstack-protector-strong -I/usr/local/include'
ccversion=''
gccversion='6.3.0 20170406'
gccosandvers=''
intsize=4
longsize=8
ptrsize=8
doublesize=8
byteorder=12345678
doublekind=3
d_longlong=define
longlongsize=8
d_longdbl=define
longdblsize=16
longdblkind=3
ivtype='long'
ivsize=8
nvtype='long double'
nvsize=16
Off_t='off_t'
lseeksize=8
alignbytes=16
prototype=define
Linker and Libraries:
ld='cc'
ldflags =' -fstack-protector-strong -L/usr/local/lib'
libpth=/usr/local/lib /usr/lib/gcc/x86_64-linux-gnu/6/include-fixed /usr/include/x86_64-linux-gnu /usr/lib /lib/x86_64-linux-gnu /lib/../lib /usr/lib/x86_64-linux-gnu /usr/lib/../lib /lib
libs=-lpthread -lnsl -ldl -lm -lcrypt -lutil -lc
perllibs=-lpthread -lnsl -ldl -lm -lcrypt -lutil -lc
libc=libc-2.24.so
so=so
useshrplib=false
libperl=libperl.a
gnulibc_version='2.24'
Dynamic Linking:
dlsrc=dl_dlopen.xs
dlext=so
d_dlsymun=undef
ccdlflags='-Wl,-E'
cccdlflags='-fPIC'
lddlflags='-shared -O2 -L/usr/local/lib -fstack-protector-strong'
Characteristics of this binary (from libperl):
Compile-time options:
HAS_TIMES
PERLIO_LAYERS
PERL_COPY_ON_WRITE
PERL_DONT_CREATE_GVSV
PERL_MALLOC_WRAP
PERL_OP_PARENT
PERL_PRESERVE_IVUV
PERL_USE_DEVEL
USE_64_BIT_ALL
USE_64_BIT_INT
USE_LARGE_FILES
USE_LOCALE
USE_LOCALE_COLLATE
USE_LOCALE_CTYPE
USE_LOCALE_NUMERIC
USE_LOCALE_TIME
USE_LONG_DOUBLE
USE_PERLIO
USE_PERL_ATOF
Built under linux
Compiled at Jun 14 2017 07:44:40
%ENV:
PERL5LIB=""
PERL5OPT=""
PERL5_CPANPLUS_IS_RUNNING="27329"
PERL5_CPAN_IS_RUNNING="27329"
PERL_CANARY_STABILITY_NOPROMPT="1"
PERL_MM_USE_DEFAULT="1"
PERL_USE_UNSAFE_INC="1"
@INC:
/home/sand/src/perl/repoperls/installed-perls/host/k93msid/v5.27.0-298-g10b7d79955/ea6b/lib/site_perl/5.27.1/x86_64-linux-ld
/home/sand/src/perl/repoperls/installed-perls/host/k93msid/v5.27.0-298-g10b7d79955/ea6b/lib/site_perl/5.27.1
/home/sand/src/perl/repoperls/installed-perls/host/k93msid/v5.27.0-298-g10b7d79955/ea6b/lib/5.27.1/x86_64-linux-ld
/home/sand/src/perl/repoperls/installed-perls/host/k93msid/v5.27.0-298-g10b7d79955/ea6b/lib/5.27.1
.