Report for TaskForest-1.37

Back
From: metabase:user:320bfe00-2aae-11df-837a-5e0a49663a4f
Subject: FAIL TaskForest-1.37 v5.17.0 GNU/Linux
Date: 2012-05-28T03:34:31Z

This distribution has been tested as part of the CPAN Testers
project, supporting the Perl programming language.  See
http://wiki.cpantesters.org/ for more information or email
questions to cpan-testers-discuss@perl.org


--
Dear Aijaz Ansari,

This is a computer-generated report for TaskForest-1.37
on perl 5.17.0, created by CPAN-Reporter-1.2006.

Thank you for uploading your work to CPAN.  However, there was a problem
testing your distribution.

If you think this report is invalid, please consult the CPAN Testers Wiki
for suggestions on how to avoid getting FAIL reports for missing library
or binary dependencies, unsupported operating systems, and so on:

http://wiki.cpantesters.org/wiki/CPANAuthorNotes

Sections of this report:

    * Tester comments
    * Program output
    * Prerequisites
    * Environment and other context

------------------------------
TESTER COMMENTS
------------------------------

Additional comments from tester:

this report is from an automated smoke testing program
and was not reviewed by a human for accuracy

------------------------------
PROGRAM OUTPUT
------------------------------

Output from '/usr/bin/make test':

PERL_DL_NONLAZY=1 /home/sand/src/perl/repoperls/installed-perls/perl/v5.16.0-234-geb3d0a5/127e/bin/perl "-MExtUtils::Command::MM" "-e" "test_harness(0, 'blib/lib', 'blib/arch')" t/*.t
Unescaped left brace in regex is deprecated, passed through in regex; marked by <-- HERE in m/
                    (?:
                      %{ <-- HERE (\w+)}         # method name like %{day_name}
                      |
                      %([%a-zA-Z])     # single character specifier like %d
                      |
                      %(\d+)N          # special case for %N
                    )
                   / at /home/src/perl/repoperls/installed-perls/perl/v5.16.0-234-geb3d0a5/127e/lib/site_perl/5.17.0/x86_64-linux-ld/DateTime.pm line 1066.
Unescaped left brace in regex is deprecated, passed through in regex; marked by <-- HERE in m/\${ <-- HERE (.*?)}/ at /home/src/perl/repoperls/installed-perls/perl/v5.16.0-234-geb3d0a5/127e/lib/site_perl/5.17.0/Log/Log4perl/Config/PropertyConfigurator.pm line 60.
t/000_Bailout.t ........................ ok
Unescaped left brace in regex is deprecated, passed through in regex; marked by <-- HERE in m/
                    (?:
                      %{ <-- HERE (\w+)}         # method name like %{day_name}
                      |
                      %([%a-zA-Z])     # single character specifier like %d
                      |
                      %(\d+)N          # special case for %N
                    )
                   / at /home/src/perl/repoperls/installed-perls/perl/v5.16.0-234-geb3d0a5/127e/lib/site_perl/5.17.0/x86_64-linux-ld/DateTime.pm line 1066.
t/001_DateTime.t ....................... ok
Unescaped left brace in regex is deprecated, passed through in regex; marked by <-- HERE in m/
                    (?:
                      %{ <-- HERE (\w+)}         # method name like %{day_name}
                      |
                      %([%a-zA-Z])     # single character specifier like %d
                      |
                      %(\d+)N          # special case for %N
                    )
                   / at /home/src/perl/repoperls/installed-perls/perl/v5.16.0-234-geb3d0a5/127e/lib/site_perl/5.17.0/x86_64-linux-ld/DateTime.pm line 1066.
t/002_TimeDependency.t ................. ok
Unescaped left brace in regex is deprecated, passed through in regex; marked by <-- HERE in m/\${ <-- HERE (.*?)}/ at /home/src/perl/repoperls/installed-perls/perl/v5.16.0-234-geb3d0a5/127e/lib/site_perl/5.17.0/Log/Log4perl/Config/PropertyConfigurator.pm line 60.
t/003_Options.t ........................ ok
Unescaped left brace in regex is deprecated, passed through in regex; marked by <-- HERE in m/
                    (?:
                      %{ <-- HERE (\w+)}         # method name like %{day_name}
                      |
                      %([%a-zA-Z])     # single character specifier like %d
                      |
                      %(\d+)N          # special case for %N
                    )
                   / at /home/src/perl/repoperls/installed-perls/perl/v5.16.0-234-geb3d0a5/127e/lib/site_perl/5.17.0/x86_64-linux-ld/DateTime.pm line 1066.
t/004_LogDir.t ......................... ok
t/005_Job.t ............................ ok

Ignore this line: Hello, world!
Can't locate object method "TIESCALAR" via package "TaskForest::StringHandleTier" at /tmp/loop_over_bdir-dsP6aI/TaskForest-1.37-GpzL3a/blib/lib/TaskForest/StringHandle.pm line 50.
# Looks like you planned 16 tests but ran 8.
# Looks like your test exited with 255 just after 8.
t/0065_StringHandle.t .................. 
Dubious, test returned 255 (wstat 65280, 0xff00)
Failed 8/16 subtests 
Unescaped left brace in regex is deprecated, passed through in regex; marked by <-- HERE in m/
                    (?:
                      %{ <-- HERE (\w+)}         # method name like %{day_name}
                      |
                      %([%a-zA-Z])     # single character specifier like %d
                      |
                      %(\d+)N          # special case for %N
                    )
                   / at /home/src/perl/repoperls/installed-perls/perl/v5.16.0-234-geb3d0a5/127e/lib/site_perl/5.17.0/x86_64-linux-ld/DateTime.pm line 1066.
Unescaped left brace in regex is deprecated, passed through in regex; marked by <-- HERE in m/\${ <-- HERE (.*?)}/ at /home/src/perl/repoperls/installed-perls/perl/v5.16.0-234-geb3d0a5/127e/lib/site_perl/5.17.0/Log/Log4perl/Config/PropertyConfigurator.pm line 60.
Use of qw(...) as parentheses is deprecated at t/006_Family.t line 51.
t/006_Family.t ......................... ok
Unescaped left brace in regex is deprecated, passed through in regex; marked by <-- HERE in m/
                    (?:
                      %{ <-- HERE (\w+)}         # method name like %{day_name}
                      |
                      %([%a-zA-Z])     # single character specifier like %d
                      |
                      %(\d+)N          # special case for %N
                    )
                   / at /home/src/perl/repoperls/installed-perls/perl/v5.16.0-234-geb3d0a5/127e/lib/site_perl/5.17.0/x86_64-linux-ld/DateTime.pm line 1066.
Unescaped left brace in regex is deprecated, passed through in regex; marked by <-- HERE in m/\${ <-- HERE (.*?)}/ at /home/src/perl/repoperls/installed-perls/perl/v5.16.0-234-geb3d0a5/127e/lib/site_perl/5.17.0/Log/Log4perl/Config/PropertyConfigurator.pm line 60.
t/007_TaskForest.t ..................... ok
Unescaped left brace in regex is deprecated, passed through in regex; marked by <-- HERE in m/
                    (?:
                      %{ <-- HERE (\w+)}         # method name like %{day_name}
                      |
                      %([%a-zA-Z])     # single character specifier like %d
                      |
                      %(\d+)N          # special case for %N
                    )
                   / at /home/src/perl/repoperls/installed-perls/perl/v5.16.0-234-geb3d0a5/127e/lib/site_perl/5.17.0/x86_64-linux-ld/DateTime.pm line 1066.
Unescaped left brace in regex is deprecated, passed through in regex; marked by <-- HERE in m/\${ <-- HERE (.*?)}/ at /home/src/perl/repoperls/installed-perls/perl/v5.16.0-234-geb3d0a5/127e/lib/site_perl/5.17.0/Log/Log4perl/Config/PropertyConfigurator.pm line 60.
Use of qw(...) as parentheses is deprecated at t/008_Repeat.t line 40.
t/008_Repeat.t ......................... ok
Unescaped left brace in regex is deprecated, passed through in regex; marked by <-- HERE in m/
                    (?:
                      %{ <-- HERE (\w+)}         # method name like %{day_name}
                      |
                      %([%a-zA-Z])     # single character specifier like %d
                      |
                      %(\d+)N          # special case for %N
                    )
                   / at /home/src/perl/repoperls/installed-perls/perl/v5.16.0-234-geb3d0a5/127e/lib/site_perl/5.17.0/x86_64-linux-ld/DateTime.pm line 1066.
Unescaped left brace in regex is deprecated, passed through in regex; marked by <-- HERE in m/\${ <-- HERE (.*?)}/ at /home/src/perl/repoperls/installed-perls/perl/v5.16.0-234-geb3d0a5/127e/lib/site_perl/5.17.0/Log/Log4perl/Config/PropertyConfigurator.pm line 60.
Can't locate object method "TIESCALAR" via package "TaskForest::StringHandleTier" at /tmp/loop_over_bdir-dsP6aI/TaskForest-1.37-GpzL3a/blib/lib/TaskForest/StringHandle.pm line 50.
# Looks like you planned 25 tests but ran 8.
# Looks like your test exited with 255 just after 8.
t/009_Display.t ........................ 
Dubious, test returned 255 (wstat 65280, 0xff00)
Failed 17/25 subtests 
Unescaped left brace in regex is deprecated, passed through in regex; marked by <-- HERE in m/
                    (?:
                      %{ <-- HERE (\w+)}         # method name like %{day_name}
                      |
                      %([%a-zA-Z])     # single character specifier like %d
                      |
                      %(\d+)N          # special case for %N
                    )
                   / at /home/src/perl/repoperls/installed-perls/perl/v5.16.0-234-geb3d0a5/127e/lib/site_perl/5.17.0/x86_64-linux-ld/DateTime.pm line 1066.
Unescaped left brace in regex is deprecated, passed through in regex; marked by <-- HERE in m/\${ <-- HERE (.*?)}/ at /home/src/perl/repoperls/installed-perls/perl/v5.16.0-234-geb3d0a5/127e/lib/site_perl/5.17.0/Log/Log4perl/Config/PropertyConfigurator.pm line 60.
Can't locate object method "TIESCALAR" via package "TaskForest::StringHandleTier" at /tmp/loop_over_bdir-dsP6aI/TaskForest-1.37-GpzL3a/blib/lib/TaskForest/StringHandle.pm line 50.
# Looks like you planned 6 tests but ran 4.
# Looks like your test exited with 9 just after 4.
t/010_LongRunningJobs.t ................ 
Dubious, test returned 9 (wstat 2304, 0x900)
Failed 2/6 subtests 
Unescaped left brace in regex is deprecated, passed through in regex; marked by <-- HERE in m/
                    (?:
                      %{ <-- HERE (\w+)}         # method name like %{day_name}
                      |
                      %([%a-zA-Z])     # single character specifier like %d
                      |
                      %(\d+)N          # special case for %N
                    )
                   / at /home/src/perl/repoperls/installed-perls/perl/v5.16.0-234-geb3d0a5/127e/lib/site_perl/5.17.0/x86_64-linux-ld/DateTime.pm line 1066.
Unescaped left brace in regex is deprecated, passed through in regex; marked by <-- HERE in m/\${ <-- HERE (.*?)}/ at /home/src/perl/repoperls/installed-perls/perl/v5.16.0-234-geb3d0a5/127e/lib/site_perl/5.17.0/Log/Log4perl/Config/PropertyConfigurator.pm line 60.
Use of qw(...) as parentheses is deprecated at t/011_NotEnoughTime.t line 40.
t/011_NotEnoughTime.t .................. ok
Unescaped left brace in regex is deprecated, passed through in regex; marked by <-- HERE in m/
                    (?:
                      %{ <-- HERE (\w+)}         # method name like %{day_name}
                      |
                      %([%a-zA-Z])     # single character specifier like %d
                      |
                      %(\d+)N          # special case for %N
                    )
                   / at /home/src/perl/repoperls/installed-perls/perl/v5.16.0-234-geb3d0a5/127e/lib/site_perl/5.17.0/x86_64-linux-ld/DateTime.pm line 1066.
Unescaped left brace in regex is deprecated, passed through in regex; marked by <-- HERE in m/\${ <-- HERE (.*?)}/ at /home/src/perl/repoperls/installed-perls/perl/v5.16.0-234-geb3d0a5/127e/lib/site_perl/5.17.0/Log/Log4perl/Config/PropertyConfigurator.pm line 60.
Can't locate object method "TIESCALAR" via package "TaskForest::StringHandleTier" at /tmp/loop_over_bdir-dsP6aI/TaskForest-1.37-GpzL3a/blib/lib/TaskForest/StringHandle.pm line 50.
# Looks like you planned 10 tests but ran 8.
# Looks like your test exited with 255 just after 8.
t/012_Collapse.t ....................... 
Dubious, test returned 255 (wstat 65280, 0xff00)
Failed 2/10 subtests 
Unescaped left brace in regex is deprecated, passed through in regex; marked by <-- HERE in m/
                    (?:
                      %{ <-- HERE (\w+)}         # method name like %{day_name}
                      |
                      %([%a-zA-Z])     # single character specifier like %d
                      |
                      %(\d+)N          # special case for %N
                    )
                   / at /home/src/perl/repoperls/installed-perls/perl/v5.16.0-234-geb3d0a5/127e/lib/site_perl/5.17.0/x86_64-linux-ld/DateTime.pm line 1066.
Unescaped left brace in regex is deprecated, passed through in regex; marked by <-- HERE in m/\${ <-- HERE (.*?)}/ at /home/src/perl/repoperls/installed-perls/perl/v5.16.0-234-geb3d0a5/127e/lib/site_perl/5.17.0/Log/Log4perl/Config/PropertyConfigurator.pm line 60.
Can't locate object method "TIESCALAR" via package "TaskForest::StringHandleTier" at /tmp/loop_over_bdir-dsP6aI/TaskForest-1.37-GpzL3a/blib/lib/TaskForest/StringHandle.pm line 50.
# Looks like you planned 17 tests but ran 9.
# Looks like your test exited with 255 just after 9.
t/013_Rerun.t .......................... 
Dubious, test returned 255 (wstat 65280, 0xff00)
Failed 8/17 subtests 
Unescaped left brace in regex is deprecated, passed through in regex; marked by <-- HERE in m/
                    (?:
                      %{ <-- HERE (\w+)}         # method name like %{day_name}
                      |
                      %([%a-zA-Z])     # single character specifier like %d
                      |
                      %(\d+)N          # special case for %N
                    )
                   / at /home/src/perl/repoperls/installed-perls/perl/v5.16.0-234-geb3d0a5/127e/lib/site_perl/5.17.0/x86_64-linux-ld/DateTime.pm line 1066.
Unescaped left brace in regex is deprecated, passed through in regex; marked by <-- HERE in m/\${ <-- HERE (.*?)}/ at /home/src/perl/repoperls/installed-perls/perl/v5.16.0-234-geb3d0a5/127e/lib/site_perl/5.17.0/Log/Log4perl/Config/PropertyConfigurator.pm line 60.
Can't locate object method "TIESCALAR" via package "TaskForest::StringHandleTier" at /tmp/loop_over_bdir-dsP6aI/TaskForest-1.37-GpzL3a/blib/lib/TaskForest/StringHandle.pm line 50.
# Looks like you planned 21 tests but ran 9.
# Looks like your test exited with 255 just after 9.
t/014_Mark.t ........................... 
Dubious, test returned 255 (wstat 65280, 0xff00)
Failed 12/21 subtests 
Unescaped left brace in regex is deprecated, passed through in regex; marked by <-- HERE in m/
                    (?:
                      %{ <-- HERE (\w+)}         # method name like %{day_name}
                      |
                      %([%a-zA-Z])     # single character specifier like %d
                      |
                      %(\d+)N          # special case for %N
                    )
                   / at /home/src/perl/repoperls/installed-perls/perl/v5.16.0-234-geb3d0a5/127e/lib/site_perl/5.17.0/x86_64-linux-ld/DateTime.pm line 1066.
Unescaped left brace in regex is deprecated, passed through in regex; marked by <-- HERE in m/\${ <-- HERE (.*?)}/ at /home/src/perl/repoperls/installed-perls/perl/v5.16.0-234-geb3d0a5/127e/lib/site_perl/5.17.0/Log/Log4perl/Config/PropertyConfigurator.pm line 60.
t/015_Syntax.t ......................... ok
Unescaped left brace in regex is deprecated, passed through in regex; marked by <-- HERE in m/
                    (?:
                      %{ <-- HERE (\w+)}         # method name like %{day_name}
                      |
                      %([%a-zA-Z])     # single character specifier like %d
                      |
                      %(\d+)N          # special case for %N
                    )
                   / at /home/src/perl/repoperls/installed-perls/perl/v5.16.0-234-geb3d0a5/127e/lib/site_perl/5.17.0/x86_64-linux-ld/DateTime.pm line 1066.
Unescaped left brace in regex is deprecated, passed through in regex; marked by <-- HERE in m/\${ <-- HERE (.*?)}/ at /home/src/perl/repoperls/installed-perls/perl/v5.16.0-234-geb3d0a5/127e/lib/site_perl/5.17.0/Log/Log4perl/Config/PropertyConfigurator.pm line 60.
t/016_Cascade.t ........................ ok
Unescaped left brace in regex is deprecated, passed through in regex; marked by <-- HERE in m/
                    (?:
                      %{ <-- HERE (\w+)}         # method name like %{day_name}
                      |
                      %([%a-zA-Z])     # single character specifier like %d
                      |
                      %(\d+)N          # special case for %N
                    )
                   / at /home/src/perl/repoperls/installed-perls/perl/v5.16.0-234-geb3d0a5/127e/lib/site_perl/5.17.0/x86_64-linux-ld/DateTime.pm line 1066.
Unescaped left brace in regex is deprecated, passed through in regex; marked by <-- HERE in m/\${ <-- HERE (.*?)}/ at /home/src/perl/repoperls/installed-perls/perl/v5.16.0-234-geb3d0a5/127e/lib/site_perl/5.17.0/Log/Log4perl/Config/PropertyConfigurator.pm line 60.
t/017_IgnoreRegex.t .................... ok
Unescaped left brace in regex is deprecated, passed through in regex; marked by <-- HERE in m/
                    (?:
                      %{ <-- HERE (\w+)}         # method name like %{day_name}
                      |
                      %([%a-zA-Z])     # single character specifier like %d
                      |
                      %(\d+)N          # special case for %N
                    )
                   / at /home/src/perl/repoperls/installed-perls/perl/v5.16.0-234-geb3d0a5/127e/lib/site_perl/5.17.0/x86_64-linux-ld/DateTime.pm line 1066.
# 
# **********************************************************************
# 
# No web server was found at port 1111.  Skipping the rest of
# these tests.  If you want, you can start the web server and
# rerun 'make test'.
# 
# To start the web server enter:
# 
# perl -T -I lib ./blib/script/taskforestd --config_file=./taskforestd.test.cfg
# 
# For more help, see http://www.taskforest.com
# 
# **********************************************************************
# 
t/018TaskForestDaemon.t ................ ok
Unescaped left brace in regex is deprecated, passed through in regex; marked by <-- HERE in m/
                    (?:
                      %{ <-- HERE (\w+)}         # method name like %{day_name}
                      |
                      %([%a-zA-Z])     # single character specifier like %d
                      |
                      %(\d+)N          # special case for %N
                    )
                   / at /home/src/perl/repoperls/installed-perls/perl/v5.16.0-234-geb3d0a5/127e/lib/site_perl/5.17.0/x86_64-linux-ld/DateTime.pm line 1066.
Unescaped left brace in regex is deprecated, passed through in regex; marked by <-- HERE in m/\${ <-- HERE (.*?)}/ at /home/src/perl/repoperls/installed-perls/perl/v5.16.0-234-geb3d0a5/127e/lib/site_perl/5.17.0/Log/Log4perl/Config/PropertyConfigurator.pm line 60.
Can't locate object method "TIESCALAR" via package "TaskForest::StringHandleTier" at /tmp/loop_over_bdir-dsP6aI/TaskForest-1.37-GpzL3a/blib/lib/TaskForest/StringHandle.pm line 50.
# Looks like you planned 17 tests but ran 8.
# Looks like your test exited with 255 just after 8.
t/019_FamilyRemoval.t .................. 
Dubious, test returned 255 (wstat 65280, 0xff00)
Failed 9/17 subtests 
Unescaped left brace in regex is deprecated, passed through in regex; marked by <-- HERE in m/
                    (?:
                      %{ <-- HERE (\w+)}         # method name like %{day_name}
                      |
                      %([%a-zA-Z])     # single character specifier like %d
                      |
                      %(\d+)N          # special case for %N
                    )
                   / at /home/src/perl/repoperls/installed-perls/perl/v5.16.0-234-geb3d0a5/127e/lib/site_perl/5.17.0/x86_64-linux-ld/DateTime.pm line 1066.
Unescaped left brace in regex is deprecated, passed through in regex; marked by <-- HERE in m/\${ <-- HERE (.*?)}/ at /home/src/perl/repoperls/installed-perls/perl/v5.16.0-234-geb3d0a5/127e/lib/site_perl/5.17.0/Log/Log4perl/Config/PropertyConfigurator.pm line 60.
Unescaped left brace in regex is deprecated, passed through in regex; marked by <-- HERE in m/
                    (?:
                      %{ <-- HERE (\w+)}         # method name like %{day_name}
                      |
                      %([%a-zA-Z])     # single character specifier like %d
                      |
                      %(\d+)N          # special case for %N
                    )
                   / at /home/src/perl/repoperls/installed-perls/perl/v5.16.0-234-geb3d0a5/127e/lib/site_perl/5.17.0/x86_64-linux-ld/DateTime.pm line 1066.
Unescaped left brace in regex is deprecated, passed through in regex; marked by <-- HERE in m/
                    (?:
                      %{ <-- HERE (\w+)}         # method name like %{day_name}
                      |
                      %([%a-zA-Z])     # single character specifier like %d
                      |
                      %(\d+)N          # special case for %N
                    )
                   / at /home/src/perl/repoperls/installed-perls/perl/v5.16.0-234-geb3d0a5/127e/lib/site_perl/5.17.0/x86_64-linux-ld/DateTime.pm line 1066.
Unescaped left brace in regex is deprecated, passed through in regex; marked by <-- HERE in m/
                    (?:
                      %{ <-- HERE (\w+)}         # method name like %{day_name}
                      |
                      %([%a-zA-Z])     # single character specifier like %d
                      |
                      %(\d+)N          # special case for %N
                    )
                   / at /home/src/perl/repoperls/installed-perls/perl/v5.16.0-234-geb3d0a5/127e/lib/site_perl/5.17.0/x86_64-linux-ld/DateTime.pm line 1066.
Unescaped left brace in regex is deprecated, passed through in regex; marked by <-- HERE in m/
                    (?:
                      %{ <-- HERE (\w+)}         # method name like %{day_name}
                      |
                      %([%a-zA-Z])     # single character specifier like %d
                      |
                      %(\d+)N          # special case for %N
                    )
                   / at /home/src/perl/repoperls/installed-perls/perl/v5.16.0-234-geb3d0a5/127e/lib/site_perl/5.17.0/x86_64-linux-ld/DateTime.pm line 1066.
Unescaped left brace in regex is deprecated, passed through in regex; marked by <-- HERE in m/
                    (?:
                      %{ <-- HERE (\w+)}         # method name like %{day_name}
                      |
                      %([%a-zA-Z])     # single character specifier like %d
                      |
                      %(\d+)N          # special case for %N
                    )
                   / at /home/src/perl/repoperls/installed-perls/perl/v5.16.0-234-geb3d0a5/127e/lib/site_perl/5.17.0/x86_64-linux-ld/DateTime.pm line 1066.
t/020_Run_With_Log.t ................... ok
Unescaped left brace in regex is deprecated, passed through in regex; marked by <-- HERE in m/
                    (?:
                      %{ <-- HERE (\w+)}         # method name like %{day_name}
                      |
                      %([%a-zA-Z])     # single character specifier like %d
                      |
                      %(\d+)N          # special case for %N
                    )
                   / at /home/src/perl/repoperls/installed-perls/perl/v5.16.0-234-geb3d0a5/127e/lib/site_perl/5.17.0/x86_64-linux-ld/DateTime.pm line 1066.
Unescaped left brace in regex is deprecated, passed through in regex; marked by <-- HERE in m/\${ <-- HERE (.*?)}/ at /home/src/perl/repoperls/installed-perls/perl/v5.16.0-234-geb3d0a5/127e/lib/site_perl/5.17.0/Log/Log4perl/Config/PropertyConfigurator.pm line 60.
Can't locate object method "TIESCALAR" via package "TaskForest::StringHandleTier" at /tmp/loop_over_bdir-dsP6aI/TaskForest-1.37-GpzL3a/blib/lib/TaskForest/StringHandle.pm line 50.
# Looks like you planned 51 tests but ran 9.
# Looks like your test exited with 255 just after 9.
t/021_Release.t ........................ 
Dubious, test returned 255 (wstat 65280, 0xff00)
Failed 42/51 subtests 
Unescaped left brace in regex is deprecated, passed through in regex; marked by <-- HERE in m/
                    (?:
                      %{ <-- HERE (\w+)}         # method name like %{day_name}
                      |
                      %([%a-zA-Z])     # single character specifier like %d
                      |
                      %(\d+)N          # special case for %N
                    )
                   / at /home/src/perl/repoperls/installed-perls/perl/v5.16.0-234-geb3d0a5/127e/lib/site_perl/5.17.0/x86_64-linux-ld/DateTime.pm line 1066.
Unescaped left brace in regex is deprecated, passed through in regex; marked by <-- HERE in m/\${ <-- HERE (.*?)}/ at /home/src/perl/repoperls/installed-perls/perl/v5.16.0-234-geb3d0a5/127e/lib/site_perl/5.17.0/Log/Log4perl/Config/PropertyConfigurator.pm line 60.
t/022_Debug.t .......................... ok
Unescaped left brace in regex is deprecated, passed through in regex; marked by <-- HERE in m/
                    (?:
                      %{ <-- HERE (\w+)}         # method name like %{day_name}
                      |
                      %([%a-zA-Z])     # single character specifier like %d
                      |
                      %(\d+)N          # special case for %N
                    )
                   / at /home/src/perl/repoperls/installed-perls/perl/v5.16.0-234-geb3d0a5/127e/lib/site_perl/5.17.0/x86_64-linux-ld/DateTime.pm line 1066.
Unescaped left brace in regex is deprecated, passed through in regex; marked by <-- HERE in m/\${ <-- HERE (.*?)}/ at /home/src/perl/repoperls/installed-perls/perl/v5.16.0-234-geb3d0a5/127e/lib/site_perl/5.17.0/Log/Log4perl/Config/PropertyConfigurator.pm line 60.
t/023_Tokens.t ......................... ok
Unescaped left brace in regex is deprecated, passed through in regex; marked by <-- HERE in m/
                    (?:
                      %{ <-- HERE (\w+)}         # method name like %{day_name}
                      |
                      %([%a-zA-Z])     # single character specifier like %d
                      |
                      %(\d+)N          # special case for %N
                    )
                   / at /home/src/perl/repoperls/installed-perls/perl/v5.16.0-234-geb3d0a5/127e/lib/site_perl/5.17.0/x86_64-linux-ld/DateTime.pm line 1066.
Unescaped left brace in regex is deprecated, passed through in regex; marked by <-- HERE in m/\${ <-- HERE (.*?)}/ at /home/src/perl/repoperls/installed-perls/perl/v5.16.0-234-geb3d0a5/127e/lib/site_perl/5.17.0/Log/Log4perl/Config/PropertyConfigurator.pm line 60.
Can't locate object method "TIESCALAR" via package "TaskForest::StringHandleTier" at /tmp/loop_over_bdir-dsP6aI/TaskForest-1.37-GpzL3a/blib/lib/TaskForest/StringHandle.pm line 50.
# Looks like you planned 17 tests but ran 9.
# Looks like your test exited with 255 just after 9.
t/024_Midnight.t ....................... 
Dubious, test returned 255 (wstat 65280, 0xff00)
Failed 8/17 subtests 
Unescaped left brace in regex is deprecated, passed through in regex; marked by <-- HERE in m/
                    (?:
                      %{ <-- HERE (\w+)}         # method name like %{day_name}
                      |
                      %([%a-zA-Z])     # single character specifier like %d
                      |
                      %(\d+)N          # special case for %N
                    )
                   / at /home/src/perl/repoperls/installed-perls/perl/v5.16.0-234-geb3d0a5/127e/lib/site_perl/5.17.0/x86_64-linux-ld/DateTime.pm line 1066.
Unescaped left brace in regex is deprecated, passed through in regex; marked by <-- HERE in m/\${ <-- HERE (.*?)}/ at /home/src/perl/repoperls/installed-perls/perl/v5.16.0-234-geb3d0a5/127e/lib/site_perl/5.17.0/Log/Log4perl/Config/PropertyConfigurator.pm line 60.
Can't locate object method "TIESCALAR" via package "TaskForest::StringHandleTier" at /tmp/loop_over_bdir-dsP6aI/TaskForest-1.37-GpzL3a/blib/lib/TaskForest/StringHandle.pm line 50.
# Looks like you planned 19 tests but ran 9.
# Looks like your test exited with 255 just after 9.
t/025_Midnight_Ready.t ................. 
Dubious, test returned 255 (wstat 65280, 0xff00)
Failed 10/19 subtests 
Unescaped left brace in regex is deprecated, passed through in regex; marked by <-- HERE in m/
                    (?:
                      %{ <-- HERE (\w+)}         # method name like %{day_name}
                      |
                      %([%a-zA-Z])     # single character specifier like %d
                      |
                      %(\d+)N          # special case for %N
                    )
                   / at /home/src/perl/repoperls/installed-perls/perl/v5.16.0-234-geb3d0a5/127e/lib/site_perl/5.17.0/x86_64-linux-ld/DateTime.pm line 1066.
Unescaped left brace in regex is deprecated, passed through in regex; marked by <-- HERE in m/\${ <-- HERE (.*?)}/ at /home/src/perl/repoperls/installed-perls/perl/v5.16.0-234-geb3d0a5/127e/lib/site_perl/5.17.0/Log/Log4perl/Config/PropertyConfigurator.pm line 60.
Can't locate object method "TIESCALAR" via package "TaskForest::StringHandleTier" at /tmp/loop_over_bdir-dsP6aI/TaskForest-1.37-GpzL3a/blib/lib/TaskForest/StringHandle.pm line 50.
# Looks like you planned 16 tests but ran 9.
# Looks like your test exited with 255 just after 9.
t/026_Tomorrows_Logs.t ................. 
Dubious, test returned 255 (wstat 65280, 0xff00)
Failed 7/16 subtests 
Unescaped left brace in regex is deprecated, passed through in regex; marked by <-- HERE in m/
                    (?:
                      %{ <-- HERE (\w+)}         # method name like %{day_name}
                      |
                      %([%a-zA-Z])     # single character specifier like %d
                      |
                      %(\d+)N          # special case for %N
                    )
                   / at /home/src/perl/repoperls/installed-perls/perl/v5.16.0-234-geb3d0a5/127e/lib/site_perl/5.17.0/x86_64-linux-ld/DateTime.pm line 1066.
Unescaped left brace in regex is deprecated, passed through in regex; marked by <-- HERE in m/\${ <-- HERE (.*?)}/ at /home/src/perl/repoperls/installed-perls/perl/v5.16.0-234-geb3d0a5/127e/lib/site_perl/5.17.0/Log/Log4perl/Config/PropertyConfigurator.pm line 60.
t/027_MultiTokens.t .................... ok
Unescaped left brace in regex is deprecated, passed through in regex; marked by <-- HERE in m/
                    (?:
                      %{ <-- HERE (\w+)}         # method name like %{day_name}
                      |
                      %([%a-zA-Z])     # single character specifier like %d
                      |
                      %(\d+)N          # special case for %N
                    )
                   / at /home/src/perl/repoperls/installed-perls/perl/v5.16.0-234-geb3d0a5/127e/lib/site_perl/5.17.0/x86_64-linux-ld/DateTime.pm line 1066.
Unescaped left brace in regex is deprecated, passed through in regex; marked by <-- HERE in m/\${ <-- HERE (.*?)}/ at /home/src/perl/repoperls/installed-perls/perl/v5.16.0-234-geb3d0a5/127e/lib/site_perl/5.17.0/Log/Log4perl/Config/PropertyConfigurator.pm line 60.
Unescaped left brace in regex is deprecated, passed through in regex; marked by <-- HERE in m/
                    (?:
                      %{ <-- HERE (\w+)}         # method name like %{day_name}
                      |
                      %([%a-zA-Z])     # single character specifier like %d
                      |
                      %(\d+)N          # special case for %N
                    )
                   / at /home/src/perl/repoperls/installed-perls/perl/v5.16.0-234-geb3d0a5/127e/lib/site_perl/5.17.0/x86_64-linux-ld/DateTime.pm line 1066.
Unescaped left brace in regex is deprecated, passed through in regex; marked by <-- HERE in m/
                    (?:
                      %{ <-- HERE (\w+)}         # method name like %{day_name}
                      |
                      %([%a-zA-Z])     # single character specifier like %d
                      |
                      %(\d+)N          # special case for %N
                    )
                   / at /home/src/perl/repoperls/installed-perls/perl/v5.16.0-234-geb3d0a5/127e/lib/site_perl/5.17.0/x86_64-linux-ld/DateTime.pm line 1066.
Unescaped left brace in regex is deprecated, passed through in regex; marked by <-- HERE in m/
                    (?:
                      %{ <-- HERE (\w+)}         # method name like %{day_name}
                      |
                      %([%a-zA-Z])     # single character specifier like %d
                      |
                      %(\d+)N          # special case for %N
                    )
                   / at /home/src/perl/repoperls/installed-perls/perl/v5.16.0-234-geb3d0a5/127e/lib/site_perl/5.17.0/x86_64-linux-ld/DateTime.pm line 1066.
Unescaped left brace in regex is deprecated, passed through in regex; marked by <-- HERE in m/
                    (?:
                      %{ <-- HERE (\w+)}         # method name like %{day_name}
                      |
                      %([%a-zA-Z])     # single character specifier like %d
                      |
                      %(\d+)N          # special case for %N
                    )
                   / at /home/src/perl/repoperls/installed-perls/perl/v5.16.0-234-geb3d0a5/127e/lib/site_perl/5.17.0/x86_64-linux-ld/DateTime.pm line 1066.
Unescaped left brace in regex is deprecated, passed through in regex; marked by <-- HERE in m/
                    (?:
                      %{ <-- HERE (\w+)}         # method name like %{day_name}
                      |
                      %([%a-zA-Z])     # single character specifier like %d
                      |
                      %(\d+)N          # special case for %N
                    )
                   / at /home/src/perl/repoperls/installed-perls/perl/v5.16.0-234-geb3d0a5/127e/lib/site_perl/5.17.0/x86_64-linux-ld/DateTime.pm line 1066.
Unescaped left brace in regex is deprecated, passed through in regex; marked by <-- HERE in m/
                    (?:
                      %{ <-- HERE (\w+)}         # method name like %{day_name}
                      |
                      %([%a-zA-Z])     # single character specifier like %d
                      |
                      %(\d+)N          # special case for %N
                    )
                   / at /home/src/perl/repoperls/installed-perls/perl/v5.16.0-234-geb3d0a5/127e/lib/site_perl/5.17.0/x86_64-linux-ld/DateTime.pm line 1066.
Unescaped left brace in regex is deprecated, passed through in regex; marked by <-- HERE in m/
                    (?:
                      %{ <-- HERE (\w+)}         # method name like %{day_name}
                      |
                      %([%a-zA-Z])     # single character specifier like %d
                      |
                      %(\d+)N          # special case for %N
                    )
                   / at /home/src/perl/repoperls/installed-perls/perl/v5.16.0-234-geb3d0a5/127e/lib/site_perl/5.17.0/x86_64-linux-ld/DateTime.pm line 1066.
t/028_TokenDemo.t ...................... ok
Unescaped left brace in regex is deprecated, passed through in regex; marked by <-- HERE in m/
                    (?:
                      %{ <-- HERE (\w+)}         # method name like %{day_name}
                      |
                      %([%a-zA-Z])     # single character specifier like %d
                      |
                      %(\d+)N          # special case for %N
                    )
                   / at /home/src/perl/repoperls/installed-perls/perl/v5.16.0-234-geb3d0a5/127e/lib/site_perl/5.17.0/x86_64-linux-ld/DateTime.pm line 1066.
t/029_FindDaysOfWeek.t ................. ok
Unescaped left brace in regex is deprecated, passed through in regex; marked by <-- HERE in m/
                    (?:
                      %{ <-- HERE (\w+)}         # method name like %{day_name}
                      |
                      %([%a-zA-Z])     # single character specifier like %d
                      |
                      %(\d+)N          # special case for %N
                    )
                   / at /home/src/perl/repoperls/installed-perls/perl/v5.16.0-234-geb3d0a5/127e/lib/site_perl/5.17.0/x86_64-linux-ld/DateTime.pm line 1066.
t/030_Calendar.t ....................... ok
Unescaped left brace in regex is deprecated, passed through in regex; marked by <-- HERE in m/
                    (?:
                      %{ <-- HERE (\w+)}         # method name like %{day_name}
                      |
                      %([%a-zA-Z])     # single character specifier like %d
                      |
                      %(\d+)N          # special case for %N
                    )
                   / at /home/src/perl/repoperls/installed-perls/perl/v5.16.0-234-geb3d0a5/127e/lib/site_perl/5.17.0/x86_64-linux-ld/DateTime.pm line 1066.
Unescaped left brace in regex is deprecated, passed through in regex; marked by <-- HERE in m/\${ <-- HERE (.*?)}/ at /home/src/perl/repoperls/installed-perls/perl/v5.16.0-234-geb3d0a5/127e/lib/site_perl/5.17.0/Log/Log4perl/Config/PropertyConfigurator.pm line 60.
t/031_Calendar_Simple.t ................ ok
Unescaped left brace in regex is deprecated, passed through in regex; marked by <-- HERE in m/
                    (?:
                      %{ <-- HERE (\w+)}         # method name like %{day_name}
                      |
                      %([%a-zA-Z])     # single character specifier like %d
                      |
                      %(\d+)N          # special case for %N
                    )
                   / at /home/src/perl/repoperls/installed-perls/perl/v5.16.0-234-geb3d0a5/127e/lib/site_perl/5.17.0/x86_64-linux-ld/DateTime.pm line 1066.
Unescaped left brace in regex is deprecated, passed through in regex; marked by <-- HERE in m/\${ <-- HERE (.*?)}/ at /home/src/perl/repoperls/installed-perls/perl/v5.16.0-234-geb3d0a5/127e/lib/site_perl/5.17.0/Log/Log4perl/Config/PropertyConfigurator.pm line 60.
t/032_Calendar_Weekdays.t .............. ok
Unescaped left brace in regex is deprecated, passed through in regex; marked by <-- HERE in m/
                    (?:
                      %{ <-- HERE (\w+)}         # method name like %{day_name}
                      |
                      %([%a-zA-Z])     # single character specifier like %d
                      |
                      %(\d+)N          # special case for %N
                    )
                   / at /home/src/perl/repoperls/installed-perls/perl/v5.16.0-234-geb3d0a5/127e/lib/site_perl/5.17.0/x86_64-linux-ld/DateTime.pm line 1066.
Unescaped left brace in regex is deprecated, passed through in regex; marked by <-- HERE in m/\${ <-- HERE (.*?)}/ at /home/src/perl/repoperls/installed-perls/perl/v5.16.0-234-geb3d0a5/127e/lib/site_perl/5.17.0/Log/Log4perl/Config/PropertyConfigurator.pm line 60.
t/033_DST.t ............................ ok
Unescaped left brace in regex is deprecated, passed through in regex; marked by <-- HERE in m/
                    (?:
                      %{ <-- HERE (\w+)}         # method name like %{day_name}
                      |
                      %([%a-zA-Z])     # single character specifier like %d
                      |
                      %(\d+)N          # special case for %N
                    )
                   / at /home/src/perl/repoperls/installed-perls/perl/v5.16.0-234-geb3d0a5/127e/lib/site_perl/5.17.0/x86_64-linux-ld/DateTime.pm line 1066.
Unescaped left brace in regex is deprecated, passed through in regex; marked by <-- HERE in m/\${ <-- HERE (.*?)}/ at /home/src/perl/repoperls/installed-perls/perl/v5.16.0-234-geb3d0a5/127e/lib/site_perl/5.17.0/Log/Log4perl/Config/PropertyConfigurator.pm line 60.
t/034_External.t ....................... ok
Unescaped left brace in regex is deprecated, passed through in regex; marked by <-- HERE in m/
                    (?:
                      %{ <-- HERE (\w+)}         # method name like %{day_name}
                      |
                      %([%a-zA-Z])     # single character specifier like %d
                      |
                      %(\d+)N          # special case for %N
                    )
                   / at /home/src/perl/repoperls/installed-perls/perl/v5.16.0-234-geb3d0a5/127e/lib/site_perl/5.17.0/x86_64-linux-ld/DateTime.pm line 1066.
Unescaped left brace in regex is deprecated, passed through in regex; marked by <-- HERE in m/\${ <-- HERE (.*?)}/ at /home/src/perl/repoperls/installed-perls/perl/v5.16.0-234-geb3d0a5/127e/lib/site_perl/5.17.0/Log/Log4perl/Config/PropertyConfigurator.pm line 60.
t/035_ExternalSameName.t ............... ok
Unescaped left brace in regex is deprecated, passed through in regex; marked by <-- HERE in m/
                    (?:
                      %{ <-- HERE (\w+)}         # method name like %{day_name}
                      |
                      %([%a-zA-Z])     # single character specifier like %d
                      |
                      %(\d+)N          # special case for %N
                    )
                   / at /home/src/perl/repoperls/installed-perls/perl/v5.16.0-234-geb3d0a5/127e/lib/site_perl/5.17.0/x86_64-linux-ld/DateTime.pm line 1066.
Unescaped left brace in regex is deprecated, passed through in regex; marked by <-- HERE in m/\${ <-- HERE (.*?)}/ at /home/src/perl/repoperls/installed-perls/perl/v5.16.0-234-geb3d0a5/127e/lib/site_perl/5.17.0/Log/Log4perl/Config/PropertyConfigurator.pm line 60.
Can't locate object method "TIESCALAR" via package "TaskForest::StringHandleTier" at /tmp/loop_over_bdir-dsP6aI/TaskForest-1.37-GpzL3a/blib/lib/TaskForest/StringHandle.pm line 50.
# Looks like you planned 10 tests but ran 5.
# Looks like your test exited with 255 just after 5.
t/036_ExternalMultiple.t ............... 
Dubious, test returned 255 (wstat 65280, 0xff00)
Failed 5/10 subtests 
Unescaped left brace in regex is deprecated, passed through in regex; marked by <-- HERE in m/
                    (?:
                      %{ <-- HERE (\w+)}         # method name like %{day_name}
                      |
                      %([%a-zA-Z])     # single character specifier like %d
                      |
                      %(\d+)N          # special case for %N
                    )
                   / at /home/src/perl/repoperls/installed-perls/perl/v5.16.0-234-geb3d0a5/127e/lib/site_perl/5.17.0/x86_64-linux-ld/DateTime.pm line 1066.
Unescaped left brace in regex is deprecated, passed through in regex; marked by <-- HERE in m/\${ <-- HERE (.*?)}/ at /home/src/perl/repoperls/installed-perls/perl/v5.16.0-234-geb3d0a5/127e/lib/site_perl/5.17.0/Log/Log4perl/Config/PropertyConfigurator.pm line 60.
Can't locate object method "TIESCALAR" via package "TaskForest::StringHandleTier" at /tmp/loop_over_bdir-dsP6aI/TaskForest-1.37-GpzL3a/blib/lib/TaskForest/StringHandle.pm line 50.
# Looks like you planned 58 tests but ran 5.
# Looks like your test exited with 255 just after 5.
t/037_ExternalDeep.t ................... 
Dubious, test returned 255 (wstat 65280, 0xff00)
Failed 53/58 subtests 
Unescaped left brace in regex is deprecated, passed through in regex; marked by <-- HERE in m/
                    (?:
                      %{ <-- HERE (\w+)}         # method name like %{day_name}
                      |
                      %([%a-zA-Z])     # single character specifier like %d
                      |
                      %(\d+)N          # special case for %N
                    )
                   / at /home/src/perl/repoperls/installed-perls/perl/v5.16.0-234-geb3d0a5/127e/lib/site_perl/5.17.0/x86_64-linux-ld/DateTime.pm line 1066.
Unescaped left brace in regex is deprecated, passed through in regex; marked by <-- HERE in m/\${ <-- HERE (.*?)}/ at /home/src/perl/repoperls/installed-perls/perl/v5.16.0-234-geb3d0a5/127e/lib/site_perl/5.17.0/Log/Log4perl/Config/PropertyConfigurator.pm line 60.
Can't locate object method "TIESCALAR" via package "TaskForest::StringHandleTier" at /tmp/loop_over_bdir-dsP6aI/TaskForest-1.37-GpzL3a/blib/lib/TaskForest/StringHandle.pm line 50.
# Looks like you planned 13 tests but ran 5.
# Looks like your test exited with 255 just after 5.
t/038_ExternalTokens.t ................. 
Dubious, test returned 255 (wstat 65280, 0xff00)
Failed 8/13 subtests 
Unescaped left brace in regex is deprecated, passed through in regex; marked by <-- HERE in m/
                    (?:
                      %{ <-- HERE (\w+)}         # method name like %{day_name}
                      |
                      %([%a-zA-Z])     # single character specifier like %d
                      |
                      %(\d+)N          # special case for %N
                    )
                   / at /home/src/perl/repoperls/installed-perls/perl/v5.16.0-234-geb3d0a5/127e/lib/site_perl/5.17.0/x86_64-linux-ld/DateTime.pm line 1066.
Unescaped left brace in regex is deprecated, passed through in regex; marked by <-- HERE in m/\${ <-- HERE (.*?)}/ at /home/src/perl/repoperls/installed-perls/perl/v5.16.0-234-geb3d0a5/127e/lib/site_perl/5.17.0/Log/Log4perl/Config/PropertyConfigurator.pm line 60.
t/039_ExternalFirstLineOnly.t .......... ok
Unescaped left brace in regex is deprecated, passed through in regex; marked by <-- HERE in m/
                    (?:
                      %{ <-- HERE (\w+)}         # method name like %{day_name}
                      |
                      %([%a-zA-Z])     # single character specifier like %d
                      |
                      %(\d+)N          # special case for %N
                    )
                   / at /home/src/perl/repoperls/installed-perls/perl/v5.16.0-234-geb3d0a5/127e/lib/site_perl/5.17.0/x86_64-linux-ld/DateTime.pm line 1066.
Unescaped left brace in regex is deprecated, passed through in regex; marked by <-- HERE in m/\${ <-- HERE (.*?)}/ at /home/src/perl/repoperls/installed-perls/perl/v5.16.0-234-geb3d0a5/127e/lib/site_perl/5.17.0/Log/Log4perl/Config/PropertyConfigurator.pm line 60.
t/040_ExternalFirstLineOnly2.t ......... ok
Unescaped left brace in regex is deprecated, passed through in regex; marked by <-- HERE in m/
                    (?:
                      %{ <-- HERE (\w+)}         # method name like %{day_name}
                      |
                      %([%a-zA-Z])     # single character specifier like %d
                      |
                      %(\d+)N          # special case for %N
                    )
                   / at /home/src/perl/repoperls/installed-perls/perl/v5.16.0-234-geb3d0a5/127e/lib/site_perl/5.17.0/x86_64-linux-ld/DateTime.pm line 1066.
Unescaped left brace in regex is deprecated, passed through in regex; marked by <-- HERE in m/\${ <-- HERE (.*?)}/ at /home/src/perl/repoperls/installed-perls/perl/v5.16.0-234-geb3d0a5/127e/lib/site_perl/5.17.0/Log/Log4perl/Config/PropertyConfigurator.pm line 60.
t/041_ExternalSecondSection.t .......... ok
Unescaped left brace in regex is deprecated, passed through in regex; marked by <-- HERE in m/
                    (?:
                      %{ <-- HERE (\w+)}         # method name like %{day_name}
                      |
                      %([%a-zA-Z])     # single character specifier like %d
                      |
                      %(\d+)N          # special case for %N
                    )
                   / at /home/src/perl/repoperls/installed-perls/perl/v5.16.0-234-geb3d0a5/127e/lib/site_perl/5.17.0/x86_64-linux-ld/DateTime.pm line 1066.
Unescaped left brace in regex is deprecated, passed through in regex; marked by <-- HERE in m/\${ <-- HERE (.*?)}/ at /home/src/perl/repoperls/installed-perls/perl/v5.16.0-234-geb3d0a5/127e/lib/site_perl/5.17.0/Log/Log4perl/Config/PropertyConfigurator.pm line 60.
Can't locate object method "TIESCALAR" via package "TaskForest::StringHandleTier" at /tmp/loop_over_bdir-dsP6aI/TaskForest-1.37-GpzL3a/blib/lib/TaskForest/StringHandle.pm line 50.
# Looks like you planned 13 tests but ran 5.
# Looks like your test exited with 255 just after 5.
t/042_ExternalMultipleSections.t ....... 
Dubious, test returned 255 (wstat 65280, 0xff00)
Failed 8/13 subtests 
Unescaped left brace in regex is deprecated, passed through in regex; marked by <-- HERE in m/
                    (?:
                      %{ <-- HERE (\w+)}         # method name like %{day_name}
                      |
                      %([%a-zA-Z])     # single character specifier like %d
                      |
                      %(\d+)N          # special case for %N
                    )
                   / at /home/src/perl/repoperls/installed-perls/perl/v5.16.0-234-geb3d0a5/127e/lib/site_perl/5.17.0/x86_64-linux-ld/DateTime.pm line 1066.
Unescaped left brace in regex is deprecated, passed through in regex; marked by <-- HERE in m/\${ <-- HERE (.*?)}/ at /home/src/perl/repoperls/installed-perls/perl/v5.16.0-234-geb3d0a5/127e/lib/site_perl/5.17.0/Log/Log4perl/Config/PropertyConfigurator.pm line 60.
Can't locate object method "TIESCALAR" via package "TaskForest::StringHandleTier" at /tmp/loop_over_bdir-dsP6aI/TaskForest-1.37-GpzL3a/blib/lib/TaskForest/StringHandle.pm line 50.
# Looks like you planned 17 tests but ran 6.
# Looks like your test exited with 255 just after 6.
t/043_ExternalSecondSectionParallel.t .. 
Dubious, test returned 255 (wstat 65280, 0xff00)
Failed 11/17 subtests 
Unescaped left brace in regex is deprecated, passed through in regex; marked by <-- HERE in m/
                    (?:
                      %{ <-- HERE (\w+)}         # method name like %{day_name}
                      |
                      %([%a-zA-Z])     # single character specifier like %d
                      |
                      %(\d+)N          # special case for %N
                    )
                   / at /home/src/perl/repoperls/installed-perls/perl/v5.16.0-234-geb3d0a5/127e/lib/site_perl/5.17.0/x86_64-linux-ld/DateTime.pm line 1066.
Unescaped left brace in regex is deprecated, passed through in regex; marked by <-- HERE in m/\${ <-- HERE (.*?)}/ at /home/src/perl/repoperls/installed-perls/perl/v5.16.0-234-geb3d0a5/127e/lib/site_perl/5.17.0/Log/Log4perl/Config/PropertyConfigurator.pm line 60.
Can't locate object method "TIESCALAR" via package "TaskForest::StringHandleTier" at /tmp/loop_over_bdir-dsP6aI/TaskForest-1.37-GpzL3a/blib/lib/TaskForest/StringHandle.pm line 50.
# Looks like you planned 35 tests but ran 10.
# Looks like your test exited with 255 just after 10.
t/044_Hold.t ........................... 
Dubious, test returned 255 (wstat 65280, 0xff00)
Failed 25/35 subtests 
Unescaped left brace in regex is deprecated, passed through in regex; marked by <-- HERE in m/
                    (?:
                      %{ <-- HERE (\w+)}         # method name like %{day_name}
                      |
                      %([%a-zA-Z])     # single character specifier like %d
                      |
                      %(\d+)N          # special case for %N
                    )
                   / at /home/src/perl/repoperls/installed-perls/perl/v5.16.0-234-geb3d0a5/127e/lib/site_perl/5.17.0/x86_64-linux-ld/DateTime.pm line 1066.
Unescaped left brace in regex is deprecated, passed through in regex; marked by <-- HERE in m/\${ <-- HERE (.*?)}/ at /home/src/perl/repoperls/installed-perls/perl/v5.16.0-234-geb3d0a5/127e/lib/site_perl/5.17.0/Log/Log4perl/Config/PropertyConfigurator.pm line 60.
Can't locate object method "TIESCALAR" via package "TaskForest::StringHandleTier" at /tmp/loop_over_bdir-dsP6aI/TaskForest-1.37-GpzL3a/blib/lib/TaskForest/StringHandle.pm line 50.
# Looks like you planned 40 tests but ran 10.
# Looks like your test exited with 255 just after 10.
t/045_ReleaseHold.t .................... 
Dubious, test returned 255 (wstat 65280, 0xff00)
Failed 30/40 subtests 
Unescaped left brace in regex is deprecated, passed through in regex; marked by <-- HERE in m/
                    (?:
                      %{ <-- HERE (\w+)}         # method name like %{day_name}
                      |
                      %([%a-zA-Z])     # single character specifier like %d
                      |
                      %(\d+)N          # special case for %N
                    )
                   / at /home/src/perl/repoperls/installed-perls/perl/v5.16.0-234-geb3d0a5/127e/lib/site_perl/5.17.0/x86_64-linux-ld/DateTime.pm line 1066.
Unescaped left brace in regex is deprecated, passed through in regex; marked by <-- HERE in m/\${ <-- HERE (.*?)}/ at /home/src/perl/repoperls/installed-perls/perl/v5.16.0-234-geb3d0a5/127e/lib/site_perl/5.17.0/Log/Log4perl/Config/PropertyConfigurator.pm line 60.
Can't locate object method "TIESCALAR" via package "TaskForest::StringHandleTier" at /tmp/loop_over_bdir-dsP6aI/TaskForest-1.37-GpzL3a/blib/lib/TaskForest/StringHandle.pm line 50.
# Looks like you planned 52 tests but ran 10.
# Looks like your test exited with 255 just after 10.
t/046_Retry.t .......................... 
Dubious, test returned 255 (wstat 65280, 0xff00)
Failed 42/52 subtests 
Unescaped left brace in regex is deprecated, passed through in regex; marked by <-- HERE in m/
                    (?:
                      %{ <-- HERE (\w+)}         # method name like %{day_name}
                      |
                      %([%a-zA-Z])     # single character specifier like %d
                      |
                      %(\d+)N          # special case for %N
                    )
                   / at /home/src/perl/repoperls/installed-perls/perl/v5.16.0-234-geb3d0a5/127e/lib/site_perl/5.17.0/x86_64-linux-ld/DateTime.pm line 1066.
Unescaped left brace in regex is deprecated, passed through in regex; marked by <-- HERE in m/\${ <-- HERE (.*?)}/ at /home/src/perl/repoperls/installed-perls/perl/v5.16.0-234-geb3d0a5/127e/lib/site_perl/5.17.0/Log/Log4perl/Config/PropertyConfigurator.pm line 60.
Can't locate object method "TIESCALAR" via package "TaskForest::StringHandleTier" at /tmp/loop_over_bdir-dsP6aI/TaskForest-1.37-GpzL3a/blib/lib/TaskForest/StringHandle.pm line 50.
# Looks like you planned 30 tests but ran 10.
# Looks like your test exited with 255 just after 10.
t/047_Fail.t ........................... 
Dubious, test returned 255 (wstat 65280, 0xff00)
Failed 20/30 subtests 
Unescaped left brace in regex is deprecated, passed through in regex; marked by <-- HERE in m/
                    (?:
                      %{ <-- HERE (\w+)}         # method name like %{day_name}
                      |
                      %([%a-zA-Z])     # single character specifier like %d
                      |
                      %(\d+)N          # special case for %N
                    )
                   / at /home/src/perl/repoperls/installed-perls/perl/v5.16.0-234-geb3d0a5/127e/lib/site_perl/5.17.0/x86_64-linux-ld/DateTime.pm line 1066.
Unescaped left brace in regex is deprecated, passed through in regex; marked by <-- HERE in m/\${ <-- HERE (.*?)}/ at /home/src/perl/repoperls/installed-perls/perl/v5.16.0-234-geb3d0a5/127e/lib/site_perl/5.17.0/Log/Log4perl/Config/PropertyConfigurator.pm line 60.
Can't locate object method "TIESCALAR" via package "TaskForest::StringHandleTier" at /tmp/loop_over_bdir-dsP6aI/TaskForest-1.37-GpzL3a/blib/lib/TaskForest/StringHandle.pm line 50.
# Looks like you planned 77 tests but ran 10.
# Looks like your test exited with 255 just after 10.
t/048_FailRetry.t ...................... 
Dubious, test returned 255 (wstat 65280, 0xff00)
Failed 67/77 subtests 

Test Summary Report
-------------------
t/0065_StringHandle.t                (Wstat: 65280 Tests: 8 Failed: 0)
  Non-zero exit status: 255
  Parse errors: Bad plan.  You planned 16 tests but ran 8.
t/009_Display.t                      (Wstat: 65280 Tests: 8 Failed: 0)
  Non-zero exit status: 255
  Parse errors: Bad plan.  You planned 25 tests but ran 8.
t/010_LongRunningJobs.t              (Wstat: 2304 Tests: 4 Failed: 0)
  Non-zero exit status: 9
  Parse errors: Bad plan.  You planned 6 tests but ran 4.
t/012_Collapse.t                     (Wstat: 65280 Tests: 8 Failed: 0)
  Non-zero exit status: 255
  Parse errors: Bad plan.  You planned 10 tests but ran 8.
t/013_Rerun.t                        (Wstat: 65280 Tests: 9 Failed: 0)
  Non-zero exit status: 255
  Parse errors: Bad plan.  You planned 17 tests but ran 9.
t/014_Mark.t                         (Wstat: 65280 Tests: 9 Failed: 0)
  Non-zero exit status: 255
  Parse errors: Bad plan.  You planned 21 tests but ran 9.
t/019_FamilyRemoval.t                (Wstat: 65280 Tests: 8 Failed: 0)
  Non-zero exit status: 255
  Parse errors: Bad plan.  You planned 17 tests but ran 8.
t/021_Release.t                      (Wstat: 65280 Tests: 9 Failed: 0)
  Non-zero exit status: 255
  Parse errors: Bad plan.  You planned 51 tests but ran 9.
t/024_Midnight.t                     (Wstat: 65280 Tests: 9 Failed: 0)
  Non-zero exit status: 255
  Parse errors: Bad plan.  You planned 17 tests but ran 9.
t/025_Midnight_Ready.t               (Wstat: 65280 Tests: 9 Failed: 0)
  Non-zero exit status: 255
  Parse errors: Bad plan.  You planned 19 tests but ran 9.
t/026_Tomorrows_Logs.t               (Wstat: 65280 Tests: 9 Failed: 0)
  Non-zero exit status: 255
  Parse errors: Bad plan.  You planned 16 tests but ran 9.
t/036_ExternalMultiple.t             (Wstat: 65280 Tests: 5 Failed: 0)
  Non-zero exit status: 255
  Parse errors: Bad plan.  You planned 10 tests but ran 5.
t/037_ExternalDeep.t                 (Wstat: 65280 Tests: 5 Failed: 0)
  Non-zero exit status: 255
  Parse errors: Bad plan.  You planned 58 tests but ran 5.
t/038_ExternalTokens.t               (Wstat: 65280 Tests: 5 Failed: 0)
  Non-zero exit status: 255
  Parse errors: Bad plan.  You planned 13 tests but ran 5.
t/042_ExternalMultipleSections.t     (Wstat: 65280 Tests: 5 Failed: 0)
  Non-zero exit status: 255
  Parse errors: Bad plan.  You planned 13 tests but ran 5.
t/043_ExternalSecondSectionParallel.t (Wstat: 65280 Tests: 6 Failed: 0)
  Non-zero exit status: 255
  Parse errors: Bad plan.  You planned 17 tests but ran 6.
t/044_Hold.t                         (Wstat: 65280 Tests: 10 Failed: 0)
  Non-zero exit status: 255
  Parse errors: Bad plan.  You planned 35 tests but ran 10.
t/045_ReleaseHold.t                  (Wstat: 65280 Tests: 10 Failed: 0)
  Non-zero exit status: 255
  Parse errors: Bad plan.  You planned 40 tests but ran 10.
t/046_Retry.t                        (Wstat: 65280 Tests: 10 Failed: 0)
  Non-zero exit status: 255
  Parse errors: Bad plan.  You planned 52 tests but ran 10.
t/047_Fail.t                         (Wstat: 65280 Tests: 10 Failed: 0)
  Non-zero exit status: 255
  Parse errors: Bad plan.  You planned 30 tests but ran 10.
t/048_FailRetry.t                    (Wstat: 65280 Tests: 10 Failed: 0)
  Non-zero exit status: 255
  Parse errors: Bad plan.  You planned 77 tests but ran 10.
Files=50, Tests=10686, 74 wallclock secs ( 1.05 usr  0.08 sys + 17.98 cusr  0.91 csys = 20.02 CPU)
Result: FAIL
Failed 21/50 test programs. 0/10686 subtests failed.
make: *** [test_dynamic] Error 255

------------------------------
PREREQUISITES
------------------------------

Prerequisite modules loaded:

requires:

    Module              Need  Have   
    ------------------- ----- -------
    Config::General     2.38  2.50   
    DateTime            0     0.74   
    HTTP::Daemon        5.818 6.01   
    HTTP::Request       5.818 6.00   
    HTTP::Response      5.82  6.03   
    HTTP::Status        5.817 6.03   
    Log::Log4perl       1.16  1.36   
    Net::SMTP           2.31  2.31   
    Test::Simple        0.44  0.98   

build_requires:

    Module              Need  Have   
    ------------------- ----- -------
    ExtUtils::MakeMaker 0     6.63_02


------------------------------
ENVIRONMENT AND OTHER CONTEXT
------------------------------

Environment variables:

    AUTOMATED_TESTING = 1
    LANG = en_US.UTF-8
    LANGUAGE = en_US:en
    PATH = /home/sand/bin:/usr/local/bin:/usr/bin:/bin:/usr/bin/X11:/usr/games:/usr/local/perl/bin:/usr/X11/bin:/sbin:/usr/sbin
    PERL5LIB = 
    PERL5OPT = 
    PERL5_CPANPLUS_IS_RUNNING = 2336
    PERL5_CPAN_IS_RUNNING = 2336
    PERL_MM_USE_DEFAULT = 1
    SHELL = /usr/bin/zsh
    TERM = screen

Perl special variables (and OS-specific diagnostics, for MSWin32):

    $^X = /home/sand/src/perl/repoperls/installed-perls/perl/v5.16.0-234-geb3d0a5/127e/bin/perl
    $UID/$EUID = 1005 / 1005
    $GID = 1005 1005
    $EGID = 1005 1005

Perl module toolchain versions installed:

    Module              Have    
    ------------------- --------
    CPAN                1.9800  
    CPAN::Meta          2.120921
    Cwd                 3.39_02 
    ExtUtils::CBuilder  0.280206
    ExtUtils::Command   1.17    
    ExtUtils::Install   1.58    
    ExtUtils::MakeMaker 6.63_02 
    ExtUtils::Manifest  1.61    
    ExtUtils::ParseXS   3.17    
    File::Spec          3.39_02 
    JSON                2.53    
    JSON::PP            2.27200 
    Module::Build       0.40    
    Module::Signature   0.68    
    Parse::CPAN::Meta   1.4404  
    Test::Harness       3.23    
    Test::More          0.98    
    YAML                0.81    
    YAML::Syck          1.20    
    version             0.99    


--

Summary of my perl5 (revision 5 version 17 subversion 0) configuration:
  Commit id: eb3d0a5826dc4202bd1ef751f86b4fa666f52d84
  Platform:
    osname=linux, osvers=3.2.0-2-amd64, archname=x86_64-linux-ld
    uname='linux k83 3.2.0-2-amd64 #1 smp mon apr 30 05:20:23 utc 2012 x86_64 gnulinux '
    config_args='-Dprefix=/home/src/perl/repoperls/installed-perls/perl/v5.16.0-234-geb3d0a5/127e -Dmyhostname=k83 -Dinstallusrbinperl=n -Uversiononly -Dusedevel -des -Ui_db -Uuseithreads -Duselongdouble -DDEBUGGING=-g'
    hint=recommended, useposix=true, d_sigaction=define
    useithreads=undef, usemultiplicity=undef
    useperlio=define, d_sfio=undef, uselargefiles=define, usesocks=undef
    use64bitint=define, use64bitall=define, uselongdouble=define
    usemymalloc=n, bincompat5005=undef
  Compiler:
    cc='cc', ccflags ='-fno-strict-aliasing -pipe -fstack-protector -I/usr/local/include -D_LARGEFILE_SOURCE -D_FILE_OFFSET_BITS=64',
    optimize='-O2 -g',
    cppflags='-fno-strict-aliasing -pipe -fstack-protector -I/usr/local/include'
    ccversion='', gccversion='4.6.3', gccosandvers=''
    intsize=4, longsize=8, ptrsize=8, doublesize=8, byteorder=12345678
    d_longlong=define, longlongsize=8, d_longdbl=define, longdblsize=16
    ivtype='long', ivsize=8, nvtype='long double', nvsize=16, Off_t='off_t', lseeksize=8
    alignbytes=16, prototype=define
  Linker and Libraries:
    ld='cc', ldflags =' -fstack-protector -L/usr/local/lib'
    libpth=/usr/local/lib /lib/x86_64-linux-gnu /lib/../lib /usr/lib/x86_64-linux-gnu /usr/lib/../lib /lib /usr/lib
    libs=-lnsl -ldb -ldl -lm -lcrypt -lutil -lc
    perllibs=-lnsl -ldl -lm -lcrypt -lutil -lc
    libc=, so=so, useshrplib=false, libperl=libperl.a
    gnulibc_version='2.13'
  Dynamic Linking:
    dlsrc=dl_dlopen.xs, dlext=so, d_dlsymun=undef, ccdlflags='-Wl,-E'
    cccdlflags='-fPIC', lddlflags='-shared -O2 -g -L/usr/local/lib -fstack-protector'


Characteristics of this binary (from libperl): 
  Compile-time options: HAS_TIMES PERLIO_LAYERS PERL_DONT_CREATE_GVSV
                        PERL_MALLOC_WRAP PERL_PRESERVE_IVUV PERL_USE_DEVEL
                        USE_64_BIT_ALL USE_64_BIT_INT USE_LARGE_FILES
                        USE_LOCALE USE_LOCALE_COLLATE USE_LOCALE_CTYPE
                        USE_LOCALE_NUMERIC USE_LONG_DOUBLE USE_PERLIO
                        USE_PERL_ATOF
  Built under linux
  Compiled at May 25 2012 23:15:37
  %ENV:
    PERL5LIB=""
    PERL5OPT=""
    PERL5_CPANPLUS_IS_RUNNING="2336"
    PERL5_CPAN_IS_RUNNING="2336"
    PERL_MM_USE_DEFAULT="1"
  @INC:
    /home/src/perl/repoperls/installed-perls/perl/v5.16.0-234-geb3d0a5/127e/lib/site_perl/5.17.0/x86_64-linux-ld
    /home/src/perl/repoperls/installed-perls/perl/v5.16.0-234-geb3d0a5/127e/lib/site_perl/5.17.0
    /home/src/perl/repoperls/installed-perls/perl/v5.16.0-234-geb3d0a5/127e/lib/5.17.0/x86_64-linux-ld
    /home/src/perl/repoperls/installed-perls/perl/v5.16.0-234-geb3d0a5/127e/lib/5.17.0
    .