HTTP-MobileAttribute v0.23 Perl 5 v5.8.8 x86_64-linux-ld

Status
Fail
From
Andreas J. König (ANDK)
Dist
HTTP-MobileAttribute v0.23
Platform
Perl 5 v5.8.8 x86_64-linux-ld
Date
2017-09-17 05:35:38
ID
09369898-9b6a-11e7-89a5-c40b2540c4eb
This distribution has been tested as part of the CPAN Testers
project, supporting the Perl programming language.  See
http://wiki.cpantesters.org/ for more information or email
questions to cpan-testers-discuss@perl.org


--
Dear Author,

This is a computer-generated report for HTTP-MobileAttribute-0.23
on perl 5.8.8, created by CPAN-Reporter-1.2018.

Thank you for uploading your work to CPAN.  However, there was a problem
testing your distribution.

If you think this report is invalid, please consult the CPAN Testers Wiki
for suggestions on how to avoid getting FAIL reports for missing library
or binary dependencies, unsupported operating systems, and so on:

http://wiki.cpantesters.org/wiki/CPANAuthorNotes

Sections of this report:

    * Tester comments
    * Program output
    * Prerequisites
    * Environment and other context

------------------------------
TESTER COMMENTS
------------------------------

Additional comments from tester:

this report is from an automated smoke testing program
and was not reviewed by a human for accuracy

------------------------------
PROGRAM OUTPUT
------------------------------

Output from '/usr/bin/make test':

PERL_DL_NONLAZY=1 "/tmp/basesmoker-reloperl-ggHC/bin/perl" "-MExtUtils::Command::MM" "-MTest::Harness" "-e" "undef *Test::Harness::Switches; test_harness(0, 'inc', 'blib/lib', 'blib/arch')" t/*.t t/Plugins/*.t t/*/*/*.t
t/00_compile.t .............................. ok
t/01_carrier_detect.t ....................... ok
t/01_request.t .............................. ok
t/02_docomo.t ............................... ok
t/03_j_phone.t .............................. ok
t/04_ezweb.t ................................ ok
t/06_nonmobile.t ............................ ok
t/07_airh.t ................................. ok
t/09_vodafone_3gc.t ......................... ok
t/10_softbank.t ............................. ok
t/11_softbank_base.t ........................ ok
t/12_no_match.t ............................. ok
t/Plugins/CIDR-base.t ....................... skipped: Net::CIDR::MobileJP is not installed.
t/Plugins/CIDR-setter.t ..................... skipped: Net::CIDR::MobileJP is not installed.
t/Plugins/CIDR-yaml.t ....................... skipped: Net::CIDR::MobileJP is not installed.
t/Plugins/Display.t ......................... ok
t/Plugins/DoCoMo/Browser.t .................. ok
t/Plugins/Encoding.t ........................ ok
t/Plugins/GPS-gps_compliant.t ............... ok
THIS METHOD IS OBSOLETE. DO NOT USE THIS. at /tmp/loop_over_bdir-12108-OpIBOQ/HTTP-MobileAttribute-0.23-0/blib/lib/HTTP/MobileAttribute/Plugin/GPS.pm line 13, <DATA> line 1.
THIS METHOD IS OBSOLETE. DO NOT USE THIS. at /tmp/loop_over_bdir-12108-OpIBOQ/HTTP-MobileAttribute-0.23-0/blib/lib/HTTP/MobileAttribute/Plugin/GPS.pm line 13, <DATA> line 1.
t/Plugins/GPS-is_gps.t ...................... ok
t/Plugins/Locator/00.load.t ................. ok
t/Plugins/Locator/01.get_location.t ......... skipped: this module requires Geo::Coordinates::Converter && Geo::Coordinates::Converter::iArea
t/Plugins/Locator/02.gps_comliant.t ......... skipped: this module requires Geo::Coordinates::Converter && Geo::Coordinates::Converter::iArea
t/Plugins/Locator/03.non_mobile.t ........... skipped: this module requires Geo::Coordinates::Converter && Geo::Coordinates::Converter::iArea
t/Plugins/Locator/04.apache_params.t ........ skipped: this module requires Geo::Coordinates::Converter && Geo::Coordinates::Converter::iArea
t/Plugins/Locator/05.cgi_params.t ........... skipped: this module requires Geo::Coordinates::Converter && Geo::Coordinates::Converter::iArea
t/Plugins/Locator/06.hashref_params.t ....... skipped: this module requires Geo::Coordinates::Converter && Geo::Coordinates::Converter::iArea
t/Plugins/Locator/07.gps_parameter.t ........ skipped: this module requires Geo::Coordinates::Converter && Geo::Coordinates::Converter::iArea
t/Plugins/Locator/08.regression-params.t .... skipped: this module requires Geo::Coordinates::Converter && Geo::Coordinates::Converter::iArea
t/Plugins/Locator/09.get_carrier_locator.t .. skipped: this module requires Geo::Coordinates::Converter && Geo::Coordinates::Converter::iArea

#   Failed test at /tmp/loop_over_bdir-12108-OpIBOQ/HTTP-MobileAttribute-0.23-0/inc/Test/Base.pm line 337.
#     Structures begin differing at:
#          $got->{id} = ''
#     $expected->{id} = undef

#   Failed test at /tmp/loop_over_bdir-12108-OpIBOQ/HTTP-MobileAttribute-0.23-0/inc/Test/Base.pm line 337.
#     Structures begin differing at:
#          $got->{id} = ''
#     $expected->{id} = undef

#   Failed test at /tmp/loop_over_bdir-12108-OpIBOQ/HTTP-MobileAttribute-0.23-0/inc/Test/Base.pm line 337.
#     Structures begin differing at:
#          $got->{id} = ''
#     $expected->{id} = undef
# Looks like you failed 3 tests of 9.
t/Plugins/UserID-base.t ..................... 
Dubious, test returned 3 (wstat 768, 0x300)
Failed 3/9 subtests 
t/Plugins/UserID-fallback-card.t ............ ok

#   Failed test at /tmp/loop_over_bdir-12108-OpIBOQ/HTTP-MobileAttribute-0.23-0/inc/Test/Base.pm line 337.
#     Structures begin differing at:
#          $got->{id} = ''
#     $expected->{id} = undef
# Looks like you failed 1 test of 10.
t/Plugins/UserID-fallback.t ................. 
Dubious, test returned 1 (wstat 256, 0x100)
Failed 1/10 subtests 
t/Plugins/UserID-supports_user_id.t ......... ok

Test Summary Report
-------------------
t/Plugins/UserID-base.t                   (Wstat: 768 Tests: 9 Failed: 3)
  Failed tests:  5, 7, 9
  Non-zero exit status: 3
t/Plugins/UserID-fallback.t               (Wstat: 256 Tests: 10 Failed: 1)
  Failed test:  8
  Non-zero exit status: 1
Files=34, Tests=2753,  2 wallclock secs ( 0.24 usr  0.15 sys +  1.51 cusr  0.37 csys =  2.27 CPU)
Result: FAIL
Failed 2/34 test programs. 4/2753 subtests failed.
Makefile:864: recipe for target 'test_dynamic' failed
make: *** [test_dynamic] Error 255

------------------------------
PREREQUISITES
------------------------------

Prerequisite modules loaded:

requires:

    Module              Need     Have    
    ------------------- -------- --------
    Class::Component    0.17     0.17    
    Filter::Util::Call  0        1.0601  
    perl                5.008001 5.008008
    UNIVERSAL::require  0.13     0.18    

build_requires:

    Module              Need     Have    
    ------------------- -------- --------
    ExtUtils::MakeMaker 6.42     7.30    
    YAML                0        1.23    

configure_requires:

    Module              Need     Have    
    ------------------- -------- --------
    ExtUtils::MakeMaker 6.42     7.30    


------------------------------
ENVIRONMENT AND OTHER CONTEXT
------------------------------

Environment variables:

    AUTOMATED_TESTING = 1
    LANG = en_US.UTF-8
    PATH = /home/sand/bin:/usr/local/bin:/usr/bin:/bin:/usr/games:/usr/local/perl/bin:/usr/X11/bin:/sbin:/usr/sbin
    PERL5LIB = 
    PERL5OPT = 
    PERL5_CPANPLUS_IS_RUNNING = 10485
    PERL5_CPAN_IS_RUNNING = 10485
    PERL_CANARY_STABILITY_NOPROMPT = 1
    PERL_MM_USE_DEFAULT = 1
    PERL_USE_UNSAFE_INC = 1
    SHELL = /usr/bin/zsh
    TERM = screen

Perl special variables (and OS-specific diagnostics, for MSWin32):

    $^X = /tmp/basesmoker-reloperl-ggHC/bin/perl
    $UID/$EUID = 1005 / 1005
    $GID = 1005 1005
    $EGID = 1005 1005

Perl module toolchain versions installed:

    Module              Have    
    ------------------- --------
    CPAN                2.18    
    CPAN::Meta          2.150010
    Cwd                 3.62    
    ExtUtils::CBuilder  0.280226
    ExtUtils::Command   7.30    
    ExtUtils::Install   2.06    
    ExtUtils::MakeMaker 7.30    
    ExtUtils::Manifest  1.70    
    ExtUtils::ParseXS   3.35    
    File::Spec          3.62    
    JSON                2.94    
    JSON::PP            2.94    
    Module::Build       0.4224  
    Module::Signature   0.81    
    Parse::CPAN::Meta   2.150010
    Test::Harness       3.39    
    Test::More          1.302096
    YAML                1.23    
    YAML::Syck          1.30    
    version             0.9918  


--

Summary of my perl5 (revision 5 version 8 subversion 8) configuration:
  Platform:
    osname=linux, osvers=4.12.0-1-amd64, archname=x86_64-linux-ld
    uname='linux k93x64sid 4.12.0-1-amd64 #1 smp debian 4.12.6-1 (2017-08-12) x86_64 gnulinux '
    config_args='-Dprefix=/home/sand/src/perl/repoperls/installed-perls/host/k93x64sid/perl-5.8.8/3bd2 -Dmyhostname=k93x64sid -Dinstallusrbinperl=n -Uversiononly -Dusedevel -des -Ui_db -Dlibswanted=cl pthread socket inet nsl gdbm dbm malloc dl ld sun m crypt sec util c cposix posix ucb BSD gdbm_compat -Uuseithreads -Duselongdouble -DDEBUGGING=-g'
    hint=recommended, useposix=true, d_sigaction=define
    usethreads=undef use5005threads=undef useithreads=undef usemultiplicity=undef
    useperlio=define d_sfio=undef uselargefiles=define usesocks=undef
    use64bitint=define use64bitall=define uselongdouble=define
    usemymalloc=n, bincompat5005=undef
  Compiler:
    cc='cc', ccflags ='-fno-strict-aliasing -pipe -Wdeclaration-after-statement -I/usr/local/include -D_LARGEFILE_SOURCE -D_FILE_OFFSET_BITS=64',
    optimize='-O2',
    cppflags='-fno-strict-aliasing -pipe -Wdeclaration-after-statement -I/usr/local/include'
    ccversion='', gccversion='7.2.0', gccosandvers=''
    intsize=4, longsize=8, ptrsize=8, doublesize=8, byteorder=12345678
    d_longlong=define, longlongsize=8, d_longdbl=define, longdblsize=16
    ivtype='long', ivsize=8, nvtype='long double', nvsize=16, Off_t='off_t', lseeksize=8
    alignbytes=16, prototype=define
  Linker and Libraries:
    ld='cc', ldflags =' -L/usr/local/lib'
    libpth=/usr/local/lib /lib/x86_64-linux-gnu /lib/../lib /usr/lib/x86_64-linux-gnu /usr/lib/../lib /lib /usr/lib
    libs=-lpthread -lnsl -ldl -lm -lcrypt -lutil -lc
    perllibs=-lpthread -lnsl -ldl -lm -lcrypt -lutil -lc
    libc=libc-2.24.so, so=so, useshrplib=false, libperl=libperl.a
    gnulibc_version='2.24'
  Dynamic Linking:
    dlsrc=dl_dlopen.xs, dlext=so, d_dlsymun=undef, ccdlflags='-Wl,-E'
    cccdlflags='-fpic', lddlflags='-shared -L/usr/local/lib'


Characteristics of this binary (from libperl): 
  Compile-time options: PERL_MALLOC_WRAP USE_64_BIT_ALL USE_64_BIT_INT
                        USE_LARGE_FILES USE_LONG_DOUBLE USE_PERLIO
  Built under linux
  Compiled at Sep 16 2017 10:29:57
  %ENV:
    PERL5LIB=""
    PERL5OPT=""
    PERL5_CPANPLUS_IS_RUNNING="10485"
    PERL5_CPAN_IS_RUNNING="10485"
    PERL_CANARY_STABILITY_NOPROMPT="1"
    PERL_MM_USE_DEFAULT="1"
    PERL_USE_UNSAFE_INC="1"
  @INC:
    /home/sand/src/perl/repoperls/installed-perls/host/k93x64sid/perl-5.8.8/3bd2/lib/5.8.8/x86_64-linux-ld
    /home/sand/src/perl/repoperls/installed-perls/host/k93x64sid/perl-5.8.8/3bd2/lib/5.8.8
    /home/sand/src/perl/repoperls/installed-perls/host/k93x64sid/perl-5.8.8/3bd2/lib/site_perl/5.8.8/x86_64-linux-ld
    /home/sand/src/perl/repoperls/installed-perls/host/k93x64sid/perl-5.8.8/3bd2/lib/site_perl/5.8.8
    /home/sand/src/perl/repoperls/installed-perls/host/k93x64sid/perl-5.8.8/3bd2/lib/site_perl
    .