Module-Build-TestReporter v1.00 Perl 5 v5.36.1 RC3 x86_64-linux
- Status
- Fail
- From
- Andreas J. König (ANDK)
- Dist
-
Module-Build-TestReporter v1.00
- Platform
- Perl 5 v5.36.1 RC3 x86_64-linux
- Date
- 2023-04-18 00:00:31
- ID
- 090ec7fa-dd7c-11ed-bccd-3b95acf38a3d
This distribution has been tested as part of the CPAN Testers
project, supporting the Perl programming language. See
http://wiki.cpantesters.org/ for more information or email
questions to cpan-testers-discuss@perl.org
--
Dear chromatic,
This is a computer-generated report for Module-Build-TestReporter-1.00
on perl 5.36.1, created by CPAN-Reporter-1.2018.
Thank you for uploading your work to CPAN. However, there was a problem
testing your distribution.
If you think this report is invalid, please consult the CPAN Testers Wiki
for suggestions on how to avoid getting FAIL reports for missing library
or binary dependencies, unsupported operating systems, and so on:
http://wiki.cpantesters.org/wiki/CPANAuthorNotes
Sections of this report:
* Tester comments
* Program output
* Prerequisites
* Environment and other context
------------------------------
TESTER COMMENTS
------------------------------
Additional comments from tester:
this report is from an automated smoke testing program
and was not reviewed by a human for accuracy
------------------------------
PROGRAM OUTPUT
------------------------------
Output from './Build test':
Old SIGNATURE detected. Please inform the module author to regenerate SIGNATURE using Module::Signature version 0.82 or newer.
WARNING: This key is not certified with a trusted signature!
Primary key fingerprint: DF05 D93D BEA3 9DD2 4A44 CD66 05DF 169F 5C08 E9C4
Not in MANIFEST: _build/auto_features
Not in MANIFEST: _build/build_params
Not in MANIFEST: _build/cleanup
Not in MANIFEST: _build/config_data
Not in MANIFEST: _build/features
Not in MANIFEST: _build/magicnum
Not in MANIFEST: _build/notes
Not in MANIFEST: _build/prereqs
Not in MANIFEST: _build/runtime_params
Not in MANIFEST: blib/lib/Module/Build/TestReporter.pm
Not in MANIFEST: blib/libdoc/Module::Build::TestReporter.3
Not in MANIFEST: Build
Not in MANIFEST: MYMETA.json
Not in MANIFEST: MYMETA.yml
==> MISMATCHED content between MANIFEST and distribution files! <==
# Failed test 'Valid signature'
# at t/0-signature.t line 8.
# Looks like you failed 1 test of 1.
t/0-signature.t ..
Dubious, test returned 1 (wstat 256, 0x100)
Failed 1/1 subtests
# Failed test 'An object of class 'Module::Build' isa 'Module::Build::TestReporter''
# at t/base.t line 25.
# The object of class 'Module::Build' isn't a 'Module::Build::TestReporter'
# Failed test 'new() should set report_file to test_failures.txt by default'
# at t/base.t line 26.
# got: undef
# expected: 'test_failures.txt'
# Failed test '... but should set if it passed'
# at t/base.t line 31.
# got: undef
# expected: 'report.txt'
# Failed test 'find_test_files() should return empty arrayref'
# at t/base.t line 75.
# Structures begin differing at:
# $got->[0] = 'fake_tests/fail.t'
# $expected->[0] = Does not exist
# Failed test '... reporting failures'
# at t/base.t line 79.
# got: undef
# expected: '1'
# Failed test '... having cleared out any existing failures'
# at t/base.t line 80.
# got: '10'
# expected: '1'
# Failed test '... writing no output by default'
# at t/base.t line 86.
# got: ''
# expected: 'fake_tests/pass.t...ok
# '
# Failed test '... yet still reporting failures'
# at t/base.t line 87.
# got: undef
# expected: '2'
# Failed test 'Module::Build->can('save_failure_details')'
# at t/base.t line 90.
# Module::Build->can('save_failure_details') failed
# Failed test 'save_failure_details() should save results of all failures'
# at t/base.t line 93.
# got: '10'
# expected: '1'
# Failed test '... saving failure information'
# at t/base.t line 95.
# Structures begin differing at:
# $got = '1'
# $expected = HASH(0x55847738cef8)
# Failed test 'Module::Build->can('report_failures')'
# at t/base.t line 115.
# Module::Build->can('report_failures') failed
Can't locate object method "report_failures" via package "Module::Build" at t/base.t line 122.
# Looks like your test exited with 2 just after 21.
t/base.t .........
Dubious, test returned 2 (wstat 512, 0x200)
Failed 26/35 subtests
t/inherit.t ...... ok
t/override.t ..... ok
No 'module_name' was provided and it could not be inferred
from other properties. This will prevent a packlist from
being written for this file. Please set either 'module_name'
or 'dist_version_from' in Build.PL.
No 'module_name' was provided and it could not be inferred
from other properties. This will prevent a packlist from
being written for this file. Please set either 'module_name'
or 'dist_version_from' in Build.PL.
t/try_prereqs.t .. ok
Test Summary Report
-------------------
t/0-signature.t (Wstat: 256 (exited 1) Tests: 1 Failed: 1)
Failed test: 1
Non-zero exit status: 1
t/base.t (Wstat: 512 (exited 2) Tests: 21 Failed: 12)
Failed tests: 4-6, 12, 14-21
Non-zero exit status: 2
Parse errors: Bad plan. You planned 35 tests but ran 21.
Files=5, Tests=31, 3 wallclock secs ( 0.03 usr 0.01 sys + 0.55 cusr 0.11 csys = 0.70 CPU)
Result: FAIL
Failed 2/5 test programs. 13/31 subtests failed.
------------------------------
PREREQUISITES
------------------------------
Prerequisite modules loaded:
requires:
Module Need Have
--------------- ---- ----------
Class::Roles 0 0.30
IPC::Open3 0 1.22
Module::Build 0 0.4232
SUPER 1.10 1.20190531
Test::Harness 2.47 3.44
build_requires:
Module Need Have
--------------- ---- ----------
IO::String 0 1.08
Test::Exception 0 0.43
Test::Simple 0.48 1.302194
------------------------------
ENVIRONMENT AND OTHER CONTEXT
------------------------------
Environment variables:
AUTOMATED_TESTING = 1
LANG = en_US.UTF-8
LC_ADDRESS = de_DE.UTF-8
LC_IDENTIFICATION = de_DE.UTF-8
LC_MEASUREMENT = de_DE.UTF-8
LC_MONETARY = de_DE.UTF-8
LC_NAME = de_DE.UTF-8
LC_NUMERIC = de_DE.UTF-8
LC_PAPER = de_DE.UTF-8
LC_TELEPHONE = de_DE.UTF-8
LC_TIME = de_DE.UTF-8
PATH = /home/sand/bin:/usr/local/bin:/usr/local/sbin:/usr/sbin:/usr/bin:/sbin:/bin:/usr/games:/usr/local/games:/snap/bin:/usr/local/perl/bin:/usr/X11/bin
PERL = /tmp/basesmoker-reloperl-YI3K/bin/perl
PERL5LIB = /tmp/loop_over_bdir-3552046-vdoz2i/LCFG-Build-Skeleton-0.5.0-0/blib/arch:/tmp/loop_over_bdir-3552046-vdoz2i/LCFG-Build-Skeleton-0.5.0-0/blib/lib:/tmp/loop_over_bdir-3552046-vdoz2i/Sysync-0.35-0/blib/arch:/tmp/loop_over_bdir-3552046-vdoz2i/Sysync-0.35-0/blib/lib:/tmp/loop_over_bdir-3552046-vdoz2i/EJBCA-CrlPublish-0.60-0/blib/arch:/tmp/loop_over_bdir-3552046-vdoz2i/EJBCA-CrlPublish-0.60-0/blib/lib:/tmp/loop_over_bdir-3552046-vdoz2i/ProjectBuilder-0.14.1-0/blib/arch:/tmp/loop_over_bdir-3552046-vdoz2i/ProjectBuilder-0.14.1-0/blib/lib:/tmp/loop_over_bdir-3552046-vdoz2i/Serge-1.4-0/blib/arch:/tmp/loop_over_bdir-3552046-vdoz2i/Serge-1.4-0/blib/lib
PERL5OPT =
PERL5_CPANPLUS_IS_RUNNING = 3552054
PERL5_CPAN_IS_RUNNING = 3552054
PERL_CANARY_STABILITY_NOPROMPT = 1
PERL_MM_USE_DEFAULT = 1
PERL_USE_UNSAFE_INC = 1
SHELL = /usr/bin/zsh
TERM = screen
Perl special variables (and OS-specific diagnostics, for MSWin32):
$^X = /tmp/basesmoker-reloperl-YI3K/bin/perl
$UID/$EUID = 1005 / 1005
$GID = 1005 1005
$EGID = 1005 1005
Perl module toolchain versions installed:
Module Have
------------------- --------
CPAN 2.34
CPAN::Meta 2.150010
Cwd 3.84
ExtUtils::CBuilder 0.280236
ExtUtils::Command 7.70
ExtUtils::Install 2.20
ExtUtils::MakeMaker 7.70
ExtUtils::Manifest 1.73
ExtUtils::ParseXS 3.45
File::Spec 3.84
JSON 4.10
JSON::PP 4.16
Module::Build 0.4232
Module::Signature 0.88
Parse::CPAN::Meta 2.150010
Test::Harness 3.44
Test::More 1.302194
YAML 1.30
YAML::Syck 1.34
version 0.9929
--
Summary of my perl5 (revision 5 version 36 subversion 1) configuration:
Commit id: 66cefb00b475e1b321ab2a1aa8e66a7ae14334c2
Platform:
osname=linux
osvers=5.19.0-38-generic
archname=x86_64-linux
uname='linux k93jammy 5.19.0-38-generic #39~22.04.1-ubuntu smp preempt_dynamic fri mar 17 21:16:15 utc 2 x86_64 x86_64 x86_64 gnulinux '
config_args='-Dprefix=/home/sand/src/perl/repoperls/installed-perls/host/k93jammy/v5.36.1-RC3/6567 -Dmyhostname=k93jammy -Dinstallusrbinperl=n -Uversiononly -Dusedevel -des -Ui_db -Dlibswanted=cl pthread socket inet nsl gdbm dbm malloc dl ld sun m crypt sec util c cposix posix ucb BSD gdbm_compat -Uuseithreads -Uuselongdouble -DEBUGGING=-g'
hint=recommended
useposix=true
d_sigaction=define
useithreads=undef
usemultiplicity=undef
use64bitint=define
use64bitall=define
uselongdouble=undef
usemymalloc=n
default_inc_excludes_dot=define
Compiler:
cc='cc'
ccflags ='-fwrapv -fno-strict-aliasing -pipe -fstack-protector-strong -I/usr/local/include -D_LARGEFILE_SOURCE -D_FILE_OFFSET_BITS=64'
optimize='-O2 -g'
cppflags='-fwrapv -fno-strict-aliasing -pipe -fstack-protector-strong -I/usr/local/include'
ccversion=''
gccversion='11.3.0'
gccosandvers=''
intsize=4
longsize=8
ptrsize=8
doublesize=8
byteorder=12345678
doublekind=3
d_longlong=define
longlongsize=8
d_longdbl=define
longdblsize=16
longdblkind=3
ivtype='long'
ivsize=8
nvtype='double'
nvsize=8
Off_t='off_t'
lseeksize=8
alignbytes=8
prototype=define
Linker and Libraries:
ld='cc'
ldflags =' -fstack-protector-strong -L/usr/local/lib'
libpth=/usr/local/lib /usr/lib/x86_64-linux-gnu /usr/lib /usr/lib64
libs=-lpthread -lnsl -ldl -lm -lcrypt -lutil -lc
perllibs=-lpthread -lnsl -ldl -lm -lcrypt -lutil -lc
libc=/lib/x86_64-linux-gnu/libc.so.6
so=so
useshrplib=false
libperl=libperl.a
gnulibc_version='2.35'
Dynamic Linking:
dlsrc=dl_dlopen.xs
dlext=so
d_dlsymun=undef
ccdlflags='-Wl,-E'
cccdlflags='-fPIC'
lddlflags='-shared -O2 -g -L/usr/local/lib -fstack-protector-strong'
Characteristics of this binary (from libperl):
Compile-time options:
HAS_TIMES
PERLIO_LAYERS
PERL_COPY_ON_WRITE
PERL_DONT_CREATE_GVSV
PERL_MALLOC_WRAP
PERL_OP_PARENT
PERL_PRESERVE_IVUV
PERL_USE_DEVEL
USE_64_BIT_ALL
USE_64_BIT_INT
USE_LARGE_FILES
USE_LOCALE
USE_LOCALE_COLLATE
USE_LOCALE_CTYPE
USE_LOCALE_NUMERIC
USE_LOCALE_TIME
USE_PERLIO
USE_PERL_ATOF
Locally applied patches:
RC3
Built under linux
Compiled at Apr 16 2023 17:59:23
%ENV:
PERL="/tmp/basesmoker-reloperl-YI3K/bin/perl"
PERL5LIB="/tmp/loop_over_bdir-3552046-vdoz2i/LCFG-Build-Skeleton-0.5.0-0/blib/arch:/tmp/loop_over_bdir-3552046-vdoz2i/LCFG-Build-Skeleton-0.5.0-0/blib/lib:/tmp/loop_over_bdir-3552046-vdoz2i/Sysync-0.35-0/blib/arch:/tmp/loop_over_bdir-3552046-vdoz2i/Sysync-0.35-0/blib/lib:/tmp/loop_over_bdir-3552046-vdoz2i/EJBCA-CrlPublish-0.60-0/blib/arch:/tmp/loop_over_bdir-3552046-vdoz2i/EJBCA-CrlPublish-0.60-0/blib/lib:/tmp/loop_over_bdir-3552046-vdoz2i/ProjectBuilder-0.14.1-0/blib/arch:/tmp/loop_over_bdir-3552046-vdoz2i/ProjectBuilder-0.14.1-0/blib/lib:/tmp/loop_over_bdir-3552046-vdoz2i/Serge-1.4-0/blib/arch:/tmp/loop_over_bdir-3552046-vdoz2i/Serge-1.4-0/blib/lib"
PERL5OPT=""
PERL5_CPANPLUS_IS_RUNNING="3552054"
PERL5_CPAN_IS_RUNNING="3552054"
PERL_CANARY_STABILITY_NOPROMPT="1"
PERL_MM_USE_DEFAULT="1"
PERL_USE_UNSAFE_INC="1"
@INC:
/tmp/loop_over_bdir-3552046-vdoz2i/LCFG-Build-Skeleton-0.5.0-0/blib/arch
/tmp/loop_over_bdir-3552046-vdoz2i/LCFG-Build-Skeleton-0.5.0-0/blib/lib
/tmp/loop_over_bdir-3552046-vdoz2i/Sysync-0.35-0/blib/arch
/tmp/loop_over_bdir-3552046-vdoz2i/Sysync-0.35-0/blib/lib
/tmp/loop_over_bdir-3552046-vdoz2i/EJBCA-CrlPublish-0.60-0/blib/arch
/tmp/loop_over_bdir-3552046-vdoz2i/EJBCA-CrlPublish-0.60-0/blib/lib
/tmp/loop_over_bdir-3552046-vdoz2i/ProjectBuilder-0.14.1-0/blib/arch
/tmp/loop_over_bdir-3552046-vdoz2i/ProjectBuilder-0.14.1-0/blib/lib
/tmp/loop_over_bdir-3552046-vdoz2i/Serge-1.4-0/blib/arch
/tmp/loop_over_bdir-3552046-vdoz2i/Serge-1.4-0/blib/lib
/home/sand/src/perl/repoperls/installed-perls/host/k93jammy/v5.36.1-RC3/6567/lib/site_perl/5.36.1/x86_64-linux
/home/sand/src/perl/repoperls/installed-perls/host/k93jammy/v5.36.1-RC3/6567/lib/site_perl/5.36.1
/home/sand/src/perl/repoperls/installed-perls/host/k93jammy/v5.36.1-RC3/6567/lib/5.36.1/x86_64-linux
/home/sand/src/perl/repoperls/installed-perls/host/k93jammy/v5.36.1-RC3/6567/lib/5.36.1
.