Report for Array-GroupBy-v0.0.4

Back
From: metabase:user:e7b34f46-36ca-11e0-a826-945c7ca43f85
Subject: FAIL Array-GroupBy-v0.0.4 v5.12.4 FreeBSD
Date: 2012-09-20T19:47:38Z

This distribution has been tested as part of the CPAN Testers
project, supporting the Perl programming language.  See
http://wiki.cpantesters.org/ for more information or email
questions to cpan-testers-discuss@perl.org


--
Dear Sam Brain,

This is a computer-generated report for Array-GroupBy-v0.0.4
on perl 5.12.4, created by CPAN-Reporter-1.2006.

Thank you for uploading your work to CPAN.  However, there was a problem
testing your distribution.

If you think this report is invalid, please consult the CPAN Testers Wiki
for suggestions on how to avoid getting FAIL reports for missing library
or binary dependencies, unsupported operating systems, and so on:

http://wiki.cpantesters.org/wiki/CPANAuthorNotes

Sections of this report:

    * Tester comments
    * Program output
    * Prerequisites
    * Environment and other context

------------------------------
TESTER COMMENTS
------------------------------

Additional comments from tester:

this report is from an automated smoke testing program
and was not reviewed by a human for accuracy

------------------------------
PROGRAM OUTPUT
------------------------------

Output from './Build test':

# Testing Array::GroupBy 0.0.4
t/00.load.t ....... ok
t/1.t ............. ok
t/2.t ............. ok
t/3.t ............. ok
t/4.t ............. ok
t/5.t ............. ok
t/6.t ............. ok
t/7.t ............. ok

#   Failed test 'Test::Perl::Critic for "blib/lib/Array/GroupBy.pm"'
#   at /home/cpan/perl5/lib/perl5/Test/Perl/Critic.pm line 110.
# 
# Perl::Critic found these violations in "blib/lib/Array/GroupBy.pm":
# Variable, subroutine, and package names have to be in CamelCase at line 14, column 5.  (no explanation).  (Severity: 5)
# Variable, subroutine, and package names have to be in CamelCase at line 24, column 1.  (no explanation).  (Severity: 5)
# Variable, subroutine, and package names have to be in CamelCase at line 25, column 6.  (no explanation).  (Severity: 5)
# Variable, subroutine, and package names have to be in CamelCase at line 31, column 7.  (no explanation).  (Severity: 5)
# Variable, subroutine, and package names have to be in CamelCase at line 31, column 14.  (no explanation).  (Severity: 5)
# Variable, subroutine, and package names have to be in CamelCase at line 31, column 24.  (no explanation).  (Severity: 5)
# Variable, subroutine, and package names have to be in CamelCase at line 31, column 33.  (no explanation).  (Severity: 5)
# Variable, subroutine, and package names have to be in CamelCase at line 34, column 13.  (no explanation).  (Severity: 5)
# Variable, subroutine, and package names have to be in CamelCase at line 36, column 6.  (no explanation).  (Severity: 5)
# Variable, subroutine, and package names have to be in CamelCase at line 36, column 23.  (no explanation).  (Severity: 5)
# Private Member Data shouldn't be accessed directly at line 36, column 23.  Accessing an objects data directly breaks encapsulation and should be avoided.  Example: $object->{ some_key }.  (Severity: 5)
# Variable, subroutine, and package names have to be in CamelCase at line 38, column 6.  (no explanation).  (Severity: 5)
# Variable, subroutine, and package names have to be in CamelCase at line 41, column 8.  (no explanation).  (Severity: 5)
# Variable, subroutine, and package names have to be in CamelCase at line 42, column 8.  (no explanation).  (Severity: 5)
# Variable, subroutine, and package names have to be in CamelCase at line 44, column 19.  (no explanation).  (Severity: 5)
# Variable, subroutine, and package names have to be in CamelCase at line 46, column 10.  (no explanation).  (Severity: 5)
# Variable, subroutine, and package names have to be in CamelCase at line 46, column 19.  (no explanation).  (Severity: 5)
# Variable, subroutine, and package names have to be in CamelCase at line 48, column 12.  (no explanation).  (Severity: 5)
# Variable, subroutine, and package names have to be in CamelCase at line 48, column 20.  (no explanation).  (Severity: 5)
# Private Member Data shouldn't be accessed directly at line 48, column 20.  Accessing an objects data directly breaks encapsulation and should be avoided.  Example: $object->{ some_key }.  (Severity: 5)
# Variable, subroutine, and package names have to be in CamelCase at line 48, column 28.  (no explanation).  (Severity: 5)
# Variable, subroutine, and package names have to be in CamelCase at line 50, column 16.  (no explanation).  (Severity: 5)
# Method invokation should use "()" at line 50, column 24.  Use "->MethodName()" instead of "->MethodName".  (Severity: 5)
# Variable, subroutine, and package names have to be in CamelCase at line 50, column 27.  (no explanation).  (Severity: 5)
# Variable, subroutine, and package names have to be in CamelCase at line 50, column 43.  (no explanation).  (Severity: 5)
# Variable, subroutine, and package names have to be in CamelCase at line 50, column 50.  (no explanation).  (Severity: 5)
# Variable, subroutine, and package names have to be in CamelCase at line 52, column 12.  (no explanation).  (Severity: 5)
# Variable, subroutine, and package names have to be in CamelCase at line 52, column 21.  (no explanation).  (Severity: 5)
# Variable, subroutine, and package names have to be in CamelCase at line 55, column 5.  (no explanation).  (Severity: 5)
# Variable, subroutine, and package names have to be in CamelCase at line 55, column 22.  (no explanation).  (Severity: 5)
# Variable, subroutine, and package names have to be in CamelCase at line 57, column 13.  (no explanation).  (Severity: 5)
# Variable, subroutine, and package names have to be in CamelCase at line 62, column 1.  (no explanation).  (Severity: 5)
# Variable, subroutine, and package names have to be in CamelCase at line 63, column 1.  (no explanation).  (Severity: 5)
# Variable, subroutine, and package names have to be in CamelCase at line 66, column 1.  (no explanation).  (Severity: 5)
# Variable, subroutine, and package names have to be in CamelCase at line 67, column 7.  (no explanation).  (Severity: 5)
# Variable, subroutine, and package names have to be in CamelCase at line 67, column 18.  (no explanation).  (Severity: 5)
# Variable, subroutine, and package names have to be in CamelCase at line 67, column 26.  (no explanation).  (Severity: 5)
# Variable, subroutine, and package names have to be in CamelCase at line 67, column 35.  (no explanation).  (Severity: 5)
# Variable, subroutine, and package names have to be in CamelCase at line 69, column 16.  (no explanation).  (Severity: 5)
# Variable, subroutine, and package names have to be in CamelCase at line 69, column 27.  (no explanation).  (Severity: 5)
# Variable, subroutine, and package names have to be in CamelCase at line 71, column 3.  (no explanation).  (Severity: 5)
# Variable, subroutine, and package names have to be in CamelCase at line 71, column 21.  (no explanation).  (Severity: 5)
# Variable, subroutine, and package names have to be in CamelCase at line 71, column 36.  (no explanation).  (Severity: 5)
# Use of low precedence operators is not allowed at line 71, column 43.  Replace low precedence operators with the high precedence substitutes.  (Severity: 5)
# Variable, subroutine, and package names have to be in CamelCase at line 71, column 48.  (no explanation).  (Severity: 5)
# Variable, subroutine, and package names have to be in CamelCase at line 76, column 20.  (no explanation).  (Severity: 5)
# Variable, subroutine, and package names have to be in CamelCase at line 76, column 32.  (no explanation).  (Severity: 5)
# Variable, subroutine, and package names have to be in CamelCase at line 80, column 13.  (no explanation).  (Severity: 5)
# Variable, subroutine, and package names have to be in CamelCase at line 82, column 25.  (no explanation).  (Severity: 5)
# Private Member Data shouldn't be accessed directly at line 82, column 25.  Accessing an objects data directly breaks encapsulation and should be avoided.  Example: $object->{ some_key }.  (Severity: 5)
# Use of low precedence operators is not allowed at line 82, column 38.  Replace low precedence operators with the high precedence substitutes.  (Severity: 5)
# Variable, subroutine, and package names have to be in CamelCase at line 82, column 49.  (no explanation).  (Severity: 5)
# Private Member Data shouldn't be accessed directly at line 82, column 49.  Accessing an objects data directly breaks encapsulation and should be avoided.  Example: $object->{ some_key }.  (Severity: 5)
# Variable, subroutine, and package names have to be in CamelCase at line 85, column 25.  (no explanation).  (Severity: 5)
# Private Member Data shouldn't be accessed directly at line 85, column 25.  Accessing an objects data directly breaks encapsulation and should be avoided.  Example: $object->{ some_key }.  (Severity: 5)
# Variable, subroutine, and package names have to be in CamelCase at line 85, column 50.  (no explanation).  (Severity: 5)
# Private Member Data shouldn't be accessed directly at line 85, column 50.  Accessing an objects data directly breaks encapsulation and should be avoided.  Example: $object->{ some_key }.  (Severity: 5)
# Variable, subroutine, and package names have to be in CamelCase at line 89, column 21.  (no explanation).  (Severity: 5)
# Method invokation should use "()" at line 89, column 30.  Use "->MethodName()" instead of "->MethodName".  (Severity: 5)
# Variable, subroutine, and package names have to be in CamelCase at line 89, column 33.  (no explanation).  (Severity: 5)
# Private Member Data shouldn't be accessed directly at line 89, column 33.  Accessing an objects data directly breaks encapsulation and should be avoided.  Example: $object->{ some_key }.  (Severity: 5)
# Variable, subroutine, and package names have to be in CamelCase at line 89, column 47.  (no explanation).  (Severity: 5)
# Private Member Data shouldn't be accessed directly at line 89, column 47.  Accessing an objects data directly breaks encapsulation and should be avoided.  Example: $object->{ some_key }.  (Severity: 5)
# Looks like you failed 1 test of 1.
t/perlcritic.t .... 
Dubious, test returned 1 (wstat 256, 0x100)
Failed 1/1 subtests 
t/pod-coverage.t .. ok
t/pod.t ........... ok

Test Summary Report
-------------------
t/perlcritic.t  (Wstat: 256 Tests: 1 Failed: 1)
  Failed test:  1
  Non-zero exit status: 1
Files=11, Tests=59,  2 wallclock secs ( 0.08 usr  0.09 sys +  1.66 cusr  0.40 csys =  2.22 CPU)
Result: FAIL
Failed 1/11 test programs. 1/59 subtests failed.

------------------------------
PREREQUISITES
------------------------------

Prerequisite modules loaded:

requires:

    Module           Need Have  
    ---------------- ---- ------
    Carp             1.25 1.26  
    List::Util       1.23 1.25  
    Params::Validate 1    1.06  
    Test::More       0    0.98  
    version          0    0.9901

configure_requires:

    Module           Need Have  
    ---------------- ---- ------
    Module::Build    0.38 0.4003


------------------------------
ENVIRONMENT AND OTHER CONTEXT
------------------------------

Environment variables:

    AUTOMATED_TESTING = 1
    PATH = /home/cpan/perl5/bin:/sbin:/bin:/usr/sbin:/usr/bin:/usr/games:/usr/local/sbin:/usr/local/bin:/home/cpan/bin
    PERL5LIB = /home/cpan/perl5/lib/perl5/amd64-freebsd:/home/cpan/perl5/lib/perl5
    PERL5OPT = 
    PERL5_CPANPLUS_IS_RUNNING = 82346
    PERL5_CPAN_IS_RUNNING = 82346
    PERL5_CPAN_IS_RUNNING_IN_RECURSION = 1153,82346
    PERL_CR_SMOKER_CURRENT = Array-GroupBy-v0.0.4
    PERL_EXTUTILS_AUTOINSTALL = --defaultdeps
    PERL_LOCAL_LIB_ROOT = /home/cpan/perl5
    PERL_MB_OPT = --install_base /home/cpan/perl5
    PERL_MM_OPT = INSTALL_BASE=/home/cpan/perl5
    PERL_MM_USE_DEFAULT = 1
    SHELL = /usr/local/bin/bash
    TERM = screen

Perl special variables (and OS-specific diagnostics, for MSWin32):

    $^X = /usr/local/bin/perl
    $UID/$EUID = 1001 / 1001
    $GID = 1001 1001 0 5 20 80
    $EGID = 1001 1001 0 5 20 80

Perl module toolchain versions installed:

    Module              Have    
    ------------------- --------
    CPAN                1.9800  
    CPAN::Meta          2.120921
    Cwd                 3.39_01 
    ExtUtils::CBuilder  0.280205
    ExtUtils::Command   1.17    
    ExtUtils::Install   1.54    
    ExtUtils::MakeMaker 6.63_02 
    ExtUtils::Manifest  1.61    
    ExtUtils::ParseXS   3.15    
    File::Spec          3.39_01 
    JSON                2.53    
    JSON::PP            2.27200 
    Module::Build       0.4003  
    Module::Signature   0.68    
    Parse::CPAN::Meta   1.4404  
    Test::Harness       3.25    
    Test::More          0.98    
    YAML                0.84    
    YAML::Syck          1.21_01 
    version             0.9901  


--

Summary of my perl5 (revision 5 version 12 subversion 4) configuration:
   
  Platform:
    osname=freebsd, osvers=9.0-rc2, archname=amd64-freebsd
    uname='freebsd freebsd.org 9.0-rc2 freebsd 9.0-rc2 #0: mon dec 5 15:11:44 utc 2011 kris@freebsd.org:usrsrcsysmagickernelpath amd64 '
    config_args='-sde -Dprefix=/usr/local -Darchlib=/usr/local/lib/perl5/5.12.4/mach -Dprivlib=/usr/local/lib/perl5/5.12.4 -Dman3dir=/usr/local/lib/perl5/5.12.4/perl/man/man3 -Dman1dir=/usr/local/man/man1 -Dsitearch=/usr/local/lib/perl5/site_perl/5.12.4/mach -Dsitelib=/usr/local/lib/perl5/site_perl/5.12.4 -Dscriptdir=/usr/local/bin -Dsiteman3dir=/usr/local/lib/perl5/5.12.4/man/man3 -Dsiteman1dir=/usr/local/man/man1 -Ui_malloc -Ui_iconv -Uinstallusrbinperl -Dcc=cc -Duseshrplib -Dinc_version_list=none -Dccflags=-DAPPLLIB_EXP="/usr/local/lib/perl5/5.12.4/BSDPAN" -Doptimize=-O2 -pipe -fno-strict-aliasing -Ui_gdbm -Dusethreads=n -Dusemymalloc=n -Duse64bitint'
    hint=recommended, useposix=true, d_sigaction=define
    useithreads=undef, usemultiplicity=undef
    useperlio=define, d_sfio=undef, uselargefiles=define, usesocks=undef
    use64bitint=define, use64bitall=define, uselongdouble=undef
    usemymalloc=n, bincompat5005=undef
  Compiler:
    cc='cc', ccflags ='-DAPPLLIB_EXP="/usr/local/lib/perl5/5.12.4/BSDPAN" -DHAS_FPSETMASK -DHAS_FLOATINGPOINT_H -fno-strict-aliasing -pipe -fstack-protector -I/usr/local/include',
    optimize='-O2 -pipe -fno-strict-aliasing',
    cppflags='-DAPPLLIB_EXP="/usr/local/lib/perl5/5.12.4/BSDPAN" -DHAS_FPSETMASK -DHAS_FLOATINGPOINT_H -fno-strict-aliasing -pipe -fstack-protector -I/usr/local/include'
    ccversion='', gccversion='4.2.1 20070831 patched [FreeBSD]', gccosandvers=''
    intsize=4, longsize=8, ptrsize=8, doublesize=8, byteorder=12345678
    d_longlong=define, longlongsize=8, d_longdbl=define, longdblsize=16
    ivtype='long', ivsize=8, nvtype='double', nvsize=8, Off_t='off_t', lseeksize=8
    alignbytes=8, prototype=define
  Linker and Libraries:
    ld='cc', ldflags =' -Wl,-E  -fstack-protector -L/usr/local/lib'
    libpth=/usr/lib /usr/local/lib
    libs=-lm -lcrypt -lutil
    perllibs=-lm -lcrypt -lutil
    libc=, so=so, useshrplib=true, libperl=libperl.so
    gnulibc_version=''
  Dynamic Linking:
    dlsrc=dl_dlopen.xs, dlext=so, d_dlsymun=undef, ccdlflags='  -Wl,-R/usr/local/lib/perl5/5.12.4/mach/CORE'
    cccdlflags='-DPIC -fPIC', lddlflags='-shared  -L/usr/local/lib -fstack-protector'


Characteristics of this binary (from libperl): 
  Compile-time options: PERL_DONT_CREATE_GVSV PERL_MALLOC_WRAP USE_64_BIT_ALL
                        USE_64_BIT_INT USE_LARGE_FILES USE_PERLIO
                        USE_PERL_ATOF
  Built under freebsd
  Compiled at Dec  5 2011 15:24:07
  %ENV:
    PERL5LIB="/home/cpan/perl5/lib/perl5/amd64-freebsd:/home/cpan/perl5/lib/perl5"
    PERL5OPT=""
    PERL5_CPANPLUS_IS_RUNNING="82346"
    PERL5_CPAN_IS_RUNNING="82346"
    PERL5_CPAN_IS_RUNNING_IN_RECURSION="1153,82346"
    PERL_CR_SMOKER_CURRENT="Array-GroupBy-v0.0.4"
    PERL_EXTUTILS_AUTOINSTALL="--defaultdeps"
    PERL_LOCAL_LIB_ROOT="/home/cpan/perl5"
    PERL_MB_OPT="--install_base /home/cpan/perl5"
    PERL_MM_OPT="INSTALL_BASE=/home/cpan/perl5"
    PERL_MM_USE_DEFAULT="1"
  @INC:
    /home/cpan/perl5/lib/perl5/amd64-freebsd
    /home/cpan/perl5/lib/perl5/amd64-freebsd
    /home/cpan/perl5/lib/perl5
    /usr/local/lib/perl5/5.12.4/BSDPAN
    /usr/local/lib/perl5/site_perl/5.12.4/mach
    /usr/local/lib/perl5/site_perl/5.12.4
    /usr/local/lib/perl5/5.12.4/mach
    /usr/local/lib/perl5/5.12.4
    .