Report for Goo-0.09

Back
From: metabase:user:320bfe00-2aae-11df-837a-5e0a49663a4f
Subject: FAIL Goo-0.09 v5.8.3 GNU/Linux
Date: 2017-05-26T13:05:46Z

This distribution has been tested as part of the CPAN Testers
project, supporting the Perl programming language.  See
http://wiki.cpantesters.org/ for more information or email
questions to cpan-testers-discuss@perl.org


--
Dear Nigel Hamilton,

This is a computer-generated report for Goo-0.09
on perl 5.8.3, created by CPAN-Reporter-1.2018.

Thank you for uploading your work to CPAN.  However, there was a problem
testing your distribution.

If you think this report is invalid, please consult the CPAN Testers Wiki
for suggestions on how to avoid getting FAIL reports for missing library
or binary dependencies, unsupported operating systems, and so on:

http://wiki.cpantesters.org/wiki/CPANAuthorNotes

Sections of this report:

    * Tester comments
    * Program output
    * Prerequisites
    * Environment and other context

------------------------------
TESTER COMMENTS
------------------------------

Additional comments from tester:

this report is from an automated smoke testing program
and was not reviewed by a human for accuracy

------------------------------
PROGRAM OUTPUT
------------------------------

Output from '/usr/bin/make test':

PERL_DL_NONLAZY=1 "/home/sand/src/perl/repoperls/installed-perls/host/k93msid/perl-5.8.3/89ad/bin/perl" "-MExtUtils::Command::MM" "-MTest::Harness" "-e" "undef *Test::Harness::Switches; test_harness(0, 'blib/lib', 'blib/arch')" t/*.t
t/boilerplate.t ... ok

#   Failed test 'Pod coverage on Goo'
#   at /home/sand/src/perl/repoperls/installed-perls/host/k93msid/perl-5.8.3/89ad/lib/site_perl/5.8.3/Test/Pod/Coverage.pm line 133.
# Goo: requiring 'Goo' failed

#   Failed test 'Pod coverage on Goo::DatabaseInfo'
#   at /home/sand/src/perl/repoperls/installed-perls/host/k93msid/perl-5.8.3/89ad/lib/site_perl/5.8.3/Test/Pod/Coverage.pm line 133.
# Goo::DatabaseInfo: requiring 'Goo::DatabaseInfo' failed

#   Failed test 'Pod coverage on Goo::DatabaseThing::Maker'
#   at /home/sand/src/perl/repoperls/installed-perls/host/k93msid/perl-5.8.3/89ad/lib/site_perl/5.8.3/Test/Pod/Coverage.pm line 133.
# Goo::DatabaseThing::Maker: requiring 'Goo::DatabaseThing::Maker' failed

#   Failed test 'Pod coverage on Goo::Thing::tpm::TestRunner'
#   at /home/sand/src/perl/repoperls/installed-perls/host/k93msid/perl-5.8.3/89ad/lib/site_perl/5.8.3/Test/Pod/Coverage.pm line 133.
# Goo::Thing::tpm::TestRunner: requiring 'Goo::Thing::tpm::TestRunner' failed

#   Failed test 'Pod coverage on Goo::Thing::tpm::Tester'
#   at /home/sand/src/perl/repoperls/installed-perls/host/k93msid/perl-5.8.3/89ad/lib/site_perl/5.8.3/Test/Pod/Coverage.pm line 133.
# Goo::Thing::tpm::Tester: requiring 'Goo::Thing::tpm::Tester' failed

#   Failed test 'Pod coverage on Goo::Thing::tpm::TestLoader'
#   at /home/sand/src/perl/repoperls/installed-perls/host/k93msid/perl-5.8.3/89ad/lib/site_perl/5.8.3/Test/Pod/Coverage.pm line 133.
# Goo::Thing::tpm::TestLoader: requiring 'Goo::Thing::tpm::TestLoader' failed

#   Failed test 'Pod coverage on Goo::Thing::tpm::TestMaker'
#   at /home/sand/src/perl/repoperls/installed-perls/host/k93msid/perl-5.8.3/89ad/lib/site_perl/5.8.3/Test/Pod/Coverage.pm line 133.
# Goo::Thing::tpm::TestMaker: requiring 'Goo::Thing::tpm::TestMaker' failed

#   Failed test 'Pod coverage on Goo::Thing::task::TaskEditor'
#   at /home/sand/src/perl/repoperls/installed-perls/host/k93msid/perl-5.8.3/89ad/lib/site_perl/5.8.3/Test/Pod/Coverage.pm line 133.
# Goo::Thing::task::TaskEditor: requiring 'Goo::Thing::task::TaskEditor' failed

#   Failed test 'Pod coverage on Goo::Thing::task::TaskLister'
#   at /home/sand/src/perl/repoperls/installed-perls/host/k93msid/perl-5.8.3/89ad/lib/site_perl/5.8.3/Test/Pod/Coverage.pm line 133.
# Goo::Thing::task::TaskLister: requiring 'Goo::Thing::task::TaskLister' failed

#   Failed test 'Pod coverage on Goo::Thing::log::Profiler'
#   at /home/sand/src/perl/repoperls/installed-perls/host/k93msid/perl-5.8.3/89ad/lib/site_perl/5.8.3/Test/Pod/Coverage.pm line 133.
# Goo::Thing::log::Profiler: requiring 'Goo::Thing::log::Profiler' failed

#   Failed test 'Pod coverage on Goo::Thing::pl::ScriptMaker'
#   at /home/sand/src/perl/repoperls/installed-perls/host/k93msid/perl-5.8.3/89ad/lib/site_perl/5.8.3/Test/Pod/Coverage.pm line 133.
# Goo::Thing::pl::ScriptMaker: requiring 'Goo::Thing::pl::ScriptMaker' failed

#   Failed test 'Pod coverage on Goo::Thing::js::JSFunctionProfileOption'
#   at /home/sand/src/perl/repoperls/installed-perls/host/k93msid/perl-5.8.3/89ad/lib/site_perl/5.8.3/Test/Pod/Coverage.pm line 133.
# Goo::Thing::js::JSFunctionProfileOption: requiring 'Goo::Thing::js::JSFunctionProfileOption' failed

#   Failed test 'Pod coverage on Goo::Thing::js::JavascriptProfiler'
#   at /home/sand/src/perl/repoperls/installed-perls/host/k93msid/perl-5.8.3/89ad/lib/site_perl/5.8.3/Test/Pod/Coverage.pm line 133.
# Goo::Thing::js::JavascriptProfiler: requiring 'Goo::Thing::js::JavascriptProfiler' failed

#   Failed test 'Pod coverage on Goo::Thing::pm::ProgramDeleter'
#   at /home/sand/src/perl/repoperls/installed-perls/host/k93msid/perl-5.8.3/89ad/lib/site_perl/5.8.3/Test/Pod/Coverage.pm line 133.
# Goo::Thing::pm::ProgramDeleter: requiring 'Goo::Thing::pm::ProgramDeleter' failed
# Looks like you failed 14 tests of 124.
t/pod-coverage.t .. 
Dubious, test returned 14 (wstat 3584, 0xe00)
Failed 14/124 subtests 
t/pod.t ........... ok

Test Summary Report
-------------------
t/pod-coverage.t (Wstat: 3584 Tests: 124 Failed: 14)
  Failed tests:  1, 59, 64, 69-73, 76-77, 82-84, 93
  Non-zero exit status: 14
Files=3, Tests=259,  1 wallclock secs ( 0.03 usr  0.02 sys +  0.52 cusr  0.09 csys =  0.66 CPU)
Result: FAIL
Failed 1/3 test programs. 14/259 subtests failed.
Makefile:1449: recipe for target 'test_dynamic' failed
make: *** [test_dynamic] Error 255

------------------------------
PREREQUISITES
------------------------------

Prerequisite modules loaded:

requires:

    Module              Need Have    
    ------------------- ---- --------
    CGI                 0    4.36    
    Config::Auto        0    0.44    
    Config::Tiny        0    2.23    
    DBD::SQLite         0    1.26_02 
    Devel::Symdump      0    2.18    
    File::Find          0    1.06    
    File::Grep          0    0.02    
    File::NCopy         0    0.36    
    LWP::ConnCache      0    6.26    
    LWP::UserAgent      0    6.26    
    Perl::Tidy          0    20170521
    Pod::Coverage       0    0.23    
    Term::ANSIColor     0    4.06    
    Term::Complete      0    1.401   
    Term::ProgressBar   0    2.18    
    Term::ReadKey       0    2.37    
    Test::More          0    1.302085
    Test::Pod           0    1.51    
    Test::Pod::Coverage 0    1.10    
    Text::FormatTable   0    1.03    
    Time::HiRes         0    1.9742  

build_requires:

    Module              Need Have    
    ------------------- ---- --------
    ExtUtils::MakeMaker 0    7.25_04 


------------------------------
ENVIRONMENT AND OTHER CONTEXT
------------------------------

Environment variables:

    AUTOMATED_TESTING = 1
    LANG = en_US.UTF-8
    PATH = /home/sand/bin:/usr/local/bin:/usr/bin:/bin:/usr/games:/usr/local/perl/bin:/usr/X11/bin:/sbin:/usr/sbin
    PERL5LIB = 
    PERL5OPT = 
    PERL5_CPANPLUS_IS_RUNNING = 22915
    PERL5_CPAN_IS_RUNNING = 22915
    PERL_CANARY_STABILITY_NOPROMPT = 1
    PERL_MM_USE_DEFAULT = 1
    PERL_USE_UNSAFE_INC = 1
    SHELL = /usr/bin/zsh
    TERM = screen

Perl special variables (and OS-specific diagnostics, for MSWin32):

    $^X = /home/sand/src/perl/repoperls/installed-perls/host/k93msid/perl-5.8.3/89ad/bin/perl
    $UID/$EUID = 1005 / 1005
    $GID = 1005 1005
    $EGID = 1005 1005

Perl module toolchain versions installed:

    Module              Have    
    ------------------- --------
    CPAN                2.18    
    CPAN::Meta          2.150010
    Cwd                 3.62    
    ExtUtils::CBuilder  0.280224
    ExtUtils::Command   1.20    
    ExtUtils::Install   2.12    
    ExtUtils::MakeMaker 7.25_04 
    ExtUtils::Manifest  1.70    
    ExtUtils::ParseXS   3.30    
    File::Spec          3.62    
    JSON                2.93    
    JSON::PP            2.93    
    Module::Build       0.42_23 
    Module::Signature   0.81    
    Parse::CPAN::Meta   1.4422  
    Test::Harness       3.39    
    Test::More          1.302085
    YAML                1.23    
    YAML::Syck          1.30    
    version             0.9917  


--

Summary of my perl5 (revision 5.0 version 8 subversion 3) configuration:
  Platform:
    osname=linux, osvers=4.9.0-2-amd64, archname=x86_64-linux
    uname='linux k93msid 4.9.0-2-amd64 #1 smp debian 4.9.18-1 (2017-03-30) x86_64 gnulinux '
    config_args='-Dprefix=/home/sand/src/perl/repoperls/installed-perls/host/k93msid/perl-5.8.3/89ad -Dmyhostname=k93msid -Dinstallusrbinperl=n -Uversiononly -Dusedevel -des -Ui_db -Dlibswanted=cl pthread socket inet nsl gdbm dbm malloc dl ld sun m crypt sec util c cposix posix ucb BSD gdbm_compat -Uuseithreads -Uuselongdouble -DDEBUGGING=-g'
    hint=recommended, useposix=true, d_sigaction=define
    usethreads=undef use5005threads=undef useithreads=undef usemultiplicity=undef
    useperlio=define d_sfio=undef uselargefiles=define usesocks=undef
    use64bitint=define use64bitall=define uselongdouble=undef
    usemymalloc=n, bincompat5005=undef
  Compiler:
    cc='cc', ccflags ='-fno-strict-aliasing -I/usr/local/include -D_LARGEFILE_SOURCE -D_FILE_OFFSET_BITS=64',
    optimize='-O2',
    cppflags='-fno-strict-aliasing -I/usr/local/include'
    ccversion='', gccversion='6.3.0 20170406', gccosandvers=''
    intsize=4, longsize=8, ptrsize=8, doublesize=8, byteorder=12345678
    d_longlong=define, longlongsize=8, d_longdbl=define, longdblsize=16
    ivtype='long', ivsize=8, nvtype='double', nvsize=8, Off_t='off_t', lseeksize=8
    alignbytes=8, prototype=define
  Linker and Libraries:
    ld='cc', ldflags =' -L/usr/local/lib'
    libpth=/usr/local/lib /lib/x86_64-linux-gnu /lib/../lib /usr/lib/x86_64-linux-gnu /usr/lib/../lib /lib /usr/lib
    libs=-lpthread -lnsl -ldl -lm -lcrypt -lutil -lc
    perllibs=-lpthread -lnsl -ldl -lm -lcrypt -lutil -lc
    libc=libc-2.24.so, so=so, useshrplib=false, libperl=libperl.a
    gnulibc_version='2.24'
  Dynamic Linking:
    dlsrc=dl_dlopen.xs, dlext=so, d_dlsymun=undef, ccdlflags='-rdynamic'
    cccdlflags='-fpic', lddlflags='-shared -L/usr/local/lib'


Characteristics of this binary (from libperl): 
  Compile-time options: USE_64_BIT_INT USE_64_BIT_ALL USE_LARGE_FILES
  Built under linux
  Compiled at Apr 17 2017 11:16:01
  %ENV:
    PERL5LIB=""
    PERL5OPT=""
    PERL5_CPANPLUS_IS_RUNNING="22915"
    PERL5_CPAN_IS_RUNNING="22915"
    PERL_CANARY_STABILITY_NOPROMPT="1"
    PERL_MM_USE_DEFAULT="1"
    PERL_USE_UNSAFE_INC="1"
  @INC:
    /home/sand/src/perl/repoperls/installed-perls/host/k93msid/perl-5.8.3/89ad/lib/5.8.3/x86_64-linux
    /home/sand/src/perl/repoperls/installed-perls/host/k93msid/perl-5.8.3/89ad/lib/5.8.3
    /home/sand/src/perl/repoperls/installed-perls/host/k93msid/perl-5.8.3/89ad/lib/site_perl/5.8.3/x86_64-linux
    /home/sand/src/perl/repoperls/installed-perls/host/k93msid/perl-5.8.3/89ad/lib/site_perl/5.8.3
    /home/sand/src/perl/repoperls/installed-perls/host/k93msid/perl-5.8.3/89ad/lib/site_perl
    .