Report for IO-Event-0.813

Back
From: metabase:user:322078bc-2aae-11df-837a-5e0a49663a4f
Subject: FAIL IO-Event-0.813 v5.12.1 NetBSD
Date: 2015-04-29T06:29:04Z

This distribution has been tested as part of the CPAN Testers
project, supporting the Perl programming language.  See
http://wiki.cpantesters.org/ for more information or email
questions to cpan-testers-discuss@perl.org


--

Dear David Muir Sharnoff,

This is a computer-generated error report created automatically by
CPANPLUS, version 0.9152. Testers personal comments may appear
at the end of this report.


Thank you for uploading your work to CPAN.  However, it appears that
there were some problems testing your distribution.

TEST RESULTS:

Below is the error stack from stage 'make test':

PERL_DL_NONLAZY=1 "/home/cpan/pit/64bit/perl-5.12.1/bin/perl" "-MExtUtils::Command::MM" "-MTest::Harness" "-e" "undef *Test::Harness::Switches; test_harness(0, 'blib/lib', 'blib/arch')" t/*.t
t/callbacks1.t .. ok
t/callbacks2.t .. ok
t/callbacks3.t .. ok
t/forked1.t ..... ok

#   Failed test at /home/cpan/pit/64bit/conf/perl-5.12.1/.cpanplus/5.12.1/build/IO-Event-0.813/t/forked.tt line 364.
#     Structures begin differing at:
#          $got->[1] = 'a
#     b
#     
#     '
#     $expected->[1] = Does not exist

#   Failed test at /home/cpan/pit/64bit/conf/perl-5.12.1/.cpanplus/5.12.1/build/IO-Event-0.813/t/forked.tt line 364.
#     Structures begin differing at:
#          $got->[0] = 'e
#     '
#     $expected->[0] = 'a
#     b
#     
#     '

#   Failed test at /home/cpan/pit/64bit/conf/perl-5.12.1/.cpanplus/5.12.1/build/IO-Event-0.813/t/forked.tt line 373.
#          got: '2'
#     expected: '3'

#   Failed test at /home/cpan/pit/64bit/conf/perl-5.12.1/.cpanplus/5.12.1/build/IO-Event-0.813/t/forked.tt line 364.
#     Structures begin differing at:
#          $got->[1] = 'a
#     b
#     
#     '
#     $expected->[1] = Does not exist

#   Failed test at /home/cpan/pit/64bit/conf/perl-5.12.1/.cpanplus/5.12.1/build/IO-Event-0.813/t/forked.tt line 364.
#     Structures begin differing at:
#          $got->[0] = 'e
#     '
#     $expected->[0] = 'a
#     b
#     
#     '

#   Failed test at /home/cpan/pit/64bit/conf/perl-5.12.1/.cpanplus/5.12.1/build/IO-Event-0.813/t/forked.tt line 373.
#          got: '2'
#     expected: '3'

#   Failed test at /home/cpan/pit/64bit/conf/perl-5.12.1/.cpanplus/5.12.1/build/IO-Event-0.813/t/forked.tt line 364.
#     Structures begin differing at:
#          $got->[1] = 'a
#     b
#     
#     '
#     $expected->[1] = Does not exist

#   Failed test at /home/cpan/pit/64bit/conf/perl-5.12.1/.cpanplus/5.12.1/build/IO-Event-0.813/t/forked.tt line 364.
#     Structures begin differing at:
#          $got->[0] = 'e
#     '
#     $expected->[0] = 'a
#     b
#     
#     '

#   Failed test at /home/cpan/pit/64bit/conf/perl-5.12.1/.cpanplus/5.12.1/build/IO-Event-0.813/t/forked.tt line 373.
#          got: '2'
#     expected: '3'

#   Failed test at /home/cpan/pit/64bit/conf/perl-5.12.1/.cpanplus/5.12.1/build/IO-Event-0.813/t/forked.tt line 364.
#     Structures begin differing at:
#          $got->[1] = 'a
#     b
#     
#     '
#     $expected->[1] = Does not exist

#   Failed test at /home/cpan/pit/64bit/conf/perl-5.12.1/.cpanplus/5.12.1/build/IO-Event-0.813/t/forked.tt line 364.
#     Structures begin differing at:
#          $got->[0] = 'e
#     '
#     $expected->[0] = 'a
#     b
#     
#     '

#   Failed test at /home/cpan/pit/64bit/conf/perl-5.12.1/.cpanplus/5.12.1/build/IO-Event-0.813/t/forked.tt line 373.
#          got: '2'
#     expected: '3'

#   Failed test at /home/cpan/pit/64bit/conf/perl-5.12.1/.cpanplus/5.12.1/build/IO-Event-0.813/t/forked.tt line 364.
#     Structures begin differing at:
#          $got->[1] = 'a
#     b
#     
#     '
#     $expected->[1] = Does not exist

#   Failed test at /home/cpan/pit/64bit/conf/perl-5.12.1/.cpanplus/5.12.1/build/IO-Event-0.813/t/forked.tt line 364.
#     Structures begin differing at:
#          $got->[0] = 'e
#     '
#     $expected->[0] = 'a
#     b
#     
#     '

#   Failed test at /home/cpan/pit/64bit/conf/perl-5.12.1/.cpanplus/5.12.1/build/IO-Event-0.813/t/forked.tt line 373.
#          got: '2'
#     expected: '3'

#   Failed test at /home/cpan/pit/64bit/conf/perl-5.12.1/.cpanplus/5.12.1/build/IO-Event-0.813/t/forked.tt line 364.
#     Structures begin differing at:
#          $got->[1] = 'a
#     b
#     
#     '
#     $expected->[1] = Does not exist

#   Failed test at /home/cpan/pit/64bit/conf/perl-5.12.1/.cpanplus/5.12.1/build/IO-Event-0.813/t/forked.tt line 364.
#     Structures begin differing at:
#          $got->[0] = 'e
#     '
#     $expected->[0] = 'a
#     b
#     
#     '

#   Failed test at /home/cpan/pit/64bit/conf/perl-5.12.1/.cpanplus/5.12.1/build/IO-Event-0.813/t/forked.tt line 373.
#          got: '2'
#     expected: '3'

#   Failed test at /home/cpan/pit/64bit/conf/perl-5.12.1/.cpanplus/5.12.1/build/IO-Event-0.813/t/forked.tt line 364.
#     Structures begin differing at:
#          $got->[1] = 'a
#     b
#     
#     '
#     $expected->[1] = Does not exist

#   Failed test at /home/cpan/pit/64bit/conf/perl-5.12.1/.cpanplus/5.12.1/build/IO-Event-0.813/t/forked.tt line 364.
#     Structures begin differing at:
#          $got->[0] = 'e
#     '
#     $expected->[0] = 'a
#     b
#     
#     '

#   Failed test at /home/cpan/pit/64bit/conf/perl-5.12.1/.cpanplus/5.12.1/build/IO-Event-0.813/t/forked.tt line 373.
#          got: '2'
#     expected: '3'

#   Failed test at /home/cpan/pit/64bit/conf/perl-5.12.1/.cpanplus/5.12.1/build/IO-Event-0.813/t/forked.tt line 364.
#     Structures begin differing at:
#          $got->[1] = 'a
#     b
#     
#     '
#     $expected->[1] = Does not exist

#   Failed test at /home/cpan/pit/64bit/conf/perl-5.12.1/.cpanplus/5.12.1/build/IO-Event-0.813/t/forked.tt line 364.
#     Structures begin differing at:
#          $got->[0] = 'e
#     '
#     $expected->[0] = 'a
#     b
#     
#     '

#   Failed test at /home/cpan/pit/64bit/conf/perl-5.12.1/.cpanplus/5.12.1/build/IO-Event-0.813/t/forked.tt line 373.
#          got: '2'
#     expected: '3'

#   Failed test at /home/cpan/pit/64bit/conf/perl-5.12.1/.cpanplus/5.12.1/build/IO-Event-0.813/t/forked.tt line 364.
#     Structures begin differing at:
#          $got->[1] = 'a
#     b
#     
#     '
#     $expected->[1] = Does not exist

#   Failed test at /home/cpan/pit/64bit/conf/perl-5.12.1/.cpanplus/5.12.1/build/IO-Event-0.813/t/forked.tt line 364.
#     Structures begin differing at:
#          $got->[0] = 'e
#     '
#     $expected->[0] = 'a
#     b
#     
#     '

#   Failed test at /home/cpan/pit/64bit/conf/perl-5.12.1/.cpanplus/5.12.1/build/IO-Event-0.813/t/forked.tt line 373.
#          got: '2'
#     expected: '3'

#   Failed test at /home/cpan/pit/64bit/conf/perl-5.12.1/.cpanplus/5.12.1/build/IO-Event-0.813/t/forked.tt line 364.
#     Structures begin differing at:
#          $got->[1] = 'a
#     b
#     
#     '
#     $expected->[1] = Does not exist

#   Failed test at /home/cpan/pit/64bit/conf/perl-5.12.1/.cpanplus/5.12.1/build/IO-Event-0.813/t/forked.tt line 364.
#     Structures begin differing at:
#          $got->[0] = 'e
#     '
#     $expected->[0] = 'a
#     b
#     
#     '

#   Failed test at /home/cpan/pit/64bit/conf/perl-5.12.1/.cpanplus/5.12.1/build/IO-Event-0.813/t/forked.tt line 373.
#          got: '2'
#     expected: '3'
# Looks like you planned 115 tests but ran 105.
# Looks like you failed 30 tests of 105 run.
t/forked2.t ..... 
Dubious, test returned 30 (wstat 7680, 0x1e00)
Failed 40/115 subtests 

#   Failed test at /home/cpan/pit/64bit/conf/perl-5.12.1/.cpanplus/5.12.1/build/IO-Event-0.813/t/forked.tt line 364.
#     Structures begin differing at:
#          $got->[1] = 'a
#     b
#     
#     '
#     $expected->[1] = Does not exist

#   Failed test at /home/cpan/pit/64bit/conf/perl-5.12.1/.cpanplus/5.12.1/build/IO-Event-0.813/t/forked.tt line 364.
#     Structures begin differing at:
#          $got->[0] = 'e
#     '
#     $expected->[0] = 'a
#     b
#     
#     '

#   Failed test at /home/cpan/pit/64bit/conf/perl-5.12.1/.cpanplus/5.12.1/build/IO-Event-0.813/t/forked.tt line 373.
#          got: '2'
#     expected: '3'

#   Failed test at /home/cpan/pit/64bit/conf/perl-5.12.1/.cpanplus/5.12.1/build/IO-Event-0.813/t/forked.tt line 364.
#     Structures begin differing at:
#          $got->[1] = 'a
#     b
#     
#     '
#     $expected->[1] = Does not exist

#   Failed test at /home/cpan/pit/64bit/conf/perl-5.12.1/.cpanplus/5.12.1/build/IO-Event-0.813/t/forked.tt line 364.
#     Structures begin differing at:
#          $got->[0] = 'e
#     '
#     $expected->[0] = 'a
#     b
#     
#     '

#   Failed test at /home/cpan/pit/64bit/conf/perl-5.12.1/.cpanplus/5.12.1/build/IO-Event-0.813/t/forked.tt line 373.
#          got: '2'
#     expected: '3'

#   Failed test at /home/cpan/pit/64bit/conf/perl-5.12.1/.cpanplus/5.12.1/build/IO-Event-0.813/t/forked.tt line 364.
#     Structures begin differing at:
#          $got->[1] = 'a
#     b
#     
#     '
#     $expected->[1] = Does not exist

#   Failed test at /home/cpan/pit/64bit/conf/perl-5.12.1/.cpanplus/5.12.1/build/IO-Event-0.813/t/forked.tt line 364.
#     Structures begin differing at:
#          $got->[0] = 'e
#     '
#     $expected->[0] = 'a
#     b
#     
#     '

#   Failed test at /home/cpan/pit/64bit/conf/perl-5.12.1/.cpanplus/5.12.1/build/IO-Event-0.813/t/forked.tt line 373.
#          got: '2'
#     expected: '3'

#   Failed test at /home/cpan/pit/64bit/conf/perl-5.12.1/.cpanplus/5.12.1/build/IO-Event-0.813/t/forked.tt line 364.
#     Structures begin differing at:
#          $got->[1] = 'a
#     b
#     
#     '
#     $expected->[1] = Does not exist

#   Failed test at /home/cpan/pit/64bit/conf/perl-5.12.1/.cpanplus/5.12.1/build/IO-Event-0.813/t/forked.tt line 364.
#     Structures begin differing at:
#          $got->[0] = 'e
#     '
#     $expected->[0] = 'a
#     b
#     
#     '

#   Failed test at /home/cpan/pit/64bit/conf/perl-5.12.1/.cpanplus/5.12.1/build/IO-Event-0.813/t/forked.tt line 373.
#          got: '2'
#     expected: '3'

#   Failed test at /home/cpan/pit/64bit/conf/perl-5.12.1/.cpanplus/5.12.1/build/IO-Event-0.813/t/forked.tt line 364.
#     Structures begin differing at:
#          $got->[1] = 'a
#     b
#     
#     '
#     $expected->[1] = Does not exist

#   Failed test at /home/cpan/pit/64bit/conf/perl-5.12.1/.cpanplus/5.12.1/build/IO-Event-0.813/t/forked.tt line 364.
#     Structures begin differing at:
#          $got->[0] = 'e
#     '
#     $expected->[0] = 'a
#     b
#     
#     '

#   Failed test at /home/cpan/pit/64bit/conf/perl-5.12.1/.cpanplus/5.12.1/build/IO-Event-0.813/t/forked.tt line 373.
#          got: '2'
#     expected: '3'

#   Failed test at /home/cpan/pit/64bit/conf/perl-5.12.1/.cpanplus/5.12.1/build/IO-Event-0.813/t/forked.tt line 364.
#     Structures begin differing at:
#          $got->[1] = 'a
#     b
#     
#     '
#     $expected->[1] = Does not exist

#   Failed test at /home/cpan/pit/64bit/conf/perl-5.12.1/.cpanplus/5.12.1/build/IO-Event-0.813/t/forked.tt line 364.
#     Structures begin differing at:
#          $got->[0] = 'e
#     '
#     $expected->[0] = 'a
#     b
#     
#     '

#   Failed test at /home/cpan/pit/64bit/conf/perl-5.12.1/.cpanplus/5.12.1/build/IO-Event-0.813/t/forked.tt line 373.
#          got: '2'
#     expected: '3'

#   Failed test at /home/cpan/pit/64bit/conf/perl-5.12.1/.cpanplus/5.12.1/build/IO-Event-0.813/t/forked.tt line 364.
#     Structures begin differing at:
#          $got->[1] = 'a
#     b
#     
#     '
#     $expected->[1] = Does not exist

#   Failed test at /home/cpan/pit/64bit/conf/perl-5.12.1/.cpanplus/5.12.1/build/IO-Event-0.813/t/forked.tt line 364.
#     Structures begin differing at:
#          $got->[0] = 'e
#     '
#     $expected->[0] = 'a
#     b
#     
#     '

#   Failed test at /home/cpan/pit/64bit/conf/perl-5.12.1/.cpanplus/5.12.1/build/IO-Event-0.813/t/forked.tt line 373.
#          got: '2'
#     expected: '3'

#   Failed test at /home/cpan/pit/64bit/conf/perl-5.12.1/.cpanplus/5.12.1/build/IO-Event-0.813/t/forked.tt line 364.
#     Structures begin differing at:
#          $got->[1] = 'a
#     b
#     
#     '
#     $expected->[1] = Does not exist

#   Failed test at /home/cpan/pit/64bit/conf/perl-5.12.1/.cpanplus/5.12.1/build/IO-Event-0.813/t/forked.tt line 364.
#     Structures begin differing at:
#          $got->[0] = 'e
#     '
#     $expected->[0] = 'a
#     b
#     
#     '

#   Failed test at /home/cpan/pit/64bit/conf/perl-5.12.1/.cpanplus/5.12.1/build/IO-Event-0.813/t/forked.tt line 373.
#          got: '2'
#     expected: '3'
# Looks like you planned 115 tests but ran 107.
# Looks like you failed 24 tests of 107 run.
t/forked3.t ..... 
Dubious, test returned 24 (wstat 6144, 0x1800)
Failed 32/115 subtests 
t/getline1.t .... ok
t/getline2.t .... ok
t/getline3.t .... ok
t/multifork1.t .. ok
t/multifork2.t .. ok
t/multifork3.t .. ok

Test Summary Report
-------------------
t/forked2.t   (Wstat: 7680 Tests: 105 Failed: 30)
  Failed tests:  46-60, 91-105
  Non-zero exit status: 30
  Parse errors: Bad plan.  You planned 115 tests but ran 105.
t/forked3.t   (Wstat: 6144 Tests: 107 Failed: 24)
  Failed tests:  46-48, 53-61, 92-94, 99-107
  Non-zero exit status: 24
  Parse errors: Bad plan.  You planned 115 tests but ran 107.
Files=12, Tests=906, 130 wallclock secs ( 0.07 usr  0.18 sys +  0.81 cusr  0.74 csys =  1.80 CPU)
Result: FAIL
*** Error code 255

Stop.
make: stopped in /home/cpan/pit/64bit/conf/perl-5.12.1/.cpanplus/5.12.1/build/IO-Event-0.813
Failed 2/12 test programs. 54/906 subtests failed.


PREREQUISITES:

Here is a list of prerequisites you specified and versions we
managed to load:

	  Module Name                        Have     Want
	  AnyEvent                           7.08        0
	  Event                              1.24        0
	  IO::Handle                         1.28        0
	  List::MoreUtils                   0.410        0
	  Test::Simple                   1.001014        0
	  Time::HiRes                      1.9719        0
	  diagnostics                        1.19        0

Perl module toolchain versions installed:
	Module Name                        Have
	CPANPLUS                         0.9152
	CPANPLUS::Dist::Build              0.78
	Cwd                                3.47
	ExtUtils::CBuilder             0.280220
	ExtUtils::Command                  1.16
	ExtUtils::Install                  2.04
	ExtUtils::MakeMaker                7.04
	ExtUtils::Manifest                 1.70
	ExtUtils::ParseXS                  3.24
	File::Spec                         3.47
	Module::Build                    0.4211
	Pod::Parser                        1.37
	Pod::Simple                        3.14
	Test::Harness                      3.35
	Test::More                     1.001014
	version                          0.9912

******************************** NOTE ********************************
The comments above are created mechanically, possibly without manual
checking by the sender.  As there are many people performing automatic
tests on each upload to CPAN, it is likely that you will receive
identical messages about the same problem.

If you believe that the message is mistaken, please reply to the first
one with correction and/or additional informations, and do not take
it personally.  We appreciate your patience. :)
**********************************************************************

Additional comments:


This report was machine-generated by CPANPLUS::Dist::YACSmoke 0.90.
Powered by minismokebox version 0.58

------------------------------
ENVIRONMENT AND OTHER CONTEXT
------------------------------

Environment variables:

    AUTOMATED_TESTING = 1
    NONINTERACTIVE_TESTING = 1
    PATH = /home/cpan/bin:/bin:/sbin:/usr/bin:/usr/sbin:/usr/X11R7/bin:/usr/X11R6/bin:/usr/pkg/bin:/usr/pkg/sbin:/usr/games:/usr/local/bin:/usr/local/sbin
    PERL5LIB = :/home/cpan/pit/64bit/conf/perl-5.12.1/.cpanplus/5.12.1/build/Perl-osnames-0.11/blib/lib:/home/cpan/pit/64bit/conf/perl-5.12.1/.cpanplus/5.12.1/build/Perl-osnames-0.11/blib/arch:/home/cpan/pit/64bit/conf/perl-5.12.1/.cpanplus/5.12.1/build/AnyEvent-7.08/blib/lib:/home/cpan/pit/64bit/conf/perl-5.12.1/.cpanplus/5.12.1/build/AnyEvent-7.08/blib/arch:/home/cpan/pit/64bit/conf/perl-5.12.1/.cpanplus/5.12.1/build/Test-Pod-1.48/blib/lib:/home/cpan/pit/64bit/conf/perl-5.12.1/.cpanplus/5.12.1/build/Test-Pod-1.48/blib/arch:/home/cpan/pit/64bit/conf/perl-5.12.1/.cpanplus/5.12.1/build/Data-Structure-Util-0.16/blib/lib:/home/cpan/pit/64bit/conf/perl-5.12.1/.cpanplus/5.12.1/build/Data-Structure-Util-0.16/blib/arch:/home/cpan/pit/64bit/conf/perl-5.12.1/.cpanplus/5.12.1/build/File-Slurp-9999.19/blib/lib:/home/cpan/pit/64bit/conf/perl-5.12.1/.cpanplus/5.12.1/build/File-Slurp-9999.19/blib/arch:/home/cpan/pit/64bit/conf/perl-5.12.1/.cpanplus/5.12.1/build/Event-1.24/blib/lib:/home/cpan/pit/64bit/conf/perl-5.12.1/.cpanplus/5.12.1/build/Event-1.24/blib/arch:/home/cpan/pit/64bit/conf/perl-5.12.1/.cpanplus/5.12.1/build/Exporter-Tiny-0.042/blib/lib:/home/cpan/pit/64bit/conf/perl-5.12.1/.cpanplus/5.12.1/build/Exporter-Tiny-0.042/blib/arch:/home/cpan/pit/64bit/conf/perl-5.12.1/.cpanplus/5.12.1/build/List-MoreUtils-0.410/blib/lib:/home/cpan/pit/64bit/conf/perl-5.12.1/.cpanplus/5.12.1/build/List-MoreUtils-0.410/blib/arch:/home/cpan/pit/64bit/conf/perl-5.12.1/.cpanplus/5.12.1/build/IO-Event-0.813/blib/lib:/home/cpan/pit/64bit/conf/perl-5.12.1/.cpanplus/5.12.1/build/IO-Event-0.813/blib/arch
    PERL5_CPANPLUS_IS_RUNNING = 15729
    PERL5_CPANPLUS_IS_VERSION = 0.9152
    PERL5_MINISMOKEBOX = 0.58
    PERL5_YACSMOKE_BASE = /home/cpan/pit/64bit/conf/perl-5.12.1
    PERL_EXTUTILS_AUTOINSTALL = --defaultdeps
    PERL_MM_USE_DEFAULT = 1
    SHELL = /usr/pkg/bin/bash
    TERM = screen

Perl special variables (and OS-specific diagnostics, for MSWin32):

    Perl: $^X = /home/cpan/pit/64bit/perl-5.12.1/bin/perl
    UID:  $<  = 1001
    EUID: $>  = 1001
    GID:  $(  = 100 100
    EGID: $)  = 100 100


-------------------------------


--

Summary of my perl5 (revision 5 version 12 subversion 1) configuration:
   
  Platform:
    osname=netbsd, osvers=6.1.5, archname=i386-netbsd-64int
    uname='netbsd nyrs.bingosnet.co.uk 6.1.5 netbsd 6.1.5 (generic) i386 '
    config_args='-des -Dprefix=/home/cpan/pit/64bit/perl-5.12.1 -Duse64bitint'
    hint=recommended, useposix=true, d_sigaction=define
    useithreads=undef, usemultiplicity=undef
    useperlio=define, d_sfio=undef, uselargefiles=define, usesocks=undef
    use64bitint=define, use64bitall=undef, uselongdouble=undef
    usemymalloc=n, bincompat5005=undef
  Compiler:
    cc='cc', ccflags ='-fno-strict-aliasing -pipe -fstack-protector -I/usr/pkg/include',
    optimize='-O',
    cppflags='-fno-strict-aliasing -pipe -fstack-protector -I/usr/pkg/include'
    ccversion='', gccversion='4.5.3', gccosandvers=''
    intsize=4, longsize=4, ptrsize=4, doublesize=8, byteorder=12345678
    d_longlong=define, longlongsize=8, d_longdbl=define, longdblsize=12
    ivtype='long long', ivsize=8, nvtype='double', nvsize=8, Off_t='off_t', lseeksize=8
    alignbytes=4, prototype=define
  Linker and Libraries:
    ld='cc', ldflags =' -Wl,-rpath,/usr/pkg/lib -Wl,-rpath,/usr/local/lib -fstack-protector -L/usr/pkg/lib'
    libpth=/usr/pkg/lib /lib /usr/lib
    libs=-lgdbm -lm -lcrypt -lutil -lc -lposix
    perllibs=-lm -lcrypt -lutil -lc -lposix
    libc=/lib/libc.so, so=so, useshrplib=false, libperl=libperl.a
    gnulibc_version=''
  Dynamic Linking:
    dlsrc=dl_dlopen.xs, dlext=so, d_dlsymun=undef, ccdlflags='-Wl,-E '
    cccdlflags='-DPIC -fPIC ', lddlflags='--whole-archive -shared  -L/usr/pkg/lib -fstack-protector'


Characteristics of this binary (from libperl): 
  Compile-time options: PERL_DONT_CREATE_GVSV PERL_MALLOC_WRAP USE_64_BIT_INT
                        USE_LARGE_FILES USE_PERLIO USE_PERL_ATOF
  Built under netbsd
  Compiled at Oct  9 2014 16:02:50
  %ENV:
    PERL5LIB=":/home/cpan/pit/64bit/conf/perl-5.12.1/.cpanplus/5.12.1/build/Perl-osnames-0.11/blib/lib:/home/cpan/pit/64bit/conf/perl-5.12.1/.cpanplus/5.12.1/build/Perl-osnames-0.11/blib/arch:/home/cpan/pit/64bit/conf/perl-5.12.1/.cpanplus/5.12.1/build/AnyEvent-7.08/blib/lib:/home/cpan/pit/64bit/conf/perl-5.12.1/.cpanplus/5.12.1/build/AnyEvent-7.08/blib/arch:/home/cpan/pit/64bit/conf/perl-5.12.1/.cpanplus/5.12.1/build/Test-Pod-1.48/blib/lib:/home/cpan/pit/64bit/conf/perl-5.12.1/.cpanplus/5.12.1/build/Test-Pod-1.48/blib/arch:/home/cpan/pit/64bit/conf/perl-5.12.1/.cpanplus/5.12.1/build/Data-Structure-Util-0.16/blib/lib:/home/cpan/pit/64bit/conf/perl-5.12.1/.cpanplus/5.12.1/build/Data-Structure-Util-0.16/blib/arch:/home/cpan/pit/64bit/conf/perl-5.12.1/.cpanplus/5.12.1/build/File-Slurp-9999.19/blib/lib:/home/cpan/pit/64bit/conf/perl-5.12.1/.cpanplus/5.12.1/build/File-Slurp-9999.19/blib/arch:/home/cpan/pit/64bit/conf/perl-5.12.1/.cpanplus/5.12.1/build/Event-1.24/blib/lib:/home/cpan/pit/64bit/conf/perl-5.12.1/.cpanplus/5.12.1/build/Event-1.24/blib/arch:/home/cpan/pit/64bit/conf/perl-5.12.1/.cpanplus/5.12.1/build/Exporter-Tiny-0.042/blib/lib:/home/cpan/pit/64bit/conf/perl-5.12.1/.cpanplus/5.12.1/build/Exporter-Tiny-0.042/blib/arch:/home/cpan/pit/64bit/conf/perl-5.12.1/.cpanplus/5.12.1/build/List-MoreUtils-0.410/blib/lib:/home/cpan/pit/64bit/conf/perl-5.12.1/.cpanplus/5.12.1/build/List-MoreUtils-0.410/blib/arch:/home/cpan/pit/64bit/conf/perl-5.12.1/.cpanplus/5.12.1/build/IO-Event-0.813/blib/lib:/home/cpan/pit/64bit/conf/perl-5.12.1/.cpanplus/5.12.1/build/IO-Event-0.813/blib/arch"
    PERL5_CPANPLUS_IS_RUNNING="15729"
    PERL5_CPANPLUS_IS_VERSION="0.9152"
    PERL5_MINISMOKEBOX="0.58"
    PERL5_YACSMOKE_BASE="/home/cpan/pit/64bit/conf/perl-5.12.1"
    PERL_EXTUTILS_AUTOINSTALL="--defaultdeps"
    PERL_MM_USE_DEFAULT="1"
  @INC:
    /home/cpan/pit/64bit/conf/perl-5.12.1/.cpanplus/5.12.1/build/Perl-osnames-0.11/blib/lib
    /home/cpan/pit/64bit/conf/perl-5.12.1/.cpanplus/5.12.1/build/Perl-osnames-0.11/blib/arch
    /home/cpan/pit/64bit/conf/perl-5.12.1/.cpanplus/5.12.1/build/AnyEvent-7.08/blib/lib
    /home/cpan/pit/64bit/conf/perl-5.12.1/.cpanplus/5.12.1/build/AnyEvent-7.08/blib/arch
    /home/cpan/pit/64bit/conf/perl-5.12.1/.cpanplus/5.12.1/build/Test-Pod-1.48/blib/lib
    /home/cpan/pit/64bit/conf/perl-5.12.1/.cpanplus/5.12.1/build/Test-Pod-1.48/blib/arch
    /home/cpan/pit/64bit/conf/perl-5.12.1/.cpanplus/5.12.1/build/Data-Structure-Util-0.16/blib/lib
    /home/cpan/pit/64bit/conf/perl-5.12.1/.cpanplus/5.12.1/build/Data-Structure-Util-0.16/blib/arch
    /home/cpan/pit/64bit/conf/perl-5.12.1/.cpanplus/5.12.1/build/File-Slurp-9999.19/blib/lib
    /home/cpan/pit/64bit/conf/perl-5.12.1/.cpanplus/5.12.1/build/File-Slurp-9999.19/blib/arch
    /home/cpan/pit/64bit/conf/perl-5.12.1/.cpanplus/5.12.1/build/Event-1.24/blib/lib
    /home/cpan/pit/64bit/conf/perl-5.12.1/.cpanplus/5.12.1/build/Event-1.24/blib/arch
    /home/cpan/pit/64bit/conf/perl-5.12.1/.cpanplus/5.12.1/build/Exporter-Tiny-0.042/blib/lib
    /home/cpan/pit/64bit/conf/perl-5.12.1/.cpanplus/5.12.1/build/Exporter-Tiny-0.042/blib/arch
    /home/cpan/pit/64bit/conf/perl-5.12.1/.cpanplus/5.12.1/build/List-MoreUtils-0.410/blib/lib
    /home/cpan/pit/64bit/conf/perl-5.12.1/.cpanplus/5.12.1/build/List-MoreUtils-0.410/blib/arch
    /home/cpan/pit/64bit/conf/perl-5.12.1/.cpanplus/5.12.1/build/IO-Event-0.813/blib/lib
    /home/cpan/pit/64bit/conf/perl-5.12.1/.cpanplus/5.12.1/build/IO-Event-0.813/blib/arch
    /home/cpan/pit/64bit/perl-5.12.1/lib/site_perl/5.12.1/i386-netbsd-64int
    /home/cpan/pit/64bit/perl-5.12.1/lib/site_perl/5.12.1
    /home/cpan/pit/64bit/perl-5.12.1/lib/5.12.1/i386-netbsd-64int
    /home/cpan/pit/64bit/perl-5.12.1/lib/5.12.1
    .