Report for File-Find-Node-0.03

Back
From: metabase:user:30ae4450-2aae-11df-837a-5e0a49663a4f
Subject: FAIL File-Find-Node-0.03 v5.18.2 
Date: 2014-05-31T16:31:25Z

This distribution has been tested as part of the CPAN Testers
project, supporting the Perl programming language.  See
http://wiki.cpantesters.org/ for more information or email
questions to cpan-testers-discuss@perl.org


--
Dear Stephen C. Losen,

This is a computer-generated report for File-Find-Node-0.03
on perl 5.18.2, created by CPAN-Reporter-1.2010_01.

Thank you for uploading your work to CPAN.  However, there was a problem
testing your distribution.

If you think this report is invalid, please consult the CPAN Testers Wiki
for suggestions on how to avoid getting FAIL reports for missing library
or binary dependencies, unsupported operating systems, and so on:

http://wiki.cpantesters.org/wiki/CPANAuthorNotes

Sections of this report:

    * Tester comments
    * Program output
    * Prerequisites
    * Environment and other context

------------------------------
TESTER COMMENTS
------------------------------

Additional comments from tester:

this report is from an automated smoke testing program
and was not reviewed by a human for accuracy

------------------------------
PROGRAM OUTPUT
------------------------------

Output from 'C:\strawberry182\c\bin\dmake.exe test':

C:\strawberry182\perl\bin\perl.exe "-MExtUtils::Command::MM" "-MTest::Harness" "-e" "undef *Test::Harness::Switches; test_harness(0, 'blib\lib', 'blib\arch')" t/*.t
# Testing File::Find::Node 0.03, Perl 5.018002, C:\strawberry182\perl\bin\perl.exe
#   Failed test 'build test directory'
#   at t/01FFN.t line 14.
File::Find::Node - stat(testdir) - No such file or directory at t/01FFN.t line 50.
#   Failed test 'test process() callback called 10 times (got 0)'
#   at t/01FFN.t line 52.
#   Failed test 'test post_process() callback called 3 times (got 0)'
#   at t/01FFN.t line 53.
File::Find::Node - stat(testdir) - No such file or directory at t/01FFN.t line 71.
#   Failed test 'test prune() method'
#   at t/01FFN.t line 72.
File::Find::Node - stat(testdir) - No such file or directory at t/01FFN.t line 93.
#   Failed test 'test follow() method avoids cycles'
#   at t/01FFN.t line 95.
File::Find::Node - stat(testdir) - No such file or directory at t/01FFN.t line 116.
#   Failed test 'test type() method returns "c" for char device'
#   at t/01FFN.t line 121.
File::Find::Node - stat(testdir) - No such file or directory at t/01FFN.t line 141.
File::Find::Node - stat(testdir) - No such file or directory at t/01FFN.t line 153.
File::Find::Node - stat(testdir/regfile) - No such file or directory at t/01FFN.t line 180.
File::Find::Node - stat(testdir/regfile) - No such file or directory at t/01FFN.t line 196.
File::Find::Node - stat(testdir) - No such file or directory at t/01FFN.t line 208.
#   Failed test 'test filter() method removes empty'
#   at t/01FFN.t line 210.
File::Find::Node - stat(testdir) - No such file or directory at t/01FFN.t line 222.
#   Failed test 'test stop() method'
#   at t/01FFN.t line 223.
File::Find::Node - stat(testdir) - No such file or directory at t/01FFN.t line 252.
File::Find::Node - stat(testdir) - No such file or directory at t/01FFN.t line 273.
#   Failed test 'test fork() main process visited 7 nodes (got 0)'
#   at t/01FFN.t line 274.
#   Failed test 'test error_process() readdir callback'
#   at t/01FFN.t line 281.
# Looks like you planned 74 tests but ran 16.
# Looks like you failed 10 tests of 16 run.
t/01FFN.t ......... 
Dubious, test returned 10 (wstat 2560, 0xa00)
Failed 68/74 subtests 
t/pod-coverage.t .. ok
t/pod.t ........... ok

Test Summary Report
-------------------
t/01FFN.t       (Wstat: 2560 Tests: 16 Failed: 10)
  Failed tests:  2, 4-8, 11, 13-15
  Non-zero exit status: 10
  Parse errors: Bad plan.  You planned 74 tests but ran 16.
Files=3, Tests=18,  1 wallclock secs ( 0.01 usr +  0.00 sys =  0.01 CPU)
Result: FAIL
Failed 1/3 test programs. 10/18 subtests failed.
dmake.exe:  Error code 255, while making 'test_dynamic'

------------------------------
PREREQUISITES
------------------------------

Prerequisite modules loaded:

requires:

    Module              Need Have    
    ------------------- ---- --------
    Test::More          0    1.001002

build_requires:

    Module              Need Have    
    ------------------- ---- --------
    ExtUtils::MakeMaker 0    6.84    


------------------------------
ENVIRONMENT AND OTHER CONTEXT
------------------------------

Environment variables:

    AUTOMATED_TESTING = 1
    COMSPEC = C:\WINDOWS\system32\cmd.exe
    NUMBER_OF_PROCESSORS = 1
    PATH = C:\Program Files\Far Manager\;C:\WINDOWS\system32;C:\WINDOWS;C:\WINDOWS\System32\Wbem;C:\strawberry182\c\bin;C:\strawberry182\perl\site\bin;C:\strawberry182\perl\bin
    PERL5LIB = 
    PERL5OPT = 
    PERL5_CPANPLUS_IS_RUNNING = 1048
    PERL5_CPAN_IS_RUNNING = 1048
    PERL5_CPAN_IS_RUNNING_IN_RECURSION = 2028,1048
    PERL_CR_SMOKER_CURRENT = File-Find-Node-0.03
    PERL_EXTUTILS_AUTOINSTALL = --defaultdeps
    PERL_HASH_SEED = 0x11111111
    PERL_MM_USE_DEFAULT = 1
    PROCESSOR_IDENTIFIER = x86 Family 16 Model 5 Stepping 3, AuthenticAMD
    TEMP = C:\DOCUME~1\c\LOCALS~1\Temp
    TERM = dumb

Perl special variables (and OS-specific diagnostics, for MSWin32):

    $^X = C:\strawberry182\perl\bin\perl.exe
    $UID/$EUID = 0 / 0
    $GID = 0
    $EGID = 0
    Win32::GetOSName = WinXP/.Net
    Win32::GetOSVersion = Service Pack 3, 5, 1, 2600, 2, 3, 0, 256, 1
    Win32::FsType = NTFS
    Win32::IsAdminUser = 1

Perl module toolchain versions installed:

    Module              Have    
    ------------------- --------
    CPAN                2.00    
    CPAN::Meta          2.133380
    Cwd                 3.40    
    ExtUtils::CBuilder  0.280212
    ExtUtils::Command   1.18    
    ExtUtils::Install   1.59    
    ExtUtils::MakeMaker 6.84    
    ExtUtils::Manifest  1.63    
    ExtUtils::ParseXS   3.22    
    File::Spec          3.40    
    JSON                2.90    
    JSON::PP            2.27203 
    Module::Build       0.4203  
    Module::Signature   n/a     
    Parse::CPAN::Meta   1.4414  
    Test::Harness       3.30    
    Test::More          1.001002
    YAML                0.90    
    YAML::Syck          1.27    
    version             0.9904  


--

Summary of my perl5 (revision 5 version 18 subversion 2) configuration:
   
  Platform:
    osname=MSWin32, osvers=6.2, archname=MSWin32-x86-multi-thread-64int
    uname='Win32 strawberry-perl 5.18.2.1 #1 Tue Jan  7 16:30:36 2014 i386'
    config_args='undef'
    hint=recommended, useposix=true, d_sigaction=undef
    useithreads=define, usemultiplicity=define
    useperlio=define, d_sfio=undef, uselargefiles=define, usesocks=undef
    use64bitint=define, use64bitall=undef, uselongdouble=undef
    usemymalloc=n, bincompat5005=undef
  Compiler:
    cc='gcc', ccflags =' -s -O2 -DWIN32  -DPERL_TEXTMODE_SCRIPTS -DPERL_IMPLICIT_CONTEXT -DPERL_IMPLICIT_SYS -DUSE_PERLIO -fno-strict-aliasing -mms-bitfields',
    optimize='-s -O2',
    cppflags='-DWIN32'
    ccversion='', gccversion='4.7.3', gccosandvers=''
    intsize=4, longsize=4, ptrsize=4, doublesize=8, byteorder=12345678
    d_longlong=define, longlongsize=8, d_longdbl=define, longdblsize=12
    ivtype='long long', ivsize=8, nvtype='double', nvsize=8, Off_t='long long', lseeksize=8
    alignbytes=8, prototype=define
  Linker and Libraries:
    ld='g++', ldflags ='-s -L"C:\strawberry182\perl\lib\CORE" -L"C:\strawberry182\c\lib"'
    libpth=C:\strawberry182\c\lib C:\strawberry182\c\i686-w64-mingw32\lib C:\strawberry182\c\lib\gcc\i686-w64-mingw32\4.7.3
    libs=-lmoldname -lkernel32 -luser32 -lgdi32 -lwinspool -lcomdlg32 -ladvapi32 -lshell32 -lole32 -loleaut32 -lnetapi32 -luuid -lws2_32 -lmpr -lwinmm -lversion -lodbc32 -lodbccp32 -lcomctl32
    perllibs=-lmoldname -lkernel32 -luser32 -lgdi32 -lwinspool -lcomdlg32 -ladvapi32 -lshell32 -lole32 -loleaut32 -lnetapi32 -luuid -lws2_32 -lmpr -lwinmm -lversion -lodbc32 -lodbccp32 -lcomctl32
    libc=, so=dll, useshrplib=true, libperl=libperl518.a
    gnulibc_version=''
  Dynamic Linking:
    dlsrc=dl_win32.xs, dlext=dll, d_dlsymun=undef, ccdlflags=' '
    cccdlflags=' ', lddlflags='-mdll -s -L"C:\strawberry182\perl\lib\CORE" -L"C:\strawberry182\c\lib"'


Characteristics of this binary (from libperl): 
  Compile-time options: HAS_TIMES HAVE_INTERP_INTERN MULTIPLICITY
                        PERLIO_LAYERS PERL_DONT_CREATE_GVSV
                        PERL_HASH_FUNC_ONE_AT_A_TIME_HARD
                        PERL_IMPLICIT_CONTEXT PERL_IMPLICIT_SYS
                        PERL_MALLOC_WRAP PERL_PRESERVE_IVUV PERL_SAWAMPERSAND
                        USE_64_BIT_INT USE_ITHREADS USE_LARGE_FILES
                        USE_LOCALE USE_LOCALE_COLLATE USE_LOCALE_CTYPE
                        USE_LOCALE_NUMERIC USE_PERLIO USE_PERL_ATOF
  Built under MSWin32
  Compiled at Jan  7 2014 16:39:31
  %ENV:
    PERL5_CPANPLUS_IS_RUNNING="1048"
    PERL5_CPAN_IS_RUNNING="1048"
    PERL5_CPAN_IS_RUNNING_IN_RECURSION="2028,1048"
    PERL_CR_SMOKER_CURRENT="File-Find-Node-0.03"
    PERL_EXTUTILS_AUTOINSTALL="--defaultdeps"
    PERL_HASH_SEED="0x11111111"
    PERL_MM_USE_DEFAULT="1"
  @INC:
    C:/strawberry182/perl/site/lib
    C:/strawberry182/perl/vendor/lib
    C:/strawberry182/perl/lib
    .