Report for Vim-Debug-0.904

Back
From: metabase:user:320bfe00-2aae-11df-837a-5e0a49663a4f
Subject: FAIL Vim-Debug-0.904 v5.16.3 GNU/Linux
Date: 2013-05-25T23:01:27Z

This distribution has been tested as part of the CPAN Testers
project, supporting the Perl programming language.  See
http://wiki.cpantesters.org/ for more information or email
questions to cpan-testers-discuss@perl.org


--
Dear Eric D Johnson,

This is a computer-generated report for Vim-Debug-0.904
on perl 5.16.3, created by CPAN-Reporter-1.2010.

Thank you for uploading your work to CPAN.  However, there was a problem
testing your distribution.

If you think this report is invalid, please consult the CPAN Testers Wiki
for suggestions on how to avoid getting FAIL reports for missing library
or binary dependencies, unsupported operating systems, and so on:

http://wiki.cpantesters.org/wiki/CPANAuthorNotes

Sections of this report:

    * Tester comments
    * Program output
    * Prerequisites
    * Environment and other context

------------------------------
TESTER COMMENTS
------------------------------

Additional comments from tester:

this report is from an automated smoke testing program
and was not reviewed by a human for accuracy

------------------------------
PROGRAM OUTPUT
------------------------------

Output from '/usr/bin/make test':

PERL_DL_NONLAZY=1 /home/sand/src/perl/repoperls/installed-perls/perl/v5.16.3/165a/bin/perl "-MExtUtils::Command::MM" "-e" "test_harness(0, 'blib/lib', 'blib/arch')" t/*.t
t/00-compile.t ......... ok
# Prerequisite Report:
#   Version Module                     
#   ------- ---------------------------
#      1.26 Carp                       
#      0.10 Dir::Self                  
#      6.64 ExtUtils::MakeMaker        
#      2.84 File::Basename             
#      0.38 File::Copy::Recursive      
#      1.20 File::Find                 
#   2.08_01 File::Path                 
#      3.40 File::Spec::Functions      
#    0.2301 File::Temp                 
#      2.39 Getopt::Long               
#      1.10 IO::Pty                    
#      0.92 IPC::Run                   
#      1.27 List::Util                 
#    2.1002 Moose                      
#    2.1002 Moose::Role                
#    2.1002 Moose::Util                
#      0.27 MooseX::ClassAttribute     
#      3.04 Net::Telnet                
#     1.354 POE                        
#     1.354 POE::Component::Server::TCP
#      0.98 Test::More                 
#      0.12 Try::Tiny                  
#      1.07 strict                     
#      1.13 warnings                   
t/00-report-prereqs.t .. ok
t/perl.parseOutput.t ... ok
substr outside of string at lib/Vim/Debug.pm line 126.
Use of uninitialized value $out in substitution (s///) at lib/Vim/Debug.pm line 130.
pattern match read eof at t/lib/Vim/Debug/Client.pm line 86

=== 9605 === !!! At least one child process is still running when POE::Kernel->run() is ready to return.
=== 9605 === !!! Be sure to use sig_child() to reap child processes.
=== 9605 === !!! In extreme cases, failure to reap child processes has
=== 9605 === !!! resulted in a slow 'fork bomb' that has halted systems.
Attribute (_out) does not pass the type constraint because: Validation failed for 'Str' with value undef at accessor Vim::Debug::_out (defined at lib/Vim/Debug.pm line 40) line 4.
	Vim::Debug::_out('Moose::Meta::Class::__ANON__::SERIAL::9=HASH(0x2421c00)', undef) called at lib/Vim/Debug.pm line 133
	Vim::Debug::out('Moose::Meta::Class::__ANON__::SERIAL::9=HASH(0x2421c00)', '') called at lib/Vim/Debug.pm line 112
	Vim::Debug::read('Moose::Meta::Class::__ANON__::SERIAL::9=HASH(0x2421c00)', 'cont') called at lib/Vim/Debug/Daemon.pm line 140
	Vim::Debug::Daemon::read(undef, 'POE::Session=ARRAY(0x241e710)', 'POE::Kernel=ARRAY(0x1d0df78)', 'HASH(0x241e530)', 'Read', 'POE::Session=ARRAY(0x241e710)', undef, 'lib/Vim/Debug/Daemon.pm', 140, 'Read', 'cont', 2) called at /home/src/perl/repoperls/installed-perls/perl/v5.16.3/165a/lib/site_perl/5.16.3/POE/Session.pm line 464
	POE::Session::_invoke_state('POE::Session=ARRAY(0x241e710)', 'POE::Session=ARRAY(0x241e710)', 'Read', 'ARRAY(0x24553e0)', 'lib/Vim/Debug/Daemon.pm', 140, 'Read') called at /home/src/perl/repoperls/installed-perls/perl/v5.16.3/165a/lib/site_perl/5.16.3/POE/Kernel.pm line 1049
	eval {...} called at /home/src/perl/repoperls/installed-perls/perl/v5.16.3/165a/lib/site_perl/5.16.3/POE/Kernel.pm line 1048
	POE::Kernel::_dispatch_event('POE::Kernel=ARRAY(0x1d0df78)', 'POE::Session=ARRAY(0x241e710)', 'POE::Session=ARRAY(0x241e710)', 'Read', 1, 'ARRAY(0x24553e0)', 'lib/Vim/Debug/Daemon.pm', 140, 'Read', 1369522866.85853, 2534) called at /home/src/perl/repoperls/installed-perls/perl/v5.16.3/165a/lib/site_perl/5.16.3/POE/Resource/Events.pm line 315
	POE::Kernel::_data_ev_dispatch_due('POE::Kernel=ARRAY(0x1d0df78)') called at /home/src/perl/repoperls/installed-perls/perl/v5.16.3/165a/lib/site_perl/5.16.3/POE/Loop/Select.pm line 309
	POE::Kernel::loop_do_timeslice('POE::Kernel=ARRAY(0x1d0df78)') called at /home/src/perl/repoperls/installed-perls/perl/v5.16.3/165a/lib/site_perl/5.16.3/POE/Loop/Select.pm line 317
	POE::Kernel::loop_run('POE::Kernel=ARRAY(0x1d0df78)') called at /home/src/perl/repoperls/installed-perls/perl/v5.16.3/165a/lib/site_perl/5.16.3/POE/Kernel.pm line 1235
	POE::Kernel::run('POE::Kernel') called at lib/Vim/Debug/Daemon.pm line 47
	Vim::Debug::Daemon::run('Vim::Debug::Daemon=HASH(0x2314df8)') called at t/perl.stop.t line 21
problem connecting to "localhost", port 6543: Connection refused at t/lib/Vim/Debug/Client.pm line 60

t/perl.stop.t .......... 
Dubious, test returned 255 (wstat 65280, 0xff00)
No subtests run 
t/perl.t ............... ok
t/pod.t ................ ok

Test Summary Report
-------------------
t/perl.stop.t        (Wstat: 65280 Tests: 0 Failed: 0)
  Non-zero exit status: 255
  Parse errors: No plan found in TAP output
Files=6, Tests=69, 20 wallclock secs ( 0.04 usr  0.01 sys +  3.69 cusr  0.47 csys =  4.21 CPU)
Result: FAIL
Failed 1/6 test programs. 0/69 subtests failed.
make: *** [test_dynamic] Error 255

------------------------------
PREREQUISITES
------------------------------

Prerequisite modules loaded:

requires:

    Module                      Need Have   
    --------------------------- ---- -------
    Carp                        0    1.26   
    Dir::Self                   0    0.10   
    File::Basename              0    2.84   
    File::Copy::Recursive       0    0.38   
    File::Path                  0    2.08_01
    Getopt::Long                0    2.39   
    IO::Pty                     0    1.10   
    IPC::Run                    0    0.92   
    Moose                       0    2.1002 
    Moose::Role                 0    2.1002 
    Moose::Util                 0    2.1002 
    MooseX::ClassAttribute      0    0.27   
    POE                         0    1.354  
    POE::Component::Server::TCP 0    1.354  
    strict                      0    1.07   
    Try::Tiny                   0    0.12   
    warnings                    0    1.13   

build_requires:

    Module                      Need Have   
    --------------------------- ---- -------
    ExtUtils::MakeMaker         0    6.64   
    File::Find                  0    1.20   
    File::Spec::Functions       0    3.40   
    File::Temp                  0    0.2301 
    List::Util                  0    1.27   
    Net::Telnet                 0    3.04   
    Test::More                  0    0.98   

configure_requires:

    Module                      Need Have   
    --------------------------- ---- -------
    ExtUtils::MakeMaker         6.30 6.64   


------------------------------
ENVIRONMENT AND OTHER CONTEXT
------------------------------

Environment variables:

    AUTOMATED_TESTING = 1
    LANG = en_US.UTF-8
    LANGUAGE = en_US:en
    PATH = /usr/lib/ccache:/home/sand/bin:/usr/local/bin:/usr/bin:/bin:/usr/bin/X11:/usr/games:/usr/local/perl/bin:/usr/X11/bin:/sbin:/usr/sbin
    PERL5LIB = 
    PERL5OPT = 
    PERL5_CPANPLUS_IS_RUNNING = 8468
    PERL5_CPAN_IS_RUNNING = 8468
    PERL_MM_USE_DEFAULT = 1
    SHELL = /usr/bin/zsh
    TERM = screen

Perl special variables (and OS-specific diagnostics, for MSWin32):

    $^X = /home/sand/src/perl/repoperls/installed-perls/perl/v5.16.3/165a/bin/perl
    $UID/$EUID = 1005 / 1005
    $GID = 1005 1005
    $EGID = 1005 1005

Perl module toolchain versions installed:

    Module              Have    
    ------------------- --------
    CPAN                1.9800  
    CPAN::Meta          2.130880
    Cwd                 3.40    
    ExtUtils::CBuilder  0.280206
    ExtUtils::Command   1.17    
    ExtUtils::Install   1.58    
    ExtUtils::MakeMaker 6.64    
    ExtUtils::Manifest  1.61    
    ExtUtils::ParseXS   3.18    
    File::Spec          3.40    
    JSON                2.58    
    JSON::PP            2.27202 
    Module::Build       0.4005  
    Module::Signature   0.70    
    Parse::CPAN::Meta   1.4404  
    Test::Harness       3.26    
    Test::More          0.98    
    YAML                0.84    
    YAML::Syck          1.27    
    version             0.9902  


--

Summary of my perl5 (revision 5 version 16 subversion 3) configuration:
  Commit id: fd04d42d38f4751b981eb6e9213ee1ab8ef11ea6
  Platform:
    osname=linux, osvers=3.2.0-4-amd64, archname=x86_64-linux
    uname='linux k83 3.2.0-4-amd64 #1 smp debian 3.2.41-2 x86_64 gnulinux '
    config_args='-Dprefix=/home/src/perl/repoperls/installed-perls/perl/v5.16.3/165a -Dmyhostname=k83 -Dinstallusrbinperl=n -Uversiononly -Dusedevel -des -Ui_db -Uuseithreads -Uuselongdouble -DDEBUGGING=-g'
    hint=recommended, useposix=true, d_sigaction=define
    useithreads=undef, usemultiplicity=undef
    useperlio=define, d_sfio=undef, uselargefiles=define, usesocks=undef
    use64bitint=define, use64bitall=define, uselongdouble=undef
    usemymalloc=n, bincompat5005=undef
  Compiler:
    cc='cc', ccflags ='-fno-strict-aliasing -pipe -fstack-protector -I/usr/local/include -D_LARGEFILE_SOURCE -D_FILE_OFFSET_BITS=64',
    optimize='-O2 -g',
    cppflags='-fno-strict-aliasing -pipe -fstack-protector -I/usr/local/include'
    ccversion='', gccversion='4.7.2', gccosandvers=''
    intsize=4, longsize=8, ptrsize=8, doublesize=8, byteorder=12345678
    d_longlong=define, longlongsize=8, d_longdbl=define, longdblsize=16
    ivtype='long', ivsize=8, nvtype='double', nvsize=8, Off_t='off_t', lseeksize=8
    alignbytes=8, prototype=define
  Linker and Libraries:
    ld='cc', ldflags =' -fstack-protector -L/usr/local/lib'
    libpth=/usr/local/lib /lib/x86_64-linux-gnu /lib/../lib /usr/lib/x86_64-linux-gnu /usr/lib/../lib /lib /usr/lib
    libs=-lnsl -lgdbm -ldb -ldl -lm -lcrypt -lutil -lc -lgdbm_compat
    perllibs=-lnsl -ldl -lm -lcrypt -lutil -lc
    libc=, so=so, useshrplib=false, libperl=libperl.a
    gnulibc_version='2.13'
  Dynamic Linking:
    dlsrc=dl_dlopen.xs, dlext=so, d_dlsymun=undef, ccdlflags='-Wl,-E'
    cccdlflags='-fPIC', lddlflags='-shared -O2 -g -L/usr/local/lib -fstack-protector'


Characteristics of this binary (from libperl): 
  Compile-time options: HAS_TIMES PERLIO_LAYERS PERL_DONT_CREATE_GVSV
                        PERL_MALLOC_WRAP PERL_PRESERVE_IVUV PERL_USE_DEVEL
                        USE_64_BIT_ALL USE_64_BIT_INT USE_LARGE_FILES
                        USE_LOCALE USE_LOCALE_COLLATE USE_LOCALE_CTYPE
                        USE_LOCALE_NUMERIC USE_PERLIO USE_PERL_ATOF
  Built under linux
  Compiled at Apr  2 2013 21:32:13
  %ENV:
    PERL5LIB=""
    PERL5OPT=""
    PERL5_CPANPLUS_IS_RUNNING="8468"
    PERL5_CPAN_IS_RUNNING="8468"
    PERL_MM_USE_DEFAULT="1"
  @INC:
    /home/src/perl/repoperls/installed-perls/perl/v5.16.3/165a/lib/site_perl/5.16.3/x86_64-linux
    /home/src/perl/repoperls/installed-perls/perl/v5.16.3/165a/lib/site_perl/5.16.3
    /home/src/perl/repoperls/installed-perls/perl/v5.16.3/165a/lib/5.16.3/x86_64-linux
    /home/src/perl/repoperls/installed-perls/perl/v5.16.3/165a/lib/5.16.3
    .