Back
From: metabase:user:320bfe00-2aae-11df-837a-5e0a49663a4f
Subject: FAIL GeneDesign-Basic-3 v5.15.5 GNU/Linux
Date: 2011-11-28T05:15:47Z
This distribution has been tested as part of the CPAN Testers
project, supporting the Perl programming language. See
http://wiki.cpantesters.org/ for more information or email
questions to cpan-testers-discuss@perl.org
--
Dear Sarah Richardson,
This is a computer-generated report for GeneDesign-Basic-3
on perl 5.15.5, created by CPAN-Reporter-1.1902.
Thank you for uploading your work to CPAN. However, there was a problem
testing your distribution.
If you think this report is invalid, please consult the CPAN Testers Wiki
for suggestions on how to avoid getting FAIL reports for missing library
or binary dependencies, unsupported operating systems, and so on:
http://wiki.cpantesters.org/wiki/CPANAuthorNotes
Sections of this report:
* Tester comments
* Program output
* Prerequisites
* Environment and other context
------------------------------
TESTER COMMENTS
------------------------------
Additional comments from tester:
this report is from an automated smoke testing program
and was not reviewed by a human for accuracy
------------------------------
PROGRAM OUTPUT
------------------------------
Output from './Build test':
Illegal octal digit '9' ignored at /tmp/loop_over_bdir-qoE2DT/GeneDesign-Basic-3-TYcBC9/blib/lib/GeneDesign/HTML.pm line 491.
Illegal octal digit '9' ignored at /tmp/loop_over_bdir-qoE2DT/GeneDesign-Basic-3-TYcBC9/blib/lib/GeneDesign/HTML.pm line 533.
# Testing GeneDesign::Basic 3, Perl 5.015005, /home/sand/src/perl/repoperls/installed-perls/perl/v5.15.5/a2da/bin/perl
t/00-load.t ....... ok
t/manifest.t ...... skipped: Author tests not required for installation
# Failed test 'Pod coverage on GeneDesign::Codons'
# at /home/src/perl/repoperls/installed-perls/perl/v5.15.5/a2da/lib/site_perl/5.15.5/Test/Pod/Coverage.pm line 126.
# Coverage for GeneDesign::Codons is 90.9%, with 2 naked subroutines:
# combine
# sitver
# Failed test 'Pod coverage on GeneDesign::SufTree'
# at /home/src/perl/repoperls/installed-perls/perl/v5.15.5/a2da/lib/site_perl/5.15.5/Test/Pod/Coverage.pm line 126.
# Coverage for GeneDesign::SufTree is 75.0%, with 1 naked subroutine:
# root
Illegal octal digit '9' ignored at /tmp/loop_over_bdir-qoE2DT/GeneDesign-Basic-3-TYcBC9/blib/lib/GeneDesign/HTML.pm line 491.
Illegal octal digit '9' ignored at /tmp/loop_over_bdir-qoE2DT/GeneDesign-Basic-3-TYcBC9/blib/lib/GeneDesign/HTML.pm line 533.
# Looks like you failed 2 tests of 6.
t/pod-coverage.t ..
Dubious, test returned 2 (wstat 512, 0x200)
Failed 2/6 subtests
t/pod.t ........... ok
Test Summary Report
-------------------
t/pod-coverage.t (Wstat: 512 Tests: 6 Failed: 2)
Failed tests: 1-2
Non-zero exit status: 2
Files=4, Tests=18, 0 wallclock secs ( 0.03 usr 0.01 sys + 0.29 cusr 0.02 csys = 0.35 CPU)
Result: FAIL
Failed 1/4 test programs. 2/18 subtests failed.
------------------------------
PREREQUISITES
------------------------------
Prerequisite modules loaded:
requires:
Module Need Have
------------- --------- ---------
List::Util 0 1.23
perl 5.006 5.015005
Perl6::Slurp 0.03 0.03
Text::Wrap 2009.0305 2009.0305
build_requires:
Module Need Have
------------- --------- ---------
Test::More 0 0.98_02
configure_requires:
Module Need Have
------------- --------- ---------
Module::Build 0.38 0.39_01
------------------------------
ENVIRONMENT AND OTHER CONTEXT
------------------------------
Environment variables:
AUTOMATED_TESTING = 1
LANG = en_US.UTF-8
LANGUAGE = en_US:en
PATH = /home/sand/bin:/usr/local/bin:/usr/bin:/bin:/usr/bin/X11:/usr/games:/usr/local/perl/bin:/usr/X11/bin:/sbin:/usr/sbin
PERL5LIB =
PERL5OPT =
PERL5_CPANPLUS_IS_RUNNING = 27349
PERL5_CPAN_IS_RUNNING = 27349
PERL_MM_USE_DEFAULT = 1
SHELL = /usr/bin/zsh
TERM = screen
Perl special variables (and OS-specific diagnostics, for MSWin32):
$^X = /home/sand/src/perl/repoperls/installed-perls/perl/v5.15.5/a2da/bin/perl
$UID/$EUID = 1005 / 1005
$GID = 1005 1005
$EGID = 1005 1005
Perl module toolchain versions installed:
Module Have
------------------- --------
CPAN 1.9800
Cwd 3.37
ExtUtils::CBuilder 0.280204
ExtUtils::Command 1.17
ExtUtils::Install 1.57
ExtUtils::MakeMaker 6.63_02
ExtUtils::Manifest 1.60
ExtUtils::ParseXS 3.05
File::Spec 3.34
Module::Build 0.39_01
Module::Signature 0.68
Test::Harness 3.23
Test::More 0.98_02
YAML 0.77
YAML::Syck 1.19
version 0.95
--
Summary of my perl5 (revision 5 version 15 subversion 5) configuration:
Commit id: 8fe0571645619844c3a4f2defc3990634138e838
Platform:
osname=linux, osvers=2.6.32-5-amd64, archname=x86_64-linux-thread-multi-ld
uname='linux k83 2.6.32-5-amd64 #1 smp mon oct 3 03:59:20 utc 2011 x86_64 gnulinux '
config_args='-Dprefix=/home/src/perl/repoperls/installed-perls/perl/v5.15.5/a2da -Dmyhostname=k83 -Dinstallusrbinperl=n -Uversiononly -Dusedevel -des -Ui_db -Duseithreads -Duselongdouble -DDEBUGGING=-g'
hint=recommended, useposix=true, d_sigaction=define
useithreads=define, usemultiplicity=define
useperlio=define, d_sfio=undef, uselargefiles=define, usesocks=undef
use64bitint=define, use64bitall=define, uselongdouble=define
usemymalloc=n, bincompat5005=undef
Compiler:
cc='cc', ccflags ='-D_REENTRANT -D_GNU_SOURCE -fno-strict-aliasing -pipe -fstack-protector -I/usr/local/include -D_LARGEFILE_SOURCE -D_FILE_OFFSET_BITS=64',
optimize='-O2 -g',
cppflags='-D_REENTRANT -D_GNU_SOURCE -fno-strict-aliasing -pipe -fstack-protector -I/usr/local/include'
ccversion='', gccversion='4.4.5', gccosandvers=''
intsize=4, longsize=8, ptrsize=8, doublesize=8, byteorder=12345678
d_longlong=define, longlongsize=8, d_longdbl=define, longdblsize=16
ivtype='long', ivsize=8, nvtype='long double', nvsize=16, Off_t='off_t', lseeksize=8
alignbytes=16, prototype=define
Linker and Libraries:
ld='cc', ldflags =' -fstack-protector -L/usr/local/lib'
libpth=/usr/local/lib /lib/../lib /usr/lib/../lib /lib /usr/lib /lib64 /usr/lib64
libs=-lnsl -ldb -ldl -lm -lcrypt -lutil -lpthread -lc
perllibs=-lnsl -ldl -lm -lcrypt -lutil -lpthread -lc
libc=/lib/libc-2.11.2.so, so=so, useshrplib=false, libperl=libperl.a
gnulibc_version='2.11.2'
Dynamic Linking:
dlsrc=dl_dlopen.xs, dlext=so, d_dlsymun=undef, ccdlflags='-Wl,-E'
cccdlflags='-fPIC', lddlflags='-shared -O2 -g -L/usr/local/lib -fstack-protector'
Characteristics of this binary (from libperl):
Compile-time options: HAS_TIMES MULTIPLICITY PERLIO_LAYERS
PERL_DONT_CREATE_GVSV PERL_IMPLICIT_CONTEXT
PERL_MALLOC_WRAP PERL_PRESERVE_IVUV PERL_USE_DEVEL
USE_64_BIT_ALL USE_64_BIT_INT USE_ITHREADS
USE_LARGE_FILES USE_LOCALE USE_LOCALE_COLLATE
USE_LOCALE_CTYPE USE_LOCALE_NUMERIC USE_LONG_DOUBLE
USE_PERLIO USE_PERL_ATOF USE_REENTRANT_API
Built under linux
Compiled at Nov 20 2011 22:08:34
%ENV:
PERL5LIB=""
PERL5OPT=""
PERL5_CPANPLUS_IS_RUNNING="27349"
PERL5_CPAN_IS_RUNNING="27349"
PERL_MM_USE_DEFAULT="1"
@INC:
/home/src/perl/repoperls/installed-perls/perl/v5.15.5/a2da/lib/site_perl/5.15.5/x86_64-linux-thread-multi-ld
/home/src/perl/repoperls/installed-perls/perl/v5.15.5/a2da/lib/site_perl/5.15.5
/home/src/perl/repoperls/installed-perls/perl/v5.15.5/a2da/lib/5.15.5/x86_64-linux-thread-multi-ld
/home/src/perl/repoperls/installed-perls/perl/v5.15.5/a2da/lib/5.15.5
.