Function-Interface v0.06 Perl 5 v5.41.9 amd64-freebsd
- Status
- Fail
- From
- Carlos Guevara
- Dist
-
Function-Interface v0.06
- Platform
- Perl 5 v5.41.9 amd64-freebsd
- Date
- 2025-02-19 17:22:01
- ID
- 07aafb04-eee6-11ef-a30e-db2e848a6f76
This distribution has been tested as part of the CPAN Testers
project, supporting the Perl programming language. See
http://wiki.cpantesters.org/ for more information or email
questions to cpan-testers-discuss@perl.org
--
Dear KFLY,
This is a computer-generated report for Function-Interface-0.06
on perl 5.41.9, created by CPAN-Reporter-1.2020.
Thank you for uploading your work to CPAN. However, there was a problem
testing your distribution.
If you think this report is invalid, please consult the CPAN Testers Wiki
for suggestions on how to avoid getting FAIL reports for missing library
or binary dependencies, unsupported operating systems, and so on:
http://wiki.cpantesters.org/wiki/CPANAuthorNotes
Sections of this report:
* Tester comments
* Program output
* Prerequisites
* Environment and other context
------------------------------
TESTER COMMENTS
------------------------------
Additional comments from tester:
this report is from an automated smoke testing program
and was not reviewed by a human for accuracy
------------------------------
PROGRAM OUTPUT
------------------------------
Output from './Build test':
t/01_function_interface/assert_valid_interface_params.t .. ok
t/01_function_interface/assert_valid_interface_return.t .. ok
t/01_function_interface/import.t ......................... ok
t/01_function_interface/import_options.t ................. ok
t/01_function_interface/info.t ........................... ok
t/01_function_interface/unimport.t ....................... ok
t/02_function_interface_info/function.t .................. ok
t/02_function_interface_info/function/param.t ............ ok
t/02_function_interface_info/function/return_param.t ..... ok
t/02_function_interface_info/info.t ...................... ok
Undefined subroutine &Function::Return::info called at /home/cpan/.cpan/build/Function-Interface-0.06-0/blib/lib/Function/Interface/Impl.pm line 110.
Compilation failed in require at t/03_function_interface_impl/assert_valid.t line 16.
BEGIN failed--compilation aborted at t/03_function_interface_impl/assert_valid.t line 16.
t/03_function_interface_impl/assert_valid.t ..............
Dubious, test returned 255 (wstat 65280, 0xff00)
No subtests run
t/03_function_interface_impl/case_duplicate.t ............ ok
t/03_function_interface_impl/check_params.t .............. ok
# Failed test 'empty return'
# at t/03_function_interface_impl/check_return.t line 14.
# Caught exception in subtest: Undefined subroutine &Function::Return::info called at t/03_function_interface_impl/check_return.t line 37.
# Failed test 'single return'
# at t/03_function_interface_impl/check_return.t line 21.
# Caught exception in subtest: Undefined subroutine &Function::Return::info called at t/03_function_interface_impl/check_return.t line 37.
# Failed test 'two return'
# at t/03_function_interface_impl/check_return.t line 32.
# Caught exception in subtest: Undefined subroutine &Function::Return::info called at t/03_function_interface_impl/check_return.t line 37.
# Seeded srand with seed '20250219' from local date.
t/03_function_interface_impl/check_return.t ..............
Dubious, test returned 3 (wstat 768, 0x300)
Failed 3/3 subtests
t/03_function_interface_impl/error.t ..................... ok
implements error: cannot get function `foo` parameters info. Interface: fun foo() :Return() at t/03_function_interface_impl/impl_of.t line 21
died at /home/cpan/.cpan/build/Function-Interface-0.06-0/blib/lib/Function/Interface/Impl.pm line 95.
Execution of t/03_function_interface_impl/impl_of.t aborted due to compilation errors.
# Failed test at t/03_function_interface_impl/impl_of.t line 7.
# Failed test at t/03_function_interface_impl/impl_of.t line 8.
# Tests were run but no plan was declared and done_testing() was not seen.
# Looks like your test exited with 255 after test #6.
# Seeded srand with seed '20250219' from local date.
t/03_function_interface_impl/impl_of.t ...................
Dubious, test returned 255 (wstat 65280, 0xff00)
Failed 2/6 subtests
t/03_function_interface_impl/import.t .................... ok
t/03_function_interface_impl/info_interface.t ............ ok
t/03_function_interface_impl/info_params.t ............... ok
Undefined subroutine &Function::Return::info called at /home/cpan/.cpan/build/Function-Interface-0.06-0/blib/lib/Function/Interface/Impl.pm line 110.
t/03_function_interface_impl/info_return.t ...............
Dubious, test returned 255 (wstat 65280, 0xff00)
No subtests run
t/03_function_interface_impl/register_check_list.t ....... ok
implements error: cannot get function `foo` parameters info. Interface: fun foo() :Return() at t/lib/Foo.pm line 2
died at /home/cpan/.cpan/build/Function-Interface-0.06-0/blib/lib/Function/Interface/Impl.pm line 95.
Compilation failed in require at t/04_function_interface_types/impl_of.t line 7.
BEGIN failed--compilation aborted at t/04_function_interface_types/impl_of.t line 7.
t/04_function_interface_types/impl_of.t ..................
Dubious, test returned 255 (wstat 65280, 0xff00)
No subtests run
Test Summary Report
-------------------
t/03_function_interface_impl/assert_valid.t (Wstat: 65280 (exited 255) Tests: 0 Failed: 0)
Non-zero exit status: 255
Parse errors: No plan found in TAP output
t/03_function_interface_impl/check_return.t (Wstat: 768 (exited 3) Tests: 3 Failed: 3)
Failed tests: 1-3
Non-zero exit status: 3
t/03_function_interface_impl/impl_of.t (Wstat: 65280 (exited 255) Tests: 6 Failed: 2)
Failed tests: 5-6
Non-zero exit status: 255
Parse errors: No plan found in TAP output
t/03_function_interface_impl/info_return.t (Wstat: 65280 (exited 255) Tests: 0 Failed: 0)
Non-zero exit status: 255
Parse errors: No plan found in TAP output
t/04_function_interface_types/impl_of.t (Wstat: 65280 (exited 255) Tests: 0 Failed: 0)
Non-zero exit status: 255
Parse errors: No plan found in TAP output
Files=22, Tests=57, 4 wallclock secs ( 0.05 usr 0.02 sys + 3.71 cusr 0.44 csys = 4.22 CPU)
Result: FAIL
------------------------------
PREREQUISITES
------------------------------
Prerequisite modules loaded:
requires:
Module Need Have
-------------------- -------- --------
Carp 0 1.54
Class::Load 0 0.25
Function::Parameters 2.000003 2.002005
Function::Return 0.07 0.15
Import::Into 0 1.002005
Keyword::Simple 0.04 0.04
perl 5.014004 5.041009
PPR 0 0.001010
Type::Tiny 1.000000 2.006000
build_requires:
Module Need Have
-------------------- -------- --------
Test2::V0 0 1.302209
configure_requires:
Module Need Have
-------------------- -------- --------
Module::Build::Tiny 0.035 0.051
------------------------------
ENVIRONMENT AND OTHER CONTEXT
------------------------------
Environment variables:
AUTOMATED_TESTING = 1
DATE_MANIP_TEST_DM5 = 1
LANG = C.UTF-8
LC_ALL = C
NONINTERACTIVE_TESTING = 1
NO_NETWORK_TESTING = 1
PATH = /home/cpan/bin/perl/bin:/home/cpan/bin:/sbin:/bin:/usr/sbin:/usr/bin:/usr/local/sbin:/usr/local/bin:/home/cpan/bin
PERL5LIB =
PERL5OPT =
PERL5_CPANPLUS_IS_RUNNING = 54533
PERL5_CPAN_IS_RUNNING = 54533
PERL_MM_USE_DEFAULT = 1
PERL_USE_UNSAFE_INC = 1
SHELL = /usr/local/bin/bash
TERM = screen
TMPDIR = /home/cpan/tmp
Perl special variables (and OS-specific diagnostics, for MSWin32):
$^X = /home/cpan/bin/perl/bin/perl5.41.9
$UID/$EUID = 1002 / 1002
$GID = 1002 1002
$EGID = 1002 1002
Perl module toolchain versions installed:
Module Have
------------------- --------
CPAN 2.38
CPAN::Meta 2.150010
Cwd 3.92
ExtUtils::CBuilder 0.280240
ExtUtils::Command 7.70
ExtUtils::Install 2.22
ExtUtils::MakeMaker 7.70
ExtUtils::Manifest 1.75
ExtUtils::ParseXS 3.57
File::Spec 3.93
JSON 4.10
JSON::PP 4.16
Module::Build 0.4234
Module::Signature 0.89
Parse::CPAN::Meta 2.150010
Test2 1.302209
Test::Harness 3.50
Test::More 1.302209
YAML 1.31
YAML::Syck 1.34
version 0.9933
--
Summary of my perl5 (revision 5 version 41 subversion 9) configuration:
Commit id: 8d462f6a9e96adf5dac36c7e778468b78a47be96
Platform:
osname=freebsd
osvers=14.2-release-p1
archname=amd64-freebsd
uname='freebsd cjg-freebsd14 14.2-release-p1 freebsd 14.2-release-p1 generic amd64 '
config_args='-des -Dprefix=/home/cpan/bin/perl -Dscriptdir=/home/cpan/bin/perl/bin -Dusedevel -Duse64bitall'
hint=recommended
useposix=true
d_sigaction=define
useithreads=undef
usemultiplicity=undef
use64bitint=define
use64bitall=define
uselongdouble=undef
usemymalloc=n
default_inc_excludes_dot=define
Compiler:
cc='cc'
ccflags ='-DHAS_FPSETMASK -DHAS_FLOATINGPOINT_H -DNO_POSIX_2008_LOCALE -fno-strict-aliasing -pipe -fstack-protector-strong -I/usr/local/include'
optimize='-O2'
cppflags='-DHAS_FPSETMASK -DHAS_FLOATINGPOINT_H -DNO_POSIX_2008_LOCALE -fno-strict-aliasing -pipe -fstack-protector-strong -I/usr/local/include'
ccversion=''
gccversion='FreeBSD Clang 18.1.6 (https://github.com/llvm/llvm-project.git llvmorg-18.1.6-0-g1118c2e05e67)'
gccosandvers=''
intsize=4
longsize=8
ptrsize=8
doublesize=8
byteorder=12345678
doublekind=3
d_longlong=define
longlongsize=8
d_longdbl=define
longdblsize=16
longdblkind=3
ivtype='long'
ivsize=8
nvtype='double'
nvsize=8
Off_t='off_t'
lseeksize=8
alignbytes=8
prototype=define
Linker and Libraries:
ld='cc'
ldflags ='-Wl,-E -fstack-protector-strong -L/usr/local/lib'
libpth=/usr/lib /usr/local/lib /usr/lib/clang/18/lib
libs=-lpthread -lgdbm -ldl -lm -lcrypt -lutil -lc
perllibs=-lpthread -ldl -lm -lcrypt -lutil -lc
libc=
so=so
useshrplib=false
libperl=libperl.a
gnulibc_version=''
Dynamic Linking:
dlsrc=dl_dlopen.xs
dlext=so
d_dlsymun=undef
ccdlflags=' '
cccdlflags='-DPIC -fPIC'
lddlflags='-shared -L/usr/local/lib -fstack-protector-strong'
Characteristics of this binary (from libperl):
Compile-time options:
HAS_LONG_DOUBLE
HAS_STRTOLD
HAS_TIMES
PERLIO_LAYERS
PERL_COPY_ON_WRITE
PERL_DONT_CREATE_GVSV
PERL_HASH_FUNC_SIPHASH13
PERL_HASH_USE_SBOX32
PERL_MALLOC_WRAP
PERL_OP_PARENT
PERL_PRESERVE_IVUV
PERL_USE_DEVEL
PERL_USE_SAFE_PUTENV
USE_64_BIT_ALL
USE_64_BIT_INT
USE_LARGE_FILES
USE_LOCALE
USE_LOCALE_COLLATE
USE_LOCALE_CTYPE
USE_LOCALE_NUMERIC
USE_LOCALE_TIME
USE_PERLIO
USE_PERL_ATOF
Built under freebsd
Compiled at Feb 18 2025 23:03:58
%ENV:
PERL5LIB=""
PERL5OPT=""
PERL5_CPANPLUS_IS_RUNNING="54533"
PERL5_CPAN_IS_RUNNING="54533"
PERL_MM_USE_DEFAULT="1"
PERL_USE_UNSAFE_INC="1"
@INC:
/home/cpan/bin/perl/lib/site_perl/5.41.9/amd64-freebsd
/home/cpan/bin/perl/lib/site_perl/5.41.9
/home/cpan/bin/perl/lib/5.41.9/amd64-freebsd
/home/cpan/bin/perl/lib/5.41.9
.