WWW-Search-Search v1.015 Perl 5 v5.35.10 x86_64-linux-ld
- Status
- Fail
- From
- Andreas J. König (ANDK)
- Dist
-
WWW-Search-Search v1.015
- Platform
- Perl 5 v5.35.10 x86_64-linux-ld
- Date
- 2022-04-15 14:55:02
- ID
- 07835b98-bccc-11ec-98c1-d11dba71ea71
This distribution has been tested as part of the CPAN Testers
project, supporting the Perl programming language. See
http://wiki.cpantesters.org/ for more information or email
questions to cpan-testers-discuss@perl.org
--
Dear Martin 'Kingpin' Thurn,
This is a computer-generated report for WWW-Search-Search-1.015
on perl 5.35.10, created by CPAN-Reporter-1.2018.
Thank you for uploading your work to CPAN. However, there was a problem
testing your distribution.
If you think this report is invalid, please consult the CPAN Testers Wiki
for suggestions on how to avoid getting FAIL reports for missing library
or binary dependencies, unsupported operating systems, and so on:
http://wiki.cpantesters.org/wiki/CPANAuthorNotes
Sections of this report:
* Tester comments
* Program output
* Prerequisites
* Environment and other context
------------------------------
TESTER COMMENTS
------------------------------
Additional comments from tester:
this report is from an automated smoke testing program
and was not reviewed by a human for accuracy
------------------------------
PROGRAM OUTPUT
------------------------------
Output from '/usr/bin/make test':
PERL_DL_NONLAZY=1 "/tmp/basesmoker-reloperl-zXAP/bin/perl" "-MExtUtils::Command::MM" "-MTest::Harness" "-e" "undef *Test::Harness::Switches; test_harness(0, 'inc', 'blib/lib', 'blib/arch')" t/*.t
t/pod-coverage.t .. ok
t/pod.t ........... ok
# Sending bogus query to search.com...
# Failed test 'got valid HTTP response'
# at /home/sand/src/perl/repoperls/installed-perls/host/k93bionic/v5.35.10/ca05/lib/site_perl/5.35.10/WWW/Search/Test.pm line 654.
# got: '404'
# expected: '200'
# Failed test 'approximate_result_count is defined'
# at /home/sand/src/perl/repoperls/installed-perls/host/k93bionic/v5.35.10/ca05/lib/site_perl/5.35.10/WWW/Search/Test.pm line 661.
# got: undef
# expected: anything else
Use of uninitialized value $expect in numeric le (<=) at (eval in cmp_ok) /home/sand/src/perl/repoperls/installed-perls/host/k93bionic/v5.35.10/ca05/lib/site_perl/5.35.10/WWW/Search/Test.pm line 663.
# Failed test 'approximate_result_count is defined'
# at /home/sand/src/perl/repoperls/installed-perls/host/k93bionic/v5.35.10/ca05/lib/site_perl/5.35.10/WWW/Search/Test.pm line 673.
# got: undef
# expected: anything else
Use of uninitialized value $got in numeric le (<=) at (eval in cmp_ok) /home/sand/src/perl/repoperls/installed-perls/host/k93bionic/v5.35.10/ca05/lib/site_perl/5.35.10/WWW/Search/Test.pm line 675.
# Sending 1-page query to search.com...
# Failed test 'got valid HTTP response'
# at /home/sand/src/perl/repoperls/installed-perls/host/k93bionic/v5.35.10/ca05/lib/site_perl/5.35.10/WWW/Search/Test.pm line 654.
# got: '404'
# expected: '200'
# Failed test 'lower-bound num-hits for query=fooooooooooooolish'
# at /home/sand/src/perl/repoperls/installed-perls/host/k93bionic/v5.35.10/ca05/lib/site_perl/5.35.10/WWW/Search/Test.pm line 657.
# '1'
# <=
# '0'
# Failed test 'approximate_result_count is defined'
# at /home/sand/src/perl/repoperls/installed-perls/host/k93bionic/v5.35.10/ca05/lib/site_perl/5.35.10/WWW/Search/Test.pm line 661.
# got: undef
# expected: anything else
Use of uninitialized value $expect in numeric le (<=) at (eval in cmp_ok) /home/sand/src/perl/repoperls/installed-perls/host/k93bionic/v5.35.10/ca05/lib/site_perl/5.35.10/WWW/Search/Test.pm line 663.
# Failed test 'lower-bound approximate_result_count'
# at /home/sand/src/perl/repoperls/installed-perls/host/k93bionic/v5.35.10/ca05/lib/site_perl/5.35.10/WWW/Search/Test.pm line 663.
Use of uninitialized value $val in addition (+) at /home/sand/src/perl/repoperls/installed-perls/host/k93bionic/v5.35.10/ca05/lib/5.35.10/Test/Builder.pm line 798.
# '1'
# <=
# undef
# Failed test 'approximate_result_count is defined'
# at /home/sand/src/perl/repoperls/installed-perls/host/k93bionic/v5.35.10/ca05/lib/site_perl/5.35.10/WWW/Search/Test.pm line 673.
# got: undef
# expected: anything else
Use of uninitialized value $got in numeric le (<=) at (eval in cmp_ok) /home/sand/src/perl/repoperls/installed-perls/host/k93bionic/v5.35.10/ca05/lib/site_perl/5.35.10/WWW/Search/Test.pm line 675.
# Failed test 'got any results'
# at t/search-basic.t line 31.
# '0'
# <
# '0'
# Sending multi-page query to search.com...
# Failed test 'got valid HTTP response'
# at /home/sand/src/perl/repoperls/installed-perls/host/k93bionic/v5.35.10/ca05/lib/site_perl/5.35.10/WWW/Search/Test.pm line 654.
# got: '404'
# expected: '200'
# Failed test 'lower-bound num-hits for query=the lovely Britney Spears'
# at /home/sand/src/perl/repoperls/installed-perls/host/k93bionic/v5.35.10/ca05/lib/site_perl/5.35.10/WWW/Search/Test.pm line 657.
# '21'
# <=
# '0'
# Failed test 'approximate_result_count is defined'
# at /home/sand/src/perl/repoperls/installed-perls/host/k93bionic/v5.35.10/ca05/lib/site_perl/5.35.10/WWW/Search/Test.pm line 661.
# got: undef
# expected: anything else
Use of uninitialized value $expect in numeric le (<=) at (eval in cmp_ok) /home/sand/src/perl/repoperls/installed-perls/host/k93bionic/v5.35.10/ca05/lib/site_perl/5.35.10/WWW/Search/Test.pm line 663.
# Failed test 'lower-bound approximate_result_count'
# at /home/sand/src/perl/repoperls/installed-perls/host/k93bionic/v5.35.10/ca05/lib/site_perl/5.35.10/WWW/Search/Test.pm line 663.
Use of uninitialized value $val in addition (+) at /home/sand/src/perl/repoperls/installed-perls/host/k93bionic/v5.35.10/ca05/lib/5.35.10/Test/Builder.pm line 798.
# '21'
# <=
# undef
# Looks like you failed 13 tests of 21.
t/search-basic.t ..
Dubious, test returned 13 (wstat 3328, 0xd00)
Failed 13/21 subtests
Test Summary Report
-------------------
t/search-basic.t (Wstat: 3328 Tests: 21 Failed: 13)
Failed tests: 3, 5, 8, 10-13, 15, 17-21
Non-zero exit status: 13
Files=3, Tests=23, 5 wallclock secs ( 0.01 usr 0.03 sys + 0.48 cusr 0.12 csys = 0.64 CPU)
Result: FAIL
Failed 1/3 test programs. 13/23 subtests failed.
Makefile:778: recipe for target 'test_dynamic' failed
make: *** [test_dynamic] Error 13
------------------------------
PREREQUISITES
------------------------------
Prerequisite modules loaded:
requires:
Module Need Have
------------------- ----- --------
Carp 0 1.52
ExtUtils::MakeMaker 7.64 7.64
Test::More 0 1.302190
URI::Escape 0 5.10
WWW::SearchResult 2.078 2.078
build_requires:
Module Need Have
------------------- ----- --------
ExtUtils::MakeMaker 0 7.64
------------------------------
ENVIRONMENT AND OTHER CONTEXT
------------------------------
Environment variables:
AUTOMATED_TESTING = 1
LANG = en_US.utf8
PATH = /home/sand/bin:/usr/local/bin:/usr/local/sbin:/usr/sbin:/usr/bin:/sbin:/bin:/usr/games:/usr/local/games:/snap/bin:/usr/local/perl/bin:/usr/X11/bin
PERL = /tmp/basesmoker-reloperl-zXAP/bin/perl
PERL5LIB = /tmp/loop_over_bdir-30388-o3Mp1i/dta-tokwrap-0.98-0/blib/arch:/tmp/loop_over_bdir-30388-o3Mp1i/dta-tokwrap-0.98-0/blib/lib
PERL5OPT =
PERL5_CPANPLUS_IS_RUNNING = 30396
PERL5_CPAN_IS_RUNNING = 30396
PERL_CANARY_STABILITY_NOPROMPT = 1
PERL_MM_USE_DEFAULT = 1
PERL_USE_UNSAFE_INC = 1
SHELL = /usr/bin/zsh
TERM = screen
Perl special variables (and OS-specific diagnostics, for MSWin32):
$^X = /tmp/basesmoker-reloperl-zXAP/bin/perl
$UID/$EUID = 1005 / 1005
$GID = 1005 1005
$EGID = 1005 1005
Perl module toolchain versions installed:
Module Have
------------------- --------
CPAN 2.34
CPAN::Meta 2.150010
Cwd 3.84
ExtUtils::CBuilder 0.280236
ExtUtils::Command 7.64
ExtUtils::Install 2.20
ExtUtils::MakeMaker 7.64
ExtUtils::Manifest 1.73
ExtUtils::ParseXS 3.45
File::Spec 3.84
JSON 4.05
JSON::PP 4.07
Module::Build 0.4231
Module::Signature 0.88
Parse::CPAN::Meta 2.150010
Test::Harness 3.43
Test::More 1.302190
YAML 1.30
YAML::Syck 1.34
version 0.9929
--
Summary of my perl5 (revision 5 version 35 subversion 10) configuration:
Commit id: a1655185e6f80da0d630b3c2d8df5f32364b0e35
Platform:
osname=linux
osvers=4.15.0-175-generic
archname=x86_64-linux-ld
uname='linux k93bionic 4.15.0-175-generic #184-ubuntu smp thu mar 24 17:48:36 utc 2022 x86_64 x86_64 x86_64 gnulinux '
config_args='-Dprefix=/home/sand/src/perl/repoperls/installed-perls/host/k93bionic/v5.35.10/ca05 -Dmyhostname=k93bionic -Dinstallusrbinperl=n -Uversiononly -Dusedevel -des -Ui_db -Dlibswanted=cl pthread socket inet nsl gdbm dbm malloc dl ld sun m crypt sec util c cposix posix ucb BSD gdbm_compat -Uuseithreads -Duselongdouble -DEBUGGING=-g'
hint=recommended
useposix=true
d_sigaction=define
useithreads=undef
usemultiplicity=undef
use64bitint=define
use64bitall=define
uselongdouble=define
usemymalloc=n
default_inc_excludes_dot=define
Compiler:
cc='cc'
ccflags ='-fwrapv -fno-strict-aliasing -pipe -fstack-protector-strong -I/usr/local/include -D_LARGEFILE_SOURCE -D_FILE_OFFSET_BITS=64'
optimize='-O2 -g'
cppflags='-fwrapv -fno-strict-aliasing -pipe -fstack-protector-strong -I/usr/local/include'
ccversion=''
gccversion='7.5.0'
gccosandvers=''
intsize=4
longsize=8
ptrsize=8
doublesize=8
byteorder=12345678
doublekind=3
d_longlong=define
longlongsize=8
d_longdbl=define
longdblsize=16
longdblkind=3
ivtype='long'
ivsize=8
nvtype='long double'
nvsize=16
Off_t='off_t'
lseeksize=8
alignbytes=16
prototype=define
Linker and Libraries:
ld='cc'
ldflags =' -fstack-protector-strong -L/usr/local/lib'
libpth=/usr/local/lib /usr/lib/x86_64-linux-gnu /usr/lib /lib/x86_64-linux-gnu /lib
libs=-lpthread -lnsl -ldl -lm -lcrypt -lutil -lc
perllibs=-lpthread -lnsl -ldl -lm -lcrypt -lutil -lc
libc=libc-2.27.so
so=so
useshrplib=false
libperl=libperl.a
gnulibc_version='2.27'
Dynamic Linking:
dlsrc=dl_dlopen.xs
dlext=so
d_dlsymun=undef
ccdlflags='-Wl,-E'
cccdlflags='-fPIC'
lddlflags='-shared -O2 -g -L/usr/local/lib -fstack-protector-strong'
Characteristics of this binary (from libperl):
Compile-time options:
HAS_TIMES
PERLIO_LAYERS
PERL_COPY_ON_WRITE
PERL_DONT_CREATE_GVSV
PERL_MALLOC_WRAP
PERL_OP_PARENT
PERL_PRESERVE_IVUV
PERL_USE_DEVEL
USE_64_BIT_ALL
USE_64_BIT_INT
USE_LARGE_FILES
USE_LOCALE
USE_LOCALE_COLLATE
USE_LOCALE_CTYPE
USE_LOCALE_NUMERIC
USE_LOCALE_TIME
USE_LONG_DOUBLE
USE_PERLIO
USE_PERL_ATOF
Built under linux
Compiled at Apr 13 2022 08:21:58
%ENV:
PERL="/tmp/basesmoker-reloperl-zXAP/bin/perl"
PERL5LIB="/tmp/loop_over_bdir-30388-o3Mp1i/dta-tokwrap-0.98-0/blib/arch:/tmp/loop_over_bdir-30388-o3Mp1i/dta-tokwrap-0.98-0/blib/lib"
PERL5OPT=""
PERL5_CPANPLUS_IS_RUNNING="30396"
PERL5_CPAN_IS_RUNNING="30396"
PERL_CANARY_STABILITY_NOPROMPT="1"
PERL_MM_USE_DEFAULT="1"
PERL_USE_UNSAFE_INC="1"
@INC:
/tmp/loop_over_bdir-30388-o3Mp1i/dta-tokwrap-0.98-0/blib/arch
/tmp/loop_over_bdir-30388-o3Mp1i/dta-tokwrap-0.98-0/blib/lib
/home/sand/src/perl/repoperls/installed-perls/host/k93bionic/v5.35.10/ca05/lib/site_perl/5.35.10/x86_64-linux-ld
/home/sand/src/perl/repoperls/installed-perls/host/k93bionic/v5.35.10/ca05/lib/site_perl/5.35.10
/home/sand/src/perl/repoperls/installed-perls/host/k93bionic/v5.35.10/ca05/lib/5.35.10/x86_64-linux-ld
/home/sand/src/perl/repoperls/installed-perls/host/k93bionic/v5.35.10/ca05/lib/5.35.10
.