Report for POE-Component-SNMP-1.1006

Back
From: metabase:user:a0e144f2-373b-11e6-8edd-c6848980b093
Subject: FAIL POE-Component-SNMP-1.1006 v5.26.0 GNU/Linux
Date: 2017-04-22T14:57:39Z

This distribution has been tested as part of the CPAN Testers
project, supporting the Perl programming language.  See
http://wiki.cpantesters.org/ for more information or email
questions to cpan-testers-discuss@perl.org


--
Dear Rob Bloodgood,

This is a computer-generated report for POE-Component-SNMP-1.1006
on perl 5.26.0, created by CPAN-Reporter-1.2018.

Thank you for uploading your work to CPAN.  However, there was a problem
testing your distribution.

If you think this report is invalid, please consult the CPAN Testers Wiki
for suggestions on how to avoid getting FAIL reports for missing library
or binary dependencies, unsupported operating systems, and so on:

http://wiki.cpantesters.org/wiki/CPANAuthorNotes

Sections of this report:

    * Tester comments
    * Program output
    * Prerequisites
    * Environment and other context

------------------------------
TESTER COMMENTS
------------------------------

Additional comments from tester:

***WARNING***

A recent security patch to Perl itself removed '.', the current working
directory, from @INC, the default search path for 'use', 'do', and
'require'. This fix for CVE-2016-1238 will be part of Perl 5.26.0, due
to be released this April, 2017. CPAN clients will *temporarily*
provide backwards compatibility during the module build/test process
by setting the environment variable PERL_USE_UNSAFE_INC=1 during build,
test, and install. HOWEVER:
  1) This environment variable is a temporary fix only for compatibility,
     due to be removed for Perl 5.30.0.
  2) This may mask errors in your module itself, by testing your module
     under different conditions than those that it will actually be run
     under.
To read more about this, you may find the following links helpful:
* http://blogs.perl.org/users/todd_rinaldo/2016/11/how-removing-from-inc-is-about-to-break-cpan.html
* https://www.perlmonks.org/?node_id=1186105
* http://www.nntp.perl.org/group/perl.perl5.porters/2017/03/msg243722.html


------------------------------
PROGRAM OUTPUT
------------------------------

Output from '/usr/bin/make test':

PERL_DL_NONLAZY=1 "/home/cpan2/install/bin/perl" "-MExtUtils::Command::MM" "-MTest::Harness" "-e" "undef *Test::Harness::Switches; test_harness(0, 'blib/lib', 'blib/arch')" t/*.t
do "config.cache" failed, '.' is no longer in @INC; did you mean do "./config.cache"? at t/01_load.t line 9.
do "config.cache" failed, '.' is no longer in @INC; did you mean do "./config.cache"? at t/02_localport_conflict.t line 15.
do "config.cache" failed, '.' is no longer in @INC; did you mean do "./config.cache"? at t/10_snmp_get.t line 9.
t/02_localport_conflict.t .. ok

#   Failed test at t/10_snmp_get.t line 59.
t/01_load.t ................ ok
do "config.cache" failed, '.' is no longer in @INC; did you mean do "./config.cache"? at t/20_snmp_getnext.t line 10.

#   Failed test at t/20_snmp_getnext.t line 85.

#   Failed test at t/20_snmp_getnext.t line 87.

#   Failed test at t/20_snmp_getnext.t line 88.

#   Failed test at t/20_snmp_getnext.t line 89.

#   Failed test at t/20_snmp_getnext.t line 90.

#   Failed test at t/20_snmp_getnext.t line 91.

#   Failed test at t/20_snmp_getnext.t line 98.
hostname parameter required at t/20_snmp_getnext.t line 44.
# Looks like your test exited with 22 just after 9.
t/20_snmp_getnext.t ........ 
Dubious, test returned 22 (wstat 5632, 0x1600)
Failed 19/21 subtests 
	(less 1 skipped subtest: 1 okay)

#   Failed test at t/10_snmp_get.t line 59.

#   Failed test at t/10_snmp_get.t line 74.

#   Failed test at t/10_snmp_get.t line 76.

#   Failed test at t/10_snmp_get.t line 77.
# Looks like you planned 12 tests but ran 10.
# Looks like you failed 5 tests of 10 run.
t/10_snmp_get.t ............ 
Dubious, test returned 5 (wstat 1280, 0x500)
Failed 7/12 subtests 
do "config.cache" failed, '.' is no longer in @INC; did you mean do "./config.cache"? at t/30_snmp_walk.t line 10.
hostname parameter required at t/30_snmp_walk.t line 43.
# Looks like your test exited with 22 just after 9.
t/30_snmp_walk.t ........... 
Dubious, test returned 22 (wstat 5632, 0x1600)
Failed 4/13 subtests 
	(less 8 skipped subtests: 1 okay)
do "config.cache" failed, '.' is no longer in @INC; did you mean do "./config.cache"? at t/35_snmp_getentries.t line 10.
hostname parameter required at t/35_snmp_getentries.t line 44.
# Looks like your test exited with 22 just after 5.
t/35_snmp_getentries.t ..... 
Dubious, test returned 22 (wstat 5632, 0x1600)
All 5 subtests passed 
	(less 3 skipped subtests: 2 okay)
do "config.cache" failed, '.' is no longer in @INC; did you mean do "./config.cache"? at t/40_snmp_set.t line 11.
t/40_snmp_set.t ............ skipped: No write community specified.
do "config.cache" failed, '.' is no longer in @INC; did you mean do "./config.cache"? at t/50_snmp_getbulk.t line 9.

#   Failed test at t/50_snmp_getbulk.t line 78.
hostname parameter required at t/50_snmp_getbulk.t line 44.
# Looks like your test exited with 22 just after 9.
t/50_snmp_getbulk.t ........ 
Dubious, test returned 22 (wstat 5632, 0x1600)
Failed 15/23 subtests 
	(less 7 skipped subtests: 1 okay)
do "config.cache" failed, '.' is no longer in @INC; did you mean do "./config.cache"? at t/55_snmp_trap.t line 9.

#   Failed test at t/55_snmp_trap.t line 78.
hostname parameter required at t/55_snmp_trap.t line 44.
# Looks like your test exited with 22 just after 9.
t/55_snmp_trap.t ........... 
Dubious, test returned 22 (wstat 5632, 0x1600)
Failed 15/23 subtests 
	(less 7 skipped subtests: 1 okay)
do "config.cache" failed, '.' is no longer in @INC; did you mean do "./config.cache"? at t/60_errors.t line 10.

#   Failed test at t/60_errors.t line 341.
hostname parameter required at t/60_errors.t line 62.
# Looks like your test exited with 22 just after 6.
t/60_errors.t .............. 
Dubious, test returned 22 (wstat 5632, 0x1600)
Failed 42/47 subtests 
	(less 2 skipped subtests: 3 okay)
do "config.cache" failed, '.' is no longer in @INC; did you mean do "./config.cache"? at t/71_multi_autherror.t line 9.

#   Failed test at t/71_multi_autherror.t line 177.

#   Failed test at t/71_multi_autherror.t line 178.

#   Failed test at t/71_multi_autherror.t line 180.

#   Failed test at t/71_multi_autherror.t line 181.

#   Failed test at t/71_multi_autherror.t line 182.

#   Failed test at t/71_multi_autherror.t line 183.

#   Failed test at t/71_multi_autherror.t line 185.

#   Failed test at t/71_multi_autherror.t line 186.

#   Failed test at t/71_multi_autherror.t line 187.

#   Failed test at t/71_multi_autherror.t line 188.

#   Failed test at t/71_multi_autherror.t line 189.

#   Failed test at t/71_multi_autherror.t line 191.

#   Failed test at t/71_multi_autherror.t line 192.

#   Failed test at t/71_multi_autherror.t line 193.

#   Failed test at t/71_multi_autherror.t line 194.

#   Failed test at t/71_multi_autherror.t line 195.
hostname parameter required at t/71_multi_autherror.t line 44.
# Looks like your test exited with 22 just after 22.
t/71_multi_autherror.t ..... 
Dubious, test returned 22 (wstat 5632, 0x1600)
Failed 31/37 subtests 
do "config.cache" failed, '.' is no longer in @INC; did you mean do "./config.cache"? at t/70_multi.t line 9.

#   Failed test at t/70_multi.t line 226.

#   Failed test at t/70_multi.t line 227.

#   Failed test at t/70_multi.t line 229.

#   Failed test at t/70_multi.t line 230.

#   Failed test at t/70_multi.t line 231.

#   Failed test at t/70_multi.t line 232.

#   Failed test at t/70_multi.t line 233.

#   Failed test at t/70_multi.t line 234.

#   Failed test at t/70_multi.t line 237.

#   Failed test at t/70_multi.t line 238.

#   Failed test at t/70_multi.t line 239.

#   Failed test at t/70_multi.t line 240.

#   Failed test at t/70_multi.t line 241.

#   Failed test at t/70_multi.t line 242.

#   Failed test at t/70_multi.t line 243.

#   Failed test at t/70_multi.t line 244.

#   Failed test at t/70_multi.t line 246.

#   Failed test at t/70_multi.t line 247.

#   Failed test at t/70_multi.t line 248.

#   Failed test at t/70_multi.t line 249.

#   Failed test at t/70_multi.t line 250.

#   Failed test at t/70_multi.t line 251.

#   Failed test at t/70_multi.t line 252.

#   Failed test at t/70_multi.t line 253.
hostname parameter required at t/70_multi.t line 52.
# Looks like your test exited with 22 just after 31.
t/70_multi.t ............... 
Dubious, test returned 22 (wstat 5632, 0x1600)
Failed 53/60 subtests 
do "config.cache" failed, '.' is no longer in @INC; did you mean do "./config.cache"? at t/75_start_stop.t line 9.
hostname parameter required at t/75_start_stop.t line 52.
# Looks like your test exited with 22 just after 1.
t/75_start_stop.t .......... 
Dubious, test returned 22 (wstat 5632, 0x1600)
Failed 6/7 subtests 
do "config.cache" failed, '.' is no longer in @INC; did you mean do "./config.cache"? at t/80_finish_call.t line 14.
t/80_finish_call.t ......... skipped: TODO
t/kwalitee.t ............... skipped: This test is only run for the module author
do "config.cache" failed, '.' is no longer in @INC; did you mean do "./config.cache"? at t/85_finish_post.t line 14.
t/85_finish_post.t ......... skipped: TODO
t/perlcritic.t ............. skipped: This test is only run for the module author
t/pod-coverage.t ........... skipped: This test is only run for the module author
do "config.cache" failed, '.' is no longer in @INC; did you mean do "./config.cache"? at t/90_callback_args.t line 9.
t/pod.t .................... skipped: This test is only run for the module author
t/90_callback_args.t ....... ok

Test Summary Report
-------------------
t/20_snmp_getnext.t      (Wstat: 5632 Tests: 9 Failed: 7)
  Failed tests:  2-7, 9
  Non-zero exit status: 22
  Parse errors: Bad plan.  You planned 21 tests but ran 9.
t/10_snmp_get.t          (Wstat: 1280 Tests: 10 Failed: 5)
  Failed tests:  2, 4, 7-9
  Non-zero exit status: 5
  Parse errors: Bad plan.  You planned 12 tests but ran 10.
t/30_snmp_walk.t         (Wstat: 5632 Tests: 9 Failed: 0)
  Non-zero exit status: 22
  Parse errors: Bad plan.  You planned 13 tests but ran 9.
t/35_snmp_getentries.t   (Wstat: 5632 Tests: 5 Failed: 0)
  Non-zero exit status: 22
t/50_snmp_getbulk.t      (Wstat: 5632 Tests: 9 Failed: 1)
  Failed test:  2
  Non-zero exit status: 22
  Parse errors: Bad plan.  You planned 23 tests but ran 9.
t/55_snmp_trap.t         (Wstat: 5632 Tests: 9 Failed: 1)
  Failed test:  2
  Non-zero exit status: 22
  Parse errors: Bad plan.  You planned 23 tests but ran 9.
t/60_errors.t            (Wstat: 5632 Tests: 6 Failed: 1)
  Failed test:  4
  Non-zero exit status: 22
  Parse errors: Bad plan.  You planned 47 tests but ran 6.
t/71_multi_autherror.t   (Wstat: 5632 Tests: 22 Failed: 16)
  Failed tests:  2-17
  Non-zero exit status: 22
  Parse errors: Bad plan.  You planned 37 tests but ran 22.
t/70_multi.t             (Wstat: 5632 Tests: 31 Failed: 24)
  Failed tests:  2-25
  Non-zero exit status: 22
  Parse errors: Bad plan.  You planned 60 tests but ran 31.
t/75_start_stop.t        (Wstat: 5632 Tests: 1 Failed: 0)
  Non-zero exit status: 22
  Parse errors: Bad plan.  You planned 7 tests but ran 1.
Files=20, Tests=159, 42 wallclock secs ( 0.11 usr  0.02 sys +  6.16 cusr  0.29 csys =  6.58 CPU)
Result: FAIL
Failed 10/20 test programs. 55/159 subtests failed.
Makefile:845: recipe for target 'test_dynamic' failed
make: *** [test_dynamic] Error 255

------------------------------
PREREQUISITES
------------------------------

Prerequisite modules loaded:

requires:

    Module              Need Have  
    ------------------- ---- ------
    Net::SNMP           0    v6.0.1
    POE                 0.31 1.367 
    Time::HiRes         0    1.9741

build_requires:

    Module              Need Have  
    ------------------- ---- ------
    ExtUtils::MakeMaker 0    7.24  

configure_requires:

    Module              Need Have  
    ------------------- ---- ------
    ExtUtils::MakeMaker 0    7.24  


------------------------------
ENVIRONMENT AND OTHER CONTEXT
------------------------------

Environment variables:

    AUTOMATED_TESTING = 1
    HARNESS_OPTIONS = j3
    LANG = en_US.UTF-8
    PATH = /usr/local/bin:/usr/bin:/bin:/usr/local/games:/usr/games
    PERL5LIB = 
    PERL5OPT = 
    PERL5_CPANPLUS_IS_RUNNING = 19407
    PERL5_CPAN_IS_RUNNING = 19407
    PERL5_CPAN_IS_RUNNING_IN_RECURSION = 28757,19407
    PERL_CR_SMOKER_CURRENT = POE-Component-SNMP-1.1006
    PERL_CR_SMOKER_RUNONCE = 1
    PERL_EXTUTILS_AUTOINSTALL = --defaultdeps
    PERL_MM_USE_DEFAULT = 1
    PERL_USE_UNSAFE_INC = 0
    SHELL = /bin/bash
    TERM = putty-256color

Perl special variables (and OS-specific diagnostics, for MSWin32):

    $^X = /home/cpan2/install/bin/perl
    $UID/$EUID = 1003 / 1003
    $GID = 1003 1003
    $EGID = 1003 1003

Perl module toolchain versions installed:

    Module              Have    
    ------------------- --------
    CPAN                2.16    
    CPAN::Meta          2.150010
    Cwd                 3.62    
    ExtUtils::CBuilder  0.280224
    ExtUtils::Command   7.24    
    ExtUtils::Install   2.04    
    ExtUtils::MakeMaker 7.24    
    ExtUtils::Manifest  1.70    
    ExtUtils::ParseXS   3.34    
    File::Spec          3.62    
    JSON                2.91_04 
    JSON::PP            2.27400 
    Module::Build       0.4222  
    Module::Signature   n/a     
    Parse::CPAN::Meta   2.150010
    Test::Harness       3.39    
    Test::More          1.302081
    YAML                1.23    
    YAML::Syck          1.29    
    version             0.9917  


--

Summary of my perl5 (revision 5 version 26 subversion 0) configuration:
  Commit id: f57d8456e7b8d6b2dad0bb49899cfdc68007b794
  Platform:
    osname=linux
    osvers=3.16.0-4-amd64
    archname=x86_64-linux-thread-multi
    uname='linux digitalis 3.16.0-4-amd64 #1 smp debian 3.16.36-1+deb8u2 (2016-10-19) x86_64 gnulinux '
    config_args='-Dusedevel -DDEBUGGING -Dusethreads -Dprefix=/home/cpan2/install -Uversiononly -des'
    hint=recommended
    useposix=true
    d_sigaction=define
    useithreads=define
    usemultiplicity=define
    use64bitint=define
    use64bitall=define
    uselongdouble=undef
    usemymalloc=n
    default_inc_excludes_dot=define
    bincompat5005=undef
  Compiler:
    cc='cc'
    ccflags ='-D_REENTRANT -D_GNU_SOURCE -fwrapv -DDEBUGGING -fno-strict-aliasing -pipe -fstack-protector-strong -I/usr/local/include -D_LARGEFILE_SOURCE -D_FILE_OFFSET_BITS=64 -D_FORTIFY_SOURCE=2'
    optimize='-O2 -g'
    cppflags='-D_REENTRANT -D_GNU_SOURCE -fwrapv -DDEBUGGING -fno-strict-aliasing -pipe -fstack-protector-strong -I/usr/local/include'
    ccversion=''
    gccversion='4.9.2'
    gccosandvers=''
    intsize=4
    longsize=8
    ptrsize=8
    doublesize=8
    byteorder=12345678
    doublekind=3
    d_longlong=define
    longlongsize=8
    d_longdbl=define
    longdblsize=16
    longdblkind=3
    ivtype='long'
    ivsize=8
    nvtype='double'
    nvsize=8
    Off_t='off_t'
    lseeksize=8
    alignbytes=8
    prototype=define
  Linker and Libraries:
    ld='cc'
    ldflags =' -fstack-protector-strong -L/usr/local/lib'
    libpth=/usr/local/lib /usr/lib/gcc/x86_64-linux-gnu/4.9/include-fixed /usr/include/x86_64-linux-gnu /usr/lib /lib/x86_64-linux-gnu /lib/../lib /usr/lib/x86_64-linux-gnu /usr/lib/../lib /lib /lib64 /usr/lib64
    libs=-lpthread -lnsl -ldl -lm -lcrypt -lutil -lc
    perllibs=-lpthread -lnsl -ldl -lm -lcrypt -lutil -lc
    libc=libc-2.19.so
    so=so
    useshrplib=false
    libperl=libperl.a
    gnulibc_version='2.19'
  Dynamic Linking:
    dlsrc=dl_dlopen.xs
    dlext=so
    d_dlsymun=undef
    ccdlflags='-Wl,-E'
    cccdlflags='-fPIC'
    lddlflags='-shared -O2 -g -L/usr/local/lib -fstack-protector-strong'


Characteristics of this binary (from libperl): 
  Compile-time options:
    DEBUGGING
    HAS_TIMES
    MULTIPLICITY
    PERLIO_LAYERS
    PERL_COPY_ON_WRITE
    PERL_DONT_CREATE_GVSV
    PERL_IMPLICIT_CONTEXT
    PERL_MALLOC_WRAP
    PERL_OP_PARENT
    PERL_PRESERVE_IVUV
    PERL_TRACK_MEMPOOL
    PERL_USE_DEVEL
    USE_64_BIT_ALL
    USE_64_BIT_INT
    USE_ITHREADS
    USE_LARGE_FILES
    USE_LOCALE
    USE_LOCALE_COLLATE
    USE_LOCALE_CTYPE
    USE_LOCALE_NUMERIC
    USE_LOCALE_TIME
    USE_PERLIO
    USE_PERL_ATOF
    USE_REENTRANT_API
  Built under linux
  Compiled at Apr 11 2017 21:42:25
  %ENV:
    PERL5LIB=""
    PERL5OPT=""
    PERL5_CPANPLUS_IS_RUNNING="19407"
    PERL5_CPAN_IS_RUNNING="19407"
    PERL5_CPAN_IS_RUNNING_IN_RECURSION="28757,19407"
    PERL_CR_SMOKER_CURRENT="POE-Component-SNMP-1.1006"
    PERL_CR_SMOKER_RUNONCE="1"
    PERL_EXTUTILS_AUTOINSTALL="--defaultdeps"
    PERL_MM_USE_DEFAULT="1"
    PERL_USE_UNSAFE_INC="0"
  @INC:
    /home/cpan2/install/lib/perl5/site_perl/5.26.0/x86_64-linux-thread-multi
    /home/cpan2/install/lib/perl5/site_perl/5.26.0
    /home/cpan2/install/lib/perl5/5.26.0/x86_64-linux-thread-multi
    /home/cpan2/install/lib/perl5/5.26.0