Map-Tube-Plugin-FuzzyFind vv0.81.0 Perl 5 v5.20.0 amd64-freebsd
- Status
- Fail
- From
- Slaven Rezić
- Dist
-
Map-Tube-Plugin-FuzzyFind vv0.81.0
- Platform
- Perl 5 v5.20.0 amd64-freebsd
- Date
- 2024-11-14 07:35:30
- ID
- 06b51b9e-a25b-11ef-af09-c6266e8775ea
This distribution has been tested as part of the CPAN Testers
project, supporting the Perl programming language. See
http://wiki.cpantesters.org/ for more information or email
questions to cpan-testers-discuss@perl.org
--
Dear Gisbert W. Selke,
This is a computer-generated report for Map-Tube-Plugin-FuzzyFind-v0.81.0
on perl 5.20.0, created by CPAN-Reporter-1.2019.
Thank you for uploading your work to CPAN. However, there was a problem
testing your distribution.
If you think this report is invalid, please consult the CPAN Testers Wiki
for suggestions on how to avoid getting FAIL reports for missing library
or binary dependencies, unsupported operating systems, and so on:
http://wiki.cpantesters.org/wiki/CPANAuthorNotes
Sections of this report:
* Tester comments
* Program output
* Prerequisites
* Environment and other context
------------------------------
TESTER COMMENTS
------------------------------
Additional comments from tester:
none provided
------------------------------
PROGRAM OUTPUT
------------------------------
Output from '/usr/bin/make test':
PERL_DL_NONLAZY=1 "/usr/perl5.20.0/bin/perl" "-MExtUtils::Command::MM" "-MTest::Harness" "-e" "undef *Test::Harness::Switches; test_harness(0, 'blib/lib', 'blib/arch')" t/*.t
# Testing Map::Tube::Plugin::FuzzyFind v0.81.0, Perl 5.020000, /usr/perl5.20.0/bin/perl
t/00-load.t ................. ok
t/01-exact.t ................ ok
t/02-start.t ................ ok
t/03-in.t ................... ok
t/04-re.t ................... ok
t/05-soundex.t .............. ok
*** Expect many messages saying 'Negative repeat count does nothing at ...' -- ignore these, please! ***
t/06-phonix.t ............... ok
Use of uninitialized value $rule_string in concatenation (.) or string at /usr/perl5.20.0/lib/site_perl/5.20.0/Text/Phonetic/DaitchMokotoff.pm line 201, <DATA> line 2102.
Use of uninitialized value $rule_string in concatenation (.) or string at /usr/perl5.20.0/lib/site_perl/5.20.0/Text/Phonetic/DaitchMokotoff.pm line 201, <DATA> line 2102.
Use of uninitialized value $rule_string in concatenation (.) or string at /usr/perl5.20.0/lib/site_perl/5.20.0/Text/Phonetic/DaitchMokotoff.pm line 201, <DATA> line 2102.
Use of uninitialized value $rule_string in concatenation (.) or string at /usr/perl5.20.0/lib/site_perl/5.20.0/Text/Phonetic/DaitchMokotoff.pm line 201, <DATA> line 2102.
Use of uninitialized value $rule_string in concatenation (.) or string at /usr/perl5.20.0/lib/site_perl/5.20.0/Text/Phonetic/DaitchMokotoff.pm line 201, <DATA> line 2102.
Use of uninitialized value $rule_string in concatenation (.) or string at /usr/perl5.20.0/lib/site_perl/5.20.0/Text/Phonetic/DaitchMokotoff.pm line 201, <DATA> line 2102.
Use of uninitialized value $rule_string in concatenation (.) or string at /usr/perl5.20.0/lib/site_perl/5.20.0/Text/Phonetic/DaitchMokotoff.pm line 201, <DATA> line 2102.
Use of uninitialized value $rule_string in concatenation (.) or string at /usr/perl5.20.0/lib/site_perl/5.20.0/Text/Phonetic/DaitchMokotoff.pm line 201, <DATA> line 2102.
Use of uninitialized value $rule_string in concatenation (.) or string at /usr/perl5.20.0/lib/site_perl/5.20.0/Text/Phonetic/DaitchMokotoff.pm line 201, <DATA> line 2102.
Use of uninitialized value $rule_string in concatenation (.) or string at /usr/perl5.20.0/lib/site_perl/5.20.0/Text/Phonetic/DaitchMokotoff.pm line 201, <DATA> line 2102.
Use of uninitialized value $rule_string in concatenation (.) or string at /usr/perl5.20.0/lib/site_perl/5.20.0/Text/Phonetic/DaitchMokotoff.pm line 201, <DATA> line 2102.
Use of uninitialized value $rule_string in concatenation (.) or string at /usr/perl5.20.0/lib/site_perl/5.20.0/Text/Phonetic/DaitchMokotoff.pm line 201, <DATA> line 2102.
Use of uninitialized value $rule_string in concatenation (.) or string at /usr/perl5.20.0/lib/site_perl/5.20.0/Text/Phonetic/DaitchMokotoff.pm line 201, <DATA> line 2102.
Use of uninitialized value $rule_string in concatenation (.) or string at /usr/perl5.20.0/lib/site_perl/5.20.0/Text/Phonetic/DaitchMokotoff.pm line 201, <DATA> line 2102.
Use of uninitialized value $rule_string in concatenation (.) or string at /usr/perl5.20.0/lib/site_perl/5.20.0/Text/Phonetic/DaitchMokotoff.pm line 201, <DATA> line 2102.
Use of uninitialized value $rule_string in concatenation (.) or string at /usr/perl5.20.0/lib/site_perl/5.20.0/Text/Phonetic/DaitchMokotoff.pm line 201, <DATA> line 2102.
Use of uninitialized value $rule_string in concatenation (.) or string at /usr/perl5.20.0/lib/site_perl/5.20.0/Text/Phonetic/DaitchMokotoff.pm line 201, <DATA> line 2102.
Use of uninitialized value $rule_string in concatenation (.) or string at /usr/perl5.20.0/lib/site_perl/5.20.0/Text/Phonetic/DaitchMokotoff.pm line 201, <DATA> line 2102.
Use of uninitialized value $rule_string in concatenation (.) or string at /usr/perl5.20.0/lib/site_perl/5.20.0/Text/Phonetic/DaitchMokotoff.pm line 201, <DATA> line 2102.
Use of uninitialized value $rule_string in concatenation (.) or string at /usr/perl5.20.0/lib/site_perl/5.20.0/Text/Phonetic/DaitchMokotoff.pm line 201, <DATA> line 2102.
Use of uninitialized value $rule_string in concatenation (.) or string at /usr/perl5.20.0/lib/site_perl/5.20.0/Text/Phonetic/DaitchMokotoff.pm line 201, <DATA> line 2102.
Use of uninitialized value $rule_string in concatenation (.) or string at /usr/perl5.20.0/lib/site_perl/5.20.0/Text/Phonetic/DaitchMokotoff.pm line 201, <DATA> line 2102.
Use of uninitialized value $rule_string in concatenation (.) or string at /usr/perl5.20.0/lib/site_perl/5.20.0/Text/Phonetic/DaitchMokotoff.pm line 201, <DATA> line 2102.
Use of uninitialized value $rule_string in concatenation (.) or string at /usr/perl5.20.0/lib/site_perl/5.20.0/Text/Phonetic/DaitchMokotoff.pm line 201, <DATA> line 2102.
Use of uninitialized value $rule_string in concatenation (.) or string at /usr/perl5.20.0/lib/site_perl/5.20.0/Text/Phonetic/DaitchMokotoff.pm line 201, <DATA> line 2102.
Use of uninitialized value $rule_string in concatenation (.) or string at /usr/perl5.20.0/lib/site_perl/5.20.0/Text/Phonetic/DaitchMokotoff.pm line 201, <DATA> line 2102.
Use of uninitialized value $rule_string in concatenation (.) or string at /usr/perl5.20.0/lib/site_perl/5.20.0/Text/Phonetic/DaitchMokotoff.pm line 201, <DATA> line 2102.
Use of uninitialized value $rule_string in concatenation (.) or string at /usr/perl5.20.0/lib/site_perl/5.20.0/Text/Phonetic/DaitchMokotoff.pm line 201, <DATA> line 2102.
Use of uninitialized value $rule_string in concatenation (.) or string at /usr/perl5.20.0/lib/site_perl/5.20.0/Text/Phonetic/DaitchMokotoff.pm line 201, <DATA> line 2102.
Use of uninitialized value $rule_string in concatenation (.) or string at /usr/perl5.20.0/lib/site_perl/5.20.0/Text/Phonetic/DaitchMokotoff.pm line 201, <DATA> line 2102.
Use of uninitialized value $rule_string in concatenation (.) or string at /usr/perl5.20.0/lib/site_perl/5.20.0/Text/Phonetic/DaitchMokotoff.pm line 201, <DATA> line 2102.
Use of uninitialized value $rule_string in concatenation (.) or string at /usr/perl5.20.0/lib/site_perl/5.20.0/Text/Phonetic/DaitchMokotoff.pm line 201, <DATA> line 2102.
Use of uninitialized value $rule_string in concatenation (.) or string at /usr/perl5.20.0/lib/site_perl/5.20.0/Text/Phonetic/DaitchMokotoff.pm line 201, <DATA> line 2102.
Use of uninitialized value $rule_string in concatenation (.) or string at /usr/perl5.20.0/lib/site_perl/5.20.0/Text/Phonetic/DaitchMokotoff.pm line 201, <DATA> line 2102.
Use of uninitialized value $rule_string in concatenation (.) or string at /usr/perl5.20.0/lib/site_perl/5.20.0/Text/Phonetic/DaitchMokotoff.pm line 201, <DATA> line 2102.
Use of uninitialized value $rule_string in concatenation (.) or string at /usr/perl5.20.0/lib/site_perl/5.20.0/Text/Phonetic/DaitchMokotoff.pm line 201, <DATA> line 2102.
Use of uninitialized value $rule_string in concatenation (.) or string at /usr/perl5.20.0/lib/site_perl/5.20.0/Text/Phonetic/DaitchMokotoff.pm line 201, <DATA> line 2102.
Use of uninitialized value $rule_string in concatenation (.) or string at /usr/perl5.20.0/lib/site_perl/5.20.0/Text/Phonetic/DaitchMokotoff.pm line 201, <DATA> line 2102.
Use of uninitialized value $rule_string in concatenation (.) or string at /usr/perl5.20.0/lib/site_perl/5.20.0/Text/Phonetic/DaitchMokotoff.pm line 201, <DATA> line 2102.
Use of uninitialized value $rule_string in concatenation (.) or string at /usr/perl5.20.0/lib/site_perl/5.20.0/Text/Phonetic/DaitchMokotoff.pm line 201, <DATA> line 2102.
Use of uninitialized value $rule_string in concatenation (.) or string at /usr/perl5.20.0/lib/site_perl/5.20.0/Text/Phonetic/DaitchMokotoff.pm line 201, <DATA> line 2102.
Use of uninitialized value $rule_string in concatenation (.) or string at /usr/perl5.20.0/lib/site_perl/5.20.0/Text/Phonetic/DaitchMokotoff.pm line 201, <DATA> line 2102.
Use of uninitialized value $rule_string in concatenation (.) or string at /usr/perl5.20.0/lib/site_perl/5.20.0/Text/Phonetic/DaitchMokotoff.pm line 201, <DATA> line 2102.
Use of uninitialized value $rule_string in concatenation (.) or string at /usr/perl5.20.0/lib/site_perl/5.20.0/Text/Phonetic/DaitchMokotoff.pm line 201, <DATA> line 2102.
Use of uninitialized value $rule_string in concatenation (.) or string at /usr/perl5.20.0/lib/site_perl/5.20.0/Text/Phonetic/DaitchMokotoff.pm line 201, <DATA> line 2102.
Use of uninitialized value $rule_string in concatenation (.) or string at /usr/perl5.20.0/lib/site_perl/5.20.0/Text/Phonetic/DaitchMokotoff.pm line 201, <DATA> line 2102.
Use of uninitialized value $rule_string in concatenation (.) or string at /usr/perl5.20.0/lib/site_perl/5.20.0/Text/Phonetic/DaitchMokotoff.pm line 201, <DATA> line 2102.
Use of uninitialized value $rule_string in concatenation (.) or string at /usr/perl5.20.0/lib/site_perl/5.20.0/Text/Phonetic/DaitchMokotoff.pm line 201, <DATA> line 2102.
Use of uninitialized value $rule_string in concatenation (.) or string at /usr/perl5.20.0/lib/site_perl/5.20.0/Text/Phonetic/DaitchMokotoff.pm line 201, <DATA> line 2102.
Use of uninitialized value $rule_string in concatenation (.) or string at /usr/perl5.20.0/lib/site_perl/5.20.0/Text/Phonetic/DaitchMokotoff.pm line 201, <DATA> line 2102.
Use of uninitialized value $rule_string in concatenation (.) or string at /usr/perl5.20.0/lib/site_perl/5.20.0/Text/Phonetic/DaitchMokotoff.pm line 201, <DATA> line 2102.
Use of uninitialized value $rule_string in concatenation (.) or string at /usr/perl5.20.0/lib/site_perl/5.20.0/Text/Phonetic/DaitchMokotoff.pm line 201, <DATA> line 2102.
Use of uninitialized value $rule_string in concatenation (.) or string at /usr/perl5.20.0/lib/site_perl/5.20.0/Text/Phonetic/DaitchMokotoff.pm line 201, <DATA> line 2102.
Use of uninitialized value $rule_string in concatenation (.) or string at /usr/perl5.20.0/lib/site_perl/5.20.0/Text/Phonetic/DaitchMokotoff.pm line 201, <DATA> line 2102.
t/07-daitch-motokoff.t ...... ok
t/08-koeln.t ................ ok
t/09-metaphone.t ............ ok
# Text::Metaphone required for this test -- skipping
# Looks like you planned 16 tests but ran 15.
t/10-doublemetaphone.t ......
Dubious, test returned 255 (wstat 65280, 0xff00)
Failed 1/16 subtests
(less 14 skipped subtests: 1 okay)
t/11-phonem.t ............... ok
t/12-levenshtein.t .......... ok
t/13-levenshtein-damerau.t .. ok
t/14-jaro-winkler.t ......... skipped: Text::JaroWinkler required for this test
t/15-ngrams.t ............... skipped: String::Trigram required for this test
t/49-args.t ................. ok
t/50-manifest.t ............. skipped: for authors only -- define $ENV{AUTHOR_TESTING}
t/51-meta-json.t ............ skipped: for authors only -- define $ENV{AUTHOR_TESTING}
t/52-meta-yml.t ............. skipped: for authors only -- define $ENV{AUTHOR_TESTING}
t/53-version.t .............. skipped: for authors only -- define $ENV{AUTHOR_TESTING}
t/54-signature.t ............ skipped: for authors only -- define $ENV{AUTHOR_TESTING}
t/60-pod.t .................. skipped: for authors only -- define $ENV{AUTHOR_TESTING}
t/61-pod-coverage.t ......... skipped: for authors only -- define $ENV{AUTHOR_TESTING}
t/62-changes.t .............. skipped: for authors only -- define $ENV{AUTHOR_TESTING}
Test Summary Report
-------------------
t/10-doublemetaphone.t (Wstat: 65280 (exited 255) Tests: 15 Failed: 0)
Non-zero exit status: 255
Parse errors: Bad plan. You planned 16 tests but ran 15.
Files=25, Tests=250, 14 wallclock secs ( 0.06 usr 0.06 sys + 12.38 cusr 0.57 csys = 13.07 CPU)
Result: FAIL
Failed 1/25 test programs. 0/250 subtests failed.
*** [test_dynamic] Error code 255
Stop in /usr/home/cpansand/.cpan/build/2024111402/Map-Tube-Plugin-FuzzyFind-v0.81.0-0.
------------------------------
PREREQUISITES
------------------------------
Prerequisite modules loaded:
requires:
Module Need Have
------------------- ----- --------
Map::Tube 3.77 3.77
Moo 0 2.005005
Moo::Role 0 2.005005
namespace::clean 0 0.27
perl 5.010 5.020000
Try::Tiny 0 0.32
build_requires:
Module Need Have
------------------- ----- --------
ExtUtils::MakeMaker 0 7.70
Map::Tube 3.77 3.77
Map::Tube::London 1.39 1.39
Test::More 0.82 1.302204
configure_requires:
Module Need Have
------------------- ----- --------
ExtUtils::MakeMaker 6.64 7.70
------------------------------
ENVIRONMENT AND OTHER CONTEXT
------------------------------
Environment variables:
LC_ALL = de_DE.ISO8859-1
PATH = /usr/local/bin:/usr/bin:/bin:/usr/local/sbin:/usr/sbin:/sbin:/home/cpansand/bin/freebsd9.3:/home/cpansand/bin/sh:/home/cpansand/bin:/usr/games:/home/cpansand/devel:/usr/home/eserte/src/srezic-misc/scripts
PERL5LIB =
PERL5OPT =
PERL5_CPANPLUS_IS_RUNNING = 62851
PERL5_CPAN_IS_RUNNING = 62851
PERL5_CPAN_IS_RUNNING_IN_RECURSION = 62688,62851
PERLDOC = -MPod::Perldoc::ToTextOverstrike
PERL_BATCH = yes
PERL_CANARY_STABILITY_NOPROMPT = 1
PERL_CPAN_REPORTER_CONFIG = /var/tmp/cpansmoker-1023/2024111402/cpanreporter_000_config.ini
PERL_EXTUTILS_AUTOINSTALL = --defaultdeps
PERL_USE_UNSAFE_INC = 1
SHELL = /usr/local/bin/zsh
TERM = screen
TMPDIR = /var/tmp/cpansmoker-1023/2024111402
Perl special variables (and OS-specific diagnostics, for MSWin32):
$^X = /usr/perl5.20.0/bin/perl
$UID/$EUID = 1023 / 1023
$GID = 1023 1023
$EGID = 1023 1023
Perl module toolchain versions installed:
Module Have
------------------- --------
CPAN 2.37
CPAN::Meta 2.150010
Cwd 3.75
ExtUtils::CBuilder 0.280236
ExtUtils::Command 7.70
ExtUtils::Install 2.22
ExtUtils::MakeMaker 7.70
ExtUtils::Manifest 1.75
ExtUtils::ParseXS 3.51
File::Spec 3.75
JSON 4.10
JSON::PP 4.16
Module::Build 0.4234
Module::Signature 0.89
Parse::CPAN::Meta 2.150010
Test2 1.302204
Test::Harness 3.50
Test::More 1.302204
YAML 1.30
YAML::Syck 1.34
version 0.9932
--
Summary of my perl5 (revision 5 version 20 subversion 0) configuration:
Platform:
osname=freebsd, osvers=9.2-release-p4, archname=amd64-freebsd
uname='freebsd cvrsnica-freebsd-92 9.2-release-p4 freebsd 9.2-release-p4 #0: tue apr 8 18:08:22 utc 2014 root@amd64-builder.daemonology.net:usrobjusrsrcsysgeneric amd64 '
config_args='-ds -e -Dprefix=/usr/perl5.20.0'
hint=recommended, useposix=true, d_sigaction=define
useithreads=undef, usemultiplicity=undef
use64bitint=define, use64bitall=define, uselongdouble=undef
usemymalloc=n, bincompat5005=undef
Compiler:
cc='cc', ccflags ='-DHAS_FPSETMASK -DHAS_FLOATINGPOINT_H -fno-strict-aliasing -pipe -fstack-protector -I/usr/local/include',
optimize='-O',
cppflags='-DHAS_FPSETMASK -DHAS_FLOATINGPOINT_H -fno-strict-aliasing -pipe -fstack-protector -I/usr/local/include'
ccversion='', gccversion='4.2.1 20070831 patched [FreeBSD]', gccosandvers=''
intsize=4, longsize=8, ptrsize=8, doublesize=8, byteorder=12345678
d_longlong=define, longlongsize=8, d_longdbl=define, longdblsize=16
ivtype='long', ivsize=8, nvtype='double', nvsize=8, Off_t='off_t', lseeksize=8
alignbytes=8, prototype=define
Linker and Libraries:
ld='cc', ldflags ='-Wl,-E -fstack-protector -L/usr/local/lib'
libpth=/usr/lib /usr/local/lib /usr/include/gcc/4.2 /usr/lib
libs=-lgdbm -lm -lcrypt -lutil -lc
perllibs=-lm -lcrypt -lutil -lc
libc=, so=so, useshrplib=false, libperl=libperl.a
gnulibc_version=''
Dynamic Linking:
dlsrc=dl_dlopen.xs, dlext=so, d_dlsymun=undef, ccdlflags=' '
cccdlflags='-DPIC -fPIC', lddlflags='-shared -L/usr/local/lib -fstack-protector'
Characteristics of this binary (from libperl):
Compile-time options: HAS_TIMES PERLIO_LAYERS PERL_DONT_CREATE_GVSV
PERL_HASH_FUNC_ONE_AT_A_TIME_HARD PERL_MALLOC_WRAP
PERL_NEW_COPY_ON_WRITE PERL_PRESERVE_IVUV
USE_64_BIT_ALL USE_64_BIT_INT USE_LARGE_FILES
USE_LOCALE USE_LOCALE_COLLATE USE_LOCALE_CTYPE
USE_LOCALE_NUMERIC USE_PERLIO USE_PERL_ATOF
Built under freebsd
Compiled at May 27 2014 13:55:26
%ENV:
PERL5LIB=""
PERL5OPT=""
PERL5_CPANPLUS_IS_RUNNING="62851"
PERL5_CPAN_IS_RUNNING="62851"
PERL5_CPAN_IS_RUNNING_IN_RECURSION="62688,62851"
PERLDOC="-MPod::Perldoc::ToTextOverstrike"
PERL_BATCH="yes"
PERL_CANARY_STABILITY_NOPROMPT="1"
PERL_CPAN_REPORTER_CONFIG="/var/tmp/cpansmoker-1023/2024111402/cpanreporter_000_config.ini"
PERL_EXTUTILS_AUTOINSTALL="--defaultdeps"
PERL_USE_UNSAFE_INC="1"
@INC:
/usr/perl5.20.0/lib/site_perl/5.20.0/amd64-freebsd
/usr/perl5.20.0/lib/site_perl/5.20.0
/usr/perl5.20.0/lib/5.20.0/amd64-freebsd
/usr/perl5.20.0/lib/5.20.0
.