Cache-Memcached-Fast v0.27 Perl 5 v5.30.3 x86_64-cygwin-threads-multi

Status
Fail
From
twata
Dist
Cache-Memcached-Fast v0.27
Platform
Perl 5 v5.30.3 x86_64-cygwin-threads-multi
Date
2021-05-23 01:40:12
ID
06b0b8ad-6d4f-1014-a9e0-5fa45aa7b97f
This distribution has been tested as part of the CPAN Testers
project, supporting the Perl programming language.  See
http://wiki.cpantesters.org/ for more information or email
questions to cpan-testers-discuss@perl.org


--
Dear James Raspass,

This is a computer-generated report for Cache-Memcached-Fast-0.27
on perl 5.30.3, created by CPAN-Reporter-1.2018.

Thank you for uploading your work to CPAN.  However, there was a problem
testing your distribution.

If you think this report is invalid, please consult the CPAN Testers Wiki
for suggestions on how to avoid getting FAIL reports for missing library
or binary dependencies, unsupported operating systems, and so on:

http://wiki.cpantesters.org/wiki/CPANAuthorNotes

Sections of this report:

    * Tester comments
    * Program output
    * Prerequisites
    * Environment and other context

------------------------------
TESTER COMMENTS
------------------------------

Additional comments from tester:

none provided

------------------------------
PROGRAM OUTPUT
------------------------------

Output from '/usr/bin/make test':

"/usr/bin/perl.exe" -MExtUtils::Command::MM -e 'cp_nonempty' -- Fast.bs blib/arch/auto/Cache/Memcached/Fast/Fast.bs 644
make[1]: Entering directory '/home/USER/.cpan/build/Cache-Memcached-Fast-0.27-0/src'
make[1]: Nothing to be done for 'all'.
make[1]: Leaving directory '/home/USER/.cpan/build/Cache-Memcached-Fast-0.27-0/src'
make[1]: Entering directory '/home/USER/.cpan/build/Cache-Memcached-Fast-0.27-0/src'
No tests defined for Cache::Memcached::Fast::libclient extension.
make[1]: Leaving directory '/home/USER/.cpan/build/Cache-Memcached-Fast-0.27-0/src'
PERL_DL_NONLAZY=1 "/usr/bin/perl.exe" "-MExtUtils::Command::MM" "-MTest::Harness" "-e" "undef *Test::Harness::Switches; test_harness(0, 'blib/lib', 'blib/arch')" t/*.t
# Testing Cache::Memcached::Fast 0.27, Perl 5.030003, /usr/bin/perl
t/00-load.t ......... ok
# Connected to 2 memcached servers, lowest version 1.6.7
t/01-connect.t ...... ok
t/02-isa.t .......... ok
t/big_value.t ....... ok

#   Failed test 'Number of entries in result'
#   at t/commands.t line 193.
#          got: '58'
#     expected: '100'
Can't use an undefined value as an ARRAY reference at t/commands.t line 197.
# Looks like your test exited with 104 just after 82.
t/commands.t ........ 
Dubious, test returned 104 (wstat 26624, 0x6800)
Failed 45/126 subtests 
t/errors.t .......... ok
t/hash_namespace.t .. ok
t/key_ref.t ......... ok
t/magic.t ........... ok
t/malformed.t ....... ok
t/namespace.t ....... ok
t/noreply.t ......... ok
t/nowait.t .......... ok
t/serialize.t ....... ok
t/threads.t ......... ok
t/utf8-downgrade.t .. ok
t/utf8.t ............ ok

Test Summary Report
-------------------
t/commands.t      (Wstat: 26624 Tests: 82 Failed: 1)
  Failed test:  82
  Non-zero exit status: 104
  Parse errors: Bad plan.  You planned 126 tests but ran 82.
Files=17, Tests=189, 45 wallclock secs ( 0.12 usr  0.30 sys +  3.56 cusr 11.52 csys = 15.49 CPU)
Result: FAIL
Failed 1/17 test programs. 1/189 subtests failed.
make: *** [Makefile:1042: test_dynamic] Error 255

------------------------------
PREREQUISITES
------------------------------

Prerequisite modules loaded:

requires:

    Module              Need Have    
    ------------------- ---- --------
    Test::More          0    1.302183

build_requires:

    Module              Need Have    
    ------------------- ---- --------
    ExtUtils::MakeMaker 0    7.58    


------------------------------
ENVIRONMENT AND OTHER CONTEXT
------------------------------

Environment variables:

    COMSPEC = C:\WINDOWS\system32\cmd.exe
    LANG = en_US.UTF-8
    LC_CTYPE = ja_JP.UTF-8@cjknarrow
    NONINTERACTIVE_TESTING = 1
    NUMBER_OF_PROCESSORS = 4
    PATH = /usr/local/bin:/usr/bin:/cygdrive/c/WINDOWS/system32:/cygdrive/c/WINDOWS:/cygdrive/c/WINDOWS/System32/Wbem:/cygdrive/c/WINDOWS/System32/WindowsPowerShell/v1.0
    PERL5LIB = /home/USER/perl5/lib/perl5
    PERL5OPT = 
    PERL5_CPANPLUS_IS_RUNNING = 509
    PERL5_CPAN_IS_RUNNING = 509
    PERL_LOCAL_LIB_ROOT = /home/USER/perl5
    PERL_MB_OPT = --install_base "/home/USER/perl5"
    PERL_MM_OPT = INSTALL_BASE=/home/USER/perl5
    PERL_MM_USE_DEFAULT = 1
    PERL_USE_UNSAFE_INC = 1
    PROCESSOR_IDENTIFIER = Intel64 Family 6 Model 58 Stepping 9, GenuineIntel
    SHELL = /bin/bash
    TEMP = /tmp
    TERM = xterm

Perl special variables (and OS-specific diagnostics, for MSWin32):

    $^X = /usr/bin/perl
    $UID/$EUID = 197609 / 197609
    $GID = 197121 197121 197610 545 4 66049 11 15 113 4095 66048 262154 401408
    $EGID = 197121 197121 197610 545 4 66049 11 15 113 4095 66048 262154 401408

Perl module toolchain versions installed:

    Module              Have    
    ------------------- --------
    CPAN                2.28    
    CPAN::Meta          2.150010
    Cwd                 3.78    
    ExtUtils::CBuilder  0.280236
    ExtUtils::Command   7.58    
    ExtUtils::Install   2.14    
    ExtUtils::MakeMaker 7.58    
    ExtUtils::Manifest  1.72    
    ExtUtils::ParseXS   3.40    
    File::Spec          3.78    
    JSON                4.03    
    JSON::PP            4.06    
    Module::Build       0.4231  
    Module::Signature   0.87    
    Parse::CPAN::Meta   2.150010
    Test::Harness       3.42    
    Test::More          1.302183
    YAML                1.30    
    YAML::Syck          n/a     
    version             0.9924  


--

Summary of my perl5 (revision 5 version 30 subversion 3) configuration:
   
  Platform:
    osname=cygwin
    osvers=3.1.5(0.34053)
    archname=x86_64-cygwin-threads-multi
    uname='cygwin_nt-10.0 cygwinpro 3.1.5(0.34053) 2020-06-01 08:59 x86_64 cygwin '
    config_args='-des -Dprefix=/usr -Dmksymlinks -Darchname=x86_64-cygwin-threads -Dlibperl=cygperl5_30.dll -Dcc=gcc -Dld=g++ -Accflags=-ggdb -O2 -pipe -Wall -Werror=format-security -D_FORTIFY_SOURCE=2 -fstack-protector-strong --param=ssp-buffer-size=4 -fdebug-prefix-map=/mnt/share/cygpkgs/perl/perl.x86_64/build=/usr/src/debug/perl-5.30.3-1 -fdebug-prefix-map=/mnt/share/cygpkgs/perl/perl.x86_64/src/perl-5.30.3=/usr/src/debug/perl-5.30.3-1 -fwrapv'
    hint=recommended
    useposix=true
    d_sigaction=define
    useithreads=define
    usemultiplicity=define
    use64bitint=define
    use64bitall=define
    uselongdouble=undef
    usemymalloc=n
    default_inc_excludes_dot=define
    bincompat5005=undef
  Compiler:
    cc='gcc'
    ccflags ='-DPERL_USE_SAFE_PUTENV -U__STRICT_ANSI__ -D_GNU_SOURCE -ggdb -O2 -pipe -Wall -Werror=format-security -D_FORTIFY_SOURCE=2 -fstack-protector-strong --param=ssp-buffer-size=4 -fdebug-prefix-map=/mnt/share/cygpkgs/perl/perl.x86_64/build=/usr/src/debug/perl-5.30.3-1 -fdebug-prefix-map=/mnt/share/cygpkgs/perl/perl.x86_64/src/perl-5.30.3=/usr/src/debug/perl-5.30.3-1 -fwrapv -fno-strict-aliasing'
    optimize='-O3'
    cppflags='-DPERL_USE_SAFE_PUTENV -U__STRICT_ANSI__ -D_GNU_SOURCE -ggdb -O2 -pipe -Wall -Werror=format-security -D_FORTIFY_SOURCE=2 -fstack-protector-strong --param=ssp-buffer-size=4 -fdebug-prefix-map=/mnt/share/cygpkgs/perl/perl.x86_64/build=/usr/src/debug/perl-5.30.3-1 -fdebug-prefix-map=/mnt/share/cygpkgs/perl/perl.x86_64/src/perl-5.30.3=/usr/src/debug/perl-5.30.3-1 -fwrapv -fno-strict-aliasing'
    ccversion=''
    gccversion='9.3.0'
    gccosandvers=''
    intsize=4
    longsize=8
    ptrsize=8
    doublesize=8
    byteorder=12345678
    doublekind=3
    d_longlong=define
    longlongsize=8
    d_longdbl=define
    longdblsize=16
    longdblkind=3
    ivtype='long'
    ivsize=8
    nvtype='double'
    nvsize=8
    Off_t='off_t'
    lseeksize=8
    alignbytes=8
    prototype=define
  Linker and Libraries:
    ld='g++'
    ldflags =' -Wl,--enable-auto-import -Wl,--export-all-symbols -Wl,--enable-auto-image-base -fstack-protector-strong'
    libpth=/usr/lib
    libs=-lpthread -lnsl -lgdbm -ldb -ldl -lcrypt -lgdbm_compat
    perllibs=-lpthread -lnsl -ldl -lcrypt
    libc=/usr/lib/libcygwin.a
    so=dll
    useshrplib=true
    libperl=cygperl5_30.dll
    gnulibc_version=''
  Dynamic Linking:
    dlsrc=dl_dlopen.xs
    dlext=dll
    d_dlsymun=undef
    ccdlflags=' '
    cccdlflags=' '
    lddlflags=' --shared  -Wl,--enable-auto-import -Wl,--export-all-symbols -Wl,--enable-auto-image-base -fstack-protector-strong'


Characteristics of this binary (from libperl): 
  Compile-time options:
    HAS_TIMES
    MULTIPLICITY
    PERLIO_LAYERS
    PERL_COPY_ON_WRITE
    PERL_DONT_CREATE_GVSV
    PERL_IMPLICIT_CONTEXT
    PERL_OP_PARENT
    PERL_PRESERVE_IVUV
    PERL_USE_SAFE_PUTENV
    USE_64_BIT_ALL
    USE_64_BIT_INT
    USE_ITHREADS
    USE_LARGE_FILES
    USE_LOCALE
    USE_LOCALE_COLLATE
    USE_LOCALE_CTYPE
    USE_LOCALE_NUMERIC
    USE_LOCALE_TIME
    USE_PERLIO
    USE_PERL_ATOF
    USE_REENTRANT_API
    USE_THREAD_SAFE_LOCALE
  Locally applied patches:
    Cygwin: README
    Cygwin: use auto-image-base instead of fixed DLL base address
    Cygwin: modify hints
    Cygwin: Configure correct libsearch
    Cygwin: Configure correct libpth
    Cygwin: Win32 correct UTF8 handling
    Perl:   InvLists moved back to interpreter level
  Built under cygwin
  Compiled at Jun  7 2020 10:01:50
  %ENV:
    PERL5LIB="/home/USER/perl5/lib/perl5"
    PERL5OPT=""
    PERL5_CPANPLUS_IS_RUNNING="509"
    PERL5_CPAN_IS_RUNNING="509"
    PERL_LOCAL_LIB_ROOT="/home/USER/perl5"
    PERL_MB_OPT="--install_base "/home/USER/perl5""
    PERL_MM_OPT="INSTALL_BASE=/home/USER/perl5"
    PERL_MM_USE_DEFAULT="1"
    PERL_USE_UNSAFE_INC="1"
  @INC:
    /home/USER/perl5/lib/perl5/5.30.3/x86_64-cygwin-threads-multi
    /home/USER/perl5/lib/perl5/5.30.3
    /home/USER/perl5/lib/perl5/x86_64-cygwin-threads-multi
    /home/USER/perl5/lib/perl5
    /usr/local/lib/perl5/site_perl/5.30/x86_64-cygwin-threads
    /usr/local/share/perl5/site_perl/5.30
    /usr/lib/perl5/vendor_perl/5.30/x86_64-cygwin-threads
    /usr/share/perl5/vendor_perl/5.30
    /usr/lib/perl5/5.30/x86_64-cygwin-threads
    /usr/share/perl5/5.30
    .