PerlPowerTools v1.049 Perl 5 v5.20.1 amd64-freebsd-ld
- Status
- Fail
- From
- Slaven Rezić
- Dist
-
PerlPowerTools v1.049
- Platform
- Perl 5 v5.20.1 amd64-freebsd-ld
- Date
- 2025-02-08 09:21:06
- ID
- 06936738-e5fe-11ef-86d1-b6d76d8775ea
This distribution has been tested as part of the CPAN Testers
project, supporting the Perl programming language. See
http://wiki.cpantesters.org/ for more information or email
questions to cpan-testers-discuss@perl.org
--
Dear brian d foy,
This is a computer-generated report for PerlPowerTools-1.049
on perl 5.20.1, created by CPAN-Reporter-1.2018.
Thank you for uploading your work to CPAN. However, there was a problem
testing your distribution.
If you think this report is invalid, please consult the CPAN Testers Wiki
for suggestions on how to avoid getting FAIL reports for missing library
or binary dependencies, unsupported operating systems, and so on:
http://wiki.cpantesters.org/wiki/CPANAuthorNotes
Sections of this report:
* Tester comments
* Program output
* Prerequisites
* Environment and other context
------------------------------
TESTER COMMENTS
------------------------------
Additional comments from tester:
none provided
------------------------------
PROGRAM OUTPUT
------------------------------
Output from '/usr/bin/make test':
PERL_DL_NONLAZY=1 "/usr/perl5.20.1Dp/bin/perl" "-MExtUtils::Command::MM" "-MTest::Harness" "-e" "undef *Test::Harness::Switches; test_harness(0, 'blib/lib', 'blib/arch')" t/*.t t/*/*.t
# Found bin/mimedecode specific override file
# Found bin/robots specific override file
t/000.basic.t ................ ok
t/910.meta.t ................. ok
t/990.pod.t .................. ok
# Perl sqrt(2) is <1.41421356237309505>
"/var/tmp/cpansmoker-1023/2025020711/Gb9LrzpU1F", line 2: divide by 0 at bin/bc line 2322, <$input> line 2.
"/var/tmp/cpansmoker-1023/2025020711/ygdQXNaWWC", line 2: Illegal modulus zero at bin/bc line 2324, <$input> line 2.
"/var/tmp/cpansmoker-1023/2025020711/bHgCHw6Ft1", line 2: modulo by 0 at bin/bc line 2324, <$input> line 2.
# Failed test 'binary assignment (exponentiation - negative power)'
# at t/bc/input.t line 274.
# got: '0.200000000000000011
# '
# expected: '0.2
# '
# Looks like you failed 1 test of 53.
# Failed test 'operators'
# at t/bc/input.t line 287.
# Looks like you failed 1 test of 6.
t/bc/input.t .................
Dubious, test returned 1 (wstat 256, 0x100)
Failed 1/6 subtests
t/cat/cat.t .................. ok
t/cp/gh-115-copy-into-dir.t .. ok
t/cut/cut.t .................. ok
t/date/date.t ................ ok
t/echo/echo.t ................ ok
t/factor/factor.t ............ ok
t/false/false.t .............. ok
# find2perl is at </usr/perl5.20.1Dp/bin/find2perl>
t/find/find.t ................ ok
t/mimedecode/000.basic.t ..... ok
t/nl/nl.t .................... ok
t/od/od.t .................... ok
t/rev/rev.t .................. ok
t/rm/process_options.t ....... ok
# Missing file error text is <Datei oder Verzeichnis nicht gefunden>
Filehandle STDIN reopened as $error_fh only for output at t/rm/run.t line 168.
t/rm/run.t ................... ok
t/robots/000.basic.t ......... ok
t/rot13/rot13.t .............. ok
t/seq/seq.t .................. ok
t/sort/sort.t ................ ok
t/true/true.t ................ ok
t/units/units.t .............. ok
t/uudecode/uudecode.t ........ ok
Test Summary Report
-------------------
t/bc/input.t (Wstat: 256 Tests: 6 Failed: 1)
Failed test: 2
Non-zero exit status: 1
Files=25, Tests=358, 12 wallclock secs ( 0.20 usr 0.11 sys + 8.05 cusr 3.81 csys = 12.17 CPU)
Result: FAIL
Failed 1/25 test programs. 1/358 subtests failed.
*** Error code 255
Stop.
make: stopped in /home/cpansand/.cpan/build/2025020711/PerlPowerTools-1.049-25QciR
------------------------------
PREREQUISITES
------------------------------
Prerequisite modules loaded:
requires:
Module Need Have
--------------------- ----- --------
App::a2p 0 1.013
App::find2perl 0 1.005
MIME::Parser 0 5.505
perl 5.008 5.020001
build_requires:
Module Need Have
--------------------- ----- --------
IPC::Run3 0 0.048
Test::More 1 1.302183
Test::Pod 0 1.48
Test::Warnings 0 0.020
configure_requires:
Module Need Have
--------------------- ----- --------
ExtUtils::MakeMaker 6.64 7.58
File::Spec::Functions 0 3.48
------------------------------
ENVIRONMENT AND OTHER CONTEXT
------------------------------
Environment variables:
LC_ALL = de_DE.ISO8859-1
PATH = /usr/local/bin:/usr/bin:/bin:/usr/local/sbin:/usr/sbin:/sbin:/home/cpansand/bin/freebsd10.3:/home/cpansand/bin/sh:/home/cpansand/bin:/usr/games:/home/cpansand/devel:/home/eserte/src/srezic-misc/scripts
PERL5LIB = /home/cpansand/.cpan/build/2025020711/App-find2perl-1.005-_GqN9u/blib/arch:/home/cpansand/.cpan/build/2025020711/App-find2perl-1.005-_GqN9u/blib/lib:/home/cpansand/.cpan/build/2025020711/App-a2p-1.013-uiuux3/blib/arch:/home/cpansand/.cpan/build/2025020711/App-a2p-1.013-uiuux3/blib/lib
PERL5OPT =
PERL5_CPANPLUS_IS_RUNNING = 82902
PERL5_CPAN_IS_RUNNING = 82902
PERL5_CPAN_IS_RUNNING_IN_RECURSION = 82693,82902
PERLDOC = -MPod::Perldoc::ToTextOverstrike
PERL_BATCH = yes
PERL_CANARY_STABILITY_NOPROMPT = 1
PERL_CPAN_REPORTER_CONFIG = /var/tmp/cpansmoker-1023/2025020711/cpanreporter_000_config.ini
PERL_EXTUTILS_AUTOINSTALL = --defaultdeps
SHELL = /usr/local/bin/zsh
TERM = screen
TMPDIR = /var/tmp/cpansmoker-1023/2025020711
Perl special variables (and OS-specific diagnostics, for MSWin32):
$^X = /usr/perl5.20.1Dp/bin/perl
$UID/$EUID = 1023 / 1023
$GID = 1023 1023
$EGID = 1023 1023
Perl module toolchain versions installed:
Module Have
------------------- --------
CPAN 2.05
CPAN::Meta 2.143240
Cwd 3.48
ExtUtils::CBuilder 0.280217
ExtUtils::Command 7.58
ExtUtils::Install 2.06
ExtUtils::MakeMaker 7.58
ExtUtils::Manifest 1.70
ExtUtils::ParseXS 3.35
File::Spec 3.48
JSON 2.90
JSON::PP 4.16
Module::Build 0.4211
Module::Signature n/a
Parse::CPAN::Meta 1.4422
Test::Harness 3.30
Test::More 1.302183
YAML 1.14
YAML::Syck 1.29
version 0.9909
--
Summary of my perl5 (revision 5 version 20 subversion 1) configuration:
Platform:
osname=freebsd, osvers=10.1-release, archname=amd64-freebsd-ld
uname='freebsd cvrsnica-freebsd-101.herceg.de 10.1-release freebsd 10.1-release #0 r274401: tue nov 11 21:02:49 utc 2014 root@releng1.nyi.freebsd.org:usrobjusrsrcsysgeneric amd64 '
config_args='-ds -e -Dprefix=/usr/perl5.20.1Dp -Duselongdouble'
hint=recommended, useposix=true, d_sigaction=define
useithreads=undef, usemultiplicity=undef
use64bitint=define, use64bitall=define, uselongdouble=define
usemymalloc=n, bincompat5005=undef
Compiler:
cc='cc', ccflags ='-DHAS_FPSETMASK -DHAS_FLOATINGPOINT_H -fno-strict-aliasing -pipe -fstack-protector -I/usr/local/include',
optimize='-O',
cppflags='-DHAS_FPSETMASK -DHAS_FLOATINGPOINT_H -fno-strict-aliasing -pipe -fstack-protector -I/usr/local/include'
ccversion='', gccversion='4.2.1 Compatible FreeBSD Clang 3.4.1 (tags/RELEASE_34/dot1-final 208032)', gccosandvers=''
intsize=4, longsize=8, ptrsize=8, doublesize=8, byteorder=12345678
d_longlong=define, longlongsize=8, d_longdbl=define, longdblsize=16
ivtype='long', ivsize=8, nvtype='long double', nvsize=16, Off_t='off_t', lseeksize=8
alignbytes=16, prototype=define
Linker and Libraries:
ld='cc', ldflags ='-pthread -Wl,-E -fstack-protector -L/usr/local/lib'
libpth=/usr/lib /usr/local/lib /usr/include/clang/3.4.1 /usr/lib
libs=-lgdbm -lm -lcrypt -lutil -lc
perllibs=-lm -lcrypt -lutil -lc
libc=, so=so, useshrplib=false, libperl=libperl.a
gnulibc_version=''
Dynamic Linking:
dlsrc=dl_dlopen.xs, dlext=so, d_dlsymun=undef, ccdlflags=' '
cccdlflags='-DPIC -fPIC', lddlflags='-shared -L/usr/local/lib -fstack-protector'
Characteristics of this binary (from libperl):
Compile-time options: HAS_TIMES PERLIO_LAYERS PERL_DONT_CREATE_GVSV
PERL_HASH_FUNC_ONE_AT_A_TIME_HARD PERL_MALLOC_WRAP
PERL_NEW_COPY_ON_WRITE PERL_PRESERVE_IVUV
USE_64_BIT_ALL USE_64_BIT_INT USE_LARGE_FILES
USE_LOCALE USE_LOCALE_COLLATE USE_LOCALE_CTYPE
USE_LOCALE_NUMERIC USE_LONG_DOUBLE USE_PERLIO
USE_PERL_ATOF
Built under freebsd
Compiled at Feb 13 2015 08:17:27
%ENV:
PERL5LIB="/home/cpansand/.cpan/build/2025020711/App-find2perl-1.005-_GqN9u/blib/arch:/home/cpansand/.cpan/build/2025020711/App-find2perl-1.005-_GqN9u/blib/lib:/home/cpansand/.cpan/build/2025020711/App-a2p-1.013-uiuux3/blib/arch:/home/cpansand/.cpan/build/2025020711/App-a2p-1.013-uiuux3/blib/lib"
PERL5OPT=""
PERL5_CPANPLUS_IS_RUNNING="82902"
PERL5_CPAN_IS_RUNNING="82902"
PERL5_CPAN_IS_RUNNING_IN_RECURSION="82693,82902"
PERLDOC="-MPod::Perldoc::ToTextOverstrike"
PERL_BATCH="yes"
PERL_CANARY_STABILITY_NOPROMPT="1"
PERL_CPAN_REPORTER_CONFIG="/var/tmp/cpansmoker-1023/2025020711/cpanreporter_000_config.ini"
PERL_EXTUTILS_AUTOINSTALL="--defaultdeps"
@INC:
/home/cpansand/.cpan/build/2025020711/App-find2perl-1.005-_GqN9u/blib/arch
/home/cpansand/.cpan/build/2025020711/App-find2perl-1.005-_GqN9u/blib/lib
/home/cpansand/.cpan/build/2025020711/App-a2p-1.013-uiuux3/blib/arch
/home/cpansand/.cpan/build/2025020711/App-a2p-1.013-uiuux3/blib/lib
/usr/perl5.20.1Dp/lib/site_perl/5.20.1/amd64-freebsd-ld
/usr/perl5.20.1Dp/lib/site_perl/5.20.1
/usr/perl5.20.1Dp/lib/5.20.1/amd64-freebsd-ld
/usr/perl5.20.1Dp/lib/5.20.1
.