Report for TaskForest-1.37

Back
From: metabase:user:9820532a-708b-1014-9a05-b18a96298da1
Subject: FAIL TaskForest-1.37 v5.15.3 GNU/Linux
Date: 2011-10-04T23:10:18Z

This distribution has been tested as part of the CPAN Testers
project, supporting the Perl programming language.  See
http://wiki.cpantesters.org/ for more information or email
questions to cpan-testers-discuss@perl.org


--
Dear Aijaz Ansari,

This is a computer-generated report for TaskForest-1.37
on perl 5.15.3, created by CPAN-Reporter-1.2002.

Thank you for uploading your work to CPAN.  However, there was a problem
testing your distribution.

If you think this report is invalid, please consult the CPAN Testers Wiki
for suggestions on how to avoid getting FAIL reports for missing library
or binary dependencies, unsupported operating systems, and so on:

http://wiki.cpantesters.org/wiki/CPANAuthorNotes

Sections of this report:

    * Tester comments
    * Program output
    * Prerequisites
    * Environment and other context

------------------------------
TESTER COMMENTS
------------------------------

Additional comments from tester:

this report is from an automated smoke testing program
and was not reviewed by a human for accuracy

------------------------------
PROGRAM OUTPUT
------------------------------

Output from '/usr/bin/make test':

PERL_DL_NONLAZY=1 /home/bri/perl5/perlbrew/perls/perl-5.15.3-ld/bin/perl5.15.3 "-MExtUtils::Command::MM" "-e" "test_harness(0, 'blib/lib', 'blib/arch')" t/*.t
t/000_Bailout.t ........................ ok
t/001_DateTime.t ....................... ok
t/002_TimeDependency.t ................. ok
t/003_Options.t ........................ ok
t/004_LogDir.t ......................... ok
t/005_Job.t ............................ ok

Ignore this line: Hello, world!
Can't locate object method "TIESCALAR" via package "TaskForest::StringHandleTier" at /home/bri/.cpan/build/TaskForest-1.37-c7M9lq/blib/lib/TaskForest/StringHandle.pm line 50.
# Looks like you planned 16 tests but ran 8.
# Looks like your test exited with 255 just after 8.
t/0065_StringHandle.t .................. 
Dubious, test returned 255 (wstat 65280, 0xff00)
Failed 8/16 subtests 
Use of qw(...) as parentheses is deprecated at t/006_Family.t line 51.
t/006_Family.t ......................... ok
t/007_TaskForest.t ..................... ok
Use of qw(...) as parentheses is deprecated at t/008_Repeat.t line 40.
t/008_Repeat.t ......................... ok
Can't locate object method "TIESCALAR" via package "TaskForest::StringHandleTier" at /home/bri/.cpan/build/TaskForest-1.37-c7M9lq/blib/lib/TaskForest/StringHandle.pm line 50.
# Looks like you planned 25 tests but ran 8.
# Looks like your test exited with 255 just after 8.
t/009_Display.t ........................ 
Dubious, test returned 255 (wstat 65280, 0xff00)
Failed 17/25 subtests 
Can't locate object method "TIESCALAR" via package "TaskForest::StringHandleTier" at /home/bri/.cpan/build/TaskForest-1.37-c7M9lq/blib/lib/TaskForest/StringHandle.pm line 50.
# Looks like you planned 6 tests but ran 4.
# Looks like your test exited with 9 just after 4.
t/010_LongRunningJobs.t ................ 
Dubious, test returned 9 (wstat 2304, 0x900)
Failed 2/6 subtests 
Use of qw(...) as parentheses is deprecated at t/011_NotEnoughTime.t line 40.
t/011_NotEnoughTime.t .................. ok
Can't locate object method "TIESCALAR" via package "TaskForest::StringHandleTier" at /home/bri/.cpan/build/TaskForest-1.37-c7M9lq/blib/lib/TaskForest/StringHandle.pm line 50.
# Looks like you planned 10 tests but ran 8.
# Looks like your test exited with 255 just after 8.
t/012_Collapse.t ....................... 
Dubious, test returned 255 (wstat 65280, 0xff00)
Failed 2/10 subtests 
Can't locate object method "TIESCALAR" via package "TaskForest::StringHandleTier" at /home/bri/.cpan/build/TaskForest-1.37-c7M9lq/blib/lib/TaskForest/StringHandle.pm line 50.
# Looks like you planned 17 tests but ran 9.
# Looks like your test exited with 255 just after 9.
t/013_Rerun.t .......................... 
Dubious, test returned 255 (wstat 65280, 0xff00)
Failed 8/17 subtests 
Can't locate object method "TIESCALAR" via package "TaskForest::StringHandleTier" at /home/bri/.cpan/build/TaskForest-1.37-c7M9lq/blib/lib/TaskForest/StringHandle.pm line 50.
# Looks like you planned 21 tests but ran 9.
# Looks like your test exited with 255 just after 9.
t/014_Mark.t ........................... 
Dubious, test returned 255 (wstat 65280, 0xff00)
Failed 12/21 subtests 
Odd number of elements in hash assignment at /home/bri/.cpan/build/TaskForest-1.37-c7M9lq/blib/lib/TaskForest/Family.pm line 1188.
Use of uninitialized value in list assignment at /home/bri/.cpan/build/TaskForest-1.37-c7M9lq/blib/lib/TaskForest/Family.pm line 1188.
t/015_Syntax.t ......................... ok
t/016_Cascade.t ........................ ok
t/017_IgnoreRegex.t .................... ok
# 
# **********************************************************************
# 
# No web server was found at port 1111.  Skipping the rest of
# these tests.  If you want, you can start the web server and
# rerun 'make test'.
# 
# To start the web server enter:
# 
# perl -T -I lib ./blib/script/taskforestd --config_file=./taskforestd.test.cfg
# 
# For more help, see http://www.taskforest.com
# 
# **********************************************************************
# 
t/018TaskForestDaemon.t ................ ok
Can't locate object method "TIESCALAR" via package "TaskForest::StringHandleTier" at /home/bri/.cpan/build/TaskForest-1.37-c7M9lq/blib/lib/TaskForest/StringHandle.pm line 50.
# Looks like you planned 17 tests but ran 8.
# Looks like your test exited with 255 just after 8.
t/019_FamilyRemoval.t .................. 
Dubious, test returned 255 (wstat 65280, 0xff00)
Failed 9/17 subtests 
t/020_Run_With_Log.t ................... ok
Can't locate object method "TIESCALAR" via package "TaskForest::StringHandleTier" at /home/bri/.cpan/build/TaskForest-1.37-c7M9lq/blib/lib/TaskForest/StringHandle.pm line 50.
# Looks like you planned 51 tests but ran 9.
# Looks like your test exited with 255 just after 9.
t/021_Release.t ........................ 
Dubious, test returned 255 (wstat 65280, 0xff00)
Failed 42/51 subtests 
t/022_Debug.t .......................... ok
t/023_Tokens.t ......................... ok
Can't locate object method "TIESCALAR" via package "TaskForest::StringHandleTier" at /home/bri/.cpan/build/TaskForest-1.37-c7M9lq/blib/lib/TaskForest/StringHandle.pm line 50.
# Looks like you planned 17 tests but ran 9.
# Looks like your test exited with 255 just after 9.
t/024_Midnight.t ....................... 
Dubious, test returned 255 (wstat 65280, 0xff00)
Failed 8/17 subtests 
Can't locate object method "TIESCALAR" via package "TaskForest::StringHandleTier" at /home/bri/.cpan/build/TaskForest-1.37-c7M9lq/blib/lib/TaskForest/StringHandle.pm line 50.
# Looks like you planned 19 tests but ran 9.
# Looks like your test exited with 255 just after 9.
t/025_Midnight_Ready.t ................. 
Dubious, test returned 255 (wstat 65280, 0xff00)
Failed 10/19 subtests 
Can't locate object method "TIESCALAR" via package "TaskForest::StringHandleTier" at /home/bri/.cpan/build/TaskForest-1.37-c7M9lq/blib/lib/TaskForest/StringHandle.pm line 50.
# Looks like you planned 16 tests but ran 9.
# Looks like your test exited with 255 just after 9.
t/026_Tomorrows_Logs.t ................. 
Dubious, test returned 255 (wstat 65280, 0xff00)
Failed 7/16 subtests 
t/027_MultiTokens.t .................... ok
t/028_TokenDemo.t ...................... ok
t/029_FindDaysOfWeek.t ................. ok
t/030_Calendar.t ....................... ok
t/031_Calendar_Simple.t ................ ok
t/032_Calendar_Weekdays.t .............. ok
t/033_DST.t ............................ ok
t/034_External.t ....................... ok
t/035_ExternalSameName.t ............... ok
Can't locate object method "TIESCALAR" via package "TaskForest::StringHandleTier" at /home/bri/.cpan/build/TaskForest-1.37-c7M9lq/blib/lib/TaskForest/StringHandle.pm line 50.
# Looks like you planned 10 tests but ran 5.
# Looks like your test exited with 255 just after 5.
t/036_ExternalMultiple.t ............... 
Dubious, test returned 255 (wstat 65280, 0xff00)
Failed 5/10 subtests 
Can't locate object method "TIESCALAR" via package "TaskForest::StringHandleTier" at /home/bri/.cpan/build/TaskForest-1.37-c7M9lq/blib/lib/TaskForest/StringHandle.pm line 50.
# Looks like you planned 58 tests but ran 5.
# Looks like your test exited with 255 just after 5.
t/037_ExternalDeep.t ................... 
Dubious, test returned 255 (wstat 65280, 0xff00)
Failed 53/58 subtests 
Can't locate object method "TIESCALAR" via package "TaskForest::StringHandleTier" at /home/bri/.cpan/build/TaskForest-1.37-c7M9lq/blib/lib/TaskForest/StringHandle.pm line 50.
# Looks like you planned 13 tests but ran 5.
# Looks like your test exited with 255 just after 5.
t/038_ExternalTokens.t ................. 
Dubious, test returned 255 (wstat 65280, 0xff00)
Failed 8/13 subtests 
t/039_ExternalFirstLineOnly.t .......... ok
t/040_ExternalFirstLineOnly2.t ......... ok
t/041_ExternalSecondSection.t .......... ok
Can't locate object method "TIESCALAR" via package "TaskForest::StringHandleTier" at /home/bri/.cpan/build/TaskForest-1.37-c7M9lq/blib/lib/TaskForest/StringHandle.pm line 50.
# Looks like you planned 13 tests but ran 5.
# Looks like your test exited with 255 just after 5.
t/042_ExternalMultipleSections.t ....... 
Dubious, test returned 255 (wstat 65280, 0xff00)
Failed 8/13 subtests 
Can't locate object method "TIESCALAR" via package "TaskForest::StringHandleTier" at /home/bri/.cpan/build/TaskForest-1.37-c7M9lq/blib/lib/TaskForest/StringHandle.pm line 50.
# Looks like you planned 17 tests but ran 6.
# Looks like your test exited with 255 just after 6.
t/043_ExternalSecondSectionParallel.t .. 
Dubious, test returned 255 (wstat 65280, 0xff00)
Failed 11/17 subtests 
Can't locate object method "TIESCALAR" via package "TaskForest::StringHandleTier" at /home/bri/.cpan/build/TaskForest-1.37-c7M9lq/blib/lib/TaskForest/StringHandle.pm line 50.
# Looks like you planned 35 tests but ran 10.
# Looks like your test exited with 255 just after 10.
t/044_Hold.t ........................... 
Dubious, test returned 255 (wstat 65280, 0xff00)
Failed 25/35 subtests 
Can't locate object method "TIESCALAR" via package "TaskForest::StringHandleTier" at /home/bri/.cpan/build/TaskForest-1.37-c7M9lq/blib/lib/TaskForest/StringHandle.pm line 50.
# Looks like you planned 40 tests but ran 10.
# Looks like your test exited with 255 just after 10.
t/045_ReleaseHold.t .................... 
Dubious, test returned 255 (wstat 65280, 0xff00)
Failed 30/40 subtests 
Can't locate object method "TIESCALAR" via package "TaskForest::StringHandleTier" at /home/bri/.cpan/build/TaskForest-1.37-c7M9lq/blib/lib/TaskForest/StringHandle.pm line 50.
# Looks like you planned 52 tests but ran 10.
# Looks like your test exited with 255 just after 10.
t/046_Retry.t .......................... 
Dubious, test returned 255 (wstat 65280, 0xff00)
Failed 42/52 subtests 
Can't locate object method "TIESCALAR" via package "TaskForest::StringHandleTier" at /home/bri/.cpan/build/TaskForest-1.37-c7M9lq/blib/lib/TaskForest/StringHandle.pm line 50.
# Looks like you planned 30 tests but ran 10.
# Looks like your test exited with 255 just after 10.
t/047_Fail.t ........................... 
Dubious, test returned 255 (wstat 65280, 0xff00)
Failed 20/30 subtests 
Can't locate object method "TIESCALAR" via package "TaskForest::StringHandleTier" at /home/bri/.cpan/build/TaskForest-1.37-c7M9lq/blib/lib/TaskForest/StringHandle.pm line 50.
# Looks like you planned 77 tests but ran 10.
# Looks like your test exited with 255 just after 10.
t/048_FailRetry.t ...................... 
Dubious, test returned 255 (wstat 65280, 0xff00)
Failed 67/77 subtests 

Test Summary Report
-------------------
t/0065_StringHandle.t                (Wstat: 65280 Tests: 8 Failed: 0)
  Non-zero exit status: 255
  Parse errors: Bad plan.  You planned 16 tests but ran 8.
t/009_Display.t                      (Wstat: 65280 Tests: 8 Failed: 0)
  Non-zero exit status: 255
  Parse errors: Bad plan.  You planned 25 tests but ran 8.
t/010_LongRunningJobs.t              (Wstat: 2304 Tests: 4 Failed: 0)
  Non-zero exit status: 9
  Parse errors: Bad plan.  You planned 6 tests but ran 4.
t/012_Collapse.t                     (Wstat: 65280 Tests: 8 Failed: 0)
  Non-zero exit status: 255
  Parse errors: Bad plan.  You planned 10 tests but ran 8.
t/013_Rerun.t                        (Wstat: 65280 Tests: 9 Failed: 0)
  Non-zero exit status: 255
  Parse errors: Bad plan.  You planned 17 tests but ran 9.
t/014_Mark.t                         (Wstat: 65280 Tests: 9 Failed: 0)
  Non-zero exit status: 255
  Parse errors: Bad plan.  You planned 21 tests but ran 9.
t/019_FamilyRemoval.t                (Wstat: 65280 Tests: 8 Failed: 0)
  Non-zero exit status: 255
  Parse errors: Bad plan.  You planned 17 tests but ran 8.
t/021_Release.t                      (Wstat: 65280 Tests: 9 Failed: 0)
  Non-zero exit status: 255
  Parse errors: Bad plan.  You planned 51 tests but ran 9.
t/024_Midnight.t                     (Wstat: 65280 Tests: 9 Failed: 0)
  Non-zero exit status: 255
  Parse errors: Bad plan.  You planned 17 tests but ran 9.
t/025_Midnight_Ready.t               (Wstat: 65280 Tests: 9 Failed: 0)
  Non-zero exit status: 255
  Parse errors: Bad plan.  You planned 19 tests but ran 9.
t/026_Tomorrows_Logs.t               (Wstat: 65280 Tests: 9 Failed: 0)
  Non-zero exit status: 255
  Parse errors: Bad plan.  You planned 16 tests but ran 9.
t/036_ExternalMultiple.t             (Wstat: 65280 Tests: 5 Failed: 0)
  Non-zero exit status: 255
  Parse errors: Bad plan.  You planned 10 tests but ran 5.
t/037_ExternalDeep.t                 (Wstat: 65280 Tests: 5 Failed: 0)
  Non-zero exit status: 255
  Parse errors: Bad plan.  You planned 58 tests but ran 5.
t/038_ExternalTokens.t               (Wstat: 65280 Tests: 5 Failed: 0)
  Non-zero exit status: 255
  Parse errors: Bad plan.  You planned 13 tests but ran 5.
t/042_ExternalMultipleSections.t     (Wstat: 65280 Tests: 5 Failed: 0)
  Non-zero exit status: 255
  Parse errors: Bad plan.  You planned 13 tests but ran 5.
t/043_ExternalSecondSectionParallel.t (Wstat: 65280 Tests: 6 Failed: 0)
  Non-zero exit status: 255
  Parse errors: Bad plan.  You planned 17 tests but ran 6.
t/044_Hold.t                         (Wstat: 65280 Tests: 10 Failed: 0)
  Non-zero exit status: 255
  Parse errors: Bad plan.  You planned 35 tests but ran 10.
t/045_ReleaseHold.t                  (Wstat: 65280 Tests: 10 Failed: 0)
  Non-zero exit status: 255
  Parse errors: Bad plan.  You planned 40 tests but ran 10.
t/046_Retry.t                        (Wstat: 65280 Tests: 10 Failed: 0)
  Non-zero exit status: 255
  Parse errors: Bad plan.  You planned 52 tests but ran 10.
t/047_Fail.t                         (Wstat: 65280 Tests: 10 Failed: 0)
  Non-zero exit status: 255
  Parse errors: Bad plan.  You planned 30 tests but ran 10.
t/048_FailRetry.t                    (Wstat: 65280 Tests: 10 Failed: 0)
  Non-zero exit status: 255
  Parse errors: Bad plan.  You planned 77 tests but ran 10.
Files=50, Tests=10686, 92 wallclock secs ( 1.17 usr  0.14 sys + 33.93 cusr  0.92 csys = 36.16 CPU)
Result: FAIL
Failed 21/50 test programs. 0/10686 subtests failed.
make: *** [test_dynamic] Error 255

------------------------------
PREREQUISITES
------------------------------

Prerequisite modules loaded:

requires:

    Module              Need  Have  
    ------------------- ----- ------
    Config::General     2.38  2.50  
    DateTime            0     0.70  
    HTTP::Daemon        5.818 6.00  
    HTTP::Request       5.818 6.00  
    HTTP::Response      5.82  6.01  
    HTTP::Status        5.817 6.00  
    Log::Log4perl       1.16  1.33  
    Net::SMTP           2.31  2.31_1
    Test::Simple        0.44  0.98  

build_requires:

    Module              Need  Have  
    ------------------- ----- ------
    ExtUtils::MakeMaker 0     6.58  


------------------------------
ENVIRONMENT AND OTHER CONTEXT
------------------------------

Environment variables:

    AUTOMATED_TESTING = 1
    LANG = C
    LANGUAGE = en_GB:en
    LC_ALL = C
    PATH = /home/bri/bin:/home/bri/perl5/perlbrew/bin:/home/bri/perl5/perlbrew/perls/perl-5.15.3-ld/bin:~/bin:/usr/local/sbin:/usr/local/bin:/usr/sbin:/usr/bin:/sbin:/bin:/usr/games
    PATH_WITHOUT_PERLBREW = ~/bin:/usr/local/sbin:/usr/local/bin:/usr/sbin:/usr/bin:/sbin:/bin:/usr/games
    PERL5LIB = 
    PERL5OPT = 
    PERL5_CPANPLUS_IS_RUNNING = 14783
    PERL5_CPAN_IS_RUNNING = 14783
    PERL5_CPAN_IS_RUNNING_IN_RECURSION = 10394,14783
    PERLBREW_HOME = /home/bri/.perlbrew
    PERLBREW_PATH = /home/bri/perl5/perlbrew/bin:/home/bri/perl5/perlbrew/perls/perl-5.15.3-ld/bin
    PERLBREW_PERL = perl-5.15.3-ld
    PERLBREW_ROOT = /home/bri/perl5/perlbrew
    PERLBREW_VERSION = 0.29
    PERL_CPANM_OPT = --prompt --mirror http://172.16.1.3/cpan/
    PERL_CR_SMOKER_CURRENT = TaskForest-1.37
    PERL_EXTUTILS_AUTOINSTALL = --defaultdeps
    PERL_MM_USE_DEFAULT = 1
    SHELL = /bin/bash
    TERM = linux

Perl special variables (and OS-specific diagnostics, for MSWin32):

    $^X = /home/bri/perl5/perlbrew/perls/perl-5.15.3-ld/bin/perl5.15.3
    $UID/$EUID = 1000 / 1000
    $GID = 1000 4 20 24 46 112 120 122 1000
    $EGID = 1000 4 20 24 46 112 120 122 1000

Perl module toolchain versions installed:

    Module              Have    
    ------------------- --------
    CPAN                1.9800  
    CPAN::Meta          2.112621
    Cwd                 3.33    
    ExtUtils::CBuilder  0.280202
    ExtUtils::Command   1.17    
    ExtUtils::Install   1.57    
    ExtUtils::MakeMaker 6.58    
    ExtUtils::Manifest  1.60    
    ExtUtils::ParseXS   3.04    
    File::Spec          3.33    
    JSON                2.53    
    JSON::PP            2.27008 
    Module::Build       0.3800  
    Module::Signature   n/a     
    Parse::CPAN::Meta   1.4401  
    Test::Harness       3.23    
    Test::More          0.98    
    YAML                0.73    
    YAML::Syck          n/a     
    version             0.94    


--

Summary of my perl5 (revision 5 version 15 subversion 3) configuration:
   
  Platform:
    osname=linux, osvers=2.6.38-11-generic, archname=i686-linux-ld
    uname='linux lappy 2.6.38-11-generic #48-ubuntu smp fri jul 29 19:05:14 utc 2011 i686 i686 i386 gnulinux '
    config_args='-de -Dprefix=/home/bri/perl5/perlbrew/perls/perl-5.15.3-ld -Duselongdouble -Dusedevel'
    hint=recommended, useposix=true, d_sigaction=define
    useithreads=undef, usemultiplicity=undef
    useperlio=define, d_sfio=undef, uselargefiles=define, usesocks=undef
    use64bitint=undef, use64bitall=undef, uselongdouble=define
    usemymalloc=n, bincompat5005=undef
  Compiler:
    cc='cc', ccflags ='-fno-strict-aliasing -pipe -fstack-protector -I/usr/local/include -D_LARGEFILE_SOURCE -D_FILE_OFFSET_BITS=64',
    optimize='-O2',
    cppflags='-fno-strict-aliasing -pipe -fstack-protector -I/usr/local/include'
    ccversion='', gccversion='4.5.2', gccosandvers=''
    intsize=4, longsize=4, ptrsize=4, doublesize=8, byteorder=1234
    d_longlong=define, longlongsize=8, d_longdbl=define, longdblsize=12
    ivtype='long', ivsize=4, nvtype='long double', nvsize=12, Off_t='off_t', lseeksize=8
    alignbytes=4, prototype=define
  Linker and Libraries:
    ld='cc', ldflags =' -fstack-protector -L/usr/local/lib'
    libpth=/usr/local/lib /lib /usr/lib /usr/lib/i386-linux-gnu /usr/lib64
    libs=-lnsl -ldl -lm -lcrypt -lutil -lc
    perllibs=-lnsl -ldl -lm -lcrypt -lutil -lc
    libc=, so=so, useshrplib=false, libperl=libperl.a
    gnulibc_version='2.13'
  Dynamic Linking:
    dlsrc=dl_dlopen.xs, dlext=so, d_dlsymun=undef, ccdlflags='-Wl,-E'
    cccdlflags='-fPIC', lddlflags='-shared -O2 -L/usr/local/lib -fstack-protector'


Characteristics of this binary (from libperl): 
  Compile-time options: HAS_TIMES PERLIO_LAYERS PERL_DONT_CREATE_GVSV
                        PERL_MALLOC_WRAP PERL_PRESERVE_IVUV PERL_USE_DEVEL
                        USE_LARGE_FILES USE_LOCALE USE_LOCALE_COLLATE
                        USE_LOCALE_CTYPE USE_LOCALE_NUMERIC USE_LONG_DOUBLE
                        USE_PERLIO USE_PERL_ATOF
  Built under linux
  Compiled at Oct  1 2011 14:44:24
  %ENV:
    PERL5LIB=""
    PERL5OPT=""
    PERL5_CPANPLUS_IS_RUNNING="14783"
    PERL5_CPAN_IS_RUNNING="14783"
    PERL5_CPAN_IS_RUNNING_IN_RECURSION="10394,14783"
    PERLBREW_HOME="/home/bri/.perlbrew"
    PERLBREW_PATH="/home/bri/perl5/perlbrew/bin:/home/bri/perl5/perlbrew/perls/perl-5.15.3-ld/bin"
    PERLBREW_PERL="perl-5.15.3-ld"
    PERLBREW_ROOT="/home/bri/perl5/perlbrew"
    PERLBREW_VERSION="0.29"
    PERL_CPANM_OPT="--prompt --mirror http://172.16.1.3/cpan/"
    PERL_CR_SMOKER_CURRENT="TaskForest-1.37"
    PERL_EXTUTILS_AUTOINSTALL="--defaultdeps"
    PERL_MM_USE_DEFAULT="1"
  @INC:
    /home/bri/perl5/perlbrew/perls/perl-5.15.3-ld/lib/site_perl/5.15.3/i686-linux-ld
    /home/bri/perl5/perlbrew/perls/perl-5.15.3-ld/lib/site_perl/5.15.3
    /home/bri/perl5/perlbrew/perls/perl-5.15.3-ld/lib/5.15.3/i686-linux-ld
    /home/bri/perl5/perlbrew/perls/perl-5.15.3-ld/lib/5.15.3
    .