Report for MooseX-Params-0.004

Back
From: metabase:user:320bfe00-2aae-11df-837a-5e0a49663a4f
Subject: FAIL MooseX-Params-0.004 v5.23.7 GNU/Linux
Date: 2015-12-28T22:12:03Z

This distribution has been tested as part of the CPAN Testers
project, supporting the Perl programming language.  See
http://wiki.cpantesters.org/ for more information or email
questions to cpan-testers-discuss@perl.org


--
Dear Peter Shangov,

This is a computer-generated report for MooseX-Params-0.004
on perl 5.23.7, created by CPAN-Reporter-1.2015.

Thank you for uploading your work to CPAN.  However, there was a problem
testing your distribution.

If you think this report is invalid, please consult the CPAN Testers Wiki
for suggestions on how to avoid getting FAIL reports for missing library
or binary dependencies, unsupported operating systems, and so on:

http://wiki.cpantesters.org/wiki/CPANAuthorNotes

Sections of this report:

    * Tester comments
    * Program output
    * Prerequisites
    * Environment and other context

------------------------------
TESTER COMMENTS
------------------------------

Additional comments from tester:

this report is from an automated smoke testing program
and was not reviewed by a human for accuracy

------------------------------
PROGRAM OUTPUT
------------------------------

Output from '/usr/bin/make test':

PERL_DL_NONLAZY=1 "/tmp/basesmoker-reloperl-kHrj/bin/perl" "-MExtUtils::Command::MM" "-MTest::Harness" "-e" "undef *Test::Harness::Switches; test_harness(0, 'blib/lib', 'blib/arch')" t/*.t t/attributes/*.t
Smartmatch is experimental at lib/MooseX/Params/Magic/Wizard.pm line 29.
Smartmatch is experimental at lib/MooseX/Params/Magic/Wizard.pm line 29.
Smartmatch is experimental at lib/MooseX/Params/Magic/Wizard.pm line 29.
Smartmatch is experimental at lib/MooseX/Params/Magic/Wizard.pm line 29.
t/00-compile.t ................. ok
Smartmatch is experimental at /tmp/loop_over_bdir-25898-V3MPRb/MooseX-Params-0.004-7lthAh/blib/lib/MooseX/Params/Magic/Wizard.pm line 29.
t/001-execute.t ................ ok
Smartmatch is experimental at /tmp/loop_over_bdir-25898-V3MPRb/MooseX-Params-0.004-7lthAh/blib/lib/MooseX/Params/Magic/Wizard.pm line 29.
t/002-percentage_underscore.t .. ok
Smartmatch is experimental at /tmp/loop_over_bdir-25898-V3MPRb/MooseX-Params-0.004-7lthAh/blib/lib/MooseX/Params/Magic/Wizard.pm line 29.
t/003-self.t ................... ok
Smartmatch is experimental at /tmp/loop_over_bdir-25898-V3MPRb/MooseX-Params-0.004-7lthAh/blib/lib/MooseX/Params/Magic/Wizard.pm line 29.
t/004-parameter.t .............. ok
Smartmatch is experimental at /tmp/loop_over_bdir-25898-V3MPRb/MooseX-Params-0.004-7lthAh/blib/lib/MooseX/Params/Magic/Wizard.pm line 29.
t/005-lazy.t ................... ok
Smartmatch is experimental at /tmp/loop_over_bdir-25898-V3MPRb/MooseX-Params-0.004-7lthAh/blib/lib/MooseX/Params/Magic/Wizard.pm line 29.
t/006-named.t .................. ok
Smartmatch is experimental at /tmp/loop_over_bdir-25898-V3MPRb/MooseX-Params-0.004-7lthAh/blib/lib/MooseX/Params/Magic/Wizard.pm line 29.
t/attributes/01-parse.t ........ ok
Smartmatch is experimental at /tmp/loop_over_bdir-25898-V3MPRb/MooseX-Params-0.004-7lthAh/blib/lib/MooseX/Params/Magic/Wizard.pm line 29.
Don't touch me! at /tmp/loop_over_bdir-25898-V3MPRb/MooseX-Params-0.004-7lthAh/blib/lib/MooseX/Params/Util/Parameter.pm line 87.
Attempt to free unreferenced scalar: SV 0x28b7470, Perl interpreter: 0xe21b70 at t/attributes/02-params.t line 26.
# Tests were run but no plan was declared and done_testing() was not seen.
# Looks like your test exited with 255 just after 4.
t/attributes/02-params.t ....... 
Dubious, test returned 255 (wstat 65280, 0xff00)
All 4 subtests passed 
Smartmatch is experimental at /tmp/loop_over_bdir-25898-V3MPRb/MooseX-Params-0.004-7lthAh/blib/lib/MooseX/Params/Magic/Wizard.pm line 29.
t/attributes/03-lazy.t ......... ok
Smartmatch is experimental at /tmp/loop_over_bdir-25898-V3MPRb/MooseX-Params-0.004-7lthAh/blib/lib/MooseX/Params/Magic/Wizard.pm line 29.
t/attributes/04-named.t ........ ok
t/release-eol.t ................ skipped: these tests are for release candidate testing
t/release-no-tabs.t ............ skipped: these tests are for release candidate testing
t/release-pod-spell.t .......... skipped: these tests are for release candidate testing
t/release-pod-syntax.t ......... skipped: these tests are for release candidate testing

Test Summary Report
-------------------
t/attributes/02-params.t     (Wstat: 65280 Tests: 4 Failed: 0)
  Non-zero exit status: 255
  Parse errors: No plan found in TAP output
Files=15, Tests=42,  9 wallclock secs ( 0.06 usr  0.08 sys +  7.60 cusr  0.96 csys =  8.70 CPU)
Result: FAIL
Failed 1/15 test programs. 0/42 subtests failed.
Makefile:931: recipe for target 'test_dynamic' failed
make: *** [test_dynamic] Error 255

------------------------------
PREREQUISITES
------------------------------

Prerequisite modules loaded:

requires:

    Module                       Need Have    
    ---------------------------- ---- --------
    Attribute::Handlers          0    0.99    
    B::Hooks::EndOfScope         0    0.15    
    Carp                         0    1.38    
    Class::MOP::Class            0    2.1604  
    List::Util                   0    1.42_01 
    Moose                        0    2.1604  
    Moose::Exporter              0    2.1604  
    Moose::Meta::Class           0    2.1604  
    Moose::Meta::Method          0    2.1604  
    Moose::Role                  0    2.1604  
    Moose::Util::MetaRole        0    2.1604  
    Moose::Util::TypeConstraints 0    2.1604  
    Package::Stash               0.18 0.37    
    parent                       0    0.234   
    Perl6::Caller                0    0.100   
    Scalar::Util                 0    1.42_01 
    Text::CSV_XS                 0    1.20    
    Try::Tiny                    0    0.24    
    Variable::Magic              0    0.59    

build_requires:

    Module                       Need Have    
    ---------------------------- ---- --------
    Devel::Dwarn                 0    0       
    File::Find                   0    1.33    
    File::Temp                   0    0.2304  
    Test::More                   0    1.001014
    Test::Most                   0    0.34    

configure_requires:

    Module                       Need Have    
    ---------------------------- ---- --------
    ExtUtils::MakeMaker          6.31 7.10    


------------------------------
ENVIRONMENT AND OTHER CONTEXT
------------------------------

Environment variables:

    AUTOMATED_TESTING = 1
    LANG = en_US.UTF-8
    LANGUAGE = en_US:en
    PATH = /home/sand/bin:/usr/local/bin:/usr/bin:/bin:/usr/games:/usr/local/perl/bin:/usr/X11/bin:/sbin:/usr/sbin
    PERL5LIB = 
    PERL5OPT = 
    PERL5_CPANPLUS_IS_RUNNING = 22124
    PERL5_CPAN_IS_RUNNING = 22124
    PERL_MM_USE_DEFAULT = 1
    SHELL = /usr/bin/zsh
    TERM = screen

Perl special variables (and OS-specific diagnostics, for MSWin32):

    $^X = /tmp/basesmoker-reloperl-kHrj/bin/perl
    $UID/$EUID = 1005 / 1005
    $GID = 1005 1005
    $EGID = 1005 1005

Perl module toolchain versions installed:

    Module              Have    
    ------------------- --------
    CPAN                2.10    
    CPAN::Meta          2.150005
    Cwd                 3.60    
    ExtUtils::CBuilder  0.280224
    ExtUtils::Command   7.10    
    ExtUtils::Install   2.04    
    ExtUtils::MakeMaker 7.10    
    ExtUtils::Manifest  1.70    
    ExtUtils::ParseXS   3.30    
    File::Spec          3.60    
    JSON                2.90    
    JSON::PP            2.27300 
    Module::Build       0.4214  
    Module::Signature   n/a     
    Parse::CPAN::Meta   1.4417  
    Test::Harness       3.35    
    Test::More          1.001014
    YAML                1.15    
    YAML::Syck          1.29    
    version             0.9909  


--

Summary of my perl5 (revision 5 version 23 subversion 7) configuration:
  Commit id: 7c69ad42d4bb914ff89439306972bd1bc88988a0
  Platform:
    osname=linux, osvers=4.3.0-1-amd64, archname=x86_64-linux-thread-multi
    uname='linux k83 4.3.0-1-amd64 #1 smp debian 4.3.3-2 (2015-12-17) x86_64 gnulinux '
    config_args='-Dprefix=/home/sand/src/perl/repoperls/installed-perls/perl/v5.23.6-31-g7c69ad4/9980 -Dmyhostname=k83 -Dinstallusrbinperl=n -Uversiononly -Dusedevel -des -Ui_db -Duseithreads -Uuselongdouble -DDEBUGGING=-g'
    hint=recommended, useposix=true, d_sigaction=define
    useithreads=define, usemultiplicity=define
    use64bitint=define, use64bitall=define, uselongdouble=undef
    usemymalloc=n, bincompat5005=undef
  Compiler:
    cc='cc', ccflags ='-D_REENTRANT -D_GNU_SOURCE -fwrapv -fno-strict-aliasing -pipe -fstack-protector-strong -I/usr/local/include -D_LARGEFILE_SOURCE -D_FILE_OFFSET_BITS=64 -D_FORTIFY_SOURCE=2',
    optimize='-O2 -g',
    cppflags='-D_REENTRANT -D_GNU_SOURCE -fwrapv -fno-strict-aliasing -pipe -fstack-protector-strong -I/usr/local/include'
    ccversion='', gccversion='5.3.1 20151219', gccosandvers=''
    intsize=4, longsize=8, ptrsize=8, doublesize=8, byteorder=12345678, doublekind=3
    d_longlong=define, longlongsize=8, d_longdbl=define, longdblsize=16, longdblkind=3
    ivtype='long', ivsize=8, nvtype='double', nvsize=8, Off_t='off_t', lseeksize=8
    alignbytes=8, prototype=define
  Linker and Libraries:
    ld='cc', ldflags =' -fstack-protector-strong -L/usr/local/lib'
    libpth=/usr/local/lib /usr/lib/gcc/x86_64-linux-gnu/5/include-fixed /usr/include/x86_64-linux-gnu /usr/lib /lib/x86_64-linux-gnu /lib/../lib /usr/lib/x86_64-linux-gnu /usr/lib/../lib /lib
    libs=-lpthread -lnsl -lnm -lgdbm -ldb -ldl -lm -lcrypt -lutil -lc -lgdbm_compat
    perllibs=-lpthread -lnsl -lnm -ldl -lm -lcrypt -lutil -lc
    libc=libc-2.21.so, so=so, useshrplib=false, libperl=libperl.a
    gnulibc_version='2.21'
  Dynamic Linking:
    dlsrc=dl_dlopen.xs, dlext=so, d_dlsymun=undef, ccdlflags='-Wl,-E'
    cccdlflags='-fPIC', lddlflags='-shared -O2 -g -L/usr/local/lib -fstack-protector-strong'


Characteristics of this binary (from libperl): 
  Compile-time options: HAS_TIMES MULTIPLICITY PERLIO_LAYERS
                        PERL_COPY_ON_WRITE PERL_DONT_CREATE_GVSV
                        PERL_HASH_FUNC_ONE_AT_A_TIME_HARD
                        PERL_IMPLICIT_CONTEXT PERL_MALLOC_WRAP
                        PERL_PRESERVE_IVUV PERL_USE_DEVEL USE_64_BIT_ALL
                        USE_64_BIT_INT USE_ITHREADS USE_LARGE_FILES
                        USE_LOCALE USE_LOCALE_COLLATE USE_LOCALE_CTYPE
                        USE_LOCALE_NUMERIC USE_LOCALE_TIME USE_PERLIO
                        USE_PERL_ATOF USE_REENTRANT_API
  Built under linux
  Compiled at Dec 28 2015 02:41:46
  %ENV:
    PERL5LIB=""
    PERL5OPT=""
    PERL5_CPANPLUS_IS_RUNNING="22124"
    PERL5_CPAN_IS_RUNNING="22124"
    PERL_MM_USE_DEFAULT="1"
  @INC:
    /home/sand/src/perl/repoperls/installed-perls/perl/v5.23.6-31-g7c69ad4/9980/lib/site_perl/5.23.7/x86_64-linux-thread-multi
    /home/sand/src/perl/repoperls/installed-perls/perl/v5.23.6-31-g7c69ad4/9980/lib/site_perl/5.23.7
    /home/sand/src/perl/repoperls/installed-perls/perl/v5.23.6-31-g7c69ad4/9980/lib/5.23.7/x86_64-linux-thread-multi
    /home/sand/src/perl/repoperls/installed-perls/perl/v5.23.6-31-g7c69ad4/9980/lib/5.23.7
    .