Report for Catalyst-Plugin-Session-Store-DBI-0.16

Back
From: metabase:user:30ae4450-2aae-11df-837a-5e0a49663a4f
Subject: FAIL Catalyst-Plugin-Session-Store-DBI-0.16 v5.16.3 
Date: 2014-03-12T02:37:27Z

This distribution has been tested as part of the CPAN Testers
project, supporting the Perl programming language.  See
http://wiki.cpantesters.org/ for more information or email
questions to cpan-testers-discuss@perl.org


--
Dear Florian Ragwitz,

This is a computer-generated report for Catalyst-Plugin-Session-Store-DBI-0.16
on perl 5.16.3, created by CPAN-Reporter-1.2010_01.

Thank you for uploading your work to CPAN.  However, there was a problem
testing your distribution.

If you think this report is invalid, please consult the CPAN Testers Wiki
for suggestions on how to avoid getting FAIL reports for missing library
or binary dependencies, unsupported operating systems, and so on:

http://wiki.cpantesters.org/wiki/CPANAuthorNotes

Sections of this report:

    * Tester comments
    * Program output
    * Prerequisites
    * Environment and other context

------------------------------
TESTER COMMENTS
------------------------------

Additional comments from tester:

this report is from an automated smoke testing program
and was not reviewed by a human for accuracy

------------------------------
PROGRAM OUTPUT
------------------------------

Output from 'C:\strawberry163\c\bin\dmake.exe test':

C:\strawberry163\perl\bin\perl.exe "-MExtUtils::Command::MM" "-e" "test_harness(0, 'inc', 'blib\lib', 'blib\arch')" t/01use.t t/02pod.t t/03podcoverage.t t/04critic.t t/04dbi.t t/05cdbi.t t/06dbic.t t/07dbic_schema.t
t/01use.t .......... ok
t/02pod.t .......... skipped: set TEST_POD to enable this test
t/03podcoverage.t .. skipped: set TEST_POD to enable this test
t/04critic.t ....... skipped: Critic test only for developers.
cannot unlink file for C:\strawberry163\cpan\build\Catalyst-Plugin-Session-Store-DBI-0.16-xArXEY\t\tmp\session.db: Permission denied at t/04dbi.t line 84.
cannot remove directory for C:/strawberry163/cpan/build/Catalyst-Plugin-Session-Store-DBI-0.16-xArXEY/t/tmp: Directory not empty at t/04dbi.t line 84.
t/04dbi.t .......... ok
t/05cdbi.t ......... skipped: Class::DBI is required for this test
IMPORTANT: DBIx::Class::DB is DEPRECATED AND *WILL* BE REMOVED. DO NOT USE.
[error] Caught exception in engine "Catalyst::Plugin::Session::Store::DBI::_session_sth(): DBI Exception: DBD::SQLite::db prepare failed: table sessions has no column named session_data [for Statement "INSERT INTO sessions (session_data, expires, id) VALUES (?, ?, ?)"] at C:\strawberry163\cpan\build\Catalyst-Plugin-Session-Store-DBI-0.16-xArXEY\blib\lib/Catalyst/Plugin/Session/Store/DBI.pm line 61"
Can't call method "request" on an undefined value at C:/strawberry163/perl/site/lib/Plack/Test/MockHTTP.pm line 29.
# Looks like you planned 30 tests but ran 4.
# Looks like your test exited with 2 just after 4.
t/06dbic.t ......... 
Dubious, test returned 2 (wstat 512, 0x200)
Failed 26/30 subtests 
[error] Caught exception in engine "Catalyst::Plugin::Session::Store::DBI::_session_sth(): DBI Exception: DBD::SQLite::db prepare failed: table sessions has no column named session_data [for Statement "INSERT INTO sessions (session_data, expires, id) VALUES (?, ?, ?)"] at C:\strawberry163\cpan\build\Catalyst-Plugin-Session-Store-DBI-0.16-xArXEY\blib\lib/Catalyst/Plugin/Session/Store/DBI.pm line 61"
Can't call method "request" on an undefined value at C:/strawberry163/perl/site/lib/Plack/Test/MockHTTP.pm line 29.
# Looks like you planned 30 tests but ran 4.
# Looks like your test exited with 2 just after 4.
t/07dbic_schema.t .. 
Dubious, test returned 2 (wstat 512, 0x200)
Failed 26/30 subtests 

Test Summary Report
-------------------
t/06dbic.t       (Wstat: 512 Tests: 4 Failed: 0)
  Non-zero exit status: 2
  Parse errors: Bad plan.  You planned 30 tests but ran 4.
t/07dbic_schema.t (Wstat: 512 Tests: 4 Failed: 0)
  Non-zero exit status: 2
  Parse errors: Bad plan.  You planned 30 tests but ran 4.
Files=8, Tests=39, 10 wallclock secs ( 0.03 usr +  0.09 sys =  0.12 CPU)
Result: FAIL
Failed 2/8 test programs. 0/39 subtests failed.
dmake.exe:  Error code 130, while making 'test_dynamic'

------------------------------
PREREQUISITES
------------------------------

Prerequisite modules loaded:

requires:

    Module                    Need Have    
    ------------------------- ---- --------
    Catalyst::Plugin::Session 0.27 0.39    
    Catalyst::Runtime         5.49 5.90061 
    DBI                       0    1.631   
    MIME::Base64              0    3.13    
    MRO::Compat               0    0.12    
    Storable                  0    2.39    
    Test::More                0    1.001002

build_requires:

    Module                    Need Have    
    ------------------------- ---- --------
    ExtUtils::MakeMaker       6.42 6.64    

configure_requires:

    Module                    Need Have    
    ------------------------- ---- --------
    ExtUtils::MakeMaker       6.42 6.64    


------------------------------
ENVIRONMENT AND OTHER CONTEXT
------------------------------

Environment variables:

    AUTOMATED_TESTING = 1
    COMSPEC = C:\WINDOWS\system32\cmd.exe
    NUMBER_OF_PROCESSORS = 1
    PATH = C:\Program Files\Far Manager\;C:\WINDOWS\system32;C:\WINDOWS;C:\WINDOWS\System32\Wbem;C:\strawberry163\c\bin;C:\strawberry163\perl\site\bin;C:\strawberry163\perl\bin
    PERL5LIB = 
    PERL5OPT = 
    PERL5_CPANPLUS_IS_RUNNING = 1076
    PERL5_CPAN_IS_RUNNING = 1076
    PERL5_CPAN_IS_RUNNING_IN_RECURSION = 1888,1076
    PERL_EXTUTILS_AUTOINSTALL = --defaultdeps
    PERL_MM_USE_DEFAULT = 1
    PROCESSOR_IDENTIFIER = x86 Family 16 Model 5 Stepping 3, AuthenticAMD
    TEMP = C:\DOCUME~1\c\LOCALS~1\Temp
    TERM = dumb

Perl special variables (and OS-specific diagnostics, for MSWin32):

    $^X = C:\strawberry163\perl\bin\perl.exe
    $UID/$EUID = 0 / 0
    $GID = 0
    $EGID = 0
    Win32::GetOSName = WinXP/.Net
    Win32::GetOSVersion = Service Pack 3, 5, 1, 2600, 2, 3, 0, 256, 1
    Win32::FsType = NTFS
    Win32::IsAdminUser = 1

Perl module toolchain versions installed:

    Module              Have    
    ------------------- --------
    CPAN                2.00    
    CPAN::Meta          2.140640
    Cwd                 3.40    
    ExtUtils::CBuilder  0.280206
    ExtUtils::Command   1.17    
    ExtUtils::Install   1.58    
    ExtUtils::MakeMaker 6.64    
    ExtUtils::Manifest  1.61    
    ExtUtils::ParseXS   3.24    
    File::Spec          3.40    
    JSON                2.53    
    JSON::PP            2.27203 
    Module::Build       0.4205  
    Module::Signature   0.70    
    Parse::CPAN::Meta   1.4414  
    Test::Harness       3.30    
    Test::More          1.001002
    YAML                0.90    
    YAML::Syck          1.24    
    version             0.9902  


--

Summary of my perl5 (revision 5 version 16 subversion 3) configuration:
   
  Platform:
    osname=MSWin32, osvers=4.0, archname=MSWin32-x86-multi-thread
    uname='Win32 strawberry-perl 5.16.3.1 #1 Tue Mar 12 13:55:20 2013 i386'
    config_args='undef'
    hint=recommended, useposix=true, d_sigaction=undef
    useithreads=define, usemultiplicity=define
    useperlio=define, d_sfio=undef, uselargefiles=define, usesocks=undef
    use64bitint=undef, use64bitall=undef, uselongdouble=undef
    usemymalloc=n, bincompat5005=undef
  Compiler:
    cc='gcc', ccflags =' -s -O2 -DWIN32  -DPERL_TEXTMODE_SCRIPTS -DPERL_IMPLICIT_CONTEXT -DPERL_IMPLICIT_SYS -fno-strict-aliasing -mms-bitfields',
    optimize='-s -O2',
    cppflags='-DWIN32'
    ccversion='', gccversion='4.6.3', gccosandvers=''
    intsize=4, longsize=4, ptrsize=4, doublesize=8, byteorder=1234
    d_longlong=undef, longlongsize=8, d_longdbl=define, longdblsize=12
    ivtype='long', ivsize=4, nvtype='double', nvsize=8, Off_t='long long', lseeksize=8
    alignbytes=8, prototype=define
  Linker and Libraries:
    ld='g++', ldflags ='-s -L"C:\strawberry163\perl\lib\CORE" -L"C:\strawberry163\c\lib"'
    libpth=C:\strawberry163\c\lib C:\strawberry163\c\i686-w64-mingw32\lib
    libs=-lmoldname -lkernel32 -luser32 -lgdi32 -lwinspool -lcomdlg32 -ladvapi32 -lshell32 -lole32 -loleaut32 -lnetapi32 -luuid -lws2_32 -lmpr -lwinmm -lversion -lodbc32 -lodbccp32 -lcomctl32
    perllibs=-lmoldname -lkernel32 -luser32 -lgdi32 -lwinspool -lcomdlg32 -ladvapi32 -lshell32 -lole32 -loleaut32 -lnetapi32 -luuid -lws2_32 -lmpr -lwinmm -lversion -lodbc32 -lodbccp32 -lcomctl32
    libc=, so=dll, useshrplib=true, libperl=libperl516.a
    gnulibc_version=''
  Dynamic Linking:
    dlsrc=dl_win32.xs, dlext=dll, d_dlsymun=undef, ccdlflags=' '
    cccdlflags=' ', lddlflags='-mdll -s -L"C:\strawberry163\perl\lib\CORE" -L"C:\strawberry163\c\lib"'


Characteristics of this binary (from libperl): 
  Compile-time options: HAS_TIMES HAVE_INTERP_INTERN MULTIPLICITY
                        PERLIO_LAYERS PERL_DONT_CREATE_GVSV
                        PERL_IMPLICIT_CONTEXT PERL_IMPLICIT_SYS
                        PERL_MALLOC_WRAP PERL_PRESERVE_IVUV PL_OP_SLAB_ALLOC
                        USE_ITHREADS USE_LARGE_FILES USE_LOCALE
                        USE_LOCALE_COLLATE USE_LOCALE_CTYPE
                        USE_LOCALE_NUMERIC USE_PERLIO USE_PERL_ATOF
  Built under MSWin32
  Compiled at Mar 12 2013 14:01:07
  %ENV:
    PERL5_CPANPLUS_IS_RUNNING="1076"
    PERL5_CPAN_IS_RUNNING="1076"
    PERL5_CPAN_IS_RUNNING_IN_RECURSION="1888,1076"
    PERL_EXTUTILS_AUTOINSTALL="--defaultdeps"
    PERL_MM_USE_DEFAULT="1"
  @INC:
    C:/strawberry163/perl/site/lib
    C:/strawberry163/perl/vendor/lib
    C:/strawberry163/perl/lib
    .