Make-Cache v1.052 Perl 5 v5.13.1 i686-linux-thread-multi
- Status
- Fail
- From
- Serguei Trouchelle (STRO)
- Dist
-
Make-Cache v1.052
- Platform
- Perl 5 v5.13.1 i686-linux-thread-multi
- Date
- 2010-06-10 07:30:20
- ID
- 062518b4-7462-11df-b1a2-675332f0e683
This distribution has been tested as part of the CPAN Testers
project, supporting the Perl programming language. See
http://wiki.cpantesters.org/ for more information or email
questions to cpan-testers-discuss@perl.org
--
Dear Wilson Snyder,
This is a computer-generated report for Make-Cache-1.052
on perl 5.13.1, created by CPAN-Reporter-1.1711.
Thank you for uploading your work to CPAN. However, there was a problem
testing your distribution.
If you think this report is invalid, please consult the CPAN Testers Wiki
for suggestions on how to avoid getting FAIL reports for missing library
or binary dependencies, unsupported operating systems, and so on:
http://wiki.cpantesters.org/wiki/CPANAuthorNotes
Sections of this report:
* Tester comments
* Program output
* Prerequisites
* Environment and other context
------------------------------
TESTER COMMENTS
------------------------------
Additional comments from tester:
this report is from an automated smoke testing program
and was not reviewed by a human for accuracy
------------------------------
PROGRAM OUTPUT
------------------------------
Output from '/usr/bin/make test':
PERL_DL_NONLAZY=1 /home/stro/perl5131m/bin/perl "-MExtUtils::Command::MM" "-e" "test_harness(0, 'blib/lib', 'blib/arch')" t/*.t
t/00_pod.t ....... ok
t/01_manifest.t .. ok
t/02_help.t ...... ok
t/10_runtime.t ... ok
t/20_hash.t ...... ok
t/40_cache.t ..... ok
-Info: A warning on the next line is expected, we're testing that...
objcache: -Info: Ignoring cache: Can't cp /home/stro/cpan/build/5.13.1-m/Make-Cache-1.052-XtW3xu/test_dir/cache/db/db247b699d1521912a68a4f2ccd2fe88/13259fa5ad235890e39bbae835086bc3.t0 test1.o: No such file or directory
t/50_gcc.t ....... ok
Can't store CODE items at ../../lib/Storable.pm (autosplit into ../../lib/auto/Storable/_store.al) line 264, at /home/stro/cpan/build/5.13.1-m/Make-Cache-1.052-XtW3xu/blib/lib/Make/Cache.pm line 215
%Error: Command Failed /home/stro/perl5131m/bin/perl -Iblib/arch -Iblib/lib ../objcache --read --write g++ -DIGNORED test1.cpp -O1 -c -o test1.o, 6400, stopped at t/test_utils.pl line 36.
t/90_objcache.t ..
Dubious, test returned 25 (wstat 6400, 0x1900)
Failed 27/27 subtests
Can't store CODE items at ../../lib/Storable.pm (autosplit into ../../lib/auto/Storable/_store.al) line 264, at /home/stro/cpan/build/5.13.1-m/Make-Cache-1.052-XtW3xu/blib/lib/Make/Cache.pm line 215
%Error: Command Failed /home/stro/perl5131m/bin/perl -Iblib/arch -Iblib/lib ../objcache --read --write --distcc g++ -DIGNORED test1.cpp -c -o test1.o, 6400, stopped at t/test_utils.pl line 36.
t/95_distcc.t ....
Dubious, test returned 25 (wstat 6400, 0x1900)
Failed 12/12 subtests
t/96_icecream.t .. ok
Can't store CODE items at ../../lib/Storable.pm (autosplit into ../../lib/auto/Storable/_store.al) line 264, at /home/stro/cpan/build/5.13.1-m/Make-Cache-1.052-XtW3xu/blib/lib/Make/Cache.pm line 215
%Error: Command Failed /home/stro/perl5131m/bin/perl -Iblib/arch -Iblib/lib ../objcache --read --write --wrapper t/fake_purify g++ -DIGNORED test1.cpp -c -o test1.o, 6400, stopped at t/test_utils.pl line 36.
t/97_purify.t ....
Dubious, test returned 25 (wstat 6400, 0x1900)
Failed 12/12 subtests
Test Summary Report
-------------------
t/90_objcache.t (Wstat: 6400 Tests: 0 Failed: 0)
Non-zero exit status: 25
Parse errors: Bad plan. You planned 27 tests but ran 0.
t/95_distcc.t (Wstat: 6400 Tests: 0 Failed: 0)
Non-zero exit status: 25
Parse errors: Bad plan. You planned 12 tests but ran 0.
t/97_purify.t (Wstat: 6400 Tests: 0 Failed: 0)
Non-zero exit status: 25
Parse errors: Bad plan. You planned 12 tests but ran 0.
Files=11, Tests=76, 3 wallclock secs ( 0.05 usr 0.09 sys + 1.42 cusr 0.65 csys = 2.21 CPU)
Result: FAIL
Failed 3/11 test programs. 0/76 subtests failed.
make: *** [test_dynamic] Error 25
------------------------------
PREREQUISITES
------------------------------
Prerequisite modules loaded:
requires:
Module Need Have
------------- ---- ------
BSD::Resource 1 1.2904
Digest::MD5 1 2.39
Pod::Usage 1.34 1.36
Storable 1 2.22
------------------------------
ENVIRONMENT AND OTHER CONTEXT
------------------------------
Environment variables:
AUTOMATED_TESTING = 1
LANG = en_US.UTF-8
PATH = /usr/local/bin:/usr/bin:/bin:/usr/games
PERL5LIB =
PERL5OPT =
PERL5_CPANPLUS_IS_RUNNING = 18831
PERL5_CPAN_IS_RUNNING = 18831
PERL5_CPAN_IS_RUNNING_IN_RECURSION = 16643,18831
PERL_CR_SMOKER_CURRENT = Make-Cache-1.052
PERL_EXTUTILS_AUTOINSTALL = --defaultdeps
PERL_MM_USE_DEFAULT = 1
SHELL = /bin/bash
TERM = xterm
Perl special variables (and OS-specific diagnostics, for MSWin32):
$^X = /home/stro/perl5131m/bin/perl
$UID/$EUID = 1000 / 1000
$GID = 1000 20 24 25 29 44 46 1000
$EGID = 1000 20 24 25 29 44 46 1000
Perl module toolchain versions installed:
Module Have
------------------- -------
CPAN 1.94_57
Cwd 3.31
ExtUtils::CBuilder 0.2703
ExtUtils::Command 1.16
ExtUtils::Install 1.55
ExtUtils::MakeMaker 6.5601
ExtUtils::Manifest 1.57
ExtUtils::ParseXS 2.2205
File::Spec 3.31
Module::Build 0.3607
Module::Signature 0.64
Test::Harness 3.21
Test::More 0.95_02
YAML 0.71
YAML::Syck 1.10
version 0.82
--
Summary of my perl5 (revision 5 version 13 subversion 1) configuration:
Platform:
osname=linux, osvers=2.6.26-2-686, archname=i686-linux-multi
uname='linux debian5 2.6.26-2-686 #1 smp wed may 12 21:56:10 utc 2010 i686 gnulinux '
config_args=''
hint=recommended, useposix=true, d_sigaction=define
useithreads=undef, usemultiplicity=define
useperlio=define, d_sfio=undef, uselargefiles=define, usesocks=undef
use64bitint=undef, use64bitall=undef, uselongdouble=undef
usemymalloc=n, bincompat5005=undef
Compiler:
cc='cc', ccflags ='-fno-strict-aliasing -pipe -fstack-protector -I/usr/local/include -D_LARGEFILE_SOURCE -D_FILE_OFFSET_BITS=64',
optimize='-O2',
cppflags='-fno-strict-aliasing -pipe -fstack-protector -I/usr/local/include'
ccversion='', gccversion='4.3.2', gccosandvers=''
intsize=4, longsize=4, ptrsize=4, doublesize=8, byteorder=1234
d_longlong=define, longlongsize=8, d_longdbl=define, longdblsize=12
ivtype='long', ivsize=4, nvtype='double', nvsize=8, Off_t='off_t', lseeksize=8
alignbytes=4, prototype=define
Linker and Libraries:
ld='cc', ldflags =' -fstack-protector -L/usr/local/lib'
libpth=/usr/local/lib /lib /usr/lib
libs=-lnsl -ldl -lm -lcrypt -lutil -lc
perllibs=-lnsl -ldl -lm -lcrypt -lutil -lc
libc=/lib/libc-2.7.so, so=so, useshrplib=false, libperl=libperl.a
gnulibc_version='2.7'
Dynamic Linking:
dlsrc=dl_dlopen.xs, dlext=so, d_dlsymun=undef, ccdlflags='-Wl,-E'
cccdlflags='-fPIC', lddlflags='-shared -O2 -L/usr/local/lib -fstack-protector'
Characteristics of this binary (from libperl):
Compile-time options: MULTIPLICITY PERL_DONT_CREATE_GVSV
PERL_IMPLICIT_CONTEXT PERL_MALLOC_WRAP
USE_LARGE_FILES USE_PERLIO USE_PERL_ATOF
Built under linux
Compiled at Jun 2 2010 14:19:32
%ENV:
PERL5LIB=""
PERL5OPT=""
PERL5_CPANPLUS_IS_RUNNING="18831"
PERL5_CPAN_IS_RUNNING="18831"
PERL5_CPAN_IS_RUNNING_IN_RECURSION="16643,18831"
PERL_CR_SMOKER_CURRENT="Make-Cache-1.052"
PERL_EXTUTILS_AUTOINSTALL="--defaultdeps"
PERL_MM_USE_DEFAULT="1"
@INC:
/home/stro/perl5131m/lib/site_perl/5.13.1/i686-linux-multi
/home/stro/perl5131m/lib/site_perl/5.13.1
/home/stro/perl5131m/lib/5.13.1/i686-linux-multi
/home/stro/perl5131m/lib/5.13.1
.