AnyEvent v7.17 Perl 5 v5.32.1 MSWin32-x86-multi-thread-64int
- Status
- Fail
- From
- gregor herrmann
- Dist
-
AnyEvent v7.17
- Platform
- Perl 5 v5.32.1 MSWin32-x86-multi-thread-64int
- Date
- 2023-04-16 19:45:27
- ID
- 05ba7656-6c8c-1014-ba43-0808bb325278
This distribution has been tested as part of the CPAN Testers
project, supporting the Perl programming language. See
http://wiki.cpantesters.org/ for more information or email
questions to cpan-testers-discuss@perl.org
--
Dear MLEHMANN,
This is a computer-generated report for AnyEvent-7.17
on perl 5.32.1, created by App::cpanminus::reporter 0.18 (1.7046).
Thank you for uploading your work to CPAN. However, there was a problem
testing your distribution.
If you think this report is invalid, please consult the CPAN Testers Wiki
for suggestions on how to avoid getting FAIL reports for missing library
or binary dependencies, unsupported operating systems, and so on:
http://wiki.cpantesters.org/wiki/CPANAuthorNotes
Sections of this report:
* Tester comments
* Program output
* Prerequisites
* Environment and other context
------------------------------
TESTER COMMENTS
------------------------------
Additional comments from tester:
none provided
------------------------------
PROGRAM OUTPUT
------------------------------
Output from '':
Building and testing AnyEvent-7.17
cp lib/AnyEvent.pm blib\lib/AnyEvent.pm
cp lib/AnyEvent/FAQ.pod blib\lib/AnyEvent/FAQ.pod
cp lib/AnyEvent/Impl/Event.pm blib\lib/AnyEvent/Impl/Event.pm
cp lib/AnyEvent/IO/Perl.pm blib\lib/AnyEvent/IO/Perl.pm
cp lib/AnyEvent/Impl/IOAsync.pm blib\lib/AnyEvent/Impl/IOAsync.pm
cp lib/AnyEvent/Impl/UV.pm blib\lib/AnyEvent/Impl/UV.pm
cp lib/AnyEvent/Impl/Cocoa.pm blib\lib/AnyEvent/Impl/Cocoa.pm
cp lib/AnyEvent/Impl/Glib.pm blib\lib/AnyEvent/Impl/Glib.pm
cp lib/AnyEvent/DNS.pm blib\lib/AnyEvent/DNS.pm
cp lib/AnyEvent/Impl/POE.pm blib\lib/AnyEvent/Impl/POE.pm
cp lib/AnyEvent/Impl/Tk.pm blib\lib/AnyEvent/Impl/Tk.pm
cp lib/AnyEvent/Impl/Qt.pm blib\lib/AnyEvent/Impl/Qt.pm
cp lib/AnyEvent/Handle.pm blib\lib/AnyEvent/Handle.pm
cp lib/AnyEvent/IO/IOAIO.pm blib\lib/AnyEvent/IO/IOAIO.pm
cp lib/AnyEvent/Impl/EV.pm blib\lib/AnyEvent/Impl/EV.pm
cp lib/AnyEvent/Impl/EventLib.pm blib\lib/AnyEvent/Impl/EventLib.pm
cp lib/AE.pm blib\lib/AE.pm
cp lib/AnyEvent/Impl/FLTK.pm blib\lib/AnyEvent/Impl/FLTK.pm
cp lib/AnyEvent/IO.pm blib\lib/AnyEvent/IO.pm
cp lib/AnyEvent/Impl/Perl.pm blib\lib/AnyEvent/Impl/Perl.pm
cp lib/AnyEvent/Debug.pm blib\lib/AnyEvent/Debug.pm
cp lib/AnyEvent/Impl/Irssi.pm blib\lib/AnyEvent/Impl/Irssi.pm
cp lib/AnyEvent/TLS.pm blib\lib/AnyEvent/TLS.pm
cp lib/AnyEvent/Loop.pm blib\lib/AnyEvent/Loop.pm
cp lib/AnyEvent/Util/idna.pl blib\lib/AnyEvent/Util/idna.pl
cp lib/AnyEvent/Strict.pm blib\lib/AnyEvent/Strict.pm
cp lib/AnyEvent/Util.pm blib\lib/AnyEvent/Util.pm
cp lib/AnyEvent/Log.pm blib\lib/AnyEvent/Log.pm
cp lib/AnyEvent/Intro.pod blib\lib/AnyEvent/Intro.pod
cp lib/AnyEvent/Util/uts46data.pl blib\lib/AnyEvent/Util/uts46data.pl
cp lib/AnyEvent/constants.pl blib\arch/AnyEvent/constants.pl
cp lib/AnyEvent/Socket.pm blib\lib/AnyEvent/Socket.pm
"C:\Strawberry\perl\bin\perl.exe" "-Iblib\arch" "-Iblib\lib" constants.pl.PL constants.pl
Skip blib\lib/AnyEvent/Impl/Event.pm (unchanged)
Skip blib\lib/AnyEvent/Impl/POE.pm (unchanged)
Skip blib\lib/AnyEvent/DNS.pm (unchanged)
Skip blib\lib/AE.pm (unchanged)
Skip blib\lib/AnyEvent/Impl/IOAsync.pm (unchanged)
Skip blib\lib/AnyEvent/Impl/Cocoa.pm (unchanged)
Skip blib\lib/AnyEvent/Impl/Qt.pm (unchanged)
Skip blib\lib/AnyEvent/FAQ.pod (unchanged)
Skip blib\lib/AnyEvent/IO.pm (unchanged)
Skip blib\lib/AnyEvent/Impl/UV.pm (unchanged)
Skip blib\lib/AnyEvent/Impl/EV.pm (unchanged)
Skip blib\lib/AnyEvent/Impl/Irssi.pm (unchanged)
Skip blib\lib/AnyEvent/Impl/Glib.pm (unchanged)
Skip blib\lib/AnyEvent.pm (unchanged)
Skip blib\lib/AnyEvent/Handle.pm (unchanged)
Skip blib\lib/AnyEvent/Impl/Perl.pm (unchanged)
Skip blib\lib/AnyEvent/Impl/FLTK.pm (unchanged)
Skip blib\lib/AnyEvent/Debug.pm (unchanged)
Skip blib\lib/AnyEvent/Impl/EventLib.pm (unchanged)
Skip blib\lib/AnyEvent/IO/IOAIO.pm (unchanged)
Skip blib\lib/AnyEvent/Impl/Tk.pm (unchanged)
Skip blib\lib/AnyEvent/IO/Perl.pm (unchanged)
Skip blib\lib/AnyEvent/Strict.pm (unchanged)
Skip blib\lib/AnyEvent/Loop.pm (unchanged)
Skip blib\lib/AnyEvent/TLS.pm (unchanged)
cp lib/AnyEvent/constants.pl blib\arch/AnyEvent/constants.pl
Skip blib\lib/AnyEvent/Util/uts46data.pl (unchanged)
Skip blib\lib/AnyEvent/Log.pm (unchanged)
Skip blib\lib/AnyEvent/Util/idna.pl (unchanged)
Skip blib\lib/AnyEvent/Socket.pm (unchanged)
Skip blib\lib/AnyEvent/Util.pm (unchanged)
Skip blib\lib/AnyEvent/Intro.pod (unchanged)
"C:\Strawberry\perl\bin\perl.exe" "-Iblib\arch" "-Iblib\lib" constants.pl.PL constants.pl
"C:\Strawberry\perl\bin\perl.exe" "-MExtUtils::Command::MM" "-MTest::Harness" "-e" "undef *Test::Harness::Switches; test_harness(0, 'blib\lib', 'blib\arch')" t/*.t t/handle/*.t
t/00_load.t ................ ok
t/01_basic.t ............... ok
t/02_signals.t ............. skipped: Broken perl detected, skipping tests.
t/03_child.t ............... skipped: Your perl interpreter is badly BROKEN. Child watchers will not work, ever. Try upgrading to a newer perl or a working perl (cygwin's perl is known to work). If that is not an option, you should be able to use the remaining functionality of AnyEvent, but child watchers WILL NOT WORK.
t/04_condvar.t ............. ok
t/05_dns.t ................. ok
t/06_socket.t .............. ok
t/07_io.t .................. ok
t/08_idna.t ................ ok
t/09_multi.t ............... skipped: Your perl interpreter is badly BROKEN. Child watchers will not work, ever. Try upgrading to a newer perl or a working perl (cygwin's perl is known to work). If that is not an option, you should be able to use the remaining functionality of AnyEvent, but child watchers WILL NOT WORK.
t/10_loadall.t ............. ok
t/11_io_perl.t ............. ok
t/12_io_ioaio.t ............ skipped: AnyEvent::IO::IOAIO not loadable
t/13_weaken.t .............. ok
t/61_fltk_01_basic.t ....... skipped: PERL_ANYEVENT_LOOP_TESTS not true
t/61_fltk_02_signals.t ..... skipped: Broken perl detected, skipping tests.
t/61_fltk_03_child.t ....... skipped: Your perl interpreter is badly BROKEN. Child watchers will not work, ever. Try upgrading to a newer perl or a working perl (cygwin's perl is known to work). If that is not an option, you should be able to use the remaining functionality of AnyEvent, but child watchers WILL NOT WORK.
t/61_fltk_04_condvar.t ..... skipped: PERL_ANYEVENT_LOOP_TESTS not true
t/61_fltk_05_dns.t ......... skipped: PERL_ANYEVENT_LOOP_TESTS not true
t/61_fltk_07_io.t .......... skipped: PERL_ANYEVENT_LOOP_TESTS not true
t/61_fltk_09_multi.t ....... skipped: Your perl interpreter is badly BROKEN. Child watchers will not work, ever. Try upgrading to a newer perl or a working perl (cygwin's perl is known to work). If that is not an option, you should be able to use the remaining functionality of AnyEvent, but child watchers WILL NOT WORK.
t/62_cocoa_01_basic.t ...... skipped: PERL_ANYEVENT_LOOP_TESTS not true
t/62_cocoa_02_signals.t .... skipped: Broken perl detected, skipping tests.
t/62_cocoa_03_child.t ...... skipped: Your perl interpreter is badly BROKEN. Child watchers will not work, ever. Try upgrading to a newer perl or a working perl (cygwin's perl is known to work). If that is not an option, you should be able to use the remaining functionality of AnyEvent, but child watchers WILL NOT WORK.
t/62_cocoa_04_condvar.t .... skipped: PERL_ANYEVENT_LOOP_TESTS not true
t/62_cocoa_05_dns.t ........ skipped: PERL_ANYEVENT_LOOP_TESTS not true
t/62_cocoa_07_io.t ......... skipped: PERL_ANYEVENT_LOOP_TESTS not true
t/62_cocoa_09_multi.t ...... skipped: Your perl interpreter is badly BROKEN. Child watchers will not work, ever. Try upgrading to a newer perl or a working perl (cygwin's perl is known to work). If that is not an option, you should be able to use the remaining functionality of AnyEvent, but child watchers WILL NOT WORK.
t/64_glib_01_basic.t ....... skipped: PERL_ANYEVENT_LOOP_TESTS not true
t/64_glib_02_signals.t ..... skipped: Broken perl detected, skipping tests.
t/64_glib_03_child.t ....... skipped: Your perl interpreter is badly BROKEN. Child watchers will not work, ever. Try upgrading to a newer perl or a working perl (cygwin's perl is known to work). If that is not an option, you should be able to use the remaining functionality of AnyEvent, but child watchers WILL NOT WORK.
t/64_glib_04_condvar.t ..... skipped: PERL_ANYEVENT_LOOP_TESTS not true
t/64_glib_05_dns.t ......... skipped: PERL_ANYEVENT_LOOP_TESTS not true
t/64_glib_07_io.t .......... skipped: PERL_ANYEVENT_LOOP_TESTS not true
t/64_glib_09_multi.t ....... skipped: Your perl interpreter is badly BROKEN. Child watchers will not work, ever. Try upgrading to a newer perl or a working perl (cygwin's perl is known to work). If that is not an option, you should be able to use the remaining functionality of AnyEvent, but child watchers WILL NOT WORK.
t/65_event_01_basic.t ...... skipped: PERL_ANYEVENT_LOOP_TESTS not true
t/65_event_02_signals.t .... skipped: Broken perl detected, skipping tests.
t/65_event_03_child.t ...... skipped: Your perl interpreter is badly BROKEN. Child watchers will not work, ever. Try upgrading to a newer perl or a working perl (cygwin's perl is known to work). If that is not an option, you should be able to use the remaining functionality of AnyEvent, but child watchers WILL NOT WORK.
t/65_event_04_condvar.t .... skipped: PERL_ANYEVENT_LOOP_TESTS not true
t/65_event_05_dns.t ........ skipped: PERL_ANYEVENT_LOOP_TESTS not true
t/65_event_07_io.t ......... skipped: PERL_ANYEVENT_LOOP_TESTS not true
t/65_event_09_multi.t ...... skipped: Your perl interpreter is badly BROKEN. Child watchers will not work, ever. Try upgrading to a newer perl or a working perl (cygwin's perl is known to work). If that is not an option, you should be able to use the remaining functionality of AnyEvent, but child watchers WILL NOT WORK.
t/66_ioasync_01_basic.t .... skipped: PERL_ANYEVENT_LOOP_TESTS not true
t/66_ioasync_02_signals.t .. skipped: Broken perl detected, skipping tests.
t/66_ioasync_03_child.t .... skipped: Your perl interpreter is badly BROKEN. Child watchers will not work, ever. Try upgrading to a newer perl or a working perl (cygwin's perl is known to work). If that is not an option, you should be able to use the remaining functionality of AnyEvent, but child watchers WILL NOT WORK.
t/66_ioasync_04_condvar.t .. skipped: PERL_ANYEVENT_LOOP_TESTS not true
t/66_ioasync_05_dns.t ...... skipped: PERL_ANYEVENT_LOOP_TESTS not true
t/66_ioasync_07_io.t ....... skipped: PERL_ANYEVENT_LOOP_TESTS not true
t/66_ioasync_09_multi.t .... skipped: Your perl interpreter is badly BROKEN. Child watchers will not work, ever. Try upgrading to a newer perl or a working perl (cygwin's perl is known to work). If that is not an option, you should be able to use the remaining functionality of AnyEvent, but child watchers WILL NOT WORK.
t/67_tk_01_basic.t ......... skipped: PERL_ANYEVENT_LOOP_TESTS not true
t/67_tk_02_signals.t ....... skipped: Broken perl detected, skipping tests.
t/67_tk_03_child.t ......... skipped: Your perl interpreter is badly BROKEN. Child watchers will not work, ever. Try upgrading to a newer perl or a working perl (cygwin's perl is known to work). If that is not an option, you should be able to use the remaining functionality of AnyEvent, but child watchers WILL NOT WORK.
t/67_tk_04_condvar.t ....... skipped: PERL_ANYEVENT_LOOP_TESTS not true
t/67_tk_05_dns.t ........... skipped: PERL_ANYEVENT_LOOP_TESTS not true
t/67_tk_07_io.t ............ skipped: PERL_ANYEVENT_LOOP_TESTS not true
t/67_tk_09_multi.t ......... skipped: Your perl interpreter is badly BROKEN. Child watchers will not work, ever. Try upgrading to a newer perl or a working perl (cygwin's perl is known to work). If that is not an option, you should be able to use the remaining functionality of AnyEvent, but child watchers WILL NOT WORK.
t/68_poe_01_basic.t ........ skipped: PERL_ANYEVENT_LOOP_TESTS not true
t/68_poe_02_signals.t ...... skipped: Broken perl detected, skipping tests.
t/68_poe_03_child.t ........ skipped: Your perl interpreter is badly BROKEN. Child watchers will not work, ever. Try upgrading to a newer perl or a working perl (cygwin's perl is known to work). If that is not an option, you should be able to use the remaining functionality of AnyEvent, but child watchers WILL NOT WORK.
t/68_poe_04_condvar.t ...... skipped: PERL_ANYEVENT_LOOP_TESTS not true
t/68_poe_05_dns.t .......... skipped: PERL_ANYEVENT_LOOP_TESTS not true
t/68_poe_07_io.t ........... skipped: PERL_ANYEVENT_LOOP_TESTS not true
t/68_poe_09_multi.t ........ skipped: Your perl interpreter is badly BROKEN. Child watchers will not work, ever. Try upgrading to a newer perl or a working perl (cygwin's perl is known to work). If that is not an option, you should be able to use the remaining functionality of AnyEvent, but child watchers WILL NOT WORK.
t/69_ev_01_basic.t ......... skipped: PERL_ANYEVENT_LOOP_TESTS not true
t/69_ev_02_signals.t ....... skipped: Broken perl detected, skipping tests.
t/69_ev_03_child.t ......... skipped: Your perl interpreter is badly BROKEN. Child watchers will not work, ever. Try upgrading to a newer perl or a working perl (cygwin's perl is known to work). If that is not an option, you should be able to use the remaining functionality of AnyEvent, but child watchers WILL NOT WORK.
t/69_ev_04_condvar.t ....... skipped: PERL_ANYEVENT_LOOP_TESTS not true
t/69_ev_05_dns.t ........... skipped: PERL_ANYEVENT_LOOP_TESTS not true
t/69_ev_07_io.t ............ skipped: PERL_ANYEVENT_LOOP_TESTS not true
t/69_ev_09_multi.t ......... skipped: Your perl interpreter is badly BROKEN. Child watchers will not work, ever. Try upgrading to a newer perl or a working perl (cygwin's perl is known to work). If that is not an option, you should be able to use the remaining functionality of AnyEvent, but child watchers WILL NOT WORK.
t/70_uv_01_basic.t ......... skipped: PERL_ANYEVENT_LOOP_TESTS not true
t/70_uv_02_signals.t ....... skipped: Broken perl detected, skipping tests.
t/70_uv_03_child.t ......... skipped: Your perl interpreter is badly BROKEN. Child watchers will not work, ever. Try upgrading to a newer perl or a working perl (cygwin's perl is known to work). If that is not an option, you should be able to use the remaining functionality of AnyEvent, but child watchers WILL NOT WORK.
t/70_uv_04_condvar.t ....... skipped: PERL_ANYEVENT_LOOP_TESTS not true
t/70_uv_05_dns.t ........... skipped: PERL_ANYEVENT_LOOP_TESTS not true
t/70_uv_07_io.t ............ skipped: PERL_ANYEVENT_LOOP_TESTS not true
t/70_uv_09_multi.t ......... skipped: Your perl interpreter is badly BROKEN. Child watchers will not work, ever. Try upgrading to a newer perl or a working perl (cygwin's perl is known to work). If that is not an option, you should be able to use the remaining functionality of AnyEvent, but child watchers WILL NOT WORK.
# Failed test 'server_error <Eine bestehende Verbindung wurde softwaregesteuert
# durch den Hostcomputer abgebrochen.>'
# at t/80_ssltest.t line 37.
# Looks like you failed 1 test of 415.
t/80_ssltest.t .............
Dubious, test returned 1 (wstat 256, 0x100)
Failed 1/415 subtests
t/81_hosts.t ............... ok
t/handle/01_readline.t ..... ok
t/handle/02_write.t ........ ok
t/handle/03_http_req.t ..... skipped: PERL_ANYEVENT_NET_TESTS environment variable not set
t/handle/04_listen.t ....... ok
Test Summary Report
-------------------
t/80_ssltest.t (Wstat: 256 Tests: 415 Failed: 1)
Failed test: 6
Non-zero exit status: 1
Files=83, Tests=602, 15 wallclock secs ( 0.36 usr + 0.31 sys = 0.67 CPU)
Result: FAIL
------------------------------
PREREQUISITES
------------------------------
Prerequisite modules loaded:
No requirements found
------------------------------
ENVIRONMENT AND OTHER CONTEXT
------------------------------
Environment variables:
COMSPEC = C:\WINDOWS\system32\cmd.exe
NUMBER_OF_PROCESSORS = 2
PATH = C:\ProgramData\Oracle\Java\javapath;C:\WINDOWS\system32;C:\WINDOWS;C:\WINDOWS\System32\Wbem;C:\Program Files\Common Files\Roxio Shared\DLLShared\;C:\Program Files\Common Files\Roxio Shared\9.0\DLLShared\;C:\Program Files\Common Files\Lenovo;C:\Program Files\ThinkPad\ConnectUtilities;C:\Program Files\ThinkPad\ConnectUtilities\;C:\WINDOWS\System32\WindowsPowerShell\v1.0\;C:\Program Files\Intel\WiFi\bin\;C:\Program Files\Common Files\Intel\WirelessCommon\;C:\WINDOWS\System32\OpenSSH\;C:\Strawberry\c\bin;C:\Strawberry\perl\site\bin;C:\Strawberry\perl\bin;C:\Users\smoker\AppData\Local\Microsoft\WindowsApps;
PROCESSOR_IDENTIFIER = x86 Family 6 Model 15 Stepping 11, GenuineIntel
TEMP = C:\Users\smoker\AppData\Local\Temp
Perl special variables (and OS-specific diagnostics, for MSWin32):
EGID = 0
EUID = 0
EXECUTABLE_NAME = C:\Strawberry\perl\bin\perl.exe
GID = 0
UID = 0
Win32::FsType = NTFS
Win32::GetOSName = Win10
Win32::GetOSVersion = , 10, 0, 19045, 2, 0, 0, 256, 1
Win32::IsAdminUser = 0
Perl module toolchain versions installed:
Module Have
------------------- --------
CPAN 2.34
CPAN::Meta 2.150010
Cwd 3.78
ExtUtils::CBuilder 0.280235
ExtUtils::Command 7.58
ExtUtils::Install 2.20
ExtUtils::MakeMaker 7.58
ExtUtils::Manifest 1.73
ExtUtils::ParseXS 3.40
File::Spec 3.78
JSON 4.03
JSON::PP 4.06
Module::Build 0.4232
Module::Signature n/a
Parse::CPAN::Meta 2.150010
Test::Harness 3.42
Test::More 1.302183
YAML 1.30
YAML::Syck 1.34
version 0.9928
--
Summary of my perl5 (revision 5 version 32 subversion 1) configuration:
Platform:
osname=MSWin32
osvers=10.0.19042.746
archname=MSWin32-x86-multi-thread-64int
uname='Win32 strawberry-perl 5.32.1.1 #1 Sun Jan 24 12:17:47 2021 i386'
config_args='undef'
hint=recommended
useposix=true
d_sigaction=undef
useithreads=define
usemultiplicity=define
use64bitint=define
use64bitall=undef
uselongdouble=undef
usemymalloc=n
default_inc_excludes_dot=define
bincompat5005=undef
Compiler:
cc='gcc'
ccflags =' -DWIN32 -D__USE_MINGW_ANSI_STDIO -DPERL_TEXTMODE_SCRIPTS -DPERL_IMPLICIT_CONTEXT -DPERL_IMPLICIT_SYS -DUSE_PERLIO -fwrapv -fno-strict-aliasing -mms-bitfields'
optimize='-s -O2'
cppflags='-DWIN32'
ccversion=''
gccversion='8.3.0'
gccosandvers=''
intsize=4
longsize=4
ptrsize=4
doublesize=8
byteorder=12345678
doublekind=3
d_longlong=define
longlongsize=8
d_longdbl=define
longdblsize=12
longdblkind=3
ivtype='long long'
ivsize=8
nvtype='double'
nvsize=8
Off_t='long long'
lseeksize=8
alignbytes=8
prototype=define
Linker and Libraries:
ld='g++'
ldflags ='-s -L"C:\STRAWB~1\perl\lib\CORE" -L"C:\STRAWB~1\c\lib"'
libpth=C:\STRAWB~1\c\lib C:\STRAWB~1\c\i686-w64-mingw32\lib C:\STRAWB~1\c\lib\gcc\i686-w64-mingw32\8.3.0
libs= -lmoldname -lkernel32 -luser32 -lgdi32 -lwinspool -lcomdlg32 -ladvapi32 -lshell32 -lole32 -loleaut32 -lnetapi32 -luuid -lws2_32 -lmpr -lwinmm -lversion -lodbc32 -lodbccp32 -lcomctl32
perllibs= -lmoldname -lkernel32 -luser32 -lgdi32 -lwinspool -lcomdlg32 -ladvapi32 -lshell32 -lole32 -loleaut32 -lnetapi32 -luuid -lws2_32 -lmpr -lwinmm -lversion -lodbc32 -lodbccp32 -lcomctl32
libc=
so=dll
useshrplib=true
libperl=libperl532.a
gnulibc_version=''
Dynamic Linking:
dlsrc=dl_win32.xs
dlext=xs.dll
d_dlsymun=undef
ccdlflags=' '
cccdlflags=' '
lddlflags='-mdll -s -L"C:\STRAWB~1\perl\lib\CORE" -L"C:\STRAWB~1\c\lib"'
Characteristics of this binary (from libperl):
Compile-time options:
HAS_TIMES
HAVE_INTERP_INTERN
MULTIPLICITY
PERLIO_LAYERS
PERL_COPY_ON_WRITE
PERL_DONT_CREATE_GVSV
PERL_IMPLICIT_CONTEXT
PERL_IMPLICIT_SYS
PERL_MALLOC_WRAP
PERL_OP_PARENT
PERL_PRESERVE_IVUV
USE_64_BIT_INT
USE_ITHREADS
USE_LARGE_FILES
USE_LOCALE
USE_LOCALE_COLLATE
USE_LOCALE_CTYPE
USE_LOCALE_NUMERIC
USE_LOCALE_TIME
USE_PERLIO
USE_PERL_ATOF
Built under MSWin32
Compiled at Jan 24 2021 12:22:49
@INC:
C:/Strawberry/perl/site/lib/MSWin32-x86-multi-thread-64int
C:/Strawberry/perl/site/lib
C:/Strawberry/perl/vendor/lib
C:/Strawberry/perl/lib