Report for TPath-1.007

Back
From: metabase:user:a0e144f2-373b-11e6-8edd-c6848980b093
Subject: FAIL TPath-1.007 v5.25.7 GNU/Linux
Date: 2016-11-09T09:15:13Z

This distribution has been tested as part of the CPAN Testers
project, supporting the Perl programming language.  See
http://wiki.cpantesters.org/ for more information or email
questions to cpan-testers-discuss@perl.org


--
Dear David F. Houghton,

This is a computer-generated report for TPath-1.007
on perl 5.25.7, created by CPAN-Reporter-1.2018.

Thank you for uploading your work to CPAN.  However, there was a problem
testing your distribution.

If you think this report is invalid, please consult the CPAN Testers Wiki
for suggestions on how to avoid getting FAIL reports for missing library
or binary dependencies, unsupported operating systems, and so on:

http://wiki.cpantesters.org/wiki/CPANAuthorNotes

Sections of this report:

    * Tester comments
    * Program output
    * Prerequisites
    * Environment and other context

------------------------------
TESTER COMMENTS
------------------------------

Additional comments from tester:

this report is from an automated smoke testing program
and was not reviewed by a human for accuracy

------------------------------
PROGRAM OUTPUT
------------------------------

Output from '/usr/bin/make test':

PERL_DL_NONLAZY=1 "/home/cpan4/install/bin/perl" "-MExtUtils::Command::MM" "-MTest::Harness" "-e" "undef *Test::Harness::Switches; test_harness(0, 'blib/lib', 'blib/arch')" t/*.t
# 
# if: syntax error at (eval 245) line 1, at EOF
# 
# Generated by Dist::Zilla::Plugin::ReportVersions::Tiny v1.10
# perl: 5.025007 (wanted v5.10.0) on linux from /home/cpan4/install/bin/perl
# 
# Carp                                          => 1.38       (want any version)
# Exporter                                      => 5.72       (want any version)
# ExtUtils::MakeMaker                           => 7.24       (want any version)
# File::Basename                                => 2.85       (want any version)
# File::Spec                                    => 3.62       (want any version)
# IO::Handle                                    => 1.35       (want any version)
# IPC::Open3                                    => 1.20       (want any version)
# List::MoreUtils                               => 0.416      (want any version)
# List::Util                                    => 1.46       (want any version)
# Math::Trig                                    => 1.23       (want any version)
# Moose                                         => 2.1902     (want 2.0604) 
# Moose::Role                                   => 2.1902     (want 2.0604) 
# Moose::Util::TypeConstraints                  => 2.1902     (want 2.0604) 
# MooseX::MethodAttributes                      => 0.31       (want any version)
# MooseX::MethodAttributes::Role                => 0.31       (want 0.28)   
# MooseX::SingletonMethod                       => 0.03       (want 0.03)   
# POSIX                                         => 1.74       (want any version)
# Regexp::Grammars                              => 1.045      (want 1.026)  
# Scalar::Util                                  => 1.46       (want any version)
# Test::Exception                               => 0.43       (want any version)
# Test::More                                    => 1.302062   (want 0.88)   
# Test::Trap                                    => 0.3.2      (want any version)
# Time::HiRes                                   => 1.974      (want any version)
# aliased                                       => 0.34       (want any version)
# base                                          => 2.23       (want any version)
# feature                                       => 1.45       (want any version)
# if                                            => died during require. (want any version)
# namespace::autoclean                          => 0.28       (want any version)
# overload                                      => 1.27       (want any version)
# parent                                        => 0.236      (want any version)
# strict                                        => 1.11       (want any version)
# warnings                                      => 1.37       (want any version)
# 
# Thanks for using my code.  I hope it works for you.
# If not, please try and include this output in the bug report.
# That will help me reproduce the issue and solve your problem.
# 

#   Failed test 'TPath/Attribute.pm loaded ok'
#   at t/00-compile.t line 100.
#          got: '512'
#     expected: '0'
Eval-group not allowed at runtime, use re 'eval' in regex m/(?x)(?{; *Regexp::Grammars::LOGFILE
                        = Regexp::Grammars::_open_log('>>','-', 'for regex gramma.../ at (eval 175) line 2653.
Compilation failed in require at /home/cpan4/.cpan/build/TPath-1.007-0/blib/lib/TPath/TypeConstraints.pm line 6.
BEGIN failed--compilation aborted at /home/cpan4/.cpan/build/TPath-1.007-0/blib/lib/TPath/TypeConstraints.pm line 6.
Compilation failed in require at /home/cpan4/.cpan/build/TPath-1.007-0/blib/lib/TPath/Attribute.pm line 10.
BEGIN failed--compilation aborted at /home/cpan4/.cpan/build/TPath-1.007-0/blib/lib/TPath/Attribute.pm line 10.
Compilation failed in require at -e line 1.

#   Failed test 'TPath/AttributeTest.pm loaded ok'
#   at t/00-compile.t line 100.
#          got: '512'
#     expected: '0'
Eval-group not allowed at runtime, use re 'eval' in regex m/(?x)(?{; *Regexp::Grammars::LOGFILE
                        = Regexp::Grammars::_open_log('>>','-', 'for regex gramma.../ at (eval 177) line 2653.
Compilation failed in require at /home/cpan4/.cpan/build/TPath-1.007-0/blib/lib/TPath/TypeConstraints.pm line 6.
BEGIN failed--compilation aborted at /home/cpan4/.cpan/build/TPath-1.007-0/blib/lib/TPath/TypeConstraints.pm line 6.
Compilation failed in require at /home/cpan4/.cpan/build/TPath-1.007-0/blib/lib/TPath/AttributeTest.pm line 11.
BEGIN failed--compilation aborted at /home/cpan4/.cpan/build/TPath-1.007-0/blib/lib/TPath/AttributeTest.pm line 11.
Compilation failed in require at -e line 1.
t/000-report-versions-tiny.t .. ok
Eval-group not allowed at runtime, use re 'eval' in regex m/(?x)(?{; *Regexp::Grammars::LOGFILE
                        = Regexp::Grammars::_open_log('>>','-', 'for regex gramma.../ at (eval 226) line 2653.
Compilation failed in require at /home/cpan4/.cpan/build/TPath-1.007-0/blib/lib/TPath/TypeConstraints.pm line 6.
BEGIN failed--compilation aborted at /home/cpan4/.cpan/build/TPath-1.007-0/blib/lib/TPath/TypeConstraints.pm line 6.
Compilation failed in require at /home/cpan4/.cpan/build/TPath-1.007-0/blib/lib/TPath/Index.pm line 10.
BEGIN failed--compilation aborted at /home/cpan4/.cpan/build/TPath-1.007-0/blib/lib/TPath/Index.pm line 10.
Compilation failed in require at t/ToyXMLForester.pm line 21.
BEGIN failed--compilation aborted at t/ToyXMLForester.pm line 21.
Compilation failed in require at t/attribute_tests.t line 14.
BEGIN failed--compilation aborted at t/attribute_tests.t line 14.
# Looks like your test exited with 2 before it could output anything.
t/attribute_tests.t ........... 
Dubious, test returned 2 (wstat 512, 0x200)
Failed 45/45 subtests 
when is experimental at /home/cpan4/.cpan/build/TPath-1.007-0/blib/lib/TPath/Attributes/Standard.pm line 186.
when is experimental at /home/cpan4/.cpan/build/TPath-1.007-0/blib/lib/TPath/Attributes/Standard.pm line 187.
when is experimental at /home/cpan4/.cpan/build/TPath-1.007-0/blib/lib/TPath/Attributes/Standard.pm line 282.
when is experimental at /home/cpan4/.cpan/build/TPath-1.007-0/blib/lib/TPath/Attributes/Standard.pm line 283.

#   Failed test 'TPath/Compiler.pm loaded ok'
#   at t/00-compile.t line 100.
#          got: '512'
#     expected: '0'
Eval-group not allowed at runtime, use re 'eval' in regex m/(?x)(?{; *Regexp::Grammars::LOGFILE
                        = Regexp::Grammars::_open_log('>>','-', 'for regex gramma.../ at (eval 8) line 2653.
Compilation failed in require at /home/cpan4/.cpan/build/TPath-1.007-0/blib/lib/TPath/Compiler.pm line 12.
BEGIN failed--compilation aborted at /home/cpan4/.cpan/build/TPath-1.007-0/blib/lib/TPath/Compiler.pm line 12.
Compilation failed in require at -e line 1.

#   Failed test 'TPath/Concatenation.pm loaded ok'
#   at t/00-compile.t line 100.
#          got: '512'
#     expected: '0'
Eval-group not allowed at runtime, use re 'eval' in regex m/(?x)(?{; *Regexp::Grammars::LOGFILE
                        = Regexp::Grammars::_open_log('>>','-', 'for regex gramma.../ at (eval 175) line 2653.
Compilation failed in require at /home/cpan4/.cpan/build/TPath-1.007-0/blib/lib/TPath/TypeConstraints.pm line 6.
BEGIN failed--compilation aborted at /home/cpan4/.cpan/build/TPath-1.007-0/blib/lib/TPath/TypeConstraints.pm line 6.
Compilation failed in require at /home/cpan4/.cpan/build/TPath-1.007-0/blib/lib/TPath/Concatenation.pm line 10.
BEGIN failed--compilation aborted at /home/cpan4/.cpan/build/TPath-1.007-0/blib/lib/TPath/Concatenation.pm line 10.
Compilation failed in require at -e line 1.
Eval-group not allowed at runtime, use re 'eval' in regex m/(?x)(?{; *Regexp::Grammars::LOGFILE
                        = Regexp::Grammars::_open_log('>>','-', 'for regex gramma.../ at (eval 214) line 2653.
Compilation failed in require at /home/cpan4/.cpan/build/TPath-1.007-0/blib/lib/TPath/TypeConstraints.pm line 6.
BEGIN failed--compilation aborted at /home/cpan4/.cpan/build/TPath-1.007-0/blib/lib/TPath/TypeConstraints.pm line 6.
Compilation failed in require at /home/cpan4/.cpan/build/TPath-1.007-0/blib/lib/TPath/Index.pm line 10.
BEGIN failed--compilation aborted at /home/cpan4/.cpan/build/TPath-1.007-0/blib/lib/TPath/Index.pm line 10.
Compilation failed in require at t/ToyXMLForester.pm line 21.
BEGIN failed--compilation aborted at t/ToyXMLForester.pm line 21.
Compilation failed in require at t/axis.t line 12.
BEGIN failed--compilation aborted at t/axis.t line 12.
# Looks like your test exited with 2 before it could output anything.
t/axis.t ...................... 
Dubious, test returned 2 (wstat 512, 0x200)
Failed 29/29 subtests 
Eval-group not allowed at runtime, use re 'eval' in regex m/(?x)(?{; *Regexp::Grammars::LOGFILE
                        = Regexp::Grammars::_open_log('>>','-', 'for regex gramma.../ at (eval 226) line 2653.
Compilation failed in require at /home/cpan4/.cpan/build/TPath-1.007-0/blib/lib/TPath/TypeConstraints.pm line 6.
BEGIN failed--compilation aborted at /home/cpan4/.cpan/build/TPath-1.007-0/blib/lib/TPath/TypeConstraints.pm line 6.
Compilation failed in require at /home/cpan4/.cpan/build/TPath-1.007-0/blib/lib/TPath/Index.pm line 10.
BEGIN failed--compilation aborted at /home/cpan4/.cpan/build/TPath-1.007-0/blib/lib/TPath/Index.pm line 10.
Compilation failed in require at t/ToyXMLForester.pm line 21.
BEGIN failed--compilation aborted at t/ToyXMLForester.pm line 21.
Compilation failed in require at t/attributes.t line 14.
BEGIN failed--compilation aborted at t/attributes.t line 14.
# Looks like your test exited with 2 before it could output anything.
t/attributes.t ................ 
Dubious, test returned 2 (wstat 512, 0x200)
Failed 63/63 subtests 
Eval-group not allowed at runtime, use re 'eval' in regex m/(?x)(?{; *Regexp::Grammars::LOGFILE
                        = Regexp::Grammars::_open_log('>>','-', 'for regex gramma.../ at (eval 214) line 2653.
Compilation failed in require at /home/cpan4/.cpan/build/TPath-1.007-0/blib/lib/TPath/TypeConstraints.pm line 6.
BEGIN failed--compilation aborted at /home/cpan4/.cpan/build/TPath-1.007-0/blib/lib/TPath/TypeConstraints.pm line 6.
Compilation failed in require at /home/cpan4/.cpan/build/TPath-1.007-0/blib/lib/TPath/Index.pm line 10.
BEGIN failed--compilation aborted at /home/cpan4/.cpan/build/TPath-1.007-0/blib/lib/TPath/Index.pm line 10.
Compilation failed in require at t/ToyXMLForester.pm line 21.
BEGIN failed--compilation aborted at t/ToyXMLForester.pm line 21.
Compilation failed in require at t/axis_order.t line 12.
BEGIN failed--compilation aborted at t/axis_order.t line 12.
t/axis_order.t ................ 
Dubious, test returned 2 (wstat 512, 0x200)
No subtests run 

#   Failed test 'TPath/Expression.pm loaded ok'
#   at t/00-compile.t line 100.
#          got: '512'
#     expected: '0'
Eval-group not allowed at runtime, use re 'eval' in regex m/(?x)(?{; *Regexp::Grammars::LOGFILE
                        = Regexp::Grammars::_open_log('>>','-', 'for regex gramma.../ at (eval 175) line 2653.
Compilation failed in require at /home/cpan4/.cpan/build/TPath-1.007-0/blib/lib/TPath/TypeConstraints.pm line 6.
BEGIN failed--compilation aborted at /home/cpan4/.cpan/build/TPath-1.007-0/blib/lib/TPath/TypeConstraints.pm line 6.
Compilation failed in require at /home/cpan4/.cpan/build/TPath-1.007-0/blib/lib/TPath/Expression.pm line 7.
BEGIN failed--compilation aborted at /home/cpan4/.cpan/build/TPath-1.007-0/blib/lib/TPath/Expression.pm line 7.
Compilation failed in require at -e line 1.
Eval-group not allowed at runtime, use re 'eval' in regex m/(?x)(?{; *Regexp::Grammars::LOGFILE
                        = Regexp::Grammars::_open_log('>>','-', 'for regex gramma.../ at (eval 226) line 2653.
Compilation failed in require at /home/cpan4/.cpan/build/TPath-1.007-0/blib/lib/TPath/TypeConstraints.pm line 6.
BEGIN failed--compilation aborted at /home/cpan4/.cpan/build/TPath-1.007-0/blib/lib/TPath/TypeConstraints.pm line 6.
Compilation failed in require at /home/cpan4/.cpan/build/TPath-1.007-0/blib/lib/TPath/Index.pm line 10.
BEGIN failed--compilation aborted at /home/cpan4/.cpan/build/TPath-1.007-0/blib/lib/TPath/Index.pm line 10.
Compilation failed in require at t/ToyXMLForester.pm line 21.
BEGIN failed--compilation aborted at t/ToyXMLForester.pm line 21.
Compilation failed in require at t/basic.t line 15.
BEGIN failed--compilation aborted at t/basic.t line 15.
# Looks like your test exited with 2 before it could output anything.
t/basic.t ..................... 
Dubious, test returned 2 (wstat 512, 0x200)
Failed 106/106 subtests 

#   Failed test 'TPath/Forester.pm loaded ok'
#   at t/00-compile.t line 100.
#          got: '512'
#     expected: '0'
Eval-group not allowed at runtime, use re 'eval' in regex m/(?x)(?{; *Regexp::Grammars::LOGFILE
                        = Regexp::Grammars::_open_log('>>','-', 'for regex gramma.../ at (eval 175) line 2653.
Compilation failed in require at /home/cpan4/.cpan/build/TPath-1.007-0/blib/lib/TPath/Compiler.pm line 12.
BEGIN failed--compilation aborted at /home/cpan4/.cpan/build/TPath-1.007-0/blib/lib/TPath/Compiler.pm line 12.
Compilation failed in require at /home/cpan4/.cpan/build/TPath-1.007-0/blib/lib/TPath/Forester.pm line 11.
BEGIN failed--compilation aborted at /home/cpan4/.cpan/build/TPath-1.007-0/blib/lib/TPath/Forester.pm line 11.
Compilation failed in require at -e line 1.
Smartmatch is experimental at /home/cpan4/.cpan/build/TPath-1.007-0/blib/lib/TPath/Stringifiable.pm line 22.
when is experimental at /home/cpan4/.cpan/build/TPath-1.007-0/blib/lib/TPath/Stringifiable.pm line 24.
when is experimental at /home/cpan4/.cpan/build/TPath-1.007-0/blib/lib/TPath/Stringifiable.pm line 25.
when is experimental at /home/cpan4/.cpan/build/TPath-1.007-0/blib/lib/TPath/Stringifiable.pm line 26.
when is experimental at /home/cpan4/.cpan/build/TPath-1.007-0/blib/lib/TPath/Stringifiable.pm line 27.
when is experimental at /home/cpan4/.cpan/build/TPath-1.007-0/blib/lib/TPath/Stringifiable.pm line 28.
when is experimental at /home/cpan4/.cpan/build/TPath-1.007-0/blib/lib/TPath/Stringifiable.pm line 29.
Eval-group not allowed at runtime, use re 'eval' in regex m/(?x)(?{; *Regexp::Grammars::LOGFILE
                        = Regexp::Grammars::_open_log('>>','-', 'for regex gramma.../ at (eval 214) line 2653.
Compilation failed in require at /home/cpan4/.cpan/build/TPath-1.007-0/blib/lib/TPath/TypeConstraints.pm line 6.
BEGIN failed--compilation aborted at /home/cpan4/.cpan/build/TPath-1.007-0/blib/lib/TPath/TypeConstraints.pm line 6.
Compilation failed in require at /home/cpan4/.cpan/build/TPath-1.007-0/blib/lib/TPath/Index.pm line 10.
BEGIN failed--compilation aborted at /home/cpan4/.cpan/build/TPath-1.007-0/blib/lib/TPath/Index.pm line 10.
Compilation failed in require at t/ToyXMLForester.pm line 21.
BEGIN failed--compilation aborted at t/ToyXMLForester.pm line 21.
Compilation failed in require at t/case_sensitivity.t line 12.
BEGIN failed--compilation aborted at t/case_sensitivity.t line 12.
t/case_sensitivity.t .......... 
Dubious, test returned 2 (wstat 512, 0x200)
No subtests run 

#   Failed test 'TPath/Grammar.pm loaded ok'
#   at t/00-compile.t line 100.
#          got: '512'
#     expected: '0'
Eval-group not allowed at runtime, use re 'eval' in regex m/(?x)(?{; *Regexp::Grammars::LOGFILE
                        = Regexp::Grammars::_open_log('>>','-', 'for regex gramma.../ at (eval 8) line 2653.
Compilation failed in require at -e line 1.
Eval-group not allowed at runtime, use re 'eval' in regex m/(?x)(?{; *Regexp::Grammars::LOGFILE
                        = Regexp::Grammars::_open_log('>>','-', 'for regex gramma.../ at (eval 214) line 2653.
Compilation failed in require at /home/cpan4/.cpan/build/TPath-1.007-0/blib/lib/TPath/TypeConstraints.pm line 6.
BEGIN failed--compilation aborted at /home/cpan4/.cpan/build/TPath-1.007-0/blib/lib/TPath/TypeConstraints.pm line 6.
Compilation failed in require at /home/cpan4/.cpan/build/TPath-1.007-0/blib/lib/TPath/Index.pm line 10.
BEGIN failed--compilation aborted at /home/cpan4/.cpan/build/TPath-1.007-0/blib/lib/TPath/Index.pm line 10.
Compilation failed in require at t/ToyXMLForester.pm line 21.
BEGIN failed--compilation aborted at t/ToyXMLForester.pm line 21.
Compilation failed in require at t/compound.t line 12.
BEGIN failed--compilation aborted at t/compound.t line 12.
t/compound.t .................. 
Dubious, test returned 2 (wstat 512, 0x200)
No subtests run 

#   Failed test 'TPath/Index.pm loaded ok'
#   at t/00-compile.t line 100.
#          got: '512'
#     expected: '0'
Eval-group not allowed at runtime, use re 'eval' in regex m/(?x)(?{; *Regexp::Grammars::LOGFILE
                        = Regexp::Grammars::_open_log('>>','-', 'for regex gramma.../ at (eval 176) line 2653.
Compilation failed in require at /home/cpan4/.cpan/build/TPath-1.007-0/blib/lib/TPath/TypeConstraints.pm line 6.
BEGIN failed--compilation aborted at /home/cpan4/.cpan/build/TPath-1.007-0/blib/lib/TPath/TypeConstraints.pm line 6.
Compilation failed in require at /home/cpan4/.cpan/build/TPath-1.007-0/blib/lib/TPath/Index.pm line 10.
BEGIN failed--compilation aborted at /home/cpan4/.cpan/build/TPath-1.007-0/blib/lib/TPath/Index.pm line 10.
Compilation failed in require at -e line 1.
Eval-group not allowed at runtime, use re 'eval' in regex m/(?x)(?{; *Regexp::Grammars::LOGFILE
                        = Regexp::Grammars::_open_log('>>','-', 'for regex gramma.../ at (eval 215) line 2653.
Compilation failed in require at /home/cpan4/.cpan/build/TPath-1.007-0/blib/lib/TPath/TypeConstraints.pm line 6.
BEGIN failed--compilation aborted at /home/cpan4/.cpan/build/TPath-1.007-0/blib/lib/TPath/TypeConstraints.pm line 6.
Compilation failed in require at /home/cpan4/.cpan/build/TPath-1.007-0/blib/lib/TPath/Index.pm line 10.
BEGIN failed--compilation aborted at /home/cpan4/.cpan/build/TPath-1.007-0/blib/lib/TPath/Index.pm line 10.
Compilation failed in require at t/ToyXMLForester.pm line 21.
BEGIN failed--compilation aborted at t/ToyXMLForester.pm line 21.
Compilation failed in require at t/equality.t line 16.
BEGIN failed--compilation aborted at t/equality.t line 16.
t/equality.t .................. 
Dubious, test returned 2 (wstat 512, 0x200)
No subtests run 
Eval-group not allowed at runtime, use re 'eval' in regex m/(?x)(?{; *Regexp::Grammars::LOGFILE
                        = Regexp::Grammars::_open_log('>>','-', 'for regex gramma.../ at (eval 225) line 2653.
Compilation failed in require at /home/cpan4/.cpan/build/TPath-1.007-0/blib/lib/TPath/TypeConstraints.pm line 6.
BEGIN failed--compilation aborted at /home/cpan4/.cpan/build/TPath-1.007-0/blib/lib/TPath/TypeConstraints.pm line 6.
Compilation failed in require at /home/cpan4/.cpan/build/TPath-1.007-0/blib/lib/TPath/Index.pm line 10.
BEGIN failed--compilation aborted at /home/cpan4/.cpan/build/TPath-1.007-0/blib/lib/TPath/Index.pm line 10.
Compilation failed in require at t/ToyXMLForester.pm line 21.
BEGIN failed--compilation aborted at t/ToyXMLForester.pm line 21.
Compilation failed in require at t/extended_attributes.t line 14.
BEGIN failed--compilation aborted at t/extended_attributes.t line 14.
# Looks like your test exited with 2 before it could output anything.
t/extended_attributes.t ....... 
Dubious, test returned 2 (wstat 512, 0x200)
Failed 39/39 subtests 

#   Failed test 'TPath/Math.pm loaded ok'
#   at t/00-compile.t line 100.
#          got: '512'
#     expected: '0'
Eval-group not allowed at runtime, use re 'eval' in regex m/(?x)(?{; *Regexp::Grammars::LOGFILE
                        = Regexp::Grammars::_open_log('>>','-', 'for regex gramma.../ at (eval 175) line 2653.
Compilation failed in require at /home/cpan4/.cpan/build/TPath-1.007-0/blib/lib/TPath/TypeConstraints.pm line 6.
BEGIN failed--compilation aborted at /home/cpan4/.cpan/build/TPath-1.007-0/blib/lib/TPath/TypeConstraints.pm line 6.
Compilation failed in require at /home/cpan4/.cpan/build/TPath-1.007-0/blib/lib/TPath/Math.pm line 7.
BEGIN failed--compilation aborted at /home/cpan4/.cpan/build/TPath-1.007-0/blib/lib/TPath/Math.pm line 7.
Compilation failed in require at -e line 1.
Eval-group not allowed at runtime, use re 'eval' in regex m/(?x)(?{; *Regexp::Grammars::LOGFILE
                        = Regexp::Grammars::_open_log('>>','-', 'for regex gramma.../ at (eval 214) line 2653.
Compilation failed in require at /home/cpan4/.cpan/build/TPath-1.007-0/blib/lib/TPath/TypeConstraints.pm line 6.
BEGIN failed--compilation aborted at /home/cpan4/.cpan/build/TPath-1.007-0/blib/lib/TPath/TypeConstraints.pm line 6.
Compilation failed in require at /home/cpan4/.cpan/build/TPath-1.007-0/blib/lib/TPath/Index.pm line 10.
BEGIN failed--compilation aborted at /home/cpan4/.cpan/build/TPath-1.007-0/blib/lib/TPath/Index.pm line 10.
Compilation failed in require at t/ToyXMLForester.pm line 21.
BEGIN failed--compilation aborted at t/ToyXMLForester.pm line 21.
Compilation failed in require at t/match.t line 12.
BEGIN failed--compilation aborted at t/match.t line 12.
t/match.t ..................... 
Dubious, test returned 2 (wstat 512, 0x200)
No subtests run 
Smartmatch is experimental at /home/cpan4/.cpan/build/TPath-1.007-0/blib/lib/TPath/Stringifiable.pm line 22.
when is experimental at /home/cpan4/.cpan/build/TPath-1.007-0/blib/lib/TPath/Stringifiable.pm line 24.
when is experimental at /home/cpan4/.cpan/build/TPath-1.007-0/blib/lib/TPath/Stringifiable.pm line 25.
when is experimental at /home/cpan4/.cpan/build/TPath-1.007-0/blib/lib/TPath/Stringifiable.pm line 26.
when is experimental at /home/cpan4/.cpan/build/TPath-1.007-0/blib/lib/TPath/Stringifiable.pm line 27.
when is experimental at /home/cpan4/.cpan/build/TPath-1.007-0/blib/lib/TPath/Stringifiable.pm line 28.
when is experimental at /home/cpan4/.cpan/build/TPath-1.007-0/blib/lib/TPath/Stringifiable.pm line 29.
Eval-group not allowed at runtime, use re 'eval' in regex m/(?x)(?{; *Regexp::Grammars::LOGFILE
                        = Regexp::Grammars::_open_log('>>','-', 'for regex gramma.../ at (eval 214) line 2653.
Compilation failed in require at /home/cpan4/.cpan/build/TPath-1.007-0/blib/lib/TPath/TypeConstraints.pm line 6.
BEGIN failed--compilation aborted at /home/cpan4/.cpan/build/TPath-1.007-0/blib/lib/TPath/TypeConstraints.pm line 6.
Compilation failed in require at /home/cpan4/.cpan/build/TPath-1.007-0/blib/lib/TPath/Index.pm line 10.
BEGIN failed--compilation aborted at /home/cpan4/.cpan/build/TPath-1.007-0/blib/lib/TPath/Index.pm line 10.
Compilation failed in require at t/ToyXMLForester.pm line 21.
BEGIN failed--compilation aborted at t/ToyXMLForester.pm line 21.
Compilation failed in require at t/index_functions.t line 12.
BEGIN failed--compilation aborted at t/index_functions.t line 12.
# Looks like your test exited with 2 before it could output anything.
t/index_functions.t ........... 
Dubious, test returned 2 (wstat 512, 0x200)
Failed 8/8 subtests 
Smartmatch is experimental at /home/cpan4/.cpan/build/TPath-1.007-0/blib/lib/TPath/Stringifiable.pm line 22.
when is experimental at /home/cpan4/.cpan/build/TPath-1.007-0/blib/lib/TPath/Stringifiable.pm line 24.
when is experimental at /home/cpan4/.cpan/build/TPath-1.007-0/blib/lib/TPath/Stringifiable.pm line 25.
when is experimental at /home/cpan4/.cpan/build/TPath-1.007-0/blib/lib/TPath/Stringifiable.pm line 26.
when is experimental at /home/cpan4/.cpan/build/TPath-1.007-0/blib/lib/TPath/Stringifiable.pm line 27.
when is experimental at /home/cpan4/.cpan/build/TPath-1.007-0/blib/lib/TPath/Stringifiable.pm line 28.
when is experimental at /home/cpan4/.cpan/build/TPath-1.007-0/blib/lib/TPath/Stringifiable.pm line 29.
Eval-group not allowed at runtime, use re 'eval' in regex m/(?x)(?{; *Regexp::Grammars::LOGFILE
                        = Regexp::Grammars::_open_log('>>','-', 'for regex gramma.../ at (eval 214) line 2653.
Compilation failed in require at /home/cpan4/.cpan/build/TPath-1.007-0/blib/lib/TPath/TypeConstraints.pm line 6.
BEGIN failed--compilation aborted at /home/cpan4/.cpan/build/TPath-1.007-0/blib/lib/TPath/TypeConstraints.pm line 6.
Compilation failed in require at /home/cpan4/.cpan/build/TPath-1.007-0/blib/lib/TPath/Index.pm line 10.
BEGIN failed--compilation aborted at /home/cpan4/.cpan/build/TPath-1.007-0/blib/lib/TPath/Index.pm line 10.
Compilation failed in require at t/ToyXMLForester.pm line 21.
BEGIN failed--compilation aborted at t/ToyXMLForester.pm line 21.
Compilation failed in require at t/one_based_index.t line 12.
BEGIN failed--compilation aborted at t/one_based_index.t line 12.
t/one_based_index.t ........... 
Dubious, test returned 2 (wstat 512, 0x200)
No subtests run 

#   Failed test 'TPath/Predicate/Attribute.pm loaded ok'
#   at t/00-compile.t line 100.
#          got: '512'
#     expected: '0'
Eval-group not allowed at runtime, use re 'eval' in regex m/(?x)(?{; *Regexp::Grammars::LOGFILE
                        = Regexp::Grammars::_open_log('>>','-', 'for regex gramma.../ at (eval 175) line 2653.
Compilation failed in require at /home/cpan4/.cpan/build/TPath-1.007-0/blib/lib/TPath/TypeConstraints.pm line 6.
BEGIN failed--compilation aborted at /home/cpan4/.cpan/build/TPath-1.007-0/blib/lib/TPath/TypeConstraints.pm line 6.
Compilation failed in require at /home/cpan4/.cpan/build/TPath-1.007-0/blib/lib/TPath/Predicate/Attribute.pm line 7.
BEGIN failed--compilation aborted at /home/cpan4/.cpan/build/TPath-1.007-0/blib/lib/TPath/Predicate/Attribute.pm line 7.
Compilation failed in require at -e line 1.
Eval-group not allowed at runtime, use re 'eval' in regex m/(?x)(?{; *Regexp::Grammars::LOGFILE
                        = Regexp::Grammars::_open_log('>>','-', 'for regex gramma.../ at (eval 8) line 2653.
Compilation failed in require at t/parsing.t line 6.
BEGIN failed--compilation aborted at t/parsing.t line 6.
t/parsing.t ................... 
Dubious, test returned 2 (wstat 512, 0x200)
No subtests run 

#   Failed test 'TPath/Predicate/AttributeTest.pm loaded ok'
#   at t/00-compile.t line 100.
#          got: '512'
#     expected: '0'
Eval-group not allowed at runtime, use re 'eval' in regex m/(?x)(?{; *Regexp::Grammars::LOGFILE
                        = Regexp::Grammars::_open_log('>>','-', 'for regex gramma.../ at (eval 175) line 2653.
Compilation failed in require at /home/cpan4/.cpan/build/TPath-1.007-0/blib/lib/TPath/TypeConstraints.pm line 6.
BEGIN failed--compilation aborted at /home/cpan4/.cpan/build/TPath-1.007-0/blib/lib/TPath/TypeConstraints.pm line 6.
Compilation failed in require at /home/cpan4/.cpan/build/TPath-1.007-0/blib/lib/TPath/Predicate/AttributeTest.pm line 7.
BEGIN failed--compilation aborted at /home/cpan4/.cpan/build/TPath-1.007-0/blib/lib/TPath/Predicate/AttributeTest.pm line 7.
Compilation failed in require at -e line 1.
Eval-group not allowed at runtime, use re 'eval' in regex m/(?x)(?{; *Regexp::Grammars::LOGFILE
                        = Regexp::Grammars::_open_log('>>','-', 'for regex gramma.../ at (eval 214) line 2653.
Compilation failed in require at /home/cpan4/.cpan/build/TPath-1.007-0/blib/lib/TPath/TypeConstraints.pm line 6.
BEGIN failed--compilation aborted at /home/cpan4/.cpan/build/TPath-1.007-0/blib/lib/TPath/TypeConstraints.pm line 6.
Compilation failed in require at /home/cpan4/.cpan/build/TPath-1.007-0/blib/lib/TPath/Index.pm line 10.
BEGIN failed--compilation aborted at /home/cpan4/.cpan/build/TPath-1.007-0/blib/lib/TPath/Index.pm line 10.
Compilation failed in require at t/ToyXMLForester.pm line 21.
BEGIN failed--compilation aborted at t/ToyXMLForester.pm line 21.
Compilation failed in require at t/precedence.t line 13.
BEGIN failed--compilation aborted at t/precedence.t line 13.
# Looks like your test exited with 2 before it could output anything.
t/precedence.t ................ 
Dubious, test returned 2 (wstat 512, 0x200)
Failed 10/10 subtests 

#   Failed test 'TPath/Predicate/Boolean.pm loaded ok'
#   at t/00-compile.t line 100.
#          got: '512'
#     expected: '0'
Eval-group not allowed at runtime, use re 'eval' in regex m/(?x)(?{; *Regexp::Grammars::LOGFILE
                        = Regexp::Grammars::_open_log('>>','-', 'for regex gramma.../ at (eval 175) line 2653.
Compilation failed in require at /home/cpan4/.cpan/build/TPath-1.007-0/blib/lib/TPath/TypeConstraints.pm line 6.
BEGIN failed--compilation aborted at /home/cpan4/.cpan/build/TPath-1.007-0/blib/lib/TPath/TypeConstraints.pm line 6.
Compilation failed in require at /home/cpan4/.cpan/build/TPath-1.007-0/blib/lib/TPath/Predicate/Boolean.pm line 7.
BEGIN failed--compilation aborted at /home/cpan4/.cpan/build/TPath-1.007-0/blib/lib/TPath/Predicate/Boolean.pm line 7.
Compilation failed in require at -e line 1.
Eval-group not allowed at runtime, use re 'eval' in regex m/(?x)(?{; *Regexp::Grammars::LOGFILE
                        = Regexp::Grammars::_open_log('>>','-', 'for regex gramma.../ at (eval 215) line 2653.
Compilation failed in require at /home/cpan4/.cpan/build/TPath-1.007-0/blib/lib/TPath/TypeConstraints.pm line 6.
BEGIN failed--compilation aborted at /home/cpan4/.cpan/build/TPath-1.007-0/blib/lib/TPath/TypeConstraints.pm line 6.
Compilation failed in require at /home/cpan4/.cpan/build/TPath-1.007-0/blib/lib/TPath/Index.pm line 10.
BEGIN failed--compilation aborted at /home/cpan4/.cpan/build/TPath-1.007-0/blib/lib/TPath/Index.pm line 10.
Compilation failed in require at t/ToyXMLForester.pm line 21.
BEGIN failed--compilation aborted at t/ToyXMLForester.pm line 21.
Compilation failed in require at t/previous.t line 13.
BEGIN failed--compilation aborted at t/previous.t line 13.
t/previous.t .................. 
Dubious, test returned 2 (wstat 512, 0x200)
No subtests run 

#   Failed test 'TPath/Predicate/Expression.pm loaded ok'
#   at t/00-compile.t line 100.
#          got: '512'
#     expected: '0'
Eval-group not allowed at runtime, use re 'eval' in regex m/(?x)(?{; *Regexp::Grammars::LOGFILE
                        = Regexp::Grammars::_open_log('>>','-', 'for regex gramma.../ at (eval 175) line 2653.
Compilation failed in require at /home/cpan4/.cpan/build/TPath-1.007-0/blib/lib/TPath/TypeConstraints.pm line 6.
BEGIN failed--compilation aborted at /home/cpan4/.cpan/build/TPath-1.007-0/blib/lib/TPath/TypeConstraints.pm line 6.
Compilation failed in require at /home/cpan4/.cpan/build/TPath-1.007-0/blib/lib/TPath/Predicate/Expression.pm line 7.
BEGIN failed--compilation aborted at /home/cpan4/.cpan/build/TPath-1.007-0/blib/lib/TPath/Predicate/Expression.pm line 7.
Compilation failed in require at -e line 1.
Eval-group not allowed at runtime, use re 'eval' in regex m/(?x)(?{; *Regexp::Grammars::LOGFILE
                        = Regexp::Grammars::_open_log('>>','-', 'for regex gramma.../ at (eval 214) line 2653.
Compilation failed in require at /home/cpan4/.cpan/build/TPath-1.007-0/blib/lib/TPath/TypeConstraints.pm line 6.
BEGIN failed--compilation aborted at /home/cpan4/.cpan/build/TPath-1.007-0/blib/lib/TPath/TypeConstraints.pm line 6.
Compilation failed in require at /home/cpan4/.cpan/build/TPath-1.007-0/blib/lib/TPath/Index.pm line 10.
BEGIN failed--compilation aborted at /home/cpan4/.cpan/build/TPath-1.007-0/blib/lib/TPath/Index.pm line 10.
Compilation failed in require at t/ToyXMLForester.pm line 21.
BEGIN failed--compilation aborted at t/ToyXMLForester.pm line 21.
Compilation failed in require at t/predicate_scope.t line 12.
BEGIN failed--compilation aborted at t/predicate_scope.t line 12.
t/predicate_scope.t ........... 
Dubious, test returned 2 (wstat 512, 0x200)
No subtests run 
Smartmatch is experimental at /home/cpan4/.cpan/build/TPath-1.007-0/blib/lib/TPath/Stringifiable.pm line 22.
when is experimental at /home/cpan4/.cpan/build/TPath-1.007-0/blib/lib/TPath/Stringifiable.pm line 24.
when is experimental at /home/cpan4/.cpan/build/TPath-1.007-0/blib/lib/TPath/Stringifiable.pm line 25.
when is experimental at /home/cpan4/.cpan/build/TPath-1.007-0/blib/lib/TPath/Stringifiable.pm line 26.
when is experimental at /home/cpan4/.cpan/build/TPath-1.007-0/blib/lib/TPath/Stringifiable.pm line 27.
when is experimental at /home/cpan4/.cpan/build/TPath-1.007-0/blib/lib/TPath/Stringifiable.pm line 28.
when is experimental at /home/cpan4/.cpan/build/TPath-1.007-0/blib/lib/TPath/Stringifiable.pm line 29.
t/release-00element.t ......... skipped: these tests are for release candidate testing
Smartmatch is experimental at /home/cpan4/.cpan/build/TPath-1.007-0/blib/lib/TPath/Stringifiable.pm line 22.
when is experimental at /home/cpan4/.cpan/build/TPath-1.007-0/blib/lib/TPath/Stringifiable.pm line 24.
when is experimental at /home/cpan4/.cpan/build/TPath-1.007-0/blib/lib/TPath/Stringifiable.pm line 25.
when is experimental at /home/cpan4/.cpan/build/TPath-1.007-0/blib/lib/TPath/Stringifiable.pm line 26.
when is experimental at /home/cpan4/.cpan/build/TPath-1.007-0/blib/lib/TPath/Stringifiable.pm line 27.
when is experimental at /home/cpan4/.cpan/build/TPath-1.007-0/blib/lib/TPath/Stringifiable.pm line 28.
when is experimental at /home/cpan4/.cpan/build/TPath-1.007-0/blib/lib/TPath/Stringifiable.pm line 29.
t/release-01parsing.t ......... skipped: these tests are for release candidate testing

#   Failed test 'TPath/Selector/Expression.pm loaded ok'
#   at t/00-compile.t line 100.
#          got: '512'
#     expected: '0'
Eval-group not allowed at runtime, use re 'eval' in regex m/(?x)(?{; *Regexp::Grammars::LOGFILE
                        = Regexp::Grammars::_open_log('>>','-', 'for regex gramma.../ at (eval 175) line 2653.
Compilation failed in require at /home/cpan4/.cpan/build/TPath-1.007-0/blib/lib/TPath/TypeConstraints.pm line 6.
BEGIN failed--compilation aborted at /home/cpan4/.cpan/build/TPath-1.007-0/blib/lib/TPath/TypeConstraints.pm line 6.
Compilation failed in require at /home/cpan4/.cpan/build/TPath-1.007-0/blib/lib/TPath/Selector/Expression.pm line 9.
BEGIN failed--compilation aborted at /home/cpan4/.cpan/build/TPath-1.007-0/blib/lib/TPath/Selector/Expression.pm line 9.
Compilation failed in require at -e line 1.
t/release-unused-vars.t ....... skipped: these tests are for release candidate testing
Smartmatch is experimental at /home/cpan4/.cpan/build/TPath-1.007-0/blib/lib/TPath/Stringifiable.pm line 22.
when is experimental at /home/cpan4/.cpan/build/TPath-1.007-0/blib/lib/TPath/Stringifiable.pm line 24.
when is experimental at /home/cpan4/.cpan/build/TPath-1.007-0/blib/lib/TPath/Stringifiable.pm line 25.
when is experimental at /home/cpan4/.cpan/build/TPath-1.007-0/blib/lib/TPath/Stringifiable.pm line 26.
when is experimental at /home/cpan4/.cpan/build/TPath-1.007-0/blib/lib/TPath/Stringifiable.pm line 27.
when is experimental at /home/cpan4/.cpan/build/TPath-1.007-0/blib/lib/TPath/Stringifiable.pm line 28.
when is experimental at /home/cpan4/.cpan/build/TPath-1.007-0/blib/lib/TPath/Stringifiable.pm line 29.
Smartmatch is experimental at /home/cpan4/.cpan/build/TPath-1.007-0/blib/lib/TPath/Stringifiable.pm line 22.
when is experimental at /home/cpan4/.cpan/build/TPath-1.007-0/blib/lib/TPath/Stringifiable.pm line 24.
when is experimental at /home/cpan4/.cpan/build/TPath-1.007-0/blib/lib/TPath/Stringifiable.pm line 25.
when is experimental at /home/cpan4/.cpan/build/TPath-1.007-0/blib/lib/TPath/Stringifiable.pm line 26.
when is experimental at /home/cpan4/.cpan/build/TPath-1.007-0/blib/lib/TPath/Stringifiable.pm line 27.
when is experimental at /home/cpan4/.cpan/build/TPath-1.007-0/blib/lib/TPath/Stringifiable.pm line 28.
when is experimental at /home/cpan4/.cpan/build/TPath-1.007-0/blib/lib/TPath/Stringifiable.pm line 29.
Eval-group not allowed at runtime, use re 'eval' in regex m/(?x)(?{; *Regexp::Grammars::LOGFILE
                        = Regexp::Grammars::_open_log('>>','-', 'for regex gramma.../ at (eval 215) line 2653.
Compilation failed in require at /home/cpan4/.cpan/build/TPath-1.007-0/blib/lib/TPath/TypeConstraints.pm line 6.
BEGIN failed--compilation aborted at /home/cpan4/.cpan/build/TPath-1.007-0/blib/lib/TPath/TypeConstraints.pm line 6.
Compilation failed in require at /home/cpan4/.cpan/build/TPath-1.007-0/blib/lib/TPath/Index.pm line 10.
BEGIN failed--compilation aborted at /home/cpan4/.cpan/build/TPath-1.007-0/blib/lib/TPath/Index.pm line 10.
Compilation failed in require at t/ToyXMLForester.pm line 21.
BEGIN failed--compilation aborted at t/ToyXMLForester.pm line 21.
Compilation failed in require at t/stringification.t line 14.
BEGIN failed--compilation aborted at t/stringification.t line 14.
t/stringification.t ........... 
Dubious, test returned 2 (wstat 512, 0x200)
No subtests run 

#   Failed test 'TPath/Selector/Predicated.pm loaded ok'
#   at t/00-compile.t line 100.
#          got: '512'
#     expected: '0'
Eval-group not allowed at runtime, use re 'eval' in regex m/(?x)(?{; *Regexp::Grammars::LOGFILE
                        = Regexp::Grammars::_open_log('>>','-', 'for regex gramma.../ at (eval 175) line 2653.
Compilation failed in require at /home/cpan4/.cpan/build/TPath-1.007-0/blib/lib/TPath/TypeConstraints.pm line 6.
BEGIN failed--compilation aborted at /home/cpan4/.cpan/build/TPath-1.007-0/blib/lib/TPath/TypeConstraints.pm line 6.
Compilation failed in require at /home/cpan4/.cpan/build/TPath-1.007-0/blib/lib/TPath/Selector/Predicated.pm line 9.
BEGIN failed--compilation aborted at /home/cpan4/.cpan/build/TPath-1.007-0/blib/lib/TPath/Selector/Predicated.pm line 9.
Compilation failed in require at -e line 1.

#   Failed test 'TPath/Selector/Previous.pm loaded ok'
#   at t/00-compile.t line 100.
#          got: '512'
#     expected: '0'
Eval-group not allowed at runtime, use re 'eval' in regex m/(?x)(?{; *Regexp::Grammars::LOGFILE
                        = Regexp::Grammars::_open_log('>>','-', 'for regex gramma.../ at (eval 178) line 2653.
Compilation failed in require at /home/cpan4/.cpan/build/TPath-1.007-0/blib/lib/TPath/TypeConstraints.pm line 6.
BEGIN failed--compilation aborted at /home/cpan4/.cpan/build/TPath-1.007-0/blib/lib/TPath/TypeConstraints.pm line 6.
Compilation failed in require at /home/cpan4/.cpan/build/TPath-1.007-0/blib/lib/TPath/Selector/Test.pm line 10.
BEGIN failed--compilation aborted at /home/cpan4/.cpan/build/TPath-1.007-0/blib/lib/TPath/Selector/Test.pm line 10.
Compilation failed in require at /home/cpan4/install/lib/perl5/site_perl/5.25.7/Module/Runtime.pm line 317.
Compilation failed in require at -e line 1.

#   Failed test 'TPath/Selector/Quantified.pm loaded ok'
#   at t/00-compile.t line 100.
#          got: '512'
#     expected: '0'
Eval-group not allowed at runtime, use re 'eval' in regex m/(?x)(?{; *Regexp::Grammars::LOGFILE
                        = Regexp::Grammars::_open_log('>>','-', 'for regex gramma.../ at (eval 175) line 2653.
Compilation failed in require at /home/cpan4/.cpan/build/TPath-1.007-0/blib/lib/TPath/TypeConstraints.pm line 6.
BEGIN failed--compilation aborted at /home/cpan4/.cpan/build/TPath-1.007-0/blib/lib/TPath/TypeConstraints.pm line 6.
Compilation failed in require at /home/cpan4/.cpan/build/TPath-1.007-0/blib/lib/TPath/Selector/Quantified.pm line 10.
BEGIN failed--compilation aborted at /home/cpan4/.cpan/build/TPath-1.007-0/blib/lib/TPath/Selector/Quantified.pm line 10.
Compilation failed in require at -e line 1.
Smartmatch is experimental at /home/cpan4/.cpan/build/TPath-1.007-0/blib/lib/TPath/Stringifiable.pm line 22.
when is experimental at /home/cpan4/.cpan/build/TPath-1.007-0/blib/lib/TPath/Stringifiable.pm line 24.
when is experimental at /home/cpan4/.cpan/build/TPath-1.007-0/blib/lib/TPath/Stringifiable.pm line 25.
when is experimental at /home/cpan4/.cpan/build/TPath-1.007-0/blib/lib/TPath/Stringifiable.pm line 26.
when is experimental at /home/cpan4/.cpan/build/TPath-1.007-0/blib/lib/TPath/Stringifiable.pm line 27.
when is experimental at /home/cpan4/.cpan/build/TPath-1.007-0/blib/lib/TPath/Stringifiable.pm line 28.
when is experimental at /home/cpan4/.cpan/build/TPath-1.007-0/blib/lib/TPath/Stringifiable.pm line 29.

#   Failed test 'TPath/Selector/Test.pm loaded ok'
#   at t/00-compile.t line 100.
#          got: '512'
#     expected: '0'
Eval-group not allowed at runtime, use re 'eval' in regex m/(?x)(?{; *Regexp::Grammars::LOGFILE
                        = Regexp::Grammars::_open_log('>>','-', 'for regex gramma.../ at (eval 175) line 2653.
Compilation failed in require at /home/cpan4/.cpan/build/TPath-1.007-0/blib/lib/TPath/TypeConstraints.pm line 6.
BEGIN failed--compilation aborted at /home/cpan4/.cpan/build/TPath-1.007-0/blib/lib/TPath/TypeConstraints.pm line 6.
Compilation failed in require at /home/cpan4/.cpan/build/TPath-1.007-0/blib/lib/TPath/Selector/Test.pm line 10.
BEGIN failed--compilation aborted at /home/cpan4/.cpan/build/TPath-1.007-0/blib/lib/TPath/Selector/Test.pm line 10.
Compilation failed in require at -e line 1.

#   Failed test 'TPath/Selector/Test/Anywhere.pm loaded ok'
#   at t/00-compile.t line 100.
#          got: '512'
#     expected: '0'
Eval-group not allowed at runtime, use re 'eval' in regex m/(?x)(?{; *Regexp::Grammars::LOGFILE
                        = Regexp::Grammars::_open_log('>>','-', 'for regex gramma.../ at (eval 184) line 2653.
Compilation failed in require at /home/cpan4/.cpan/build/TPath-1.007-0/blib/lib/TPath/TypeConstraints.pm line 6.
BEGIN failed--compilation aborted at /home/cpan4/.cpan/build/TPath-1.007-0/blib/lib/TPath/TypeConstraints.pm line 6.
Compilation failed in require at /home/cpan4/.cpan/build/TPath-1.007-0/blib/lib/TPath/Selector/Test.pm line 10.
BEGIN failed--compilation aborted at /home/cpan4/.cpan/build/TPath-1.007-0/blib/lib/TPath/Selector/Test.pm line 10.
Compilation failed in require at /home/cpan4/install/lib/perl5/site_perl/5.25.7/Module/Runtime.pm line 317.
Compilation failed in require at -e line 1.

#   Failed test 'TPath/Selector/Test/AnywhereAttribute.pm loaded ok'
#   at t/00-compile.t line 100.
#          got: '512'
#     expected: '0'
Eval-group not allowed at runtime, use re 'eval' in regex m/(?x)(?{; *Regexp::Grammars::LOGFILE
                        = Regexp::Grammars::_open_log('>>','-', 'for regex gramma.../ at (eval 186) line 2653.
Compilation failed in require at /home/cpan4/.cpan/build/TPath-1.007-0/blib/lib/TPath/TypeConstraints.pm line 6.
BEGIN failed--compilation aborted at /home/cpan4/.cpan/build/TPath-1.007-0/blib/lib/TPath/TypeConstraints.pm line 6.
Compilation failed in require at /home/cpan4/.cpan/build/TPath-1.007-0/blib/lib/TPath/Selector/Test/AnywhereAttribute.pm line 7.
BEGIN failed--compilation aborted at /home/cpan4/.cpan/build/TPath-1.007-0/blib/lib/TPath/Selector/Test/AnywhereAttribute.pm line 7.
Compilation failed in require at -e line 1.

#   Failed test 'TPath/Selector/Test/AnywhereMatch.pm loaded ok'
#   at t/00-compile.t line 100.
#          got: '512'
#     expected: '0'
Eval-group not allowed at runtime, use re 'eval' in regex m/(?x)(?{; *Regexp::Grammars::LOGFILE
                        = Regexp::Grammars::_open_log('>>','-', 'for regex gramma.../ at (eval 188) line 2653.
Compilation failed in require at /home/cpan4/.cpan/build/TPath-1.007-0/blib/lib/TPath/TypeConstraints.pm line 6.
BEGIN failed--compilation aborted at /home/cpan4/.cpan/build/TPath-1.007-0/blib/lib/TPath/TypeConstraints.pm line 6.
Compilation failed in require at /home/cpan4/.cpan/build/TPath-1.007-0/blib/lib/TPath/Selector/Test.pm line 10.
BEGIN failed--compilation aborted at /home/cpan4/.cpan/build/TPath-1.007-0/blib/lib/TPath/Selector/Test.pm line 10.
Compilation failed in require at /home/cpan4/install/lib/perl5/site_perl/5.25.7/Module/Runtime.pm line 317.
Compilation failed in require at /home/cpan4/install/lib/perl5/site_perl/5.25.7/Module/Runtime.pm line 317.
Compilation failed in require at -e line 1.

#   Failed test 'TPath/Selector/Test/AnywhereTag.pm loaded ok'
#   at t/00-compile.t line 100.
#          got: '512'
#     expected: '0'
Eval-group not allowed at runtime, use re 'eval' in regex m/(?x)(?{; *Regexp::Grammars::LOGFILE
                        = Regexp::Grammars::_open_log('>>','-', 'for regex gramma.../ at (eval 186) line 2653.
Compilation failed in require at /home/cpan4/.cpan/build/TPath-1.007-0/blib/lib/TPath/TypeConstraints.pm line 6.
BEGIN failed--compilation aborted at /home/cpan4/.cpan/build/TPath-1.007-0/blib/lib/TPath/TypeConstraints.pm line 6.
Compilation failed in require at /home/cpan4/.cpan/build/TPath-1.007-0/blib/lib/TPath/Selector/Test.pm line 10.
BEGIN failed--compilation aborted at /home/cpan4/.cpan/build/TPath-1.007-0/blib/lib/TPath/Selector/Test.pm line 10.
Compilation failed in require at /home/cpan4/install/lib/perl5/site_perl/5.25.7/Module/Runtime.pm line 317.
Compilation failed in require at -e line 1.

#   Failed test 'TPath/Selector/Test/AxisAttribute.pm loaded ok'
#   at t/00-compile.t line 100.
#          got: '512'
#     expected: '0'
Eval-group not allowed at runtime, use re 'eval' in regex m/(?x)(?{; *Regexp::Grammars::LOGFILE
                        = Regexp::Grammars::_open_log('>>','-', 'for regex gramma.../ at (eval 186) line 2653.
Compilation failed in require at /home/cpan4/.cpan/build/TPath-1.007-0/blib/lib/TPath/TypeConstraints.pm line 6.
BEGIN failed--compilation aborted at /home/cpan4/.cpan/build/TPath-1.007-0/blib/lib/TPath/TypeConstraints.pm line 6.
Compilation failed in require at /home/cpan4/.cpan/build/TPath-1.007-0/blib/lib/TPath/Selector/Test/AxisAttribute.pm line 7.
BEGIN failed--compilation aborted at /home/cpan4/.cpan/build/TPath-1.007-0/blib/lib/TPath/Selector/Test/AxisAttribute.pm line 7.
Compilation failed in require at -e line 1.

#   Failed test 'TPath/Selector/Test/AxisMatch.pm loaded ok'
#   at t/00-compile.t line 100.
#          got: '512'
#     expected: '0'
Eval-group not allowed at runtime, use re 'eval' in regex m/(?x)(?{; *Regexp::Grammars::LOGFILE
                        = Regexp::Grammars::_open_log('>>','-', 'for regex gramma.../ at (eval 188) line 2653.
Compilation failed in require at /home/cpan4/.cpan/build/TPath-1.007-0/blib/lib/TPath/TypeConstraints.pm line 6.
BEGIN failed--compilation aborted at /home/cpan4/.cpan/build/TPath-1.007-0/blib/lib/TPath/TypeConstraints.pm line 6.
Compilation failed in require at /home/cpan4/.cpan/build/TPath-1.007-0/blib/lib/TPath/Selector/Test.pm line 10.
BEGIN failed--compilation aborted at /home/cpan4/.cpan/build/TPath-1.007-0/blib/lib/TPath/Selector/Test.pm line 10.
Compilation failed in require at /home/cpan4/install/lib/perl5/site_perl/5.25.7/Module/Runtime.pm line 317.
Compilation failed in require at /home/cpan4/install/lib/perl5/site_perl/5.25.7/Module/Runtime.pm line 317.
Compilation failed in require at -e line 1.

#   Failed test 'TPath/Selector/Test/AxisTag.pm loaded ok'
#   at t/00-compile.t line 100.
#          got: '512'
#     expected: '0'
Eval-group not allowed at runtime, use re 'eval' in regex m/(?x)(?{; *Regexp::Grammars::LOGFILE
                        = Regexp::Grammars::_open_log('>>','-', 'for regex gramma.../ at (eval 186) line 2653.
Compilation failed in require at /home/cpan4/.cpan/build/TPath-1.007-0/blib/lib/TPath/TypeConstraints.pm line 6.
BEGIN failed--compilation aborted at /home/cpan4/.cpan/build/TPath-1.007-0/blib/lib/TPath/TypeConstraints.pm line 6.
Compilation failed in require at /home/cpan4/.cpan/build/TPath-1.007-0/blib/lib/TPath/Selector/Test.pm line 10.
BEGIN failed--compilation aborted at /home/cpan4/.cpan/build/TPath-1.007-0/blib/lib/TPath/Selector/Test.pm line 10.
Compilation failed in require at /home/cpan4/install/lib/perl5/site_perl/5.25.7/Module/Runtime.pm line 317.
Compilation failed in require at -e line 1.

#   Failed test 'TPath/Selector/Test/AxisWildcard.pm loaded ok'
#   at t/00-compile.t line 100.
#          got: '512'
#     expected: '0'
Eval-group not allowed at runtime, use re 'eval' in regex m/(?x)(?{; *Regexp::Grammars::LOGFILE
                        = Regexp::Grammars::_open_log('>>','-', 'for regex gramma.../ at (eval 184) line 2653.
Compilation failed in require at /home/cpan4/.cpan/build/TPath-1.007-0/blib/lib/TPath/TypeConstraints.pm line 6.
BEGIN failed--compilation aborted at /home/cpan4/.cpan/build/TPath-1.007-0/blib/lib/TPath/TypeConstraints.pm line 6.
Compilation failed in require at /home/cpan4/.cpan/build/TPath-1.007-0/blib/lib/TPath/Selector/Test.pm line 10.
BEGIN failed--compilation aborted at /home/cpan4/.cpan/build/TPath-1.007-0/blib/lib/TPath/Selector/Test.pm line 10.
Compilation failed in require at /home/cpan4/install/lib/perl5/site_perl/5.25.7/Module/Runtime.pm line 317.
Compilation failed in require at -e line 1.

#   Failed test 'TPath/Selector/Test/ChildAttribute.pm loaded ok'
#   at t/00-compile.t line 100.
#          got: '512'
#     expected: '0'
Eval-group not allowed at runtime, use re 'eval' in regex m/(?x)(?{; *Regexp::Grammars::LOGFILE
                        = Regexp::Grammars::_open_log('>>','-', 'for regex gramma.../ at (eval 186) line 2653.
Compilation failed in require at /home/cpan4/.cpan/build/TPath-1.007-0/blib/lib/TPath/TypeConstraints.pm line 6.
BEGIN failed--compilation aborted at /home/cpan4/.cpan/build/TPath-1.007-0/blib/lib/TPath/TypeConstraints.pm line 6.
Compilation failed in require at /home/cpan4/.cpan/build/TPath-1.007-0/blib/lib/TPath/Selector/Test/ChildAttribute.pm line 7.
BEGIN failed--compilation aborted at /home/cpan4/.cpan/build/TPath-1.007-0/blib/lib/TPath/Selector/Test/ChildAttribute.pm line 7.
Compilation failed in require at -e line 1.

#   Failed test 'TPath/Selector/Test/ChildMatch.pm loaded ok'
#   at t/00-compile.t line 100.
#          got: '512'
#     expected: '0'
Eval-group not allowed at runtime, use re 'eval' in regex m/(?x)(?{; *Regexp::Grammars::LOGFILE
                        = Regexp::Grammars::_open_log('>>','-', 'for regex gramma.../ at (eval 188) line 2653.
Compilation failed in require at /home/cpan4/.cpan/build/TPath-1.007-0/blib/lib/TPath/TypeConstraints.pm line 6.
BEGIN failed--compilation aborted at /home/cpan4/.cpan/build/TPath-1.007-0/blib/lib/TPath/TypeConstraints.pm line 6.
Compilation failed in require at /home/cpan4/.cpan/build/TPath-1.007-0/blib/lib/TPath/Selector/Test.pm line 10.
BEGIN failed--compilation aborted at /home/cpan4/.cpan/build/TPath-1.007-0/blib/lib/TPath/Selector/Test.pm line 10.
Compilation failed in require at /home/cpan4/install/lib/perl5/site_perl/5.25.7/Module/Runtime.pm line 317.
Compilation failed in require at /home/cpan4/install/lib/perl5/site_perl/5.25.7/Module/Runtime.pm line 317.
Compilation failed in require at -e line 1.

#   Failed test 'TPath/Selector/Test/ChildTag.pm loaded ok'
#   at t/00-compile.t line 100.
#          got: '512'
#     expected: '0'
Eval-group not allowed at runtime, use re 'eval' in regex m/(?x)(?{; *Regexp::Grammars::LOGFILE
                        = Regexp::Grammars::_open_log('>>','-', 'for regex gramma.../ at (eval 186) line 2653.
Compilation failed in require at /home/cpan4/.cpan/build/TPath-1.007-0/blib/lib/TPath/TypeConstraints.pm line 6.
BEGIN failed--compilation aborted at /home/cpan4/.cpan/build/TPath-1.007-0/blib/lib/TPath/TypeConstraints.pm line 6.
Compilation failed in require at /home/cpan4/.cpan/build/TPath-1.007-0/blib/lib/TPath/Selector/Test.pm line 10.
BEGIN failed--compilation aborted at /home/cpan4/.cpan/build/TPath-1.007-0/blib/lib/TPath/Selector/Test.pm line 10.
Compilation failed in require at /home/cpan4/install/lib/perl5/site_perl/5.25.7/Module/Runtime.pm line 317.
Compilation failed in require at -e line 1.

#   Failed test 'TPath/Selector/Test/ClosestAttribute.pm loaded ok'
#   at t/00-compile.t line 100.
#          got: '512'
#     expected: '0'
Eval-group not allowed at runtime, use re 'eval' in regex m/(?x)(?{; *Regexp::Grammars::LOGFILE
                        = Regexp::Grammars::_open_log('>>','-', 'for regex gramma.../ at (eval 186) line 2653.
Compilation failed in require at /home/cpan4/.cpan/build/TPath-1.007-0/blib/lib/TPath/TypeConstraints.pm line 6.
BEGIN failed--compilation aborted at /home/cpan4/.cpan/build/TPath-1.007-0/blib/lib/TPath/TypeConstraints.pm line 6.
Compilation failed in require at /home/cpan4/.cpan/build/TPath-1.007-0/blib/lib/TPath/Selector/Test/ClosestAttribute.pm line 7.
BEGIN failed--compilation aborted at /home/cpan4/.cpan/build/TPath-1.007-0/blib/lib/TPath/Selector/Test/ClosestAttribute.pm line 7.
Compilation failed in require at -e line 1.

#   Failed test 'TPath/Selector/Test/ClosestMatch.pm loaded ok'
#   at t/00-compile.t line 100.
#          got: '512'
#     expected: '0'
Eval-group not allowed at runtime, use re 'eval' in regex m/(?x)(?{; *Regexp::Grammars::LOGFILE
                        = Regexp::Grammars::_open_log('>>','-', 'for regex gramma.../ at (eval 188) line 2653.
Compilation failed in require at /home/cpan4/.cpan/build/TPath-1.007-0/blib/lib/TPath/TypeConstraints.pm line 6.
BEGIN failed--compilation aborted at /home/cpan4/.cpan/build/TPath-1.007-0/blib/lib/TPath/TypeConstraints.pm line 6.
Compilation failed in require at /home/cpan4/.cpan/build/TPath-1.007-0/blib/lib/TPath/Selector/Test.pm line 10.
BEGIN failed--compilation aborted at /home/cpan4/.cpan/build/TPath-1.007-0/blib/lib/TPath/Selector/Test.pm line 10.
Compilation failed in require at /home/cpan4/install/lib/perl5/site_perl/5.25.7/Module/Runtime.pm line 317.
Compilation failed in require at /home/cpan4/install/lib/perl5/site_perl/5.25.7/Module/Runtime.pm line 317.
Compilation failed in require at -e line 1.

#   Failed test 'TPath/Selector/Test/ClosestTag.pm loaded ok'
#   at t/00-compile.t line 100.
#          got: '512'
#     expected: '0'
Eval-group not allowed at runtime, use re 'eval' in regex m/(?x)(?{; *Regexp::Grammars::LOGFILE
                        = Regexp::Grammars::_open_log('>>','-', 'for regex gramma.../ at (eval 186) line 2653.
Compilation failed in require at /home/cpan4/.cpan/build/TPath-1.007-0/blib/lib/TPath/TypeConstraints.pm line 6.
BEGIN failed--compilation aborted at /home/cpan4/.cpan/build/TPath-1.007-0/blib/lib/TPath/TypeConstraints.pm line 6.
Compilation failed in require at /home/cpan4/.cpan/build/TPath-1.007-0/blib/lib/TPath/Selector/Test.pm line 10.
BEGIN failed--compilation aborted at /home/cpan4/.cpan/build/TPath-1.007-0/blib/lib/TPath/Selector/Test.pm line 10.
Compilation failed in require at /home/cpan4/install/lib/perl5/site_perl/5.25.7/Module/Runtime.pm line 317.
Compilation failed in require at -e line 1.

#   Failed test 'TPath/Selector/Test/Match.pm loaded ok'
#   at t/00-compile.t line 100.
#          got: '512'
#     expected: '0'
Eval-group not allowed at runtime, use re 'eval' in regex m/(?x)(?{; *Regexp::Grammars::LOGFILE
                        = Regexp::Grammars::_open_log('>>','-', 'for regex gramma.../ at (eval 177) line 2653.
Compilation failed in require at /home/cpan4/.cpan/build/TPath-1.007-0/blib/lib/TPath/TypeConstraints.pm line 6.
BEGIN failed--compilation aborted at /home/cpan4/.cpan/build/TPath-1.007-0/blib/lib/TPath/TypeConstraints.pm line 6.
Compilation failed in require at /home/cpan4/.cpan/build/TPath-1.007-0/blib/lib/TPath/Selector/Test.pm line 10.
BEGIN failed--compilation aborted at /home/cpan4/.cpan/build/TPath-1.007-0/blib/lib/TPath/Selector/Test.pm line 10.
Compilation failed in require at /home/cpan4/install/lib/perl5/site_perl/5.25.7/Module/Runtime.pm line 317.
Compilation failed in require at -e line 1.

#   Failed test 'TPath/Selector/Test/Root.pm loaded ok'
#   at t/00-compile.t line 100.
#          got: '512'
#     expected: '0'
Eval-group not allowed at runtime, use re 'eval' in regex m/(?x)(?{; *Regexp::Grammars::LOGFILE
                        = Regexp::Grammars::_open_log('>>','-', 'for regex gramma.../ at (eval 178) line 2653.
Compilation failed in require at /home/cpan4/.cpan/build/TPath-1.007-0/blib/lib/TPath/TypeConstraints.pm line 6.
BEGIN failed--compilation aborted at /home/cpan4/.cpan/build/TPath-1.007-0/blib/lib/TPath/TypeConstraints.pm line 6.
Compilation failed in require at /home/cpan4/.cpan/build/TPath-1.007-0/blib/lib/TPath/Selector/Test.pm line 10.
BEGIN failed--compilation aborted at /home/cpan4/.cpan/build/TPath-1.007-0/blib/lib/TPath/Selector/Test.pm line 10.
Compilation failed in require at /home/cpan4/install/lib/perl5/site_perl/5.25.7/Module/Runtime.pm line 317.
Compilation failed in require at -e line 1.
Smartmatch is experimental at /home/cpan4/.cpan/build/TPath-1.007-0/blib/lib/TPath/Stringifiable.pm line 22.
when is experimental at /home/cpan4/.cpan/build/TPath-1.007-0/blib/lib/TPath/Stringifiable.pm line 24.
when is experimental at /home/cpan4/.cpan/build/TPath-1.007-0/blib/lib/TPath/Stringifiable.pm line 25.
when is experimental at /home/cpan4/.cpan/build/TPath-1.007-0/blib/lib/TPath/Stringifiable.pm line 26.
when is experimental at /home/cpan4/.cpan/build/TPath-1.007-0/blib/lib/TPath/Stringifiable.pm line 27.
when is experimental at /home/cpan4/.cpan/build/TPath-1.007-0/blib/lib/TPath/Stringifiable.pm line 28.
when is experimental at /home/cpan4/.cpan/build/TPath-1.007-0/blib/lib/TPath/Stringifiable.pm line 29.
Smartmatch is experimental at /home/cpan4/.cpan/build/TPath-1.007-0/blib/lib/TPath/Stringifiable.pm line 22.
when is experimental at /home/cpan4/.cpan/build/TPath-1.007-0/blib/lib/TPath/Stringifiable.pm line 24.
when is experimental at /home/cpan4/.cpan/build/TPath-1.007-0/blib/lib/TPath/Stringifiable.pm line 25.
when is experimental at /home/cpan4/.cpan/build/TPath-1.007-0/blib/lib/TPath/Stringifiable.pm line 26.
when is experimental at /home/cpan4/.cpan/build/TPath-1.007-0/blib/lib/TPath/Stringifiable.pm line 27.
when is experimental at /home/cpan4/.cpan/build/TPath-1.007-0/blib/lib/TPath/Stringifiable.pm line 28.
when is experimental at /home/cpan4/.cpan/build/TPath-1.007-0/blib/lib/TPath/Stringifiable.pm line 29.

#   Failed test 'TPath/Test/And.pm loaded ok'
#   at t/00-compile.t line 100.
#          got: '512'
#     expected: '0'
Eval-group not allowed at runtime, use re 'eval' in regex m/(?x)(?{; *Regexp::Grammars::LOGFILE
                        = Regexp::Grammars::_open_log('>>','-', 'for regex gramma.../ at (eval 177) line 2653.
Compilation failed in require at /home/cpan4/.cpan/build/TPath-1.007-0/blib/lib/TPath/TypeConstraints.pm line 6.
BEGIN failed--compilation aborted at /home/cpan4/.cpan/build/TPath-1.007-0/blib/lib/TPath/TypeConstraints.pm line 6.
Compilation failed in require at /home/cpan4/.cpan/build/TPath-1.007-0/blib/lib/TPath/Test/Compound.pm line 6.
BEGIN failed--compilation aborted at /home/cpan4/.cpan/build/TPath-1.007-0/blib/lib/TPath/Test/Compound.pm line 6.
Compilation failed in require at /home/cpan4/install/lib/perl5/site_perl/5.25.7/Module/Runtime.pm line 317.
Compilation failed in require at -e line 1.
Smartmatch is experimental at /home/cpan4/.cpan/build/TPath-1.007-0/blib/lib/TPath/Stringifiable.pm line 22.
when is experimental at /home/cpan4/.cpan/build/TPath-1.007-0/blib/lib/TPath/Stringifiable.pm line 24.
when is experimental at /home/cpan4/.cpan/build/TPath-1.007-0/blib/lib/TPath/Stringifiable.pm line 25.
when is experimental at /home/cpan4/.cpan/build/TPath-1.007-0/blib/lib/TPath/Stringifiable.pm line 26.
when is experimental at /home/cpan4/.cpan/build/TPath-1.007-0/blib/lib/TPath/Stringifiable.pm line 27.
when is experimental at /home/cpan4/.cpan/build/TPath-1.007-0/blib/lib/TPath/Stringifiable.pm line 28.
when is experimental at /home/cpan4/.cpan/build/TPath-1.007-0/blib/lib/TPath/Stringifiable.pm line 29.

#   Failed test 'TPath/Test/Compound.pm loaded ok'
#   at t/00-compile.t line 100.
#          got: '512'
#     expected: '0'
Eval-group not allowed at runtime, use re 'eval' in regex m/(?x)(?{; *Regexp::Grammars::LOGFILE
                        = Regexp::Grammars::_open_log('>>','-', 'for regex gramma.../ at (eval 175) line 2653.
Compilation failed in require at /home/cpan4/.cpan/build/TPath-1.007-0/blib/lib/TPath/TypeConstraints.pm line 6.
BEGIN failed--compilation aborted at /home/cpan4/.cpan/build/TPath-1.007-0/blib/lib/TPath/TypeConstraints.pm line 6.
Compilation failed in require at /home/cpan4/.cpan/build/TPath-1.007-0/blib/lib/TPath/Test/Compound.pm line 6.
BEGIN failed--compilation aborted at /home/cpan4/.cpan/build/TPath-1.007-0/blib/lib/TPath/Test/Compound.pm line 6.
Compilation failed in require at -e line 1.

#   Failed test 'TPath/Test/Not.pm loaded ok'
#   at t/00-compile.t line 100.
#          got: '512'
#     expected: '0'
Smartmatch is experimental at /home/cpan4/.cpan/build/TPath-1.007-0/blib/lib/TPath/Stringifiable.pm line 22.
when is experimental at /home/cpan4/.cpan/build/TPath-1.007-0/blib/lib/TPath/Stringifiable.pm line 24.
when is experimental at /home/cpan4/.cpan/build/TPath-1.007-0/blib/lib/TPath/Stringifiable.pm line 25.
when is experimental at /home/cpan4/.cpan/build/TPath-1.007-0/blib/lib/TPath/Stringifiable.pm line 26.
when is experimental at /home/cpan4/.cpan/build/TPath-1.007-0/blib/lib/TPath/Stringifiable.pm line 27.
when is experimental at /home/cpan4/.cpan/build/TPath-1.007-0/blib/lib/TPath/Stringifiable.pm line 28.
when is experimental at /home/cpan4/.cpan/build/TPath-1.007-0/blib/lib/TPath/Stringifiable.pm line 29.
Eval-group not allowed at runtime, use re 'eval' in regex m/(?x)(?{; *Regexp::Grammars::LOGFILE
                        = Regexp::Grammars::_open_log('>>','-', 'for regex gramma.../ at (eval 179) line 2653.
Compilation failed in require at /home/cpan4/.cpan/build/TPath-1.007-0/blib/lib/TPath/TypeConstraints.pm line 6.
BEGIN failed--compilation aborted at /home/cpan4/.cpan/build/TPath-1.007-0/blib/lib/TPath/TypeConstraints.pm line 6.
Compilation failed in require at /home/cpan4/.cpan/build/TPath-1.007-0/blib/lib/TPath/Test/Not.pm line 8.
BEGIN failed--compilation aborted at /home/cpan4/.cpan/build/TPath-1.007-0/blib/lib/TPath/Test/Not.pm line 8.
Compilation failed in require at -e line 1.

#   Failed test 'TPath/Test/One.pm loaded ok'
#   at t/00-compile.t line 100.
#          got: '512'
#     expected: '0'
Eval-group not allowed at runtime, use re 'eval' in regex m/(?x)(?{; *Regexp::Grammars::LOGFILE
                        = Regexp::Grammars::_open_log('>>','-', 'for regex gramma.../ at (eval 177) line 2653.
Compilation failed in require at /home/cpan4/.cpan/build/TPath-1.007-0/blib/lib/TPath/TypeConstraints.pm line 6.
BEGIN failed--compilation aborted at /home/cpan4/.cpan/build/TPath-1.007-0/blib/lib/TPath/TypeConstraints.pm line 6.
Compilation failed in require at /home/cpan4/.cpan/build/TPath-1.007-0/blib/lib/TPath/Test/Compound.pm line 6.
BEGIN failed--compilation aborted at /home/cpan4/.cpan/build/TPath-1.007-0/blib/lib/TPath/Test/Compound.pm line 6.
Compilation failed in require at /home/cpan4/install/lib/perl5/site_perl/5.25.7/Module/Runtime.pm line 317.
Compilation failed in require at -e line 1.

#   Failed test 'TPath/Test/Or.pm loaded ok'
#   at t/00-compile.t line 100.
#          got: '512'
#     expected: '0'
Eval-group not allowed at runtime, use re 'eval' in regex m/(?x)(?{; *Regexp::Grammars::LOGFILE
                        = Regexp::Grammars::_open_log('>>','-', 'for regex gramma.../ at (eval 177) line 2653.
Compilation failed in require at /home/cpan4/.cpan/build/TPath-1.007-0/blib/lib/TPath/TypeConstraints.pm line 6.
BEGIN failed--compilation aborted at /home/cpan4/.cpan/build/TPath-1.007-0/blib/lib/TPath/TypeConstraints.pm line 6.
Compilation failed in require at /home/cpan4/.cpan/build/TPath-1.007-0/blib/lib/TPath/Test/Compound.pm line 6.
BEGIN failed--compilation aborted at /home/cpan4/.cpan/build/TPath-1.007-0/blib/lib/TPath/Test/Compound.pm line 6.
Compilation failed in require at /home/cpan4/install/lib/perl5/site_perl/5.25.7/Module/Runtime.pm line 317.
Compilation failed in require at -e line 1.

#   Failed test 'TPath/TypeConstraints.pm loaded ok'
#   at t/00-compile.t line 100.
#          got: '512'
#     expected: '0'
Eval-group not allowed at runtime, use re 'eval' in regex m/(?x)(?{; *Regexp::Grammars::LOGFILE
                        = Regexp::Grammars::_open_log('>>','-', 'for regex gramma.../ at (eval 89) line 2653.
Compilation failed in require at /home/cpan4/.cpan/build/TPath-1.007-0/blib/lib/TPath/TypeConstraints.pm line 6.
BEGIN failed--compilation aborted at /home/cpan4/.cpan/build/TPath-1.007-0/blib/lib/TPath/TypeConstraints.pm line 6.
Compilation failed in require at -e line 1.
# Looks like you failed 40 tests of 64.
t/00-compile.t ................ 
Dubious, test returned 40 (wstat 10240, 0x2800)
Failed 40/64 subtests 

Test Summary Report
-------------------
t/attribute_tests.t         (Wstat: 512 Tests: 0 Failed: 0)
  Non-zero exit status: 2
  Parse errors: Bad plan.  You planned 45 tests but ran 0.
t/axis.t                    (Wstat: 512 Tests: 0 Failed: 0)
  Non-zero exit status: 2
  Parse errors: Bad plan.  You planned 29 tests but ran 0.
t/attributes.t              (Wstat: 512 Tests: 0 Failed: 0)
  Non-zero exit status: 2
  Parse errors: Bad plan.  You planned 63 tests but ran 0.
t/axis_order.t              (Wstat: 512 Tests: 0 Failed: 0)
  Non-zero exit status: 2
  Parse errors: No plan found in TAP output
t/basic.t                   (Wstat: 512 Tests: 0 Failed: 0)
  Non-zero exit status: 2
  Parse errors: Bad plan.  You planned 106 tests but ran 0.
t/case_sensitivity.t        (Wstat: 512 Tests: 0 Failed: 0)
  Non-zero exit status: 2
  Parse errors: No plan found in TAP output
t/compound.t                (Wstat: 512 Tests: 0 Failed: 0)
  Non-zero exit status: 2
  Parse errors: No plan found in TAP output
t/equality.t                (Wstat: 512 Tests: 0 Failed: 0)
  Non-zero exit status: 2
  Parse errors: No plan found in TAP output
t/extended_attributes.t     (Wstat: 512 Tests: 0 Failed: 0)
  Non-zero exit status: 2
  Parse errors: Bad plan.  You planned 39 tests but ran 0.
t/match.t                   (Wstat: 512 Tests: 0 Failed: 0)
  Non-zero exit status: 2
  Parse errors: No plan found in TAP output
t/index_functions.t         (Wstat: 512 Tests: 0 Failed: 0)
  Non-zero exit status: 2
  Parse errors: Bad plan.  You planned 8 tests but ran 0.
t/one_based_index.t         (Wstat: 512 Tests: 0 Failed: 0)
  Non-zero exit status: 2
  Parse errors: No plan found in TAP output
t/parsing.t                 (Wstat: 512 Tests: 0 Failed: 0)
  Non-zero exit status: 2
  Parse errors: No plan found in TAP output
t/precedence.t              (Wstat: 512 Tests: 0 Failed: 0)
  Non-zero exit status: 2
  Parse errors: Bad plan.  You planned 10 tests but ran 0.
t/previous.t                (Wstat: 512 Tests: 0 Failed: 0)
  Non-zero exit status: 2
  Parse errors: No plan found in TAP output
t/predicate_scope.t         (Wstat: 512 Tests: 0 Failed: 0)
  Non-zero exit status: 2
  Parse errors: No plan found in TAP output
t/stringification.t         (Wstat: 512 Tests: 0 Failed: 0)
  Non-zero exit status: 2
  Parse errors: No plan found in TAP output
t/00-compile.t              (Wstat: 10240 Tests: 64 Failed: 40)
  Failed tests:  2-3, 6-7, 9-10, 12-13, 15, 18-21, 24, 27-29
                31-47, 51, 53, 60-62, 64
  Non-zero exit status: 40
Files=22, Tests=65, 21 wallclock secs ( 0.08 usr  0.02 sys + 29.78 cusr  1.14 csys = 31.02 CPU)
Result: FAIL
Failed 18/22 test programs. 40/65 subtests failed.
Makefile:1164: recipe for target 'test_dynamic' failed
make: *** [test_dynamic] Error 40

------------------------------
PREREQUISITES
------------------------------

Prerequisite modules loaded:

requires:

    Module                         Need   Have    
    ------------------------------ ------ --------
    aliased                        0      0.34    
    Exporter                       0      5.72    
    if                             0      0.0606  
    List::Util                     0      1.46    
    Math::Trig                     0      1.23    
    Moose                          2.0604 2.1902  
    Moose::Role                    2.0604 2.1902  
    Moose::Util::TypeConstraints   2.0604 2.1902  
    MooseX::MethodAttributes::Role 0.28   0.31    
    MooseX::SingletonMethod        0.03   0.03    
    namespace::autoclean           0      0.28    
    overload                       0      1.27    
    parent                         0      0.236   
    POSIX                          0      1.74    
    Regexp::Grammars               1.026  1.045   
    Scalar::Util                   0      1.46    
    strict                         0      1.11    
    Time::HiRes                    0      1.9740  
    warnings                       0      1.37    

build_requires:

    Module                         Need   Have    
    ------------------------------ ------ --------
    base                           0      2.23    
    Carp                           0      1.38    
    ExtUtils::MakeMaker            0      7.24    
    feature                        0      1.45    
    File::Basename                 0      2.85    
    File::Spec                     0      3.62    
    IO::Handle                     0      1.35    
    IPC::Open3                     0      1.20    
    List::MoreUtils                0      0.416   
    MooseX::MethodAttributes       0      0.31    
    Test::Exception                0      0.43    
    Test::More                     0.88   1.302062
    Test::Trap                     0      0.3.2   

configure_requires:

    Module                         Need   Have    
    ------------------------------ ------ --------
    ExtUtils::MakeMaker            0      7.24    


------------------------------
ENVIRONMENT AND OTHER CONTEXT
------------------------------

Environment variables:

    AUTOMATED_TESTING = 1
    HARNESS_OPTIONS = j3
    LANG = en_US.UTF-8
    PATH = /usr/local/bin:/usr/bin:/bin:/usr/local/games:/usr/games
    PERL5LIB = 
    PERL5OPT = 
    PERL5_CPANPLUS_IS_RUNNING = 15468
    PERL5_CPAN_IS_RUNNING = 15468
    PERL5_CPAN_IS_RUNNING_IN_RECURSION = 7967,15468
    PERLBREW_BASHRC_VERSION = 0.76
    PERLBREW_HOME = /home/dcollins/.perlbrew
    PERLBREW_ROOT = /home/dcollins/toolchain/perl5
    PERL_CR_SMOKER_CURRENT = TPath-1.007
    PERL_CR_SMOKER_RUNONCE = 1
    PERL_EXTUTILS_AUTOINSTALL = --defaultdeps
    PERL_MM_USE_DEFAULT = 1
    SHELL = /bin/bash
    TERM = putty

Perl special variables (and OS-specific diagnostics, for MSWin32):

    $^X = /home/cpan4/install/bin/perl
    $UID/$EUID = 1005 / 1005
    $GID = 1005 1005
    $EGID = 1005 1005

Perl module toolchain versions installed:

    Module              Have    
    ------------------- --------
    CPAN                2.14    
    CPAN::Meta          2.150010
    Cwd                 3.62    
    ExtUtils::CBuilder  0.280224
    ExtUtils::Command   7.24    
    ExtUtils::Install   2.04    
    ExtUtils::MakeMaker 7.24    
    ExtUtils::Manifest  1.70    
    ExtUtils::ParseXS   3.30    
    File::Spec          3.62    
    JSON                2.90    
    JSON::PP            2.27400 
    Module::Build       0.4220  
    Module::Signature   0.81    
    Parse::CPAN::Meta   2.150010
    Test::Harness       3.36    
    Test::More          1.302062
    YAML                1.18    
    YAML::Syck          1.29    
    version             0.9917  


--

Summary of my perl5 (revision 5 version 25 subversion 7) configuration:
  Commit id: fe546b38f5a7481954f2f933acf85267578058b3
  Platform:
    osname=linux
    osvers=3.16.0-4-amd64
    archname=x86_64-linux-thread-multi
    uname='linux digitalis 3.16.0-4-amd64 #1 smp debian 3.16.36-1+deb8u1 (2016-09-03) x86_64 gnulinux '
    config_args='-Dusedevel -DDEBUGGING -Dusethreads -Dprefix=/home/cpan4/install -Uversiononly -des'
    hint=recommended
    useposix=true
    d_sigaction=define
    useithreads=define
    usemultiplicity=define
    use64bitint=define
    use64bitall=define
    uselongdouble=undef
    usemymalloc=n
    bincompat5005=undef
  Compiler:
    cc='cc'
    ccflags ='-D_REENTRANT -D_GNU_SOURCE -fwrapv -DDEBUGGING -fno-strict-aliasing -pipe -fstack-protector-strong -I/usr/local/include -D_LARGEFILE_SOURCE -D_FILE_OFFSET_BITS=64 -D_FORTIFY_SOURCE=2'
    optimize='-O2 -g'
    cppflags='-D_REENTRANT -D_GNU_SOURCE -fwrapv -DDEBUGGING -fno-strict-aliasing -pipe -fstack-protector-strong -I/usr/local/include'
    ccversion=''
    gccversion='4.9.2'
    gccosandvers=''
    intsize=4
    longsize=8
    ptrsize=8
    doublesize=8
    byteorder=12345678
    doublekind=3
    d_longlong=define
    longlongsize=8
    d_longdbl=define
    longdblsize=16
    longdblkind=3
    ivtype='long'
    ivsize=8
    nvtype='double'
    nvsize=8
    Off_t='off_t'
    lseeksize=8
    alignbytes=8
    prototype=define
  Linker and Libraries:
    ld='cc'
    ldflags =' -fstack-protector-strong -L/usr/local/lib'
    libpth=/usr/local/lib /usr/lib/gcc/x86_64-linux-gnu/4.9/include-fixed /usr/include/x86_64-linux-gnu /usr/lib /lib/x86_64-linux-gnu /lib/../lib /usr/lib/x86_64-linux-gnu /usr/lib/../lib /lib
    libs=-lpthread -lnsl -ldl -lm -lcrypt -lutil -lc
    perllibs=-lpthread -lnsl -ldl -lm -lcrypt -lutil -lc
    libc=libc-2.19.so
    so=so
    useshrplib=false
    libperl=libperl.a
    gnulibc_version='2.19'
  Dynamic Linking:
    dlsrc=dl_dlopen.xs
    dlext=so
    d_dlsymun=undef
    ccdlflags='-Wl,-E'
    cccdlflags='-fPIC'
    lddlflags='-shared -O2 -g -L/usr/local/lib -fstack-protector-strong'


Characteristics of this binary (from libperl): 
  Compile-time options:
    DEBUGGING
    HAS_TIMES
    MULTIPLICITY
    PERLIO_LAYERS
    PERL_COPY_ON_WRITE
    PERL_DONT_CREATE_GVSV
    PERL_HASH_FUNC_ONE_AT_A_TIME_HARD
    PERL_IMPLICIT_CONTEXT
    PERL_MALLOC_WRAP
    PERL_OP_PARENT
    PERL_PRESERVE_IVUV
    PERL_TRACK_MEMPOOL
    PERL_USE_DEVEL
    USE_64_BIT_ALL
    USE_64_BIT_INT
    USE_ITHREADS
    USE_LARGE_FILES
    USE_LOCALE
    USE_LOCALE_COLLATE
    USE_LOCALE_CTYPE
    USE_LOCALE_NUMERIC
    USE_LOCALE_TIME
    USE_PERLIO
    USE_PERL_ATOF
    USE_REENTRANT_API
  Built under linux
  Compiled at Oct 30 2016 10:43:29
  %ENV:
    PERL5LIB=""
    PERL5OPT=""
    PERL5_CPANPLUS_IS_RUNNING="15468"
    PERL5_CPAN_IS_RUNNING="15468"
    PERL5_CPAN_IS_RUNNING_IN_RECURSION="7967,15468"
    PERLBREW_BASHRC_VERSION="0.76"
    PERLBREW_HOME="/home/dcollins/.perlbrew"
    PERLBREW_ROOT="/home/dcollins/toolchain/perl5"
    PERL_CR_SMOKER_CURRENT="TPath-1.007"
    PERL_CR_SMOKER_RUNONCE="1"
    PERL_EXTUTILS_AUTOINSTALL="--defaultdeps"
    PERL_MM_USE_DEFAULT="1"
  @INC:
    /home/cpan4/install/lib/perl5/site_perl/5.25.7/x86_64-linux-thread-multi
    /home/cpan4/install/lib/perl5/site_perl/5.25.7
    /home/cpan4/install/lib/perl5/5.25.7/x86_64-linux-thread-multi
    /home/cpan4/install/lib/perl5/5.25.7
    .